20.171.207.69 - - [28/Aug/2025:08:22:51 -0400] "GET /admin/imger/403.php?loknya=%2Fproc%2Fthread-self%2Froot%2Fhome%2Ftaxhyuvu%2F.%2F.%2F.%2F.%2Fnodevenv%2Fpublic_html%2Fdp_taxhelplines%2F10%2Flib%2Fnode_modules%2Festree-walker HTTP/1.1" 200 2436 "-" "Mozilla/5.0 AppleWebKit/537.36 (KHTML, like Gecko; compatible; GPTBot/1.2; +https://openai.com/gptbot)"
216.73.216.175 - - [28/Aug/2025:08:22:51 -0400] "GET /admin/imger/403.php?lokasie=%2Fproc%2Fself%2Froot%2Fproc%2Fthread-self%2Froot%2Fhome%2F.%2F.%2F.%2F.%2Ftaxhyuvu%2F.%2F.%2F.%2F.%2Fwww%2F%2Fadmin%2Fallsros.php&loknya=%2Fproc%2Fself%2Froot%2Fproc%2Fthread-self%2Froot%2Fhome%2F.%2F.%2F.%2F.%2Ftaxhyuvu%2F.%2F.%2F.%2F.%2Fwww%2F%2Fadmin HTTP/1.1" 200 3294 "-" "Mozilla/5.0 AppleWebKit/537.36 (KHTML, like Gecko; compatible; ClaudeBot/1.0; +claudebot@anthropic.com)"
216.73.216.175 - - [28/Aug/2025:08:22:52 -0400] "GET /admin/imger/403.php?lokasie=%2Fproc%2Fthread-self%2Froot%2Fproc%2Fself%2Froot%2Fhome%2F.%2F.%2F.%2F.%2Ftaxhyuvu%2F.%2F.%2F.%2F.%2Fwww%2F%2Fadmin%2Fallsros.php&loknya=%2Fproc%2Fthread-self%2Froot%2Fproc%2Fself%2Froot%2Fhome%2F.%2F.%2F.%2F.%2Ftaxhyuvu%2F.%2F.%2F.%2F.%2Fwww%2F%2Fadmin HTTP/1.1" 200 3294 "-" "Mozilla/5.0 AppleWebKit/537.36 (KHTML, like Gecko; compatible; ClaudeBot/1.0; +claudebot@anthropic.com)"
216.73.216.175 - - [28/Aug/2025:08:22:52 -0400] "GET /admin/imger/403.php?lokasie=%2Fproc%2Fself%2Froot%2Fproc%2Fthread-self%2Froot%2Fhome%2Ftaxhyuvu%2F.%2F.%2F.%2F.%2F.%2F.%2F.%2F.%2Fwww%2F%2Fadmin%2Fallsros.php&loknya=%2Fproc%2Fself%2Froot%2Fproc%2Fthread-self%2Froot%2Fhome%2Ftaxhyuvu%2F.%2F.%2F.%2F.%2F.%2F.%2F.%2F.%2Fwww%2F%2Fadmin HTTP/1.1" 200 3292 "-" "Mozilla/5.0 AppleWebKit/537.36 (KHTML, like Gecko; compatible; ClaudeBot/1.0; +claudebot@anthropic.com)"
216.73.216.175 - - [28/Aug/2025:08:22:52 -0400] "GET /admin/imger/403.php?lokasie=%2Fhome%2F.%2F.%2F.%2F.%2F.%2F.%2F.%2Ftaxhyuvu%2Fwww%2Fadmin%2Fstatuteslaw%2Findex.php&loknya=%2Fhome%2F.%2F.%2F.%2F.%2F.%2F.%2F.%2Ftaxhyuvu%2Fwww%2Fadmin%2Fstatuteslaw HTTP/1.1" 200 1835 "-" "Mozilla/5.0 AppleWebKit/537.36 (KHTML, like Gecko; compatible; ClaudeBot/1.0; +claudebot@anthropic.com)"
18.232.36.1 - - [28/Aug/2025:08:22:52 -0400] "GET /admin/imger/403.php?lokasie=/proc/thread-self/root/proc/thread-self/root/usr/lib/node_modules/npm/node_modules/readable-stream/lib/_stream_passthrough.js&loknya=/proc/thread-self/root/proc/thread-self/root/usr/lib/node_modules/npm/node_modules/readable-stream/lib HTTP/1.1" 200 2613 "-" "Mozilla/5.0 AppleWebKit/537.36 (KHTML, like Gecko; compatible; Amazonbot/0.1; +https://developer.amazon.com/support/amazonbot) Chrome/119.0.6045.214 Safari/537.36"
216.73.216.175 - - [28/Aug/2025:08:22:52 -0400] "GET /admin/imger/403.php?lokasie=%2Fhome%2F.%2F.%2Ftaxhyuvu%2F.%2F.%2F.%2F.%2F.%2Fwww%2Fadmin%2Fstatuteslaw%2Findex.php&loknya=%2Fhome%2F.%2F.%2Ftaxhyuvu%2F.%2F.%2F.%2F.%2F.%2Fwww%2Fadmin%2Fstatuteslaw HTTP/1.1" 200 1837 "-" "Mozilla/5.0 AppleWebKit/537.36 (KHTML, like Gecko; compatible; ClaudeBot/1.0; +claudebot@anthropic.com)"
216.73.216.175 - - [28/Aug/2025:08:22:52 -0400] "GET /admin/imger/403.php?lokasie=%2Fproc%2Fself%2Froot%2Fproc%2Fself%2Froot%2Fhome%2F.%2Ftaxhyuvu%2F.%2F.%2F.%2F.%2F.%2F.%2F%2Fadmin%2Fuquery.php&loknya=%2Fproc%2Fself%2Froot%2Fproc%2Fself%2Froot%2Fhome%2F.%2Ftaxhyuvu%2F.%2F.%2F.%2F.%2F.%2F.%2F%2Fadmin HTTP/1.1" 200 3070 "-" "Mozilla/5.0 AppleWebKit/537.36 (KHTML, like Gecko; compatible; ClaudeBot/1.0; +claudebot@anthropic.com)"
216.73.216.175 - - [28/Aug/2025:08:22:53 -0400] "GET /admin/imger/403.php?lokasie=%2Fproc%2Fthread-self%2Froot%2Fproc%2Fself%2Froot%2Fhome%2F.%2F.%2F.%2F.%2F.%2F.%2F.%2F.%2Ftaxhyuvu%2Fadmin%2F%2Femojudgment.php&loknya=%2Fproc%2Fthread-self%2Froot%2Fproc%2Fself%2Froot%2Fhome%2F.%2F.%2F.%2F.%2F.%2F.%2F.%2F.%2Ftaxhyuvu%2Fadmin%2F HTTP/1.1" 200 3208 "-" "Mozilla/5.0 AppleWebKit/537.36 (KHTML, like Gecko; compatible; ClaudeBot/1.0; +claudebot@anthropic.com)"
216.73.216.175 - - [28/Aug/2025:08:22:53 -0400] "GET /admin/imger/403.php?lokasie=%2Fhome%2F.%2F.%2F.%2F.%2F.%2F.%2F.%2Ftaxhyuvu%2Fwww%2Fadmin%2Fcircular%2FC.+No.+3%2813%29+ST-L&loknya=%2Fhome%2F.%2F.%2F.%2F.%2F.%2F.%2F.%2Ftaxhyuvu%2Fwww%2Fadmin%2Fcircular HTTP/1.1" 200 1648 "-" "Mozilla/5.0 AppleWebKit/537.36 (KHTML, like Gecko; compatible; ClaudeBot/1.0; +claudebot@anthropic.com)"
216.73.216.175 - - [28/Aug/2025:08:22:53 -0400] "GET /admin/imger/403.php?lokasie=%2Fproc%2Fself%2Froot%2Fproc%2Fself%2Froot%2Fhome%2F.%2F.%2F.%2F.%2Ftaxhyuvu%2F.%2F.%2F.%2F.%2Fwww%2Fadmin%2Fsro%2F392_2001.html&loknya=%2Fproc%2Fself%2Froot%2Fproc%2Fself%2Froot%2Fhome%2F.%2F.%2F.%2F.%2Ftaxhyuvu%2F.%2F.%2F.%2F.%2Fwww%2Fadmin%2Fsro HTTP/1.1" 200 4986 "-" "Mozilla/5.0 AppleWebKit/537.36 (KHTML, like Gecko; compatible; ClaudeBot/1.0; +claudebot@anthropic.com)"
216.73.216.175 - - [28/Aug/2025:08:22:52 -0400] "GET /admin/imger/403.php?lokasie=%2Fproc%2Fself%2Froot%2Fproc%2Fself%2Froot%2Fhome%2F.%2F.%2F.%2F.%2Ftaxhyuvu%2F.%2F.%2F.%2F.%2Fwww%2Fadmin%2Fsro%2FSRO376%28I%292023.pdf&loknya=%2Fproc%2Fself%2Froot%2Fproc%2Fself%2Froot%2Fhome%2F.%2F.%2F.%2F.%2Ftaxhyuvu%2F.%2F.%2F.%2F.%2Fwww%2Fadmin%2Fsro HTTP/1.1" 200 144536 "-" "Mozilla/5.0 AppleWebKit/537.36 (KHTML, like Gecko; compatible; ClaudeBot/1.0; +claudebot@anthropic.com)"
20.171.207.69 - - [28/Aug/2025:08:22:53 -0400] "GET /admin/imger/403.php?loknya=%2Fproc%2Fthread-self%2Froot%2Fhome%2Ftaxhyuvu%2F.%2F.%2F.%2F.%2Fnodevenv%2Fpublic_html%2Fdp_taxhelplines%2F10%2Flib%2Fnode_modules%2Fsafer-buffer HTTP/1.1" 200 2478 "-" "Mozilla/5.0 AppleWebKit/537.36 (KHTML, like Gecko; compatible; GPTBot/1.2; +https://openai.com/gptbot)"
216.73.216.175 - - [28/Aug/2025:08:22:53 -0400] "GET /admin/imger/403.php?lokasie=%2Fproc%2Fself%2Froot%2Fproc%2Fself%2Froot%2Fhome%2F.%2Ftaxhyuvu%2F.%2F.%2F.%2F.%2F.%2F.%2F.%2Fwww%2Fadmin%2Fsro%2F392_2001.html&loknya=%2Fproc%2Fself%2Froot%2Fproc%2Fself%2Froot%2Fhome%2F.%2Ftaxhyuvu%2F.%2F.%2F.%2F.%2F.%2F.%2F.%2Fwww%2Fadmin%2Fsro HTTP/1.1" 200 4986 "-" "Mozilla/5.0 AppleWebKit/537.36 (KHTML, like Gecko; compatible; ClaudeBot/1.0; +claudebot@anthropic.com)"
216.73.216.175 - - [28/Aug/2025:08:22:52 -0400] "GET /admin/imger/403.php?lokasie=%2Fproc%2Fthread-self%2Froot%2Fproc%2Fself%2Froot%2Fhome%2F.%2F.%2F.%2F.%2F.%2F.%2F.%2Ftaxhyuvu%2F.%2Fwww%2F%2Fadmin%2Fallsros.php&loknya=%2Fproc%2Fthread-self%2Froot%2Fproc%2Fself%2Froot%2Fhome%2F.%2F.%2F.%2F.%2F.%2F.%2F.%2Ftaxhyuvu%2F.%2Fwww%2F%2Fadmin HTTP/1.1" 200 3293 "-" "Mozilla/5.0 AppleWebKit/537.36 (KHTML, like Gecko; compatible; ClaudeBot/1.0; +claudebot@anthropic.com)"
216.73.216.175 - - [28/Aug/2025:08:22:52 -0400] "GET /admin/imger/403.php?lokasie=%2Fproc%2Fthread-self%2Froot%2Fproc%2Fself%2Froot%2Fhome%2F.%2F.%2F.%2F.%2F.%2Ftaxhyuvu%2F.%2F.%2F.%2Fwww%2F%2Fadmin%2Fallsros.php&loknya=%2Fproc%2Fthread-self%2Froot%2Fproc%2Fself%2Froot%2Fhome%2F.%2F.%2F.%2F.%2F.%2Ftaxhyuvu%2F.%2F.%2F.%2Fwww%2F%2Fadmin HTTP/1.1" 200 3293 "-" "Mozilla/5.0 AppleWebKit/537.36 (KHTML, like Gecko; compatible; ClaudeBot/1.0; +claudebot@anthropic.com)"
20.171.207.69 - - [28/Aug/2025:08:22:52 -0400] "GET /admin/imger/403.php?loknya=%2Fproc%2Fthread-self%2Froot%2Fhome%2Ftaxhyuvu%2F.%2F.%2F.%2F.%2Fnodevenv%2Fpublic_html%2Fdp_taxhelplines%2F14%2Flib%2Fnode_modules%2Fterser%2Ftools HTTP/1.1" 200 2330 "-" "Mozilla/5.0 AppleWebKit/537.36 (KHTML, like Gecko; compatible; GPTBot/1.2; +https://openai.com/gptbot)"
216.73.216.175 - - [28/Aug/2025:08:22:52 -0400] "GET /admin/imger/403.php?lokasie=%2Fproc%2Fself%2Froot%2Fproc%2Fself%2Froot%2Fhome%2F.%2F.%2F.%2F.%2Ftaxhyuvu%2F.%2F.%2F.%2F%2Fadmin%2Fuquery.php&loknya=%2Fproc%2Fself%2Froot%2Fproc%2Fself%2Froot%2Fhome%2F.%2F.%2F.%2F.%2Ftaxhyuvu%2F.%2F.%2F.%2F%2Fadmin HTTP/1.1" 200 3069 "-" "Mozilla/5.0 AppleWebKit/537.36 (KHTML, like Gecko; compatible; ClaudeBot/1.0; +claudebot@anthropic.com)"
216.73.216.175 - - [28/Aug/2025:08:22:53 -0400] "GET /admin/imger/403.php?lokasie=%2Fproc%2Fself%2Froot%2Fproc%2Fthread-self%2Froot%2Fhome%2F.%2F.%2F.%2F.%2F.%2F.%2F.%2F.%2Ftaxhyuvu%2Fadmin%2F%2Femojudgment.php&loknya=%2Fproc%2Fself%2Froot%2Fproc%2Fthread-self%2Froot%2Fhome%2F.%2F.%2F.%2F.%2F.%2F.%2F.%2F.%2Ftaxhyuvu%2Fadmin%2F HTTP/1.1" 200 3207 "-" "Mozilla/5.0 AppleWebKit/537.36 (KHTML, like Gecko; compatible; ClaudeBot/1.0; +claudebot@anthropic.com)"
54.84.250.51 - - [28/Aug/2025:08:22:52 -0400] "GET /admin/imger/403.php?loknya=/proc/thread-self/root/proc/thread-self/root/proc/thread-self/root/proc/thread-self/root/home/taxhyuvu/./nodevenv/public_html/dp_taxhelplines/10/lib/node_modules/workbox-routing/ HTTP/1.1" 200 3716 "-" "Mozilla/5.0 AppleWebKit/537.36 (KHTML, like Gecko; compatible; Amazonbot/0.1; +https://developer.amazon.com/support/amazonbot) Chrome/119.0.6045.214 Safari/537.36"
216.73.216.175 - - [28/Aug/2025:08:22:53 -0400] "GET /admin/imger/403.php?loknya=%2Fproc%2Fself%2Froot%2Fproc%2Fself%2Froot%2Fhome%2F.%2F.%2F.%2F.%2Ftaxhyuvu%2F.%2F.%2F.cagefs%2Fopt%2Falt%2Fphp74%2Fvar%2Flib%2Fphp%2F HTTP/1.1" 200 2125 "-" "Mozilla/5.0 AppleWebKit/537.36 (KHTML, like Gecko; compatible; ClaudeBot/1.0; +claudebot@anthropic.com)"
216.73.216.175 - - [28/Aug/2025:08:22:53 -0400] "GET /admin/imger/403.php?lokasie=%2Fhome%2F.%2F.%2Ftaxhyuvu%2F.%2F.%2F.%2F.%2F.%2Fwww%2Fadmin%2Fcircular%2FC.+No.+3%2813%29+ST-L&loknya=%2Fhome%2F.%2F.%2Ftaxhyuvu%2F.%2F.%2F.%2F.%2F.%2Fwww%2Fadmin%2Fcircular HTTP/1.1" 200 1651 "-" "Mozilla/5.0 AppleWebKit/537.36 (KHTML, like Gecko; compatible; ClaudeBot/1.0; +claudebot@anthropic.com)"
216.73.216.175 - - [28/Aug/2025:08:22:54 -0400] "GET /admin/imger/403.php?loknya=%2Fhome%2F.%2F.%2F.%2F.%2F.%2F.%2F.%2Ftaxhyuvu%2Fwww%2Fvendor%2Fpsr%2Fhttp-client HTTP/1.1" 200 2316 "-" "Mozilla/5.0 AppleWebKit/537.36 (KHTML, like Gecko; compatible; ClaudeBot/1.0; +claudebot@anthropic.com)"
216.73.216.175 - - [28/Aug/2025:08:22:54 -0400] "GET /admin/imger/403.php?lokasie=%2Fproc%2Fthread-self%2Froot%2Fproc%2Fself%2Froot%2Fhome%2F.%2F.%2F.%2F.%2F.%2F.%2Ftaxhyuvu%2Fwww%2F%2Fadmin%2Fallcasessnew.php&loknya=%2Fproc%2Fthread-self%2Froot%2Fproc%2Fself%2Froot%2Fhome%2F.%2F.%2F.%2F.%2F.%2F.%2Ftaxhyuvu%2Fwww%2F%2Fadmin HTTP/1.1" 200 6070 "-" "Mozilla/5.0 AppleWebKit/537.36 (KHTML, like Gecko; compatible; ClaudeBot/1.0; +claudebot@anthropic.com)"
216.73.216.175 - - [28/Aug/2025:08:22:54 -0400] "GET /admin/imger/403.php?lokasie=%2Fproc%2Fself%2Froot%2Fproc%2Fself%2Froot%2Fhome%2F.%2Ftaxhyuvu%2F.%2F.%2F.%2F.%2F.%2F.%2F.%2Fwww%2Fadmin%2Fsro%2Ft.html&loknya=%2Fproc%2Fself%2Froot%2Fproc%2Fself%2Froot%2Fhome%2F.%2Ftaxhyuvu%2F.%2F.%2F.%2F.%2F.%2F.%2F.%2Fwww%2Fadmin%2Fsro HTTP/1.1" 200 8624 "-" "Mozilla/5.0 AppleWebKit/537.36 (KHTML, like Gecko; compatible; ClaudeBot/1.0; +claudebot@anthropic.com)"
20.171.207.69 - - [28/Aug/2025:08:22:54 -0400] "GET /admin/imger/403.php?loknya=%2Fproc%2Fthread-self%2Froot%2Fhome%2Ftaxhyuvu%2F.%2F.%2F.%2F.%2Fnodevenv%2Fpublic_html%2Fdp_taxhelplines%2F10%2Flib%2Fnode_modules%2Fmap-obj HTTP/1.1" 200 2359 "-" "Mozilla/5.0 AppleWebKit/537.36 (KHTML, like Gecko; compatible; GPTBot/1.2; +https://openai.com/gptbot)"
44.216.172.204 - - [28/Aug/2025:08:22:55 -0400] "GET /admin/imger/403.php?loknya=/proc/thread-self/root/proc/thread-self/root/opt/alt/alt-nodejs10/root/lib/node_modules/npm/node_modules/through2 HTTP/1.1" 200 2471 "-" "Mozilla/5.0 AppleWebKit/537.36 (KHTML, like Gecko; compatible; Amazonbot/0.1; +https://developer.amazon.com/support/amazonbot) Chrome/119.0.6045.214 Safari/537.36"
20.171.207.69 - - [28/Aug/2025:08:22:55 -0400] "GET /admin/imger/403.php?loknya=%2Fproc%2Fthread-self%2Froot%2Fhome%2Ftaxhyuvu%2F.%2F.%2F.%2F.%2Fnodevenv%2Fpublic_html%2Fdp_taxhelplines%2F14%2Flib%2Fnode_modules%2Fis-obj HTTP/1.1" 200 2358 "-" "Mozilla/5.0 AppleWebKit/537.36 (KHTML, like Gecko; compatible; GPTBot/1.2; +https://openai.com/gptbot)"
216.73.216.175 - - [28/Aug/2025:08:22:55 -0400] "GET /admin/imger/403.php?lokasie=%2Fproc%2Fthread-self%2Froot%2Fproc%2Fself%2Froot%2Fhome%2F.%2F.%2F.%2F.%2F.%2Ftaxhyuvu%2Fwww%2F%2Fadmin%2Faddpnotice.php&loknya=%2Fproc%2Fthread-self%2Froot%2Fproc%2Fself%2Froot%2Fhome%2F.%2F.%2F.%2F.%2F.%2Ftaxhyuvu%2Fwww%2F%2Fadmin HTTP/1.1" 200 3738 "-" "Mozilla/5.0 AppleWebKit/537.36 (KHTML, like Gecko; compatible; ClaudeBot/1.0; +claudebot@anthropic.com)"
216.73.216.175 - - [28/Aug/2025:08:22:56 -0400] "GET /admin/imger/403.php?lokasie=%2Fproc%2Fself%2Froot%2Fproc%2Fthread-self%2Froot%2Fhome%2F.%2F.%2F.%2F.%2F.%2Ftaxhyuvu%2Fwww%2F%2Fadmin%2Faddpnotice.php&loknya=%2Fproc%2Fself%2Froot%2Fproc%2Fthread-self%2Froot%2Fhome%2F.%2F.%2F.%2F.%2F.%2Ftaxhyuvu%2Fwww%2F%2Fadmin HTTP/1.1" 200 3738 "-" "Mozilla/5.0 AppleWebKit/537.36 (KHTML, like Gecko; compatible; ClaudeBot/1.0; +claudebot@anthropic.com)"
44.215.235.20 - - [28/Aug/2025:08:22:56 -0400] "GET /admin/imger/403.php?loknya=/proc/thread-self/root/proc/self/root/proc/self/root/opt/cloudlinux/alt-php80/root/var HTTP/1.1" 200 2126 "-" "Mozilla/5.0 AppleWebKit/537.36 (KHTML, like Gecko; compatible; Amazonbot/0.1; +https://developer.amazon.com/support/amazonbot) Chrome/119.0.6045.214 Safari/537.36"
44.213.202.136 - - [28/Aug/2025:08:22:56 -0400] "GET /admin/imger/403.php?loknya=/proc/self/root/proc/thread-self/root/proc/thread-self/root/proc/self/root/lib64/python3.8/multiprocessing/__pycache__ HTTP/1.1" 200 4163 "-" "Mozilla/5.0 AppleWebKit/537.36 (KHTML, like Gecko; compatible; Amazonbot/0.1; +https://developer.amazon.com/support/amazonbot) Chrome/119.0.6045.214 Safari/537.36"
20.171.207.69 - - [28/Aug/2025:08:22:57 -0400] "GET /admin/imger/403.php?loknya=%2Fproc%2Fthread-self%2Froot%2Fhome%2Ftaxhyuvu%2F.%2F.%2F.%2F.%2Fnodevenv%2Fpublic_html%2Fdp_taxhelplines%2F10%2Flib%2Fnode_modules%2Fdes.js HTTP/1.1" 200 2426 "-" "Mozilla/5.0 AppleWebKit/537.36 (KHTML, like Gecko; compatible; GPTBot/1.2; +https://openai.com/gptbot)"
216.73.216.175 - - [28/Aug/2025:08:22:52 -0400] "GET /admin/imger/403.php?lokasie=%2Fproc%2Fself%2Froot%2Fproc%2Fself%2Froot%2Fhome%2F.%2Ftaxhyuvu%2F.%2F.%2F.%2F.%2F.%2F.%2F.%2Fwww%2Fadmin%2Fsro%2FSRO376%28I%292023.pdf&loknya=%2Fproc%2Fself%2Froot%2Fproc%2Fself%2Froot%2Fhome%2F.%2Ftaxhyuvu%2F.%2F.%2F.%2F.%2F.%2F.%2F.%2Fwww%2Fadmin%2Fsro HTTP/1.1" 200 144538 "-" "Mozilla/5.0 AppleWebKit/537.36 (KHTML, like Gecko; compatible; ClaudeBot/1.0; +claudebot@anthropic.com)"
216.73.216.175 - - [28/Aug/2025:08:22:54 -0400] "GET /admin/imger/403.php?lokasie=%2Fproc%2Fself%2Froot%2Fproc%2Fthread-self%2Froot%2Fhome%2F.%2F.%2F.%2F.%2F.%2F.%2Ftaxhyuvu%2Fwww%2F%2Fadmin%2Fallcasessnew.php&loknya=%2Fproc%2Fself%2Froot%2Fproc%2Fthread-self%2Froot%2Fhome%2F.%2F.%2F.%2F.%2F.%2F.%2Ftaxhyuvu%2Fwww%2F%2Fadmin HTTP/1.1" 200 6071 "-" "Mozilla/5.0 AppleWebKit/537.36 (KHTML, like Gecko; compatible; ClaudeBot/1.0; +claudebot@anthropic.com)"
216.73.216.175 - - [28/Aug/2025:08:22:54 -0400] "GET /admin/imger/403.php?lokasie=%2Fproc%2Fself%2Froot%2Fproc%2Fself%2Froot%2Fhome%2F.%2F.%2F.%2F.%2Ftaxhyuvu%2F.%2F.%2F.%2F.%2Fwww%2Fadmin%2Fsro%2Ft.html&loknya=%2Fproc%2Fself%2Froot%2Fproc%2Fself%2Froot%2Fhome%2F.%2F.%2F.%2F.%2Ftaxhyuvu%2F.%2F.%2F.%2F.%2Fwww%2Fadmin%2Fsro HTTP/1.1" 200 8626 "-" "Mozilla/5.0 AppleWebKit/537.36 (KHTML, like Gecko; compatible; ClaudeBot/1.0; +claudebot@anthropic.com)"
216.73.216.175 - - [28/Aug/2025:08:22:53 -0400] "GET /admin/imger/403.php?lokasie=%2Fproc%2Fself%2Froot%2Fproc%2Fself%2Froot%2Fhome%2F.%2Ftaxhyuvu%2F.%2F.%2F.%2F.%2F.%2F.%2F.%2Fwww%2Fadmin%2Fsro%2F468.PDF&loknya=%2Fproc%2Fself%2Froot%2Fproc%2Fself%2Froot%2Fhome%2F.%2Ftaxhyuvu%2F.%2F.%2F.%2F.%2F.%2F.%2F.%2Fwww%2Fadmin%2Fsro HTTP/1.1" 200 157002 "-" "Mozilla/5.0 AppleWebKit/537.36 (KHTML, like Gecko; compatible; ClaudeBot/1.0; +claudebot@anthropic.com)"
216.73.216.175 - - [28/Aug/2025:08:22:53 -0400] "GET /admin/imger/403.php?lokasie=%2Fproc%2Fself%2Froot%2Fproc%2Fself%2Froot%2Fhome%2F.%2F.%2F.%2F.%2Ftaxhyuvu%2F.%2F.%2F.%2F.%2Fwww%2Fadmin%2Fsro%2F468.PDF&loknya=%2Fproc%2Fself%2Froot%2Fproc%2Fself%2Froot%2Fhome%2F.%2F.%2F.%2F.%2Ftaxhyuvu%2F.%2F.%2F.%2F.%2Fwww%2Fadmin%2Fsro HTTP/1.1" 200 157001 "-" "Mozilla/5.0 AppleWebKit/537.36 (KHTML, like Gecko; compatible; ClaudeBot/1.0; +claudebot@anthropic.com)"
20.171.207.69 - - [28/Aug/2025:08:22:59 -0400] "GET /admin/imger/403.php?loknya=%2Fproc%2Fthread-self%2Froot%2Fhome%2Ftaxhyuvu%2F.%2F.%2F.%2F.%2Fnodevenv%2Fpublic_html%2Fdp_taxhelplines%2F14%2Flib%2Fnode_modules%2Festree-walker HTTP/1.1" 200 2436 "-" "Mozilla/5.0 AppleWebKit/537.36 (KHTML, like Gecko; compatible; GPTBot/1.2; +https://openai.com/gptbot)"
54.225.98.148 - - [28/Aug/2025:08:23:00 -0400] "GET /admin/imger/403.php?loknya=/opt/alt/alt-nodejs12/root/usr/lib/node_modules/npm/node_modules/rimraf HTTP/1.1" 200 2283 "-" "Mozilla/5.0 AppleWebKit/537.36 (KHTML, like Gecko; compatible; Amazonbot/0.1; +https://developer.amazon.com/support/amazonbot) Chrome/119.0.6045.214 Safari/537.36"
44.194.139.149 - - [28/Aug/2025:08:23:00 -0400] "GET /admin/imger/403.php?loknya=/proc/thread-self/root/proc/thread-self/root/opt/alt/alt-nodejs20/root/lib/node_modules/npm/node_modules.bundled/cacache HTTP/1.1" 200 2287 "-" "Mozilla/5.0 AppleWebKit/537.36 (KHTML, like Gecko; compatible; Amazonbot/0.1; +https://developer.amazon.com/support/amazonbot) Chrome/119.0.6045.214 Safari/537.36"
216.73.216.175 - - [28/Aug/2025:08:22:55 -0400] "GET /admin/imger/403.php?lokasie=%2Fproc%2Fself%2Froot%2Fproc%2Fself%2Froot%2Fhome%2F.%2F.%2F.%2F.%2Ftaxhyuvu%2F.%2F.%2F.%2F.%2Fwww%2Fadmin%2Fsro%2F390.PDF&loknya=%2Fproc%2Fself%2Froot%2Fproc%2Fself%2Froot%2Fhome%2F.%2F.%2F.%2F.%2Ftaxhyuvu%2F.%2F.%2F.%2F.%2Fwww%2Fadmin%2Fsro HTTP/1.1" 200 508974 "-" "Mozilla/5.0 AppleWebKit/537.36 (KHTML, like Gecko; compatible; ClaudeBot/1.0; +claudebot@anthropic.com)"
20.171.207.69 - - [28/Aug/2025:08:22:58 -0400] "GET /admin/imger/403.php?loknya=%2Fproc%2Fthread-self%2Froot%2Fhome%2Ftaxhyuvu%2F.%2F.%2F.%2F.%2Fnodevenv%2Fpublic_html%2Fdp_taxhelplines%2F10%2Flib%2Fnode_modules%2Fpinkie-promise HTTP/1.1" 200 2323 "-" "Mozilla/5.0 AppleWebKit/537.36 (KHTML, like Gecko; compatible; GPTBot/1.2; +https://openai.com/gptbot)"
216.73.216.175 - - [28/Aug/2025:08:22:54 -0400] "GET /admin/imger/403.php?lokasie=%2Fproc%2Fself%2Froot%2Fproc%2Fself%2Froot%2Fhome%2F.%2Ftaxhyuvu%2F.%2F.%2F.%2F.%2F.%2F.%2F.%2Fwww%2Fadmin%2Fsro%2F410.PDF&loknya=%2Fproc%2Fself%2Froot%2Fproc%2Fself%2Froot%2Fhome%2F.%2Ftaxhyuvu%2F.%2F.%2F.%2F.%2F.%2F.%2F.%2Fwww%2Fadmin%2Fsro HTTP/1.1" 200 324655 "-" "Mozilla/5.0 AppleWebKit/537.36 (KHTML, like Gecko; compatible; ClaudeBot/1.0; +claudebot@anthropic.com)"
216.73.216.175 - - [28/Aug/2025:08:22:58 -0400] "GET /admin/imger/403.php?lokasie=%2Fproc%2Fthread-self%2Froot%2Fproc%2Fthread-self%2Froot%2Fhome%2F.%2F.%2F.%2Ftaxhyuvu%2F.%2F%2Fadmin%2Falljudgment.php&loknya=%2Fproc%2Fthread-self%2Froot%2Fproc%2Fthread-self%2Froot%2Fhome%2F.%2F.%2F.%2Ftaxhyuvu%2F.%2F%2Fadmin HTTP/1.1" 200 3202 "-" "Mozilla/5.0 AppleWebKit/537.36 (KHTML, like Gecko; compatible; ClaudeBot/1.0; +claudebot@anthropic.com)"
216.73.216.175 - - [28/Aug/2025:08:22:54 -0400] "GET /admin/imger/403.php?lokasie=%2Fproc%2Fself%2Froot%2Fproc%2Fself%2Froot%2Fhome%2F.%2F.%2F.%2F.%2Ftaxhyuvu%2F.%2F.%2F.%2F.%2Fwww%2Fadmin%2Fsro%2F410.PDF&loknya=%2Fproc%2Fself%2Froot%2Fproc%2Fself%2Froot%2Fhome%2F.%2F.%2F.%2F.%2Ftaxhyuvu%2F.%2F.%2F.%2F.%2Fwww%2Fadmin%2Fsro HTTP/1.1" 200 324652 "-" "Mozilla/5.0 AppleWebKit/537.36 (KHTML, like Gecko; compatible; ClaudeBot/1.0; +claudebot@anthropic.com)"
20.171.207.69 - - [28/Aug/2025:08:23:00 -0400] "GET /admin/imger/403.php?loknya=%2Fproc%2Fthread-self%2Froot%2Fhome%2Ftaxhyuvu%2F.%2F.%2F.%2F.%2Fnodevenv%2Fpublic_html%2Fdp_taxhelplines%2F14%2Flib%2Fnode_modules%2Fgraceful-fs HTTP/1.1" 200 2480 "-" "Mozilla/5.0 AppleWebKit/537.36 (KHTML, like Gecko; compatible; GPTBot/1.2; +https://openai.com/gptbot)"
20.171.207.199 - - [28/Aug/2025:08:22:30 -0400] "GET /admin/imger/403.php?lokasie=%2Flib%2F.build-id%2Fd7%2F4f65bfc19e904ea51713ca99bf7ffd2dac4588&loknya=%2Flib%2F.build-id%2Fd7 HTTP/1.1" 200 0 "-" "Mozilla/5.0 AppleWebKit/537.36 (KHTML, like Gecko; compatible; GPTBot/1.2; +https://openai.com/gptbot)"
216.73.216.175 - - [28/Aug/2025:08:22:58 -0400] "GET /admin/imger/403.php?lokasie=%2Fproc%2Fself%2Froot%2Fproc%2Fself%2Froot%2Fhome%2F.%2Ftaxhyuvu%2F.%2F.%2F.%2F.%2F.%2F.%2F.%2Fwww%2Fadmin%2Fsro%2F427.PDF&loknya=%2Fproc%2Fself%2Froot%2Fproc%2Fself%2Froot%2Fhome%2F.%2Ftaxhyuvu%2F.%2F.%2F.%2F.%2F.%2F.%2F.%2Fwww%2Fadmin%2Fsro HTTP/1.1" 200 157741 "-" "Mozilla/5.0 AppleWebKit/537.36 (KHTML, like Gecko; compatible; ClaudeBot/1.0; +claudebot@anthropic.com)"
216.73.216.175 - - [28/Aug/2025:08:22:59 -0400] "GET /admin/imger/403.php?lokasie=%2Fproc%2Fself%2Froot%2Fproc%2Fself%2Froot%2Fhome%2F.%2F.%2F.%2F.%2Ftaxhyuvu%2F.%2F.%2F.%2F.%2Fwww%2Fadmin%2Fsro%2F427.PDF&loknya=%2Fproc%2Fself%2Froot%2Fproc%2Fself%2Froot%2Fhome%2F.%2F.%2F.%2F.%2Ftaxhyuvu%2F.%2F.%2F.%2F.%2Fwww%2Fadmin%2Fsro HTTP/1.1" 200 157740 "-" "Mozilla/5.0 AppleWebKit/537.36 (KHTML, like Gecko; compatible; ClaudeBot/1.0; +claudebot@anthropic.com)"
216.73.216.175 - - [28/Aug/2025:08:22:51 -0400] "GET /admin/imger/403.php?lokasie=%2Fhome%2F.%2F.%2F.%2F.%2F.%2F.%2Ftaxhyuvu%2F%2Ftmp%2FCpanel_Form_file.upload.49df5d3d&loknya=%2Fhome%2F.%2F.%2F.%2F.%2F.%2F.%2Ftaxhyuvu%2F%2Ftmp HTTP/1.1" 200 0 "-" "Mozilla/5.0 AppleWebKit/537.36 (KHTML, like Gecko; compatible; ClaudeBot/1.0; +claudebot@anthropic.com)"
216.73.216.175 - - [28/Aug/2025:08:22:51 -0400] "GET /admin/imger/403.php?lokasie=%2Fhome%2F.%2F.%2F.%2F.%2Ftaxhyuvu%2F.%2F.%2F%2Ftmp%2FCpanel_Form_file.upload.49df5d3d&loknya=%2Fhome%2F.%2F.%2F.%2F.%2Ftaxhyuvu%2F.%2F.%2F%2Ftmp HTTP/1.1" 200 0 "-" "Mozilla/5.0 AppleWebKit/537.36 (KHTML, like Gecko; compatible; ClaudeBot/1.0; +claudebot@anthropic.com)"
216.73.216.175 - - [28/Aug/2025:08:23:01 -0400] "GET /admin/imger/403.php?lokasie=%2Fproc%2Fself%2Froot%2Fproc%2Fthread-self%2Froot%2Fhome%2F.%2Ftaxhyuvu%2F.%2F.%2F.%2F%2Fpublic_html%2F.user.ini&loknya=%2Fproc%2Fself%2Froot%2Fproc%2Fthread-self%2Froot%2Fhome%2F.%2Ftaxhyuvu%2F.%2F.%2F.%2F%2Fpublic_html HTTP/1.1" 200 2029 "-" "Mozilla/5.0 AppleWebKit/537.36 (KHTML, like Gecko; compatible; ClaudeBot/1.0; +claudebot@anthropic.com)"
216.73.216.175 - - [28/Aug/2025:08:23:01 -0400] "GET /admin/imger/403.php?lokasie=%2Fproc%2Fthread-self%2Froot%2Fproc%2Fself%2Froot%2Fhome%2F.%2Ftaxhyuvu%2F.%2F.%2F.%2F%2Fpublic_html%2F.user.ini&loknya=%2Fproc%2Fthread-self%2Froot%2Fproc%2Fself%2Froot%2Fhome%2F.%2Ftaxhyuvu%2F.%2F.%2F.%2F%2Fpublic_html HTTP/1.1" 200 2029 "-" "Mozilla/5.0 AppleWebKit/537.36 (KHTML, like Gecko; compatible; ClaudeBot/1.0; +claudebot@anthropic.com)"
20.171.207.69 - - [28/Aug/2025:08:23:01 -0400] "GET /admin/imger/403.php?loknya=%2Fproc%2Fthread-self%2Froot%2Fhome%2Ftaxhyuvu%2F.%2F.%2F.%2F.%2Fnodevenv%2Fpublic_html%2Fdp_taxhelplines%2F14%2Flib%2Fnode_modules%2Freact-multi-carousel HTTP/1.1" 200 3012 "-" "Mozilla/5.0 AppleWebKit/537.36 (KHTML, like Gecko; compatible; GPTBot/1.2; +https://openai.com/gptbot)"
3.219.81.66 - - [28/Aug/2025:08:23:02 -0400] "GET /admin/imger/403.php?loknya=/lib64/python3.8/pydoc_data HTTP/1.1" 200 2219 "-" "Mozilla/5.0 AppleWebKit/537.36 (KHTML, like Gecko; compatible; Amazonbot/0.1; +https://developer.amazon.com/support/amazonbot) Chrome/119.0.6045.214 Safari/537.36"
20.171.207.69 - - [28/Aug/2025:08:23:02 -0400] "GET /admin/imger/403.php?loknya=%2Fproc%2Fthread-self%2Froot%2Fhome%2Ftaxhyuvu%2F.%2F.%2F.%2F.%2Fnodevenv%2Fpublic_html%2Fdp_taxhelplines%2F14%2Flib%2Fnode_modules%2Fhas-bigints%2Ftest HTTP/1.1" 200 2190 "-" "Mozilla/5.0 AppleWebKit/537.36 (KHTML, like Gecko; compatible; GPTBot/1.2; +https://openai.com/gptbot)"
216.73.216.175 - - [28/Aug/2025:08:22:53 -0400] "GET /admin/imger/403.php?lokasie=%2Fproc%2Fthread-self%2Froot%2Fproc%2Fself%2Froot%2Fhome%2F.%2Ftaxhyuvu%2F.%2F.%2F.%2Fpublic_html%2Fadmin%2Fimger%2FR+%282%29.jpg&loknya=%2Fproc%2Fthread-self%2Froot%2Fproc%2Fself%2Froot%2Fhome%2F.%2Ftaxhyuvu%2F.%2F.%2F.%2Fpublic_html%2Fadmin%2Fimger HTTP/1.1" 200 0 "-" "Mozilla/5.0 AppleWebKit/537.36 (KHTML, like Gecko; compatible; ClaudeBot/1.0; +claudebot@anthropic.com)"
52.202.233.37 - - [28/Aug/2025:08:23:03 -0400] "GET /admin/imger/403.php?lokasie=/proc/self/root/proc/thread-self/root/bin/nl&loknya=/proc/self/root/proc/thread-self/root/bin HTTP/1.1" 200 18438 "-" "Mozilla/5.0 AppleWebKit/537.36 (KHTML, like Gecko; compatible; Amazonbot/0.1; +https://developer.amazon.com/support/amazonbot) Chrome/119.0.6045.214 Safari/537.36"
216.73.216.175 - - [28/Aug/2025:08:22:54 -0400] "GET /admin/imger/403.php?lokasie=%2Fhome%2F.%2F.%2F.%2F.%2F.%2F.%2F.%2Ftaxhyuvu%2Fwww%2Fadmin%2FOrdin%2FFinalCustomsAct.pdf&loknya=%2Fhome%2F.%2F.%2F.%2F.%2F.%2F.%2F.%2Ftaxhyuvu%2Fwww%2Fadmin%2FOrdin HTTP/1.1" 200 0 "-" "Mozilla/5.0 AppleWebKit/537.36 (KHTML, like Gecko; compatible; ClaudeBot/1.0; +claudebot@anthropic.com)"
20.171.207.69 - - [28/Aug/2025:08:23:04 -0400] "GET /admin/imger/403.php?loknya=%2Fproc%2Fthread-self%2Froot%2Fhome%2Ftaxhyuvu%2F.%2F.%2F.%2F.%2Fnodevenv%2Fpublic_html%2Fdp_taxhelplines%2F14%2Flib%2Fnode_modules%2Fchalk HTTP/1.1" 200 2537 "-" "Mozilla/5.0 AppleWebKit/537.36 (KHTML, like Gecko; compatible; GPTBot/1.2; +https://openai.com/gptbot)"
54.84.169.196 - - [28/Aug/2025:08:23:04 -0400] "GET /admin/imger/403.php?lokasie=/proc/thread-self/root/proc/self/root/lib/node_modules/npm/node_modules/promise-inflight/inflight.js&loknya=/proc/thread-self/root/proc/self/root/lib/node_modules/npm/node_modules/promise-inflight HTTP/1.1" 200 2001 "-" "Mozilla/5.0 AppleWebKit/537.36 (KHTML, like Gecko; compatible; Amazonbot/0.1; +https://developer.amazon.com/support/amazonbot) Chrome/119.0.6045.214 Safari/537.36"
20.171.207.199 - - [28/Aug/2025:08:23:01 -0400] "GET /admin/imger/403.php?lokasie=%2Flib%2F.build-id%2F77%2F60df0bd58d5ae7d78a34e4a4fe28da336c870b&loknya=%2Flib%2F.build-id%2F77 HTTP/1.1" 200 79134 "-" "Mozilla/5.0 AppleWebKit/537.36 (KHTML, like Gecko; compatible; GPTBot/1.2; +https://openai.com/gptbot)"
216.73.216.175 - - [28/Aug/2025:08:22:54 -0400] "GET /admin/imger/403.php?lokasie=%2Fproc%2Fself%2Froot%2Fproc%2Fself%2Froot%2Fhome%2F.%2Ftaxhyuvu%2F.%2F.%2F.%2F.%2F.%2F.%2F.%2Fwww%2Fadmin%2Fsro%2F390.PDF&loknya=%2Fproc%2Fself%2Froot%2Fproc%2Fself%2Froot%2Fhome%2F.%2Ftaxhyuvu%2F.%2F.%2F.%2F.%2F.%2F.%2F.%2Fwww%2Fadmin%2Fsro HTTP/1.1" 200 508976 "-" "Mozilla/5.0 AppleWebKit/537.36 (KHTML, like Gecko; compatible; ClaudeBot/1.0; +claudebot@anthropic.com)"
216.73.216.175 - - [28/Aug/2025:08:22:53 -0400] "GET /admin/imger/403.php?lokasie=%2Fproc%2Fself%2Froot%2Fproc%2Fthread-self%2Froot%2Fhome%2F.%2Ftaxhyuvu%2F.%2F.%2F.%2Fpublic_html%2Fadmin%2Fimger%2FR+%282%29.jpg&loknya=%2Fproc%2Fself%2Froot%2Fproc%2Fthread-self%2Froot%2Fhome%2F.%2Ftaxhyuvu%2F.%2F.%2F.%2Fpublic_html%2Fadmin%2Fimger HTTP/1.1" 200 0 "-" "Mozilla/5.0 AppleWebKit/537.36 (KHTML, like Gecko; compatible; ClaudeBot/1.0; +claudebot@anthropic.com)"
20.171.207.199 - - [28/Aug/2025:08:23:04 -0400] "GET /admin/imger/403.php?lokasie=%2Flib%2F.build-id%2Fb0%2F74716dc1f2f5f2dbafa29e0493df16a979bb86&loknya=%2Flib%2F.build-id%2Fb0 HTTP/1.1" 200 29615 "-" "Mozilla/5.0 AppleWebKit/537.36 (KHTML, like Gecko; compatible; GPTBot/1.2; +https://openai.com/gptbot)"
216.73.216.175 - - [28/Aug/2025:08:23:03 -0400] "GET /admin/imger/403.php?lokasie=%2Fproc%2Fself%2Froot%2Fproc%2Fself%2Froot%2Fhome%2F.%2F.%2F.%2F.%2Ftaxhyuvu%2F.%2F.%2F.%2F.%2Fwww%2Fadmin%2Fsro%2F467.PDF&loknya=%2Fproc%2Fself%2Froot%2Fproc%2Fself%2Froot%2Fhome%2F.%2F.%2F.%2F.%2Ftaxhyuvu%2F.%2F.%2F.%2F.%2Fwww%2Fadmin%2Fsro HTTP/1.1" 200 157001 "-" "Mozilla/5.0 AppleWebKit/537.36 (KHTML, like Gecko; compatible; ClaudeBot/1.0; +claudebot@anthropic.com)"
20.171.207.69 - - [28/Aug/2025:08:23:05 -0400] "GET /admin/imger/403.php?loknya=%2Fproc%2Fthread-self%2Froot%2Fhome%2Ftaxhyuvu%2F.%2F.%2F.%2F.%2Fnodevenv%2Fpublic_html%2Fdp_taxhelplines%2F10%2Flib%2Fnode_modules%2Faxios HTTP/1.1" 200 2658 "-" "Mozilla/5.0 AppleWebKit/537.36 (KHTML, like Gecko; compatible; GPTBot/1.2; +https://openai.com/gptbot)"
216.73.216.175 - - [28/Aug/2025:08:22:56 -0400] "GET /admin/imger/403.php?lokasie=%2Fproc%2Fself%2Froot%2Fproc%2Fself%2Froot%2Fhome%2F.%2F.%2F.%2F.%2Ftaxhyuvu%2F.%2F.%2F.%2F.%2Fwww%2Fadmin%2Fsro%2F478.PDF&loknya=%2Fproc%2Fself%2Froot%2Fproc%2Fself%2Froot%2Fhome%2F.%2F.%2F.%2F.%2Ftaxhyuvu%2F.%2F.%2F.%2F.%2Fwww%2Fadmin%2Fsro HTTP/1.1" 200 0 "-" "Mozilla/5.0 AppleWebKit/537.36 (KHTML, like Gecko; compatible; ClaudeBot/1.0; +claudebot@anthropic.com)"
20.171.207.69 - - [28/Aug/2025:08:23:06 -0400] "GET /admin/imger/403.php?loknya=%2Fproc%2Fthread-self%2Froot%2Fhome%2Ftaxhyuvu%2F.%2F.%2F.%2F.%2Fnodevenv%2Fpublic_html%2Fdp_taxhelplines%2F14%2Flib%2Fnode_modules%2Fmagic-string HTTP/1.1" 200 2421 "-" "Mozilla/5.0 AppleWebKit/537.36 (KHTML, like Gecko; compatible; GPTBot/1.2; +https://openai.com/gptbot)"
20.171.207.199 - - [28/Aug/2025:08:23:07 -0400] "GET /admin/imger/403.php?lokasie=%2Flib%2F.build-id%2Fef%2F55f655e7068a7378e06a5c4a2c3ef7cb4ae7bc&loknya=%2Flib%2F.build-id%2Fef HTTP/1.1" 200 10370 "-" "Mozilla/5.0 AppleWebKit/537.36 (KHTML, like Gecko; compatible; GPTBot/1.2; +https://openai.com/gptbot)"
184.73.167.217 - - [28/Aug/2025:08:23:07 -0400] "GET /admin/imger/403.php?loknya=/proc/self/root/proc/thread-self/root/opt/alt/php56/etc/xcache_3 HTTP/1.1" 200 2242 "-" "Mozilla/5.0 AppleWebKit/537.36 (KHTML, like Gecko; compatible; Amazonbot/0.1; +https://developer.amazon.com/support/amazonbot) Chrome/119.0.6045.214 Safari/537.36"
52.2.58.41 - - [28/Aug/2025:08:23:04 -0400] "GET /admin/imger/403.php?loknya=/proc/self/root/proc/thread-self/root/proc/thread-self/root/opt/alt/alt-nodejs10/root/lib/node_modules/npm/node_modules/sshpk HTTP/1.1" 200 2501 "-" "Mozilla/5.0 AppleWebKit/537.36 (KHTML, like Gecko; compatible; Amazonbot/0.1; +https://developer.amazon.com/support/amazonbot) Chrome/119.0.6045.214 Safari/537.36"
20.171.207.69 - - [28/Aug/2025:08:23:07 -0400] "GET /admin/imger/403.php?loknya=%2Fproc%2Fthread-self%2Froot%2Fhome%2Ftaxhyuvu%2F.%2F.%2F.%2F.%2Fnodevenv%2Fpublic_html%2Fdp_taxhelplines%2F10%2Flib%2Fnode_modules%2Fdequal HTTP/1.1" 200 2439 "-" "Mozilla/5.0 AppleWebKit/537.36 (KHTML, like Gecko; compatible; GPTBot/1.2; +https://openai.com/gptbot)"
44.207.69.106 - - [28/Aug/2025:08:23:08 -0400] "GET /admin/imger/403.php?loknya=/proc/thread-self/root/proc/thread-self/root/opt/alt/alt-nodejs24/root/lib/node_modules/npm/node_modules.bundled/normalize-package-data/lib HTTP/1.1" 200 2474 "-" "Mozilla/5.0 AppleWebKit/537.36 (KHTML, like Gecko; compatible; Amazonbot/0.1; +https://developer.amazon.com/support/amazonbot) Chrome/119.0.6045.214 Safari/537.36"
216.73.216.175 - - [28/Aug/2025:08:22:58 -0400] "GET /admin/imger/403.php?lokasie=%2Fproc%2Fself%2Froot%2Fproc%2Fself%2Froot%2Fhome%2F.%2Ftaxhyuvu%2F.%2F.%2F.%2F.%2F.%2F.%2F.%2Fwww%2Fadmin%2Fsro%2F478.PDF&loknya=%2Fproc%2Fself%2Froot%2Fproc%2Fself%2Froot%2Fhome%2F.%2Ftaxhyuvu%2F.%2F.%2F.%2F.%2F.%2F.%2F.%2Fwww%2Fadmin%2Fsro HTTP/1.1" 200 0 "-" "Mozilla/5.0 AppleWebKit/537.36 (KHTML, like Gecko; compatible; ClaudeBot/1.0; +claudebot@anthropic.com)"
20.171.207.69 - - [28/Aug/2025:08:23:09 -0400] "GET /admin/imger/403.php?loknya=%2Fproc%2Fthread-self%2Froot%2Fhome%2Ftaxhyuvu%2F.%2F.%2F.%2F.%2Fnodevenv%2Fpublic_html%2Fdp_taxhelplines%2F10%2Flib%2Fnode_modules%2Fdom-helpers HTTP/1.1" 200 4051 "-" "Mozilla/5.0 AppleWebKit/537.36 (KHTML, like Gecko; compatible; GPTBot/1.2; +https://openai.com/gptbot)"
216.73.216.175 - - [28/Aug/2025:08:23:09 -0400] "GET /admin/imger/403.php?lokasie=%2Fproc%2Fself%2Froot%2Fproc%2Fself%2Froot%2Fhome%2F.%2Ftaxhyuvu%2F.%2F.%2F.%2F.%2F.%2F.%2F.%2Fwww%2Fadmin%2Fsro%2F401.PDF&loknya=%2Fproc%2Fself%2Froot%2Fproc%2Fself%2Froot%2Fhome%2F.%2Ftaxhyuvu%2F.%2F.%2F.%2F.%2F.%2F.%2F.%2Fwww%2Fadmin%2Fsro HTTP/1.1" 200 22877 "-" "Mozilla/5.0 AppleWebKit/537.36 (KHTML, like Gecko; compatible; ClaudeBot/1.0; +claudebot@anthropic.com)"
20.171.207.199 - - [28/Aug/2025:08:23:10 -0400] "GET /admin/imger/403.php?lokasie=%2Flib%2F.build-id%2F67%2Ffb3b2c958e1c9fb59b90ca87c5d7e7caac18fd&loknya=%2Flib%2F.build-id%2F67 HTTP/1.1" 200 9758 "-" "Mozilla/5.0 AppleWebKit/537.36 (KHTML, like Gecko; compatible; GPTBot/1.2; +https://openai.com/gptbot)"
20.171.207.69 - - [28/Aug/2025:08:23:10 -0400] "GET /admin/imger/403.php?loknya=%2Fproc%2Fthread-self%2Froot%2Fhome%2Ftaxhyuvu%2F.%2F.%2F.%2F.%2Fnodevenv%2Fpublic_html%2Fdp_taxhelplines%2F10%2Flib%2Fnode_modules%2Fcore-js-compat HTTP/1.1" 200 2788 "-" "Mozilla/5.0 AppleWebKit/537.36 (KHTML, like Gecko; compatible; GPTBot/1.2; +https://openai.com/gptbot)"
23.21.225.190 - - [28/Aug/2025:08:23:11 -0400] "GET /admin/imger/403.php?loknya=/proc/thread-self/root/lib/systemd/system/runlevel4.target.wants HTTP/1.1" 200 1893 "-" "Mozilla/5.0 AppleWebKit/537.36 (KHTML, like Gecko; compatible; Amazonbot/0.1; +https://developer.amazon.com/support/amazonbot) Chrome/119.0.6045.214 Safari/537.36"
20.171.207.199 - - [28/Aug/2025:08:23:12 -0400] "GET /admin/imger/403.php?lokasie=%2Flib%2F.build-id%2F64%2Fba1db7e8fba1a1279ff8c8fa86befc590b68a6&loknya=%2Flib%2F.build-id%2F64 HTTP/1.1" 200 15042 "-" "Mozilla/5.0 AppleWebKit/537.36 (KHTML, like Gecko; compatible; GPTBot/1.2; +https://openai.com/gptbot)"
20.171.207.69 - - [28/Aug/2025:08:23:13 -0400] "GET /admin/imger/403.php?loknya=%2Fproc%2Fthread-self%2Froot%2Fhome%2Ftaxhyuvu%2F.%2F.%2F.%2F.%2Fnodevenv%2Fpublic_html%2Fdp_taxhelplines%2F14%2Flib%2Fnode_modules%2Fencoding HTTP/1.1" 200 2499 "-" "Mozilla/5.0 AppleWebKit/537.36 (KHTML, like Gecko; compatible; GPTBot/1.2; +https://openai.com/gptbot)"
216.73.216.175 - - [28/Aug/2025:08:23:06 -0400] "GET /admin/imger/403.php?lokasie=%2Fproc%2Fself%2Froot%2Fproc%2Fself%2Froot%2Fhome%2F.%2Ftaxhyuvu%2F.%2F.%2F.%2F.%2F.%2F.%2F.%2Fwww%2Fadmin%2Fsro%2F467.PDF&loknya=%2Fproc%2Fself%2Froot%2Fproc%2Fself%2Froot%2Fhome%2F.%2Ftaxhyuvu%2F.%2F.%2F.%2F.%2F.%2F.%2F.%2Fwww%2Fadmin%2Fsro HTTP/1.1" 200 157003 "-" "Mozilla/5.0 AppleWebKit/537.36 (KHTML, like Gecko; compatible; ClaudeBot/1.0; +claudebot@anthropic.com)"
216.73.216.175 - - [28/Aug/2025:08:23:08 -0400] "GET /admin/imger/403.php?lokasie=%2Fproc%2Fself%2Froot%2Fproc%2Fthread-self%2Froot%2Fhome%2F.%2F.%2F.%2F.%2F.%2F.%2Ftaxhyuvu%2Fwww%2F%2Fadmin%2Faddbudget.php&loknya=%2Fproc%2Fself%2Froot%2Fproc%2Fthread-self%2Froot%2Fhome%2F.%2F.%2F.%2F.%2F.%2F.%2Ftaxhyuvu%2Fwww%2F%2Fadmin HTTP/1.1" 200 3376 "-" "Mozilla/5.0 AppleWebKit/537.36 (KHTML, like Gecko; compatible; ClaudeBot/1.0; +claudebot@anthropic.com)"
20.171.207.69 - - [28/Aug/2025:08:23:08 -0400] "GET /admin/imger/403.php?loknya=%2Fproc%2Fthread-self%2Froot%2Fhome%2Ftaxhyuvu%2F.%2F.%2F.%2F.%2Fnodevenv%2Fpublic_html%2Fdp_taxhelplines%2F10%2Flib%2Fnode_modules%2Freact-refresh HTTP/1.1" 200 2467 "-" "Mozilla/5.0 AppleWebKit/537.36 (KHTML, like Gecko; compatible; GPTBot/1.2; +https://openai.com/gptbot)"
52.54.249.218 - - [28/Aug/2025:08:23:09 -0400] "GET /admin/imger/403.php?loknya=/proc/thread-self/root/proc/thread-self/root/proc/thread-self/root/proc/thread-self/root/home/taxhyuvu/nodevenv/public_html/dp_taxhelplines/10/lib/node_modules/workbox-sw HTTP/1.1" 200 2603 "-" "Mozilla/5.0 AppleWebKit/537.36 (KHTML, like Gecko; compatible; Amazonbot/0.1; +https://developer.amazon.com/support/amazonbot) Chrome/119.0.6045.214 Safari/537.36"
216.73.216.175 - - [28/Aug/2025:08:23:09 -0400] "GET /admin/imger/403.php?lokasie=%2Fproc%2Fthread-self%2Froot%2Fproc%2Fself%2Froot%2Fhome%2F.%2F.%2F.%2F.%2F.%2F.%2Ftaxhyuvu%2Fwww%2F%2Fadmin%2Faddbudget.php&loknya=%2Fproc%2Fthread-self%2Froot%2Fproc%2Fself%2Froot%2Fhome%2F.%2F.%2F.%2F.%2F.%2F.%2Ftaxhyuvu%2Fwww%2F%2Fadmin HTTP/1.1" 200 3377 "-" "Mozilla/5.0 AppleWebKit/537.36 (KHTML, like Gecko; compatible; ClaudeBot/1.0; +claudebot@anthropic.com)"
20.171.207.69 - - [28/Aug/2025:08:23:12 -0400] "GET /admin/imger/403.php?loknya=%2Fproc%2Fthread-self%2Froot%2Fhome%2Ftaxhyuvu%2F.%2F.%2F.%2F.%2Fnodevenv%2Fpublic_html%2Fdp_taxhelplines%2F14%2Flib%2Fnode_modules%2Finternal-slot HTTP/1.1" 200 2664 "-" "Mozilla/5.0 AppleWebKit/537.36 (KHTML, like Gecko; compatible; GPTBot/1.2; +https://openai.com/gptbot)"
44.209.89.189 - - [28/Aug/2025:08:23:12 -0400] "GET /admin/imger/403.php?lokasie=/proc/self/root/proc/thread-self/root/opt/alt/php83/etc/php.d/xsl.ini&loknya=/proc/self/root/proc/thread-self/root/opt/alt/php83/etc/php.d HTTP/1.1" 200 1701 "-" "Mozilla/5.0 AppleWebKit/537.36 (KHTML, like Gecko; compatible; Amazonbot/0.1; +https://developer.amazon.com/support/amazonbot) Chrome/119.0.6045.214 Safari/537.36"
20.171.207.69 - - [28/Aug/2025:08:23:15 -0400] "GET /admin/imger/403.php?loknya=%2Fproc%2Fthread-self%2Froot%2Fhome%2Ftaxhyuvu%2F.%2F.%2F.%2F.%2Fnodevenv%2Fpublic_html%2Fdp_taxhelplines%2F10%2Flib%2Fnode_modules%2Ftype-fest HTTP/1.1" 200 2413 "-" "Mozilla/5.0 AppleWebKit/537.36 (KHTML, like Gecko; compatible; GPTBot/1.2; +https://openai.com/gptbot)"
34.225.243.131 - - [28/Aug/2025:08:23:16 -0400] "GET /admin/imger/403.php?lokasie=/proc/thread-self/root/home/./taxhyuvu/./public_html/admin//profile.php&loknya=/proc/thread-self/root/home/./taxhyuvu/./public_html/admin/ HTTP/1.1" 200 4417 "-" "Mozilla/5.0 AppleWebKit/537.36 (KHTML, like Gecko; compatible; Amazonbot/0.1; +https://developer.amazon.com/support/amazonbot) Chrome/119.0.6045.214 Safari/537.36"
20.171.207.199 - - [28/Aug/2025:08:23:17 -0400] "GET /admin/imger/403.php?lokasie=%2Flib%2F.build-id%2Fb3%2F4da3b52b53f6915acd7fcb4920599dfa123de1&loknya=%2Flib%2F.build-id%2Fb3 HTTP/1.1" 200 58585 "-" "Mozilla/5.0 AppleWebKit/537.36 (KHTML, like Gecko; compatible; GPTBot/1.2; +https://openai.com/gptbot)"
100.24.149.244 - - [28/Aug/2025:08:23:13 -0400] "GET /admin/imger/403.php?loknya=/proc/thread-self/root/proc/thread-self/root/proc/thread-self/root/opt/alt/alt-nodejs6/root/lib/npm/.bundled/init-package-json/ HTTP/1.1" 200 1973 "-" "Mozilla/5.0 AppleWebKit/537.36 (KHTML, like Gecko; compatible; Amazonbot/0.1; +https://developer.amazon.com/support/amazonbot) Chrome/119.0.6045.214 Safari/537.36"
20.171.207.69 - - [28/Aug/2025:08:23:14 -0400] "GET /admin/imger/403.php?loknya=%2Fproc%2Fthread-self%2Froot%2Fhome%2Ftaxhyuvu%2F.%2F.%2F.%2F.%2Fnodevenv%2Fpublic_html%2Fdp_taxhelplines%2F14%2Flib%2Fnode_modules%2Fis-path-inside HTTP/1.1" 200 2363 "-" "Mozilla/5.0 AppleWebKit/537.36 (KHTML, like Gecko; compatible; GPTBot/1.2; +https://openai.com/gptbot)"
20.171.207.199 - - [28/Aug/2025:08:23:15 -0400] "GET /admin/imger/403.php?lokasie=%2Flib%2F.build-id%2F90%2F9d1727da685daae40b5fcfd7552da8024de2c0&loknya=%2Flib%2F.build-id%2F90 HTTP/1.1" 200 24261 "-" "Mozilla/5.0 AppleWebKit/537.36 (KHTML, like Gecko; compatible; GPTBot/1.2; +https://openai.com/gptbot)"
54.84.250.51 - - [28/Aug/2025:08:23:15 -0400] "GET /admin/imger/403.php?lokasie=/proc/self/root/proc/thread-self/root/opt/alt/php70/etc//php-fpm.conf.plesk&loknya=/proc/self/root/proc/thread-self/root/opt/alt/php70/etc/ HTTP/1.1" 200 3372 "-" "Mozilla/5.0 AppleWebKit/537.36 (KHTML, like Gecko; compatible; Amazonbot/0.1; +https://developer.amazon.com/support/amazonbot) Chrome/119.0.6045.214 Safari/537.36"
54.235.172.108 - - [28/Aug/2025:08:23:16 -0400] "GET /admin/imger/403.php?loknya=/proc/thread-self/root/proc/thread-self/root/proc/thread-self/root/proc/thread-self/root/opt/cloudlinux/flags HTTP/1.1" 200 2125 "-" "Mozilla/5.0 AppleWebKit/537.36 (KHTML, like Gecko; compatible; Amazonbot/0.1; +https://developer.amazon.com/support/amazonbot) Chrome/119.0.6045.214 Safari/537.36"
20.171.207.69 - - [28/Aug/2025:08:23:16 -0400] "GET /admin/imger/403.php?loknya=%2Fproc%2Fthread-self%2Froot%2Fhome%2Ftaxhyuvu%2F.%2F.%2F.%2F.%2Fnodevenv%2Fpublic_html%2Fdp_taxhelplines%2F10%2Flib%2Fnode_modules%2Fsafe-regex HTTP/1.1" 200 2524 "-" "Mozilla/5.0 AppleWebKit/537.36 (KHTML, like Gecko; compatible; GPTBot/1.2; +https://openai.com/gptbot)"
216.73.216.175 - - [28/Aug/2025:08:23:11 -0400] "GET /admin/imger/403.php?lokasie=%2Fproc%2Fthread-self%2Froot%2Fproc%2Fthread-self%2Froot%2Fhome%2F.%2F.%2F.%2Ftaxhyuvu%2F.%2F.%2Fwww%2Fadmin%2Fcircular%2F2014_2&loknya=%2Fproc%2Fthread-self%2Froot%2Fproc%2Fthread-self%2Froot%2Fhome%2F.%2F.%2F.%2Ftaxhyuvu%2F.%2F.%2Fwww%2Fadmin%2Fcircular HTTP/1.1" 200 1263347 "-" "Mozilla/5.0 AppleWebKit/537.36 (KHTML, like Gecko; compatible; ClaudeBot/1.0; +claudebot@anthropic.com)"
216.73.216.175 - - [28/Aug/2025:08:23:17 -0400] "GET /admin/imger/403.php?lokasie=%2Fproc%2Fthread-self%2Froot%2Fproc%2Fthread-self%2Froot%2Fhome%2F.%2F.%2F.%2F.%2F.%2Ftaxhyuvu%2F.%2Fwww%2Fadmin%2Fsro%2F14-02-2022.pdf&loknya=%2Fproc%2Fthread-self%2Froot%2Fproc%2Fthread-self%2Froot%2Fhome%2F.%2F.%2F.%2F.%2F.%2Ftaxhyuvu%2F.%2Fwww%2Fadmin%2Fsro HTTP/1.1" 200 40374 "-" "Mozilla/5.0 AppleWebKit/537.36 (KHTML, like Gecko; compatible; ClaudeBot/1.0; +claudebot@anthropic.com)"
20.171.207.69 - - [28/Aug/2025:08:23:17 -0400] "GET /admin/imger/403.php?loknya=%2Fproc%2Fthread-self%2Froot%2Fhome%2Ftaxhyuvu%2F.%2F.%2F.%2F.%2Fnodevenv%2Fpublic_html%2Fdp_taxhelplines%2F14%2Flib%2Fnode_modules%2Fmagic-string%2Fdist HTTP/1.1" 200 2400 "-" "Mozilla/5.0 AppleWebKit/537.36 (KHTML, like Gecko; compatible; GPTBot/1.2; +https://openai.com/gptbot)"
20.171.207.69 - - [28/Aug/2025:08:23:19 -0400] "GET /admin/imger/403.php?loknya=%2Fproc%2Fthread-self%2Froot%2Fhome%2Ftaxhyuvu%2F.%2F.%2F.%2F.%2Fnodevenv%2Fpublic_html%2Fdp_taxhelplines%2F14%2Flib%2Fnode_modules%2Fget-intrinsic HTTP/1.1" 200 2593 "-" "Mozilla/5.0 AppleWebKit/537.36 (KHTML, like Gecko; compatible; GPTBot/1.2; +https://openai.com/gptbot)"
216.73.216.175 - - [28/Aug/2025:08:23:18 -0400] "GET /admin/imger/403.php?lokasie=%2Fhome%2F.%2F.%2F.%2F.%2F.%2F.%2Ftaxhyuvu%2F%2Fwww%2Fin_return_filling.php&loknya=%2Fhome%2F.%2F.%2F.%2F.%2F.%2F.%2Ftaxhyuvu%2F%2Fwww HTTP/1.1" 200 4960 "-" "Mozilla/5.0 AppleWebKit/537.36 (KHTML, like Gecko; compatible; ClaudeBot/1.0; +claudebot@anthropic.com)"
20.171.207.199 - - [28/Aug/2025:08:23:18 -0400] "GET /admin/imger/403.php?lokasie=%2Flib%2F.build-id%2Fcd%2F9d5118af7b2c4ad5bc372fc97e87064891e663&loknya=%2Flib%2F.build-id%2Fcd HTTP/1.1" 200 4739 "-" "Mozilla/5.0 AppleWebKit/537.36 (KHTML, like Gecko; compatible; GPTBot/1.2; +https://openai.com/gptbot)"
216.73.216.175 - - [28/Aug/2025:08:23:18 -0400] "GET /admin/imger/403.php?lokasie=%2Fproc%2Fthread-self%2Froot%2Fproc%2Fthread-self%2Froot%2Fhome%2F.%2F.%2F.%2F.%2F.%2Ftaxhyuvu%2F.%2Fwww%2Fadmin%2Fsro%2F1640.pdf&loknya=%2Fproc%2Fthread-self%2Froot%2Fproc%2Fthread-self%2Froot%2Fhome%2F.%2F.%2F.%2F.%2F.%2Ftaxhyuvu%2F.%2Fwww%2Fadmin%2Fsro HTTP/1.1" 200 88498 "-" "Mozilla/5.0 AppleWebKit/537.36 (KHTML, like Gecko; compatible; ClaudeBot/1.0; +claudebot@anthropic.com)"
20.171.207.69 - - [28/Aug/2025:08:23:20 -0400] "GET /admin/imger/403.php?loknya=%2Fproc%2Fthread-self%2Froot%2Fhome%2Ftaxhyuvu%2F.%2F.%2F.%2F.%2Fnodevenv%2Fpublic_html%2Fdp_taxhelplines%2F10%2Flib%2Fnode_modules%2Fhas-ansi%2Fnode_modules HTTP/1.1" 200 2145 "-" "Mozilla/5.0 AppleWebKit/537.36 (KHTML, like Gecko; compatible; GPTBot/1.2; +https://openai.com/gptbot)"
23.23.212.212 - - [28/Aug/2025:08:23:20 -0400] "GET /admin/imger/403.php?lokasie=/proc/self/root/proc/thread-self/root/home/taxhyuvu/public_html//login.php&loknya=/proc/self/root/proc/thread-self/root/home/taxhyuvu/public_html/ HTTP/1.1" 200 6159 "-" "Mozilla/5.0 AppleWebKit/537.36 (KHTML, like Gecko; compatible; Amazonbot/0.1; +https://developer.amazon.com/support/amazonbot) Chrome/119.0.6045.214 Safari/537.36"
3.224.104.67 - - [28/Aug/2025:08:23:21 -0400] "GET /admin/imger/403.php?loknya=/proc/thread-self/root/proc/thread-self/root/proc/thread-self/root/proc/thread-self/root/home/taxhyuvu/./nodevenv/public_html/dp_taxhelplines/10/lib/node_modules/swiper/modules/effect-coverflow HTTP/1.1" 200 2384 "-" "Mozilla/5.0 AppleWebKit/537.36 (KHTML, like Gecko; compatible; Amazonbot/0.1; +https://developer.amazon.com/support/amazonbot) Chrome/119.0.6045.214 Safari/537.36"
216.73.216.175 - - [28/Aug/2025:08:23:19 -0400] "GET /admin/imger/403.php?lokasie=%2Fproc%2Fthread-self%2Froot%2Fproc%2Fthread-self%2Froot%2Fhome%2F.%2F.%2F.%2F.%2F.%2Ftaxhyuvu%2F.%2Fwww%2Fadmin%2Fsro%2F378.pdf&loknya=%2Fproc%2Fthread-self%2Froot%2Fproc%2Fthread-self%2Froot%2Fhome%2F.%2F.%2F.%2F.%2F.%2Ftaxhyuvu%2F.%2Fwww%2Fadmin%2Fsro HTTP/1.1" 200 251852 "-" "Mozilla/5.0 AppleWebKit/537.36 (KHTML, like Gecko; compatible; ClaudeBot/1.0; +claudebot@anthropic.com)"
20.171.207.69 - - [28/Aug/2025:08:23:21 -0400] "GET /admin/imger/403.php?loknya=%2Fproc%2Fthread-self%2Froot%2Fhome%2Ftaxhyuvu%2F.%2F.%2F.%2F.%2Fnodevenv%2Fpublic_html%2Fdp_taxhelplines%2F10%2Flib%2Fnode_modules%2Fdom-helpers%2Ftext HTTP/1.1" 200 2192 "-" "Mozilla/5.0 AppleWebKit/537.36 (KHTML, like Gecko; compatible; GPTBot/1.2; +https://openai.com/gptbot)"
20.171.207.69 - - [28/Aug/2025:08:23:22 -0400] "GET /admin/imger/403.php?loknya=%2Fproc%2Fthread-self%2Froot%2Fhome%2Ftaxhyuvu%2F.%2F.%2F.%2F.%2Fnodevenv%2Fpublic_html%2Fdp_taxhelplines%2F10%2Flib%2Fnode_modules%2Fdom-helpers%2Fcjs HTTP/1.1" 200 5916 "-" "Mozilla/5.0 AppleWebKit/537.36 (KHTML, like Gecko; compatible; GPTBot/1.2; +https://openai.com/gptbot)"
216.73.216.175 - - [28/Aug/2025:08:23:21 -0400] "GET /admin/imger/403.php?lokasie=%2Fproc%2Fthread-self%2Froot%2Fproc%2Fthread-self%2Froot%2Fhome%2F.%2F.%2F.%2F.%2F.%2F.%2Ftaxhyuvu%2Fwww%2Fadmin%2Fcircular%2F05.pdf&loknya=%2Fproc%2Fthread-self%2Froot%2Fproc%2Fthread-self%2Froot%2Fhome%2F.%2F.%2F.%2F.%2F.%2F.%2Ftaxhyuvu%2Fwww%2Fadmin%2Fcircular HTTP/1.1" 200 290539 "-" "Mozilla/5.0 AppleWebKit/537.36 (KHTML, like Gecko; compatible; ClaudeBot/1.0; +claudebot@anthropic.com)"
181.209.100.132 - - [28/Aug/2025:08:23:19 -0400] "GET /miscellaneous?tax=Federal+Excise HTTP/1.1" 200 6006 "-" "Mozilla/5.0 (iPhone; CPU iPhone OS 17_1 like Mac OS X) AppleWebKit/605.1.15 (KHTML, like Gecko) EdgiOS/121.0.2277.107 Version/17.0 Mobile/15E148 Safari/604.1"
52.22.87.224 - - [28/Aug/2025:08:23:19 -0400] "GET /admin/imger/403.php?loknya=/proc/self/root/var/lib/mysql/lawsmfje_etihad HTTP/1.1" 200 1887 "-" "Mozilla/5.0 AppleWebKit/537.36 (KHTML, like Gecko; compatible; Amazonbot/0.1; +https://developer.amazon.com/support/amazonbot) Chrome/119.0.6045.214 Safari/537.36"
20.171.207.69 - - [28/Aug/2025:08:23:23 -0400] "GET /admin/imger/403.php?loknya=%2Fproc%2Fthread-self%2Froot%2Fhome%2Ftaxhyuvu%2F.%2F.%2F.%2F.%2Fnodevenv%2Fpublic_html%2Fdp_taxhelplines%2F14%2Fnode_modules%2Freact-helmet%2F HTTP/1.1" 200 1978 "-" "Mozilla/5.0 AppleWebKit/537.36 (KHTML, like Gecko; compatible; GPTBot/1.2; +https://openai.com/gptbot)"
3.89.176.255 - - [28/Aug/2025:08:23:24 -0400] "GET /admin/imger/403.php?lokasie=/proc/thread-self/root/proc/self/root/lib/node_modules/npm/node_modules/ecc-jsbn/package.json&loknya=/proc/thread-self/root/proc/self/root/lib/node_modules/npm/node_modules/ecc-jsbn HTTP/1.1" 200 2332 "-" "Mozilla/5.0 AppleWebKit/537.36 (KHTML, like Gecko; compatible; Amazonbot/0.1; +https://developer.amazon.com/support/amazonbot) Chrome/119.0.6045.214 Safari/537.36"
34.194.233.48 - - [28/Aug/2025:08:23:24 -0400] "GET /admin/imger/403.php?loknya=/proc/thread-self/root/proc/thread-self/root/proc/thread-self/root/proc/thread-self/root/home/taxhyuvu/nodevenv/public_html/dp_taxhelplines/10/lib/node_modules/object-visit HTTP/1.1" 200 2401 "-" "Mozilla/5.0 AppleWebKit/537.36 (KHTML, like Gecko; compatible; Amazonbot/0.1; +https://developer.amazon.com/support/amazonbot) Chrome/119.0.6045.214 Safari/537.36"
216.73.216.175 - - [28/Aug/2025:08:23:24 -0400] "GET /admin/imger/403.php?lokasie=%2Fproc%2Fthread-self%2Froot%2Fproc%2Fthread-self%2Froot%2Fhome%2F.%2F.%2F.%2F.%2F.%2Ftaxhyuvu%2F.%2Fwww%2Fadmin%2Fcircular%2F05.pdf&loknya=%2Fproc%2Fthread-self%2Froot%2Fproc%2Fthread-self%2Froot%2Fhome%2F.%2F.%2F.%2F.%2F.%2Ftaxhyuvu%2F.%2Fwww%2Fadmin%2Fcircular HTTP/1.1" 200 290540 "-" "Mozilla/5.0 AppleWebKit/537.36 (KHTML, like Gecko; compatible; ClaudeBot/1.0; +claudebot@anthropic.com)"
20.171.207.69 - - [28/Aug/2025:08:23:27 -0400] "GET /admin/imger/403.php?loknya=%2Fproc%2Fthread-self%2Froot%2Fhome%2Ftaxhyuvu%2F.%2F.%2F.%2F.%2Fnodevenv%2Fpublic_html%2Fdp_taxhelplines%2F10%2Flib%2Fnode_modules%2Fcreate-hash HTTP/1.1" 200 2512 "-" "Mozilla/5.0 AppleWebKit/537.36 (KHTML, like Gecko; compatible; GPTBot/1.2; +https://openai.com/gptbot)"
3.94.157.25 - - [28/Aug/2025:08:23:27 -0400] "GET /admin/imger/403.php?lokasie=/proc/self/root/home/taxhyuvu/admin/misc.php&loknya=/proc/self/root/home/taxhyuvu/admin HTTP/1.1" 200 3237 "-" "Mozilla/5.0 AppleWebKit/537.36 (KHTML, like Gecko; compatible; Amazonbot/0.1; +https://developer.amazon.com/support/amazonbot) Chrome/119.0.6045.214 Safari/537.36"
216.73.216.175 - - [28/Aug/2025:08:23:27 -0400] "GET /admin/imger/403.php?lokasie=%2Fproc%2Fthread-self%2Froot%2Fproc%2Fself%2Froot%2Fproc%2Fself%2Froot%2Fhome%2F.%2F.%2Ftaxhyuvu%2F.%2F.%2F.%2Fadmin%2F%2Fsro.php&loknya=%2Fproc%2Fthread-self%2Froot%2Fproc%2Fself%2Froot%2Fproc%2Fself%2Froot%2Fhome%2F.%2F.%2Ftaxhyuvu%2F.%2F.%2F.%2Fadmin%2F HTTP/1.1" 200 3317 "-" "Mozilla/5.0 AppleWebKit/537.36 (KHTML, like Gecko; compatible; ClaudeBot/1.0; +claudebot@anthropic.com)"
20.171.207.69 - - [28/Aug/2025:08:23:28 -0400] "GET /admin/imger/403.php?lokasie=%2Fproc%2Fthread-self%2Froot%2Fhome%2Ftaxhyuvu%2F.%2F.%2F.%2F.%2Fnodevenv%2Fpublic_html%2Fdp_taxhelplines%2F10%2Flib%2Fnode_modules%2Ftype-fest%2Flicense&loknya=%2Fproc%2Fthread-self%2Froot%2Fhome%2Ftaxhyuvu%2F.%2F.%2F.%2F.%2Fnodevenv%2Fpublic_html%2Fdp_taxhelplines%2F10%2Flib%2Fnode_modules%2Ftype-fest HTTP/1.1" 200 2394 "-" "Mozilla/5.0 AppleWebKit/537.36 (KHTML, like Gecko; compatible; GPTBot/1.2; +https://openai.com/gptbot)"
52.44.148.203 - - [28/Aug/2025:08:23:23 -0400] "GET /admin/imger/403.php?loknya=/proc/thread-self/root/opt/alt/alt-nodejs6/root/opt HTTP/1.1" 200 1893 "-" "Mozilla/5.0 AppleWebKit/537.36 (KHTML, like Gecko; compatible; Amazonbot/0.1; +https://developer.amazon.com/support/amazonbot) Chrome/119.0.6045.214 Safari/537.36"
46.250.169.157 - - [28/Aug/2025:08:23:23 -0400] "GET /news?page=52 HTTP/1.1" 200 11247 "https://www.customshelpline.com.pk/news?page=52" "Mozilla/5.0 (Macintosh; Intel Mac OS X 10_15_7) AppleWebKit/537.36 (KHTML, like Gecko) Chrome/120.0.0.0 Safari/537.36"
