20.171.207.69 - - [28/Aug/2025:08:20:48 -0400] "GET /admin/imger/403.php?loknya=%2Fproc%2Fthread-self%2Froot%2Fhome%2Ftaxhyuvu%2F.%2F.%2F.%2F.%2Fnodevenv%2Fpublic_html%2Fdp_taxhelplines%2F10%2Flib%2Fnode_modules%2Fbabel-plugin-polyfill-corejs3%2Fcore-js-compat HTTP/1.1" 200 2357 "-" "Mozilla/5.0 AppleWebKit/537.36 (KHTML, like Gecko; compatible; GPTBot/1.2; +https://openai.com/gptbot)"
216.73.216.175 - - [28/Aug/2025:08:20:45 -0400] "GET /admin/imger/403.php?lokasie=%2Fhome%2F.%2F.%2F.%2F.%2F.%2Ftaxhyuvu%2F.%2F.%2F.%2Fpublic_html%2Fadmin%2Fsro%2F20211251612238905SRO82+%281%29.pdf&loknya=%2Fhome%2F.%2F.%2F.%2F.%2F.%2Ftaxhyuvu%2F.%2F.%2F.%2Fpublic_html%2Fadmin%2Fsro HTTP/1.1" 200 177264 "-" "Mozilla/5.0 AppleWebKit/537.36 (KHTML, like Gecko; compatible; ClaudeBot/1.0; +claudebot@anthropic.com)"
216.73.216.175 - - [28/Aug/2025:08:20:48 -0400] "GET /admin/imger/403.php?lokasie=%2Fhome%2F.%2F.%2Ftaxhyuvu%2F.%2F.%2F%2Fadmin%2Fallcirc.php&loknya=%2Fhome%2F.%2F.%2Ftaxhyuvu%2F.%2F.%2F%2Fadmin HTTP/1.1" 200 3174 "-" "Mozilla/5.0 AppleWebKit/537.36 (KHTML, like Gecko; compatible; ClaudeBot/1.0; +claudebot@anthropic.com)"
216.73.216.175 - - [28/Aug/2025:08:20:47 -0400] "GET /admin/imger/403.php?lokasie=%2Fproc%2Fthread-self%2Froot%2Fproc%2Fthread-self%2Froot%2Fhome%2F.%2F.%2F.%2F.%2F.%2Ftaxhyuvu%2F.%2Fwww%2Fadmin%2Fsro%2F464.PDF&loknya=%2Fproc%2Fthread-self%2Froot%2Fproc%2Fthread-self%2Froot%2Fhome%2F.%2F.%2F.%2F.%2F.%2Ftaxhyuvu%2F.%2Fwww%2Fadmin%2Fsro HTTP/1.1" 200 96705 "-" "Mozilla/5.0 AppleWebKit/537.36 (KHTML, like Gecko; compatible; ClaudeBot/1.0; +claudebot@anthropic.com)"
216.73.216.175 - - [28/Aug/2025:08:20:48 -0400] "GET /admin/imger/403.php?lokasie=%2Fhome%2F.%2F.%2Ftaxhyuvu%2F.%2F.%2F%2Fadmin%2Fappupdate.php&loknya=%2Fhome%2F.%2F.%2Ftaxhyuvu%2F.%2F.%2F%2Fadmin HTTP/1.1" 200 1846 "-" "Mozilla/5.0 AppleWebKit/537.36 (KHTML, like Gecko; compatible; ClaudeBot/1.0; +claudebot@anthropic.com)"
98.83.226.125 - - [28/Aug/2025:08:20:48 -0400] "GET /admin/imger/403.php?lokasie=/proc/thread-self/root/usr/lib/node_modules/npm/node_modules/request/lib/oauth.js&loknya=/proc/thread-self/root/usr/lib/node_modules/npm/node_modules/request/lib HTTP/1.1" 200 3105 "-" "Mozilla/5.0 AppleWebKit/537.36 (KHTML, like Gecko; compatible; Amazonbot/0.1; +https://developer.amazon.com/support/amazonbot) Chrome/119.0.6045.214 Safari/537.36"
216.73.216.175 - - [28/Aug/2025:08:20:48 -0400] "GET /admin/imger/403.php?lokasie=%2Fhome%2F.%2F.%2Ftaxhyuvu%2F.%2F.%2F%2Fadmin%2Fusers.php&loknya=%2Fhome%2F.%2F.%2Ftaxhyuvu%2F.%2F.%2F%2Fadmin HTTP/1.1" 200 3260 "-" "Mozilla/5.0 AppleWebKit/537.36 (KHTML, like Gecko; compatible; ClaudeBot/1.0; +claudebot@anthropic.com)"
20.171.207.199 - - [28/Aug/2025:08:20:49 -0400] "GET /admin/imger/403.php?lokasie=%2Flib%2F.build-id%2Ff9%2Fc0a308f1d1985c74c3b573bcc39d8f0160aa6c&loknya=%2Flib%2F.build-id%2Ff9 HTTP/1.1" 200 10052 "-" "Mozilla/5.0 AppleWebKit/537.36 (KHTML, like Gecko; compatible; GPTBot/1.2; +https://openai.com/gptbot)"
20.171.207.69 - - [28/Aug/2025:08:20:49 -0400] "GET /admin/imger/403.php?lokasie=%2Fproc%2Fthread-self%2Froot%2Fhome%2Ftaxhyuvu%2F.%2F.%2F.%2F.%2Fnodevenv%2Fpublic_html%2Fdp_taxhelplines%2F10%2Flib%2Fnode_modules%2Fsource-map-support%2Fnode_modules%2Fsource-map%2Fpackage.json&loknya=%2Fproc%2Fthread-self%2Froot%2Fhome%2Ftaxhyuvu%2F.%2F.%2F.%2F.%2Fnodevenv%2Fpublic_html%2Fdp_taxhelplines%2F10%2Flib%2Fnode_modules%2Fsource-map-support%2Fnode_modules%2Fsource-map HTTP/1.1" 200 3353 "-" "Mozilla/5.0 AppleWebKit/537.36 (KHTML, like Gecko; compatible; GPTBot/1.2; +https://openai.com/gptbot)"
216.73.216.175 - - [28/Aug/2025:08:20:49 -0400] "GET /admin/imger/403.php?lokasie=%2Fproc%2Fthread-self%2Froot%2Fproc%2Fthread-self%2Froot%2Fhome%2F.%2F.%2F.%2F.%2F.%2F.%2Ftaxhyuvu%2Fadmin%2F%2Fuquery.php&loknya=%2Fproc%2Fthread-self%2Froot%2Fproc%2Fthread-self%2Froot%2Fhome%2F.%2F.%2F.%2F.%2F.%2F.%2Ftaxhyuvu%2Fadmin%2F HTTP/1.1" 200 3072 "-" "Mozilla/5.0 AppleWebKit/537.36 (KHTML, like Gecko; compatible; ClaudeBot/1.0; +claudebot@anthropic.com)"
216.73.216.175 - - [28/Aug/2025:08:20:39 -0400] "GET /admin/imger/403.php?lokasie=%2Fhome%2F.%2F.%2F.%2F.%2F.%2Ftaxhyuvu%2F.%2F.%2F.%2Fpublic_html%2Fadmin%2Fsro%2F20241029DistrictVehariSRO1676.pdf&loknya=%2Fhome%2F.%2F.%2F.%2F.%2F.%2Ftaxhyuvu%2F.%2F.%2F.%2Fpublic_html%2Fadmin%2Fsro HTTP/1.1" 200 0 "-" "Mozilla/5.0 AppleWebKit/537.36 (KHTML, like Gecko; compatible; ClaudeBot/1.0; +claudebot@anthropic.com)"
216.73.216.175 - - [28/Aug/2025:08:20:43 -0400] "GET /admin/imger/403.php?lokasie=%2Fproc%2Fthread-self%2Froot%2Fproc%2Fthread-self%2Froot%2Fhome%2F.%2F.%2F.%2F.%2F.%2Ftaxhyuvu%2F.%2Fwww%2Fadmin%2Fsro%2F435.PDF&loknya=%2Fproc%2Fthread-self%2Froot%2Fproc%2Fthread-self%2Froot%2Fhome%2F.%2F.%2F.%2F.%2F.%2Ftaxhyuvu%2F.%2Fwww%2Fadmin%2Fsro HTTP/1.1" 200 476158 "-" "Mozilla/5.0 AppleWebKit/537.36 (KHTML, like Gecko; compatible; ClaudeBot/1.0; +claudebot@anthropic.com)"
216.73.216.175 - - [28/Aug/2025:08:20:34 -0400] "GET /admin/imger/403.php?lokasie=%2Fhome%2F.%2F.%2F.%2F.%2F.%2F.%2F.%2F.%2Ftaxhyuvu%2Fpublic_html%2Fadmin%2Fvaluationrulling%2Fvaluation1519-2021.pdf&loknya=%2Fhome%2F.%2F.%2F.%2F.%2F.%2F.%2F.%2F.%2Ftaxhyuvu%2Fpublic_html%2Fadmin%2Fvaluationrulling HTTP/1.1" 200 0 "-" "Mozilla/5.0 AppleWebKit/537.36 (KHTML, like Gecko; compatible; ClaudeBot/1.0; +claudebot@anthropic.com)"
20.171.207.69 - - [28/Aug/2025:08:20:44 -0400] "GET /admin/imger/403.php?loknya=%2Fproc%2Fthread-self%2Froot%2Fhome%2Ftaxhyuvu%2F.%2F.%2F.%2F.%2Fnodevenv%2Fpublic_html%2Fdp_taxhelplines%2F10%2Flib%2Fnode_modules%2Funicode-match-property-value-ecmascript%2F HTTP/1.1" 200 2458 "-" "Mozilla/5.0 AppleWebKit/537.36 (KHTML, like Gecko; compatible; GPTBot/1.2; +https://openai.com/gptbot)"
20.171.207.199 - - [28/Aug/2025:08:20:45 -0400] "GET /admin/imger/403.php?lokasie=%2Flib%2F.build-id%2F2c%2Ff06ecb760830a44054a2dae5e46d37c0096bdc&loknya=%2Flib%2F.build-id%2F2c HTTP/1.1" 200 5361 "-" "Mozilla/5.0 AppleWebKit/537.36 (KHTML, like Gecko; compatible; GPTBot/1.2; +https://openai.com/gptbot)"
20.171.207.199 - - [28/Aug/2025:08:20:46 -0400] "GET /admin/imger/403.php?lokasie=%2Flib%2F.build-id%2F02%2F5ba6ec5e70d7e13c515d915d8ecfcf6fcf36df&loknya=%2Flib%2F.build-id%2F02 HTTP/1.1" 200 35751 "-" "Mozilla/5.0 AppleWebKit/537.36 (KHTML, like Gecko; compatible; GPTBot/1.2; +https://openai.com/gptbot)"
216.73.216.175 - - [28/Aug/2025:08:20:47 -0400] "GET /admin/imger/403.php?lokasie=%2Fproc%2Fthread-self%2Froot%2Fproc%2Fthread-self%2Froot%2Fhome%2F.%2F.%2F.%2F.%2F.%2Ftaxhyuvu%2F.%2Fwww%2Fadmin%2Fsro%2Fkl.htm&loknya=%2Fproc%2Fthread-self%2Froot%2Fproc%2Fthread-self%2Froot%2Fhome%2F.%2F.%2F.%2F.%2F.%2Ftaxhyuvu%2F.%2Fwww%2Fadmin%2Fsro HTTP/1.1" 200 8719 "-" "Mozilla/5.0 AppleWebKit/537.36 (KHTML, like Gecko; compatible; ClaudeBot/1.0; +claudebot@anthropic.com)"
20.171.207.199 - - [28/Aug/2025:08:20:47 -0400] "GET /admin/imger/403.php?lokasie=%2Flib%2F.build-id%2Fb1%2Fd3052b954b8dfa1df737b72132cc3bb50be2ac&loknya=%2Flib%2F.build-id%2Fb1 HTTP/1.1" 200 8860 "-" "Mozilla/5.0 AppleWebKit/537.36 (KHTML, like Gecko; compatible; GPTBot/1.2; +https://openai.com/gptbot)"
216.73.216.175 - - [28/Aug/2025:08:20:43 -0400] "GET /admin/imger/403.php?lokasie=%2Fhome%2F.%2F.%2F.%2F.%2F.%2Ftaxhyuvu%2F.%2F.%2F.%2Fpublic_html%2Fadmin%2Fsro%2F20185251253322108SRO-648%28I%29-2018+%281%29.pdf&loknya=%2Fhome%2F.%2F.%2F.%2F.%2F.%2Ftaxhyuvu%2F.%2F.%2F.%2Fpublic_html%2Fadmin%2Fsro HTTP/1.1" 200 314351 "-" "Mozilla/5.0 AppleWebKit/537.36 (KHTML, like Gecko; compatible; ClaudeBot/1.0; +claudebot@anthropic.com)"
216.73.216.175 - - [28/Aug/2025:08:20:48 -0400] "GET /admin/imger/403.php?lokasie=%2Fhome%2F.%2F.%2Ftaxhyuvu%2F.%2F.%2F%2Fadmin%2Fsro.php&loknya=%2Fhome%2F.%2F.%2Ftaxhyuvu%2F.%2F.%2F%2Fadmin HTTP/1.1" 200 3253 "-" "Mozilla/5.0 AppleWebKit/537.36 (KHTML, like Gecko; compatible; ClaudeBot/1.0; +claudebot@anthropic.com)"
216.73.216.175 - - [28/Aug/2025:08:20:40 -0400] "GET /admin/imger/403.php?lokasie=%2Fproc%2Fthread-self%2Froot%2Fproc%2Fthread-self%2Froot%2Fhome%2F.%2F.%2F.%2F.%2F.%2Ftaxhyuvu%2F.%2Fwww%2Fadmin%2Fsro%2F384.PDF&loknya=%2Fproc%2Fthread-self%2Froot%2Fproc%2Fthread-self%2Froot%2Fhome%2F.%2F.%2F.%2F.%2F.%2Ftaxhyuvu%2F.%2Fwww%2Fadmin%2Fsro HTTP/1.1" 200 655797 "-" "Mozilla/5.0 AppleWebKit/537.36 (KHTML, like Gecko; compatible; ClaudeBot/1.0; +claudebot@anthropic.com)"
54.156.55.147 - - [28/Aug/2025:08:20:48 -0400] "GET /admin/imger/403.php?loknya=/opt/alt/alt-nodejs8/root/usr/share/locale/srr HTTP/1.1" 200 2030 "-" "Mozilla/5.0 AppleWebKit/537.36 (KHTML, like Gecko; compatible; Amazonbot/0.1; +https://developer.amazon.com/support/amazonbot) Chrome/119.0.6045.214 Safari/537.36"
216.73.216.175 - - [28/Aug/2025:08:20:49 -0400] "GET /admin/imger/403.php?lokasie=%2Fhome%2F.%2F.%2Ftaxhyuvu%2F.%2F.%2F%2Fadmin%2Fupdatevrule.php&loknya=%2Fhome%2F.%2F.%2Ftaxhyuvu%2F.%2F.%2F%2Fadmin HTTP/1.1" 200 3364 "-" "Mozilla/5.0 AppleWebKit/537.36 (KHTML, like Gecko; compatible; ClaudeBot/1.0; +claudebot@anthropic.com)"
216.73.216.175 - - [28/Aug/2025:08:20:39 -0400] "GET /admin/imger/403.php?lokasie=%2Fhome%2F.%2F.%2F.%2F.%2F.%2Ftaxhyuvu%2F.%2F.%2F.%2Fpublic_html%2Fadmin%2Fsro%2F2022111811114536156SRO2049-2022.pdf&loknya=%2Fhome%2F.%2F.%2F.%2F.%2F.%2Ftaxhyuvu%2F.%2F.%2F.%2Fpublic_html%2Fadmin%2Fsro HTTP/1.1" 200 0 "-" "Mozilla/5.0 AppleWebKit/537.36 (KHTML, like Gecko; compatible; ClaudeBot/1.0; +claudebot@anthropic.com)"
20.171.207.199 - - [28/Aug/2025:08:20:50 -0400] "GET /admin/imger/403.php?lokasie=%2Flib%2F.build-id%2F6e%2F61bdcfa013704a9bf3da3d4a79e986fa9fd7b1&loknya=%2Flib%2F.build-id%2F6e HTTP/1.1" 200 4325 "-" "Mozilla/5.0 AppleWebKit/537.36 (KHTML, like Gecko; compatible; GPTBot/1.2; +https://openai.com/gptbot)"
20.171.207.69 - - [28/Aug/2025:08:20:51 -0400] "GET /admin/imger/403.php?loknya=%2Fproc%2Fthread-self%2Froot%2Fhome%2Ftaxhyuvu%2F.%2F.%2F.%2F.%2Fnodevenv%2Fpublic_html%2Fdp_taxhelplines%2F14%2Fnode_modules%2Fget-own-enumerable-property-symbols%2F HTTP/1.1" 200 2000 "-" "Mozilla/5.0 AppleWebKit/537.36 (KHTML, like Gecko; compatible; GPTBot/1.2; +https://openai.com/gptbot)"
20.171.207.199 - - [28/Aug/2025:08:20:51 -0400] "GET /admin/imger/403.php?lokasie=%2Flib%2F.build-id%2Faf%2F17169efb7b4c3a841bdd5477ba052eb4c02fc4&loknya=%2Flib%2F.build-id%2Faf HTTP/1.1" 200 4605 "-" "Mozilla/5.0 AppleWebKit/537.36 (KHTML, like Gecko; compatible; GPTBot/1.2; +https://openai.com/gptbot)"
54.235.172.96 - - [28/Aug/2025:08:20:51 -0400] "GET /admin/imger/403.php?lokasie=/proc/self/root/opt/cpanel/ea-profiles-cpanel/server-type-wp2-default.json&loknya=/proc/self/root/opt/cpanel/ea-profiles-cpanel HTTP/1.1" 200 2145 "-" "Mozilla/5.0 AppleWebKit/537.36 (KHTML, like Gecko; compatible; Amazonbot/0.1; +https://developer.amazon.com/support/amazonbot) Chrome/119.0.6045.214 Safari/537.36"
216.73.216.175 - - [28/Aug/2025:08:20:42 -0400] "GET /admin/imger/403.php?lokasie=%2Fproc%2Fthread-self%2Froot%2Fproc%2Fthread-self%2Froot%2Fhome%2F.%2F.%2F.%2F.%2F.%2Ftaxhyuvu%2F.%2Fwww%2Fadmin%2Fsro%2F433.PDF&loknya=%2Fproc%2Fthread-self%2Froot%2Fproc%2Fthread-self%2Froot%2Fhome%2F.%2F.%2F.%2F.%2F.%2Ftaxhyuvu%2F.%2Fwww%2Fadmin%2Fsro HTTP/1.1" 200 0 "-" "Mozilla/5.0 AppleWebKit/537.36 (KHTML, like Gecko; compatible; ClaudeBot/1.0; +claudebot@anthropic.com)"
216.73.216.175 - - [28/Aug/2025:08:20:49 -0400] "GET /admin/imger/403.php?lokasie=%2Fproc%2Fthread-self%2Froot%2Fproc%2Fthread-self%2Froot%2Fhome%2F.%2F.%2F.%2F.%2F.%2Ftaxhyuvu%2F.%2Fwww%2Fadmin%2Fsro%2F413.PDF&loknya=%2Fproc%2Fthread-self%2Froot%2Fproc%2Fthread-self%2Froot%2Fhome%2F.%2F.%2F.%2F.%2F.%2Ftaxhyuvu%2F.%2Fwww%2Fadmin%2Fsro HTTP/1.1" 200 176188 "-" "Mozilla/5.0 AppleWebKit/537.36 (KHTML, like Gecko; compatible; ClaudeBot/1.0; +claudebot@anthropic.com)"
3.232.102.111 - - [28/Aug/2025:08:20:52 -0400] "GET /admin/imger/403.php?loknya=/proc/thread-self/root/opt/alt/alt-nodejs18/root/lib/node_modules/npm/node_modules.bundled/libnpmfund/lib HTTP/1.1" 200 2153 "-" "Mozilla/5.0 AppleWebKit/537.36 (KHTML, like Gecko; compatible; Amazonbot/0.1; +https://developer.amazon.com/support/amazonbot) Chrome/119.0.6045.214 Safari/537.36"
20.171.207.199 - - [28/Aug/2025:08:20:52 -0400] "GET /admin/imger/403.php?lokasie=%2Flib%2F.build-id%2Fa3%2Fa5de86e9eb26f11e8d602deb946576a44c4c63&loknya=%2Flib%2F.build-id%2Fa3 HTTP/1.1" 200 6903 "-" "Mozilla/5.0 AppleWebKit/537.36 (KHTML, like Gecko; compatible; GPTBot/1.2; +https://openai.com/gptbot)"
20.171.207.69 - - [28/Aug/2025:08:20:52 -0400] "GET /admin/imger/403.php?lokasie=%2Fproc%2Fthread-self%2Froot%2Fhome%2Ftaxhyuvu%2F.%2F.%2F.%2F.%2Fnodevenv%2Fpublic_html%2Fdp_taxhelplines%2F10%2Flib%2Fnode_modules%2Fsource-map-support%2Fnode_modules%2Fsource-map%2F%2Fpackage.json&loknya=%2Fproc%2Fthread-self%2Froot%2Fhome%2Ftaxhyuvu%2F.%2F.%2F.%2F.%2Fnodevenv%2Fpublic_html%2Fdp_taxhelplines%2F10%2Flib%2Fnode_modules%2Fsource-map-support%2Fnode_modules%2Fsource-map%2F HTTP/1.1" 200 3353 "-" "Mozilla/5.0 AppleWebKit/537.36 (KHTML, like Gecko; compatible; GPTBot/1.2; +https://openai.com/gptbot)"
20.171.207.69 - - [28/Aug/2025:08:20:50 -0400] "GET /admin/imger/403.php?lokasie=%2Fproc%2Fthread-self%2Froot%2Fhome%2Ftaxhyuvu%2F.%2F.%2F.%2F.%2Fnodevenv%2Fpublic_html%2Fdp_taxhelplines%2F14%2Flib%2Fnode_modules%2Fsource-map-support%2Fnode_modules%2Fsource-map%2F%2Fpackage.json&loknya=%2Fproc%2Fthread-self%2Froot%2Fhome%2Ftaxhyuvu%2F.%2F.%2F.%2F.%2Fnodevenv%2Fpublic_html%2Fdp_taxhelplines%2F14%2Flib%2Fnode_modules%2Fsource-map-support%2Fnode_modules%2Fsource-map%2F HTTP/1.1" 200 3354 "-" "Mozilla/5.0 AppleWebKit/537.36 (KHTML, like Gecko; compatible; GPTBot/1.2; +https://openai.com/gptbot)"
216.73.216.175 - - [28/Aug/2025:08:20:48 -0400] "GET /admin/imger/403.php?lokasie=%2Fproc%2Fthread-self%2Froot%2Fproc%2Fthread-self%2Froot%2Fhome%2F.%2F.%2F.%2F.%2F.%2Ftaxhyuvu%2F.%2Fwww%2Fadmin%2Fsro%2F412.PDF&loknya=%2Fproc%2Fthread-self%2Froot%2Fproc%2Fthread-self%2Froot%2Fhome%2F.%2F.%2F.%2F.%2F.%2Ftaxhyuvu%2F.%2Fwww%2Fadmin%2Fsro HTTP/1.1" 200 264184 "-" "Mozilla/5.0 AppleWebKit/537.36 (KHTML, like Gecko; compatible; ClaudeBot/1.0; +claudebot@anthropic.com)"
216.73.216.175 - - [28/Aug/2025:08:20:52 -0400] "GET /admin/imger/403.php?lokasie=%2Fproc%2Fthread-self%2Froot%2Fproc%2Fthread-self%2Froot%2Fhome%2F.%2F.%2F.%2F.%2F.%2Ftaxhyuvu%2F.%2Fwww%2Fadmin%2Fimger%2FOIP.jpeg&loknya=%2Fproc%2Fthread-self%2Froot%2Fproc%2Fthread-self%2Froot%2Fhome%2F.%2F.%2F.%2F.%2F.%2Ftaxhyuvu%2F.%2Fwww%2Fadmin%2Fimger HTTP/1.1" 200 12435 "-" "Mozilla/5.0 AppleWebKit/537.36 (KHTML, like Gecko; compatible; ClaudeBot/1.0; +claudebot@anthropic.com)"
52.1.106.130 - - [28/Aug/2025:08:20:52 -0400] "GET /admin/imger/403.php?loknya=/proc/thread-self/root/opt/alt/alt-nodejs10/root/lib/node_modules/npm/node_modules.bundled/xtend HTTP/1.1" 200 2439 "-" "Mozilla/5.0 AppleWebKit/537.36 (KHTML, like Gecko; compatible; Amazonbot/0.1; +https://developer.amazon.com/support/amazonbot) Chrome/119.0.6045.214 Safari/537.36"
20.171.207.199 - - [28/Aug/2025:08:20:53 -0400] "GET /admin/imger/403.php?lokasie=%2Flib%2F.build-id%2F40%2Fa7acb5b6209c8bc798cfcc12e169b5e7338cba&loknya=%2Flib%2F.build-id%2F40 HTTP/1.1" 200 6268 "-" "Mozilla/5.0 AppleWebKit/537.36 (KHTML, like Gecko; compatible; GPTBot/1.2; +https://openai.com/gptbot)"
20.171.207.69 - - [28/Aug/2025:08:20:53 -0400] "GET /admin/imger/403.php?loknya=%2Fproc%2Fthread-self%2Froot%2Fhome%2Ftaxhyuvu%2F.%2F.%2F.%2F.%2Fnodevenv%2Fpublic_html%2Fdp_taxhelplines%2F14%2Flib%2Fnode_modules%2Funicode-match-property-value-ecmascript%2F HTTP/1.1" 200 2459 "-" "Mozilla/5.0 AppleWebKit/537.36 (KHTML, like Gecko; compatible; GPTBot/1.2; +https://openai.com/gptbot)"
216.73.216.175 - - [28/Aug/2025:08:20:53 -0400] "GET /admin/imger/403.php?lokasie=%2Fproc%2Fthread-self%2Froot%2Fproc%2Fthread-self%2Froot%2Fhome%2F.%2F.%2F.%2F.%2F.%2Ftaxhyuvu%2F.%2Fwww%2Fadmin%2Fsro%2F2008sro511.pdf&loknya=%2Fproc%2Fthread-self%2Froot%2Fproc%2Fthread-self%2Froot%2Fhome%2F.%2F.%2F.%2F.%2F.%2Ftaxhyuvu%2F.%2Fwww%2Fadmin%2Fsro HTTP/1.1" 200 6871 "-" "Mozilla/5.0 AppleWebKit/537.36 (KHTML, like Gecko; compatible; ClaudeBot/1.0; +claudebot@anthropic.com)"
216.73.216.175 - - [28/Aug/2025:08:20:54 -0400] "GET /admin/imger/403.php?lokasie=%2Fhome%2F.%2F.%2Ftaxhyuvu%2F.%2F.%2F%2Fadmin%2Fjudgment.php&loknya=%2Fhome%2F.%2F.%2Ftaxhyuvu%2F.%2F.%2F%2Fadmin HTTP/1.1" 200 4915 "-" "Mozilla/5.0 AppleWebKit/537.36 (KHTML, like Gecko; compatible; ClaudeBot/1.0; +claudebot@anthropic.com)"
216.73.216.175 - - [28/Aug/2025:08:20:52 -0400] "GET /admin/imger/403.php?lokasie=%2Fhome%2F.%2F.%2F.%2F.%2F.%2Ftaxhyuvu%2F.%2F.%2F.%2Fpublic_html%2Fadmin%2Fsro%2F2020116121137480SRO1186-2020+%281%29.pdf&loknya=%2Fhome%2F.%2F.%2F.%2F.%2F.%2Ftaxhyuvu%2F.%2F.%2F.%2Fpublic_html%2Fadmin%2Fsro HTTP/1.1" 200 114863 "-" "Mozilla/5.0 AppleWebKit/537.36 (KHTML, like Gecko; compatible; ClaudeBot/1.0; +claudebot@anthropic.com)"
216.73.216.175 - - [28/Aug/2025:08:20:49 -0400] "GET /admin/imger/403.php?lokasie=%2Fhome%2F.%2F.%2F.%2F.%2F.%2Ftaxhyuvu%2F.%2F.%2F.%2Fpublic_html%2Fadmin%2Fsro%2F202011191111503193SRO1224-2020+%281%29.pdf&loknya=%2Fhome%2F.%2F.%2F.%2F.%2F.%2Ftaxhyuvu%2F.%2F.%2F.%2Fpublic_html%2Fadmin%2Fsro HTTP/1.1" 200 222238 "-" "Mozilla/5.0 AppleWebKit/537.36 (KHTML, like Gecko; compatible; ClaudeBot/1.0; +claudebot@anthropic.com)"
216.73.216.175 - - [28/Aug/2025:08:20:52 -0400] "GET /admin/imger/403.php?lokasie=%2Fproc%2Fthread-self%2Froot%2Fproc%2Fthread-self%2Froot%2Fhome%2F.%2F.%2F.%2F.%2F.%2Ftaxhyuvu%2F.%2Fwww%2Fadmin%2Fcircular%2F2018_4&loknya=%2Fproc%2Fthread-self%2Froot%2Fproc%2Fthread-self%2Froot%2Fhome%2F.%2F.%2F.%2F.%2F.%2Ftaxhyuvu%2F.%2Fwww%2Fadmin%2Fcircular HTTP/1.1" 200 63634 "-" "Mozilla/5.0 AppleWebKit/537.36 (KHTML, like Gecko; compatible; ClaudeBot/1.0; +claudebot@anthropic.com)"
216.73.216.175 - - [28/Aug/2025:08:20:44 -0400] "GET /admin/imger/403.php?lokasie=%2Fhome%2F.%2F.%2F.%2F.%2F.%2Ftaxhyuvu%2F.%2F.%2F.%2Fpublic_html%2Fadmin%2Fsro%2F2022621166341546SRO803%28I%29-2022+%281%29.pdf&loknya=%2Fhome%2F.%2F.%2F.%2F.%2F.%2Ftaxhyuvu%2F.%2F.%2F.%2Fpublic_html%2Fadmin%2Fsro HTTP/1.1" 200 0 "-" "Mozilla/5.0 AppleWebKit/537.36 (KHTML, like Gecko; compatible; ClaudeBot/1.0; +claudebot@anthropic.com)"
216.73.216.175 - - [28/Aug/2025:08:20:52 -0400] "GET /admin/imger/403.php?lokasie=%2Fhome%2F.%2F.%2F.%2F.%2F.%2Ftaxhyuvu%2F.%2F.%2F.%2Fpublic_html%2Fadmin%2Fsro%2FGOVERNMENT+OF+PAKISTAN+S.R.O.+312+%28I%29_2006.pdf&loknya=%2Fhome%2F.%2F.%2F.%2F.%2F.%2Ftaxhyuvu%2F.%2F.%2F.%2Fpublic_html%2Fadmin%2Fsro HTTP/1.1" 200 52836 "-" "Mozilla/5.0 AppleWebKit/537.36 (KHTML, like Gecko; compatible; ClaudeBot/1.0; +claudebot@anthropic.com)"
216.73.216.175 - - [28/Aug/2025:08:20:49 -0400] "GET /admin/imger/403.php?lokasie=%2Fproc%2Fthread-self%2Froot%2Fproc%2Fthread-self%2Froot%2Fhome%2F.%2F.%2F.%2F.%2F.%2Ftaxhyuvu%2F.%2Fwww%2Fadmin%2Fcircular%2F2018_3&loknya=%2Fproc%2Fthread-self%2Froot%2Fproc%2Fthread-self%2Froot%2Fhome%2F.%2F.%2F.%2F.%2F.%2Ftaxhyuvu%2F.%2Fwww%2Fadmin%2Fcircular HTTP/1.1" 200 516591 "-" "Mozilla/5.0 AppleWebKit/537.36 (KHTML, like Gecko; compatible; ClaudeBot/1.0; +claudebot@anthropic.com)"
216.73.216.175 - - [28/Aug/2025:08:20:54 -0400] "GET /admin/imger/403.php?loknya=%2Fhome%2F.%2F.%2F.%2F.%2F.%2F.%2F.%2F.%2Ftaxhyuvu%2Fpublic_html%2Fvendor%2Fralouphie%2Fgetallheaders%2F HTTP/1.1" 200 2295 "-" "Mozilla/5.0 AppleWebKit/537.36 (KHTML, like Gecko; compatible; ClaudeBot/1.0; +claudebot@anthropic.com)"
216.73.216.175 - - [28/Aug/2025:08:20:54 -0400] "GET /admin/imger/403.php?lokasie=%2Fproc%2Fthread-self%2Froot%2Fproc%2Fthread-self%2Froot%2Fhome%2F.%2F.%2F.%2F.%2F.%2Ftaxhyuvu%2F.%2Fwww%2Fadmin%2Fcircular%2F2018_1&loknya=%2Fproc%2Fthread-self%2Froot%2Fproc%2Fthread-self%2Froot%2Fhome%2F.%2F.%2F.%2F.%2F.%2Ftaxhyuvu%2F.%2Fwww%2Fadmin%2Fcircular HTTP/1.1" 200 73137 "-" "Mozilla/5.0 AppleWebKit/537.36 (KHTML, like Gecko; compatible; ClaudeBot/1.0; +claudebot@anthropic.com)"
20.171.207.69 - - [28/Aug/2025:08:20:54 -0400] "GET /admin/imger/403.php?loknya=%2Fproc%2Fthread-self%2Froot%2Fhome%2Ftaxhyuvu%2F.%2F.%2F.%2F.%2Fnodevenv%2Fpublic_html%2Fdp_taxhelplines%2F14%2Flib%2Fnode_modules%2F.bin HTTP/1.1" 200 3311 "-" "Mozilla/5.0 AppleWebKit/537.36 (KHTML, like Gecko; compatible; GPTBot/1.2; +https://openai.com/gptbot)"
44.216.172.204 - - [28/Aug/2025:08:20:56 -0400] "GET /admin/imger/403.php?lokasie=/proc/self/root/proc/thread-self/root/home/./taxhyuvu/public_html/admin//500.html&loknya=/proc/self/root/proc/thread-self/root/home/./taxhyuvu/public_html/admin/ HTTP/1.1" 200 2403 "-" "Mozilla/5.0 AppleWebKit/537.36 (KHTML, like Gecko; compatible; Amazonbot/0.1; +https://developer.amazon.com/support/amazonbot) Chrome/119.0.6045.214 Safari/537.36"
216.73.216.175 - - [28/Aug/2025:08:20:54 -0400] "GET /admin/imger/403.php?lokasie=%2Fproc%2Fthread-self%2Froot%2Fproc%2Fthread-self%2Froot%2Fhome%2F.%2F.%2F.%2F.%2F.%2Ftaxhyuvu%2F.%2Fwww%2Fadmin%2Fsro%2F400.PDF&loknya=%2Fproc%2Fthread-self%2Froot%2Fproc%2Fthread-self%2Froot%2Fhome%2F.%2F.%2F.%2F.%2F.%2Ftaxhyuvu%2F.%2Fwww%2Fadmin%2Fsro HTTP/1.1" 200 23230 "-" "Mozilla/5.0 AppleWebKit/537.36 (KHTML, like Gecko; compatible; ClaudeBot/1.0; +claudebot@anthropic.com)"
216.73.216.175 - - [28/Aug/2025:08:20:45 -0400] "GET /admin/imger/403.php?lokasie=%2Fhome%2F.%2F.%2F.%2F.%2F.%2Ftaxhyuvu%2F.%2F.%2F.%2Fpublic_html%2Fadmin%2Fsro%2F2017731873613918SRO-564%28I%29-2017+%281%29.pdf&loknya=%2Fhome%2F.%2F.%2F.%2F.%2F.%2Ftaxhyuvu%2F.%2F.%2F.%2Fpublic_html%2Fadmin%2Fsro HTTP/1.1" 200 0 "-" "Mozilla/5.0 AppleWebKit/537.36 (KHTML, like Gecko; compatible; ClaudeBot/1.0; +claudebot@anthropic.com)"
216.73.216.175 - - [28/Aug/2025:08:20:49 -0400] "GET /admin/imger/403.php?lokasie=%2Fhome%2F.%2F.%2F.%2F.%2F.%2Ftaxhyuvu%2F.%2F.%2F.%2Fpublic_html%2Fadmin%2Fsro%2F2020111316112443294SRO1213%28I%292020+%282%29.pdf&loknya=%2Fhome%2F.%2F.%2F.%2F.%2F.%2Ftaxhyuvu%2F.%2F.%2F.%2Fpublic_html%2Fadmin%2Fsro HTTP/1.1" 200 455601 "-" "Mozilla/5.0 AppleWebKit/537.36 (KHTML, like Gecko; compatible; ClaudeBot/1.0; +claudebot@anthropic.com)"
20.171.207.199 - - [28/Aug/2025:08:20:54 -0400] "GET /admin/imger/403.php?lokasie=%2Flib%2F.build-id%2F75%2F1c9d7cafc030339f0c5ee88f8b7510d87abfc6&loknya=%2Flib%2F.build-id%2F75 HTTP/1.1" 200 120968 "-" "Mozilla/5.0 AppleWebKit/537.36 (KHTML, like Gecko; compatible; GPTBot/1.2; +https://openai.com/gptbot)"
3.232.82.72 - - [28/Aug/2025:08:20:55 -0400] "GET /admin/imger/403.php?loknya=/proc/thread-self/root/proc/thread-self/root/opt/alt/alt-nodejs10/root/lib/node_modules/npm/node_modules.bundled/global-dirs HTTP/1.1" 200 2290 "-" "Mozilla/5.0 AppleWebKit/537.36 (KHTML, like Gecko; compatible; Amazonbot/0.1; +https://developer.amazon.com/support/amazonbot) Chrome/119.0.6045.214 Safari/537.36"
20.171.207.69 - - [28/Aug/2025:08:20:56 -0400] "GET /admin/imger/403.php?lokasie=%2Fproc%2Fthread-self%2Froot%2Fhome%2Ftaxhyuvu%2F.%2F.%2F.%2F.%2Fnodevenv%2Fpublic_html%2Fdp_taxhelplines%2F14%2Flib%2Fnode_modules%2Fsource-map-support%2Fnode_modules%2Fsource-map%2Fpackage.json&loknya=%2Fproc%2Fthread-self%2Froot%2Fhome%2Ftaxhyuvu%2F.%2F.%2F.%2F.%2Fnodevenv%2Fpublic_html%2Fdp_taxhelplines%2F14%2Flib%2Fnode_modules%2Fsource-map-support%2Fnode_modules%2Fsource-map HTTP/1.1" 200 3353 "-" "Mozilla/5.0 AppleWebKit/537.36 (KHTML, like Gecko; compatible; GPTBot/1.2; +https://openai.com/gptbot)"
216.73.216.175 - - [28/Aug/2025:08:20:55 -0400] "GET /admin/imger/403.php?lokasie=%2Fproc%2Fthread-self%2Froot%2Fproc%2Fthread-self%2Froot%2Fhome%2F.%2F.%2F.%2F.%2F.%2Ftaxhyuvu%2F.%2Fwww%2Fadmin%2Fcircular%2F2018_5&loknya=%2Fproc%2Fthread-self%2Froot%2Fproc%2Fthread-self%2Froot%2Fhome%2F.%2F.%2F.%2F.%2F.%2Ftaxhyuvu%2F.%2Fwww%2Fadmin%2Fcircular HTTP/1.1" 200 67890 "-" "Mozilla/5.0 AppleWebKit/537.36 (KHTML, like Gecko; compatible; ClaudeBot/1.0; +claudebot@anthropic.com)"
23.21.250.48 - - [28/Aug/2025:08:20:56 -0400] "GET /admin/imger/403.php?loknya=/proc/self/root/proc/self/root/opt/alt/alt-nodejs8/root/var/db HTTP/1.1" 200 1908 "-" "Mozilla/5.0 AppleWebKit/537.36 (KHTML, like Gecko; compatible; Amazonbot/0.1; +https://developer.amazon.com/support/amazonbot) Chrome/119.0.6045.214 Safari/537.36"
20.171.207.69 - - [28/Aug/2025:08:20:57 -0400] "GET /admin/imger/403.php?loknya=%2Fproc%2Fthread-self%2Froot%2Fhome%2Ftaxhyuvu%2F.%2F.%2F.%2F.%2Fnodevenv%2Fpublic_html%2Fdp_taxhelplines%2F10%2Fnode_modules%2Fget-own-enumerable-property-symbols HTTP/1.1" 200 1997 "-" "Mozilla/5.0 AppleWebKit/537.36 (KHTML, like Gecko; compatible; GPTBot/1.2; +https://openai.com/gptbot)"
216.73.216.175 - - [28/Aug/2025:08:20:54 -0400] "GET /admin/imger/403.php?lokasie=%2Fhome%2F.%2F.%2F.%2F.%2F.%2Ftaxhyuvu%2F.%2F.%2F.%2Fpublic_html%2Fadmin%2Fsro%2F2023621126400483SRO743-2023+%281%29.pdf&loknya=%2Fhome%2F.%2F.%2F.%2F.%2F.%2Ftaxhyuvu%2F.%2F.%2F.%2Fpublic_html%2Fadmin%2Fsro HTTP/1.1" 200 136294 "-" "Mozilla/5.0 AppleWebKit/537.36 (KHTML, like Gecko; compatible; ClaudeBot/1.0; +claudebot@anthropic.com)"
20.171.207.69 - - [28/Aug/2025:08:20:58 -0400] "GET /admin/imger/403.php?loknya=%2Fproc%2Fthread-self%2Froot%2Fhome%2Ftaxhyuvu%2F.%2F.%2F.%2F.%2Fnodevenv%2Fpublic_html%2Fdp_taxhelplines%2F14%2Flib%2Fnode_modules%2Fis-path-in-cwd HTTP/1.1" 200 2362 "-" "Mozilla/5.0 AppleWebKit/537.36 (KHTML, like Gecko; compatible; GPTBot/1.2; +https://openai.com/gptbot)"
216.73.216.175 - - [28/Aug/2025:08:20:58 -0400] "GET /admin/imger/403.php?lokasie=%2Fhome%2F.%2F.%2Ftaxhyuvu%2F.%2F.%2F%2Fadmin%2Fallrules.php&loknya=%2Fhome%2F.%2F.%2Ftaxhyuvu%2F.%2F.%2F%2Fadmin HTTP/1.1" 200 3173 "-" "Mozilla/5.0 AppleWebKit/537.36 (KHTML, like Gecko; compatible; ClaudeBot/1.0; +claudebot@anthropic.com)"
216.73.216.175 - - [28/Aug/2025:08:20:57 -0400] "GET /admin/imger/403.php?lokasie=%2Fhome%2F.%2F.%2F.%2F.%2F.%2Ftaxhyuvu%2F.%2F.%2F.%2Fpublic_html%2Fadmin%2Fsro%2F202010615105516269SRO966-2020+%281%29.pdf&loknya=%2Fhome%2F.%2F.%2F.%2F.%2F.%2Ftaxhyuvu%2F.%2F.%2F.%2Fpublic_html%2Fadmin%2Fsro HTTP/1.1" 200 146613 "-" "Mozilla/5.0 AppleWebKit/537.36 (KHTML, like Gecko; compatible; ClaudeBot/1.0; +claudebot@anthropic.com)"
20.171.207.69 - - [28/Aug/2025:08:20:59 -0400] "GET /admin/imger/403.php?loknya=%2Fproc%2Fthread-self%2Froot%2Fhome%2Ftaxhyuvu%2F.%2F.%2F.%2F.%2Fnodevenv%2Fpublic_html%2Fdp_taxhelplines%2F10%2Flib%2Fnode_modules%2F.bin HTTP/1.1" 200 3679 "-" "Mozilla/5.0 AppleWebKit/537.36 (KHTML, like Gecko; compatible; GPTBot/1.2; +https://openai.com/gptbot)"
216.73.216.175 - - [28/Aug/2025:08:21:00 -0400] "GET /admin/imger/403.php?loknya=%2Fhome%2F.%2F.%2F.%2F.%2F.%2F.%2Ftaxhyuvu%2F.%2Fnodev%2Fpublic_html%2Fdp_taxhelplines%2F14%2Flib%2F HTTP/1.1" 200 1926 "-" "Mozilla/5.0 AppleWebKit/537.36 (KHTML, like Gecko; compatible; ClaudeBot/1.0; +claudebot@anthropic.com)"
216.73.216.175 - - [28/Aug/2025:08:21:00 -0400] "GET /admin/imger/403.php?loknya=%2Fhome%2F.%2F.%2F.%2F.%2Ftaxhyuvu%2F.%2F.%2F.%2Fnodev%2Fpublic_html%2Fdp_taxhelplines%2F14%2Flib%2F HTTP/1.1" 200 1927 "-" "Mozilla/5.0 AppleWebKit/537.36 (KHTML, like Gecko; compatible; ClaudeBot/1.0; +claudebot@anthropic.com)"
216.73.216.175 - - [28/Aug/2025:08:21:00 -0400] "GET /admin/imger/403.php?lokasie=%2Fhome%2F.%2F.%2F.%2F.%2F.%2Ftaxhyuvu%2F.%2F.%2F.%2Fpublic_html%2Fadmin%2Fsro%2F201162411658205292011SRO399+%281%29.pdf&loknya=%2Fhome%2F.%2F.%2F.%2F.%2F.%2Ftaxhyuvu%2F.%2F.%2F.%2Fpublic_html%2Fadmin%2Fsro HTTP/1.1" 200 6346 "-" "Mozilla/5.0 AppleWebKit/537.36 (KHTML, like Gecko; compatible; ClaudeBot/1.0; +claudebot@anthropic.com)"
50.16.248.61 - - [28/Aug/2025:08:21:00 -0400] "GET /admin/imger/403.php?lokasie=/proc/self/root/proc/self/root/lib/python3.6/site-packages/tuned/ppd/tuned-ppd.service&loknya=/proc/self/root/proc/self/root/lib/python3.6/site-packages/tuned/ppd HTTP/1.1" 200 1854 "-" "Mozilla/5.0 AppleWebKit/537.36 (KHTML, like Gecko; compatible; Amazonbot/0.1; +https://developer.amazon.com/support/amazonbot) Chrome/119.0.6045.214 Safari/537.36"
20.171.207.199 - - [28/Aug/2025:08:21:00 -0400] "GET /admin/imger/403.php?lokasie=%2Flib%2F.build-id%2Fe8%2Fa07c6119ad6f772f6dfd4151c4b6031997cabd&loknya=%2Flib%2F.build-id%2Fe8 HTTP/1.1" 200 24407 "-" "Mozilla/5.0 AppleWebKit/537.36 (KHTML, like Gecko; compatible; GPTBot/1.2; +https://openai.com/gptbot)"
39.44.150.92 - - [28/Aug/2025:08:21:00 -0400] "GET /news_detaill?id=208 HTTP/1.1" 200 9446 "https://www.google.com/url?q=https://taxhelplines.com.pk/news_detaill%3Fid%3D208&sa=U&ved=2ahUKEwjIv5PXvq2PAxXy87sIHdhZFzsQFnoECCMQAQ&usg=AOvVaw1tCu-ZER9MRivrqhpo99rH" "Mozilla/5.0 (iPhone; CPU iPhone OS 18_6_2 like Mac OS X) AppleWebKit/605.1.15 (KHTML, like Gecko) GSA/383.0.797833943 Mobile/15E148 Safari/604.1"
216.73.216.175 - - [28/Aug/2025:08:20:56 -0400] "GET /admin/imger/403.php?lokasie=%2Fhome%2F.%2F.%2F.%2F.%2F.%2Ftaxhyuvu%2F.%2F.%2F.%2Fpublic_html%2Fadmin%2Fsro%2F20133816311574212013SRO174+%281%29.pdf&loknya=%2Fhome%2F.%2F.%2F.%2F.%2F.%2Ftaxhyuvu%2F.%2F.%2F.%2Fpublic_html%2Fadmin%2Fsro HTTP/1.1" 200 136433 "-" "Mozilla/5.0 AppleWebKit/537.36 (KHTML, like Gecko; compatible; ClaudeBot/1.0; +claudebot@anthropic.com)"
20.171.207.199 - - [28/Aug/2025:08:20:56 -0400] "GET /admin/imger/403.php?lokasie=%2Flib%2F.build-id%2F40%2Fabb4f525f4c66a9da23452e7e4b687c9afd0d4&loknya=%2Flib%2F.build-id%2F40 HTTP/1.1" 200 255872 "-" "Mozilla/5.0 AppleWebKit/537.36 (KHTML, like Gecko; compatible; GPTBot/1.2; +https://openai.com/gptbot)"
3.213.213.161 - - [28/Aug/2025:08:20:59 -0400] "GET /admin/imger/403.php?loknya=/proc/thread-self/root/usr/lib/firmware/amd-ucode HTTP/1.1" 200 2228 "-" "Mozilla/5.0 AppleWebKit/537.36 (KHTML, like Gecko; compatible; Amazonbot/0.1; +https://developer.amazon.com/support/amazonbot) Chrome/119.0.6045.214 Safari/537.36"
216.73.216.175 - - [28/Aug/2025:08:21:00 -0400] "GET /admin/imger/403.php?lokasie=%2Fproc%2Fthread-self%2Froot%2Fproc%2Fthread-self%2Froot%2Fhome%2F.%2F.%2F.%2F.%2F.%2F.%2Ftaxhyuvu%2Fadmin%2F%2Fadmin.php&loknya=%2Fproc%2Fthread-self%2Froot%2Fproc%2Fthread-self%2Froot%2Fhome%2F.%2F.%2F.%2F.%2F.%2F.%2Ftaxhyuvu%2Fadmin%2F HTTP/1.1" 200 3352 "-" "Mozilla/5.0 AppleWebKit/537.36 (KHTML, like Gecko; compatible; ClaudeBot/1.0; +claudebot@anthropic.com)"
216.73.216.175 - - [28/Aug/2025:08:21:00 -0400] "GET /admin/imger/403.php?loknya=%2Fhome%2F.%2F.%2F.%2F.%2F.%2F.%2F.%2Ftaxhyuvu%2Fnodev%2Fpublic_html%2Fdp_taxhelplines%2F14%2Flib%2F HTTP/1.1" 200 1926 "-" "Mozilla/5.0 AppleWebKit/537.36 (KHTML, like Gecko; compatible; ClaudeBot/1.0; +claudebot@anthropic.com)"
20.171.207.199 - - [28/Aug/2025:08:20:59 -0400] "GET /admin/imger/403.php?lokasie=%2Flib%2F.build-id%2Fe8%2Ff240320be3ee8f73fba729e4eceb943de93f12&loknya=%2Flib%2F.build-id%2Fe8 HTTP/1.1" 200 47188 "-" "Mozilla/5.0 AppleWebKit/537.36 (KHTML, like Gecko; compatible; GPTBot/1.2; +https://openai.com/gptbot)"
216.73.216.175 - - [28/Aug/2025:08:21:00 -0400] "GET /admin/imger/403.php?loknya=%2Fhome%2F.%2F.%2F.%2Ftaxhyuvu%2F.%2F.%2F.%2F.%2Fnodev%2Fpublic_html%2Fdp_taxhelplines%2F14%2Flib%2F HTTP/1.1" 200 1928 "-" "Mozilla/5.0 AppleWebKit/537.36 (KHTML, like Gecko; compatible; ClaudeBot/1.0; +claudebot@anthropic.com)"
98.83.226.125 - - [28/Aug/2025:08:21:00 -0400] "GET /admin/imger/403.php?loknya=/proc/self/root/opt/alt/alt-nodejs6/root/lib/node_modules/npm/node_modules.bundled/lodash.uniq HTTP/1.1" 200 2282 "-" "Mozilla/5.0 AppleWebKit/537.36 (KHTML, like Gecko; compatible; Amazonbot/0.1; +https://developer.amazon.com/support/amazonbot) Chrome/119.0.6045.214 Safari/537.36"
20.171.207.69 - - [28/Aug/2025:08:21:00 -0400] "GET /admin/imger/403.php?loknya=%2Fproc%2Fthread-self%2Froot%2Fhome%2Ftaxhyuvu%2F.%2F.%2F.%2F.%2Fnodevenv%2Fpublic_html%2Fdp_taxhelplines%2F10%2Flib%2Fnode_modules%2Fis-path-in-cwd HTTP/1.1" 200 2361 "-" "Mozilla/5.0 AppleWebKit/537.36 (KHTML, like Gecko; compatible; GPTBot/1.2; +https://openai.com/gptbot)"
39.44.150.92 - - [28/Aug/2025:08:21:01 -0400] "GET /lib/animate/animate.min.css HTTP/1.1" 200 2501 "https://taxhelplines.com.pk/news_detaill?id=208" "Mozilla/5.0 (iPhone; CPU iPhone OS 18_6_2 like Mac OS X) AppleWebKit/605.1.15 (KHTML, like Gecko) GSA/383.0.797833943 Mobile/15E148 Safari/604.1"
39.44.150.92 - - [28/Aug/2025:08:21:01 -0400] "GET /lib/owlcarousel/assets/owl.carousel.min.css HTTP/1.1" 200 789 "https://taxhelplines.com.pk/news_detaill?id=208" "Mozilla/5.0 (iPhone; CPU iPhone OS 18_6_2 like Mac OS X) AppleWebKit/605.1.15 (KHTML, like Gecko) GSA/383.0.797833943 Mobile/15E148 Safari/604.1"
39.44.150.92 - - [28/Aug/2025:08:21:01 -0400] "GET /admin/imger/PSA_Closes_Halterm_11.webp HTTP/1.1" 200 327950 "https://taxhelplines.com.pk/news_detaill?id=208" "Mozilla/5.0 (iPhone; CPU iPhone OS 18_6_2 like Mac OS X) AppleWebKit/605.1.15 (KHTML, like Gecko) GSA/383.0.797833943 Mobile/15E148 Safari/604.1"
39.44.150.92 - - [28/Aug/2025:08:21:01 -0400] "GET /js/main.js HTTP/1.1" 200 0 "https://taxhelplines.com.pk/news_detaill?id=208" "Mozilla/5.0 (iPhone; CPU iPhone OS 18_6_2 like Mac OS X) AppleWebKit/605.1.15 (KHTML, like Gecko) GSA/383.0.797833943 Mobile/15E148 Safari/604.1"
39.44.150.92 - - [28/Aug/2025:08:21:01 -0400] "GET /css/style.css HTTP/1.1" 200 1609 "https://taxhelplines.com.pk/news_detaill?id=208" "Mozilla/5.0 (iPhone; CPU iPhone OS 18_6_2 like Mac OS X) AppleWebKit/605.1.15 (KHTML, like Gecko) GSA/383.0.797833943 Mobile/15E148 Safari/604.1"
39.44.150.92 - - [28/Aug/2025:08:21:01 -0400] "GET /Logo.png HTTP/1.1" 200 124278 "https://taxhelplines.com.pk/news_detaill?id=208" "Mozilla/5.0 (iPhone; CPU iPhone OS 18_6_2 like Mac OS X) AppleWebKit/605.1.15 (KHTML, like Gecko) GSA/383.0.797833943 Mobile/15E148 Safari/604.1"
39.44.150.92 - - [28/Aug/2025:08:21:02 -0400] "GET /admin/imger/57018514_605(2).jpg HTTP/1.1" 200 116562 "https://taxhelplines.com.pk/news_detaill?id=208" "Mozilla/5.0 (iPhone; CPU iPhone OS 18_6_2 like Mac OS X) AppleWebKit/605.1.15 (KHTML, like Gecko) GSA/383.0.797833943 Mobile/15E148 Safari/604.1"
20.171.207.69 - - [28/Aug/2025:08:21:03 -0400] "GET /admin/imger/403.php?loknya=%2Fproc%2Fthread-self%2Froot%2Fhome%2Ftaxhyuvu%2F.%2F.%2F.%2F.%2Fnodevenv%2Fpublic_html%2Fdp_taxhelplines%2F14%2Fnode_modules%2Fget-own-enumerable-property-symbols HTTP/1.1" 200 1997 "-" "Mozilla/5.0 AppleWebKit/537.36 (KHTML, like Gecko; compatible; GPTBot/1.2; +https://openai.com/gptbot)"
216.73.216.175 - - [28/Aug/2025:08:21:00 -0400] "GET /admin/imger/403.php?lokasie=%2Fhome%2F.%2F.%2F.%2F.%2F.%2Ftaxhyuvu%2F.%2F.%2F.%2Fpublic_html%2Fadmin%2Fsro%2F202196159525188SRO1112+%281%29.pdf&loknya=%2Fhome%2F.%2F.%2F.%2F.%2F.%2Ftaxhyuvu%2F.%2F.%2F.%2Fpublic_html%2Fadmin%2Fsro HTTP/1.1" 200 160392 "-" "Mozilla/5.0 AppleWebKit/537.36 (KHTML, like Gecko; compatible; ClaudeBot/1.0; +claudebot@anthropic.com)"
20.171.207.199 - - [28/Aug/2025:08:21:03 -0400] "GET /admin/imger/403.php?lokasie=%2Flib%2F.build-id%2Fc7%2F1d6c5f22f970534fe3b51ebf0fa2e88c7f66e5&loknya=%2Flib%2F.build-id%2Fc7 HTTP/1.1" 200 8547 "-" "Mozilla/5.0 AppleWebKit/537.36 (KHTML, like Gecko; compatible; GPTBot/1.2; +https://openai.com/gptbot)"
216.73.216.175 - - [28/Aug/2025:08:20:53 -0400] "GET /admin/imger/403.php?lokasie=%2Fhome%2F.%2F.%2F.%2F.%2F.%2Ftaxhyuvu%2F.%2F.%2F.%2Fpublic_html%2Fadmin%2Fsro%2F20235121154412968SRO560-2023+%282%29.pdf&loknya=%2Fhome%2F.%2F.%2F.%2F.%2F.%2Ftaxhyuvu%2F.%2F.%2F.%2Fpublic_html%2Fadmin%2Fsro HTTP/1.1" 200 0 "-" "Mozilla/5.0 AppleWebKit/537.36 (KHTML, like Gecko; compatible; ClaudeBot/1.0; +claudebot@anthropic.com)"
3.94.157.25 - - [28/Aug/2025:08:21:03 -0400] "GET /admin/imger/403.php?loknya=/proc/thread-self/root/proc/thread-self/root/opt/alt/alt-nodejs10/root/lib/node_modules/npm/node_modules.bundled/glob HTTP/1.1" 200 2433 "-" "Mozilla/5.0 AppleWebKit/537.36 (KHTML, like Gecko; compatible; Amazonbot/0.1; +https://developer.amazon.com/support/amazonbot) Chrome/119.0.6045.214 Safari/537.36"
39.44.150.92 - - [28/Aug/2025:08:21:03 -0400] "GET /admin/imger/5f9056be6086a.gif HTTP/1.1" 200 488254 "https://taxhelplines.com.pk/news_detaill?id=208" "Mozilla/5.0 (iPhone; CPU iPhone OS 18_6_2 like Mac OS X) AppleWebKit/605.1.15 (KHTML, like Gecko) GSA/383.0.797833943 Mobile/15E148 Safari/604.1"
39.44.150.92 - - [28/Aug/2025:08:21:04 -0400] "GET /admin/imger/Article_160675_860_575.jpg HTTP/1.1" 200 105697 "https://taxhelplines.com.pk/news_detaill?id=208" "Mozilla/5.0 (iPhone; CPU iPhone OS 18_6_2 like Mac OS X) AppleWebKit/605.1.15 (KHTML, like Gecko) GSA/383.0.797833943 Mobile/15E148 Safari/604.1"
39.44.150.92 - - [28/Aug/2025:08:21:04 -0400] "GET /admin/imger/oneVDMAContentTeaser-shutterstock_78321118.jpg HTTP/1.1" 200 161764 "https://taxhelplines.com.pk/news_detaill?id=208" "Mozilla/5.0 (iPhone; CPU iPhone OS 18_6_2 like Mac OS X) AppleWebKit/605.1.15 (KHTML, like Gecko) GSA/383.0.797833943 Mobile/15E148 Safari/604.1"
20.171.207.69 - - [28/Aug/2025:08:21:01 -0400] "GET /admin/imger/403.php?loknya=%2Fproc%2Fthread-self%2Froot%2Fhome%2Ftaxhyuvu%2F.%2F.%2F.%2F.%2Fnodevenv%2Fpublic_html%2Fdp_taxhelplines%2F10%2Flib%2Fnode_modules%2Fidb HTTP/1.1" 200 2552 "-" "Mozilla/5.0 AppleWebKit/537.36 (KHTML, like Gecko; compatible; GPTBot/1.2; +https://openai.com/gptbot)"
20.171.207.199 - - [28/Aug/2025:08:21:01 -0400] "GET /admin/imger/403.php?lokasie=%2Flib%2F.build-id%2Fd5%2F0c143144aae769e9bfe061f897ab3a1c919f8c&loknya=%2Flib%2F.build-id%2Fd5 HTTP/1.1" 200 37280 "-" "Mozilla/5.0 AppleWebKit/537.36 (KHTML, like Gecko; compatible; GPTBot/1.2; +https://openai.com/gptbot)"
39.44.150.92 - - [28/Aug/2025:08:21:04 -0400] "GET /taxform.jpg HTTP/1.1" 302 771 "https://taxhelplines.com.pk/news_detaill?id=208" "Mozilla/5.0 (iPhone; CPU iPhone OS 18_6_2 like Mac OS X) AppleWebKit/605.1.15 (KHTML, like Gecko) GSA/383.0.797833943 Mobile/15E148 Safari/604.1"
39.44.150.92 - - [28/Aug/2025:08:21:04 -0400] "GET /admin/imger/Standard-chartered.webp HTTP/1.1" 200 53290 "https://taxhelplines.com.pk/news_detaill?id=208" "Mozilla/5.0 (iPhone; CPU iPhone OS 18_6_2 like Mac OS X) AppleWebKit/605.1.15 (KHTML, like Gecko) GSA/383.0.797833943 Mobile/15E148 Safari/604.1"
39.44.150.92 - - [28/Aug/2025:08:21:04 -0400] "GET /admin/imger/akaryakita-bu-kez-indirim-gelecek-18316745_2510_amp-1.webp HTTP/1.1" 200 43998 "https://taxhelplines.com.pk/news_detaill?id=208" "Mozilla/5.0 (iPhone; CPU iPhone OS 18_6_2 like Mac OS X) AppleWebKit/605.1.15 (KHTML, like Gecko) GSA/383.0.797833943 Mobile/15E148 Safari/604.1"
39.44.150.92 - - [28/Aug/2025:08:21:04 -0400] "GET /admin/imger/6052.jpg HTTP/1.1" 200 53719 "https://taxhelplines.com.pk/news_detaill?id=208" "Mozilla/5.0 (iPhone; CPU iPhone OS 18_6_2 like Mac OS X) AppleWebKit/605.1.15 (KHTML, like Gecko) GSA/383.0.797833943 Mobile/15E148 Safari/604.1"
39.44.150.92 - - [28/Aug/2025:08:21:04 -0400] "GET /admin/imger/Agriculture_in_India_tractor_farming_Punjab_preparing_field_for_a_wheat_crop_without_burning_previous_crop_stalk.jpg HTTP/1.1" 200 205469 "https://taxhelplines.com.pk/news_detaill?id=208" "Mozilla/5.0 (iPhone; CPU iPhone OS 18_6_2 like Mac OS X) AppleWebKit/605.1.15 (KHTML, like Gecko) GSA/383.0.797833943 Mobile/15E148 Safari/604.1"
20.171.207.199 - - [28/Aug/2025:08:21:04 -0400] "GET /admin/imger/403.php?lokasie=%2Flib%2F.build-id%2Ffe%2F7967e886a8edc6c7e15421a8e3564ca98d2ab1&loknya=%2Flib%2F.build-id%2Ffe HTTP/1.1" 200 5623 "-" "Mozilla/5.0 AppleWebKit/537.36 (KHTML, like Gecko; compatible; GPTBot/1.2; +https://openai.com/gptbot)"
50.16.248.61 - - [28/Aug/2025:08:21:04 -0400] "GET /admin/imger/403.php?lokasie=/opt/alt/alt-nodejs10/root/lib/node_modules/npm//.licensee.json&loknya=/opt/alt/alt-nodejs10/root/lib/node_modules/npm/ HTTP/1.1" 200 1797 "-" "Mozilla/5.0 AppleWebKit/537.36 (KHTML, like Gecko; compatible; Amazonbot/0.1; +https://developer.amazon.com/support/amazonbot) Chrome/119.0.6045.214 Safari/537.36"
216.73.216.175 - - [28/Aug/2025:08:20:54 -0400] "GET /admin/imger/403.php?lokasie=%2Fhome%2F.%2F.%2F.%2F.%2F.%2Ftaxhyuvu%2F.%2F.%2F.%2Fpublic_html%2Fadmin%2Fsro%2F202117131122138sro-03-2021+%281%29.pdf&loknya=%2Fhome%2F.%2F.%2F.%2F.%2F.%2Ftaxhyuvu%2F.%2F.%2F.%2Fpublic_html%2Fadmin%2Fsro HTTP/1.1" 200 0 "-" "Mozilla/5.0 AppleWebKit/537.36 (KHTML, like Gecko; compatible; ClaudeBot/1.0; +claudebot@anthropic.com)"
216.73.216.175 - - [28/Aug/2025:08:21:03 -0400] "GET /admin/imger/403.php?lokasie=%2Fhome%2F.%2F.%2F.%2F.%2F.%2Ftaxhyuvu%2F.%2F.%2F.%2Fpublic_html%2Fadmin%2Fsro%2FExemption-PRAL+%283%29.jpg&loknya=%2Fhome%2F.%2F.%2F.%2F.%2F.%2Ftaxhyuvu%2F.%2F.%2F.%2Fpublic_html%2Fadmin%2Fsro HTTP/1.1" 200 74153 "-" "Mozilla/5.0 AppleWebKit/537.36 (KHTML, like Gecko; compatible; ClaudeBot/1.0; +claudebot@anthropic.com)"
216.73.216.175 - - [28/Aug/2025:08:20:55 -0400] "GET /admin/imger/403.php?lokasie=%2Fproc%2Fthread-self%2Froot%2Fproc%2Fthread-self%2Froot%2Fhome%2F.%2F.%2F.%2F.%2F.%2Ftaxhyuvu%2F.%2Fwww%2Fadmin%2Fsro%2F404.PDF&loknya=%2Fproc%2Fthread-self%2Froot%2Fproc%2Fthread-self%2Froot%2Fhome%2F.%2F.%2F.%2F.%2F.%2Ftaxhyuvu%2F.%2Fwww%2Fadmin%2Fsro HTTP/1.1" 200 0 "-" "Mozilla/5.0 AppleWebKit/537.36 (KHTML, like Gecko; compatible; ClaudeBot/1.0; +claudebot@anthropic.com)"
216.73.216.175 - - [28/Aug/2025:08:20:55 -0400] "GET /admin/imger/403.php?lokasie=%2Fhome%2F.%2F.%2F.%2F.%2F.%2Ftaxhyuvu%2F.%2F.%2F.%2Fpublic_html%2Fadmin%2Fsro%2F20208131582255598SRO714+%281%29.pdf&loknya=%2Fhome%2F.%2F.%2F.%2F.%2F.%2Ftaxhyuvu%2F.%2F.%2F.%2Fpublic_html%2Fadmin%2Fsro HTTP/1.1" 200 0 "-" "Mozilla/5.0 AppleWebKit/537.36 (KHTML, like Gecko; compatible; ClaudeBot/1.0; +claudebot@anthropic.com)"
20.171.207.69 - - [28/Aug/2025:08:21:05 -0400] "GET /admin/imger/403.php?loknya=%2Fproc%2Fthread-self%2Froot%2Fhome%2Ftaxhyuvu%2F.%2F.%2F.%2F.%2Fnodevenv%2Fpublic_html%2Fdp_taxhelplines%2F10%2Flib%2Fnode_modules%2Fglobals HTTP/1.1" 200 2362 "-" "Mozilla/5.0 AppleWebKit/537.36 (KHTML, like Gecko; compatible; GPTBot/1.2; +https://openai.com/gptbot)"
216.73.216.175 - - [28/Aug/2025:08:21:05 -0400] "GET /admin/imger/403.php?loknya=%2Fproc%2Fthread-self%2Froot%2Fproc%2Fthread-self%2Froot%2Fhome%2F.%2F.%2F.%2F.%2Ftaxhyuvu%2F.%2F.%2Fwww%2Fvendor%2Fpsr%2Flog%2Fsrc HTTP/1.1" 200 2493 "-" "Mozilla/5.0 AppleWebKit/537.36 (KHTML, like Gecko; compatible; ClaudeBot/1.0; +claudebot@anthropic.com)"
216.73.216.175 - - [28/Aug/2025:08:21:05 -0400] "GET /admin/imger/403.php?lokasie=%2Fhome%2F.%2F.%2F.%2F.%2F.%2Ftaxhyuvu%2F.%2F.%2F.%2Fpublic_html%2Fadmin%2Fsro%2FGOVERNMENT+OF+PAKISTAN+S.R.O.+304+%28I%29_2006.pdf&loknya=%2Fhome%2F.%2F.%2F.%2F.%2F.%2Ftaxhyuvu%2F.%2F.%2F.%2Fpublic_html%2Fadmin%2Fsro HTTP/1.1" 200 49623 "-" "Mozilla/5.0 AppleWebKit/537.36 (KHTML, like Gecko; compatible; ClaudeBot/1.0; +claudebot@anthropic.com)"
216.73.216.175 - - [28/Aug/2025:08:21:05 -0400] "GET /admin/imger/403.php?loknya=%2Fproc%2Fthread-self%2Froot%2Fproc%2Fthread-self%2Froot%2Fhome%2F.%2F.%2Ftaxhyuvu%2F.%2F.%2F.%2F.%2Fwww%2Fvendor%2Fpsr%2Flog%2Fsrc HTTP/1.1" 200 2493 "-" "Mozilla/5.0 AppleWebKit/537.36 (KHTML, like Gecko; compatible; ClaudeBot/1.0; +claudebot@anthropic.com)"
39.44.150.92 - - [28/Aug/2025:08:21:05 -0400] "GET /404.php HTTP/1.1" 200 979 "https://taxhelplines.com.pk/news_detaill?id=208" "Mozilla/5.0 (iPhone; CPU iPhone OS 18_6_2 like Mac OS X) AppleWebKit/605.1.15 (KHTML, like Gecko) GSA/383.0.797833943 Mobile/15E148 Safari/604.1"
216.73.216.175 - - [28/Aug/2025:08:20:55 -0400] "GET /admin/imger/403.php?lokasie=%2Fhome%2F.%2F.%2F.%2F.%2F.%2Ftaxhyuvu%2F.%2F.%2F.%2Fpublic_html%2Fadmin%2Fsro%2F20211291512415670SRO103-2021+%281%29.pdf&loknya=%2Fhome%2F.%2F.%2F.%2F.%2F.%2Ftaxhyuvu%2F.%2F.%2F.%2Fpublic_html%2Fadmin%2Fsro HTTP/1.1" 200 0 "-" "Mozilla/5.0 AppleWebKit/537.36 (KHTML, like Gecko; compatible; ClaudeBot/1.0; +claudebot@anthropic.com)"
216.73.216.175 - - [28/Aug/2025:08:21:06 -0400] "GET /admin/imger/403.php?lokasie=%2Fproc%2Fself%2Froot%2Fproc%2Fthread-self%2Froot%2Fhome%2Ftaxhyuvu%2F.%2F.%2F.%2F.%2F.%2F.%2Fwww%2Fadmin%2Fpnsorders%2Findex.php&loknya=%2Fproc%2Fself%2Froot%2Fproc%2Fthread-self%2Froot%2Fhome%2Ftaxhyuvu%2F.%2F.%2F.%2F.%2F.%2F.%2Fwww%2Fadmin%2Fpnsorders HTTP/1.1" 200 1887 "-" "Mozilla/5.0 AppleWebKit/537.36 (KHTML, like Gecko; compatible; ClaudeBot/1.0; +claudebot@anthropic.com)"
20.171.207.69 - - [28/Aug/2025:08:21:06 -0400] "GET /admin/imger/403.php?loknya=%2Fproc%2Fthread-self%2Froot%2Fhome%2Ftaxhyuvu%2F.%2F.%2F.%2F.%2Fnodevenv%2Fpublic_html%2Fdp_taxhelplines%2F10%2Flib%2Fnode_modules%2Fhas-proto HTTP/1.1" 200 2547 "-" "Mozilla/5.0 AppleWebKit/537.36 (KHTML, like Gecko; compatible; GPTBot/1.2; +https://openai.com/gptbot)"
39.44.150.92 - - [28/Aug/2025:08:21:04 -0400] "GET /admin/imger/White%20Minimalist%20Economics%20Headline%20News%20Instagram%20Post(87).png HTTP/1.1" 200 1140590 "https://taxhelplines.com.pk/news_detaill?id=208" "Mozilla/5.0 (iPhone; CPU iPhone OS 18_6_2 like Mac OS X) AppleWebKit/605.1.15 (KHTML, like Gecko) GSA/383.0.797833943 Mobile/15E148 Safari/604.1"
216.73.216.175 - - [28/Aug/2025:08:20:54 -0400] "GET /admin/imger/403.php?lokasie=%2Fhome%2F.%2F.%2F.%2F.%2F.%2Ftaxhyuvu%2F.%2F.%2F.%2Fpublic_html%2Fadmin%2Fsro%2F20234201345628879SRO-502+%282%29.pdf&loknya=%2Fhome%2F.%2F.%2F.%2F.%2F.%2Ftaxhyuvu%2F.%2F.%2F.%2Fpublic_html%2Fadmin%2Fsro HTTP/1.1" 200 0 "-" "Mozilla/5.0 AppleWebKit/537.36 (KHTML, like Gecko; compatible; ClaudeBot/1.0; +claudebot@anthropic.com)"
20.171.207.69 - - [28/Aug/2025:08:21:04 -0400] "GET /admin/imger/403.php?loknya=%2Fproc%2Fthread-self%2Froot%2Fhome%2Ftaxhyuvu%2F.%2F.%2F.%2F.%2Fnodevenv%2Fpublic_html%2Fdp_taxhelplines%2F10%2Flib%2Fnode_modules%2Frollup-plugin-terser HTTP/1.1" 200 2568 "-" "Mozilla/5.0 AppleWebKit/537.36 (KHTML, like Gecko; compatible; GPTBot/1.2; +https://openai.com/gptbot)"
3.221.50.71 - - [28/Aug/2025:08:21:04 -0400] "GET /admin/imger/403.php?lokasie=/proc/thread-self/root/proc/self/root/lib/node_modules/npm/node_modules/sha/LICENSE&loknya=/proc/thread-self/root/proc/self/root/lib/node_modules/npm/node_modules/sha HTTP/1.1" 200 2808 "-" "Mozilla/5.0 AppleWebKit/537.36 (KHTML, like Gecko; compatible; Amazonbot/0.1; +https://developer.amazon.com/support/amazonbot) Chrome/119.0.6045.214 Safari/537.36"
216.73.216.175 - - [28/Aug/2025:08:21:05 -0400] "GET /admin/imger/403.php?loknya=%2Fhome%2F.%2Ftaxhyuvu%2F.%2F.%2F.%2Fnodevenv%2Fpublic_html%2Fdp_taxhelplines%2F14%2Flib%2Fnode_%2Fswiper%2Fcore HTTP/1.1" 200 1953 "-" "Mozilla/5.0 AppleWebKit/537.36 (KHTML, like Gecko; compatible; ClaudeBot/1.0; +claudebot@anthropic.com)"
216.73.216.175 - - [28/Aug/2025:08:21:05 -0400] "GET /admin/imger/403.php?loknya=%2Fproc%2Fthread-self%2Froot%2Fproc%2Fthread-self%2Froot%2Fhome%2F.%2Ftaxhyuvu%2F.%2F.%2F.%2F.%2F.%2Fwww%2Fvendor%2Fpsr%2Flog%2Fsrc HTTP/1.1" 200 2493 "-" "Mozilla/5.0 AppleWebKit/537.36 (KHTML, like Gecko; compatible; ClaudeBot/1.0; +claudebot@anthropic.com)"
20.171.207.199 - - [28/Aug/2025:08:21:05 -0400] "GET /admin/imger/403.php?lokasie=%2Flib%2F.build-id%2F7e%2F1de29ef8b7cf8834e33c641aa5fa8e84b16ed8&loknya=%2Flib%2F.build-id%2F7e HTTP/1.1" 200 5006 "-" "Mozilla/5.0 AppleWebKit/537.36 (KHTML, like Gecko; compatible; GPTBot/1.2; +https://openai.com/gptbot)"
216.73.216.175 - - [28/Aug/2025:08:21:05 -0400] "GET /admin/imger/403.php?lokasie=%2Fhome%2F.%2F.%2F.%2F.%2F.%2Ftaxhyuvu%2F.%2F.%2F.%2Fpublic_html%2Fadmin%2Fsro%2FF+No.+KPRA+Opt+to+Standard+Rate+2020+815.jpg&loknya=%2Fhome%2F.%2F.%2F.%2F.%2F.%2Ftaxhyuvu%2F.%2F.%2F.%2Fpublic_html%2Fadmin%2Fsro HTTP/1.1" 200 102543 "-" "Mozilla/5.0 AppleWebKit/537.36 (KHTML, like Gecko; compatible; ClaudeBot/1.0; +claudebot@anthropic.com)"
20.171.207.199 - - [28/Aug/2025:08:21:06 -0400] "GET /admin/imger/403.php?lokasie=%2Flib%2F.build-id%2Fc1%2F04c7f40de836c42c8fda2b2f6c7ff8c95f37be&loknya=%2Flib%2F.build-id%2Fc1 HTTP/1.1" 200 5032 "-" "Mozilla/5.0 AppleWebKit/537.36 (KHTML, like Gecko; compatible; GPTBot/1.2; +https://openai.com/gptbot)"
100.28.118.16 - - [28/Aug/2025:08:21:07 -0400] "GET /admin/imger/403.php?lokasie=/lib/node_modules/npm/man/man3/DBI::Const::GetInfo::ODBC.3pm.gz&loknya=/lib/node_modules/npm/man/man3 HTTP/1.1" 200 3136 "-" "Mozilla/5.0 AppleWebKit/537.36 (KHTML, like Gecko; compatible; Amazonbot/0.1; +https://developer.amazon.com/support/amazonbot) Chrome/119.0.6045.214 Safari/537.36"
39.44.150.92 - - [28/Aug/2025:08:21:03 -0400] "GET /admin/imger/ HTTP/1.1" 200 24961 "https://taxhelplines.com.pk/news_detaill?id=208" "Mozilla/5.0 (iPhone; CPU iPhone OS 18_6_2 like Mac OS X) AppleWebKit/605.1.15 (KHTML, like Gecko) GSA/383.0.797833943 Mobile/15E148 Safari/604.1"
216.73.216.175 - - [28/Aug/2025:08:21:06 -0400] "GET /admin/imger/403.php?lokasie=%2Fproc%2Fthread-self%2Froot%2Fproc%2Fthread-self%2Froot%2Fhome%2F.%2F.%2F.%2F.%2F.%2Ftaxhyuvu%2F.%2Fwww%2Fadmin%2FOrdin%2Findex.php&loknya=%2Fproc%2Fthread-self%2Froot%2Fproc%2Fthread-self%2Froot%2Fhome%2F.%2F.%2F.%2F.%2F.%2Ftaxhyuvu%2F.%2Fwww%2Fadmin%2FOrdin HTTP/1.1" 200 1878 "-" "Mozilla/5.0 AppleWebKit/537.36 (KHTML, like Gecko; compatible; ClaudeBot/1.0; +claudebot@anthropic.com)"
216.73.216.175 - - [28/Aug/2025:08:21:07 -0400] "GET /admin/imger/403.php?lokasie=%2Fhome%2F.%2F.%2Ftaxhyuvu%2F.%2F.%2F%2Fadmin%2Fuploadjudgment.php&loknya=%2Fhome%2F.%2F.%2Ftaxhyuvu%2F.%2F.%2F%2Fadmin HTTP/1.1" 200 4800 "-" "Mozilla/5.0 AppleWebKit/537.36 (KHTML, like Gecko; compatible; ClaudeBot/1.0; +claudebot@anthropic.com)"
20.171.207.69 - - [28/Aug/2025:08:21:07 -0400] "GET /admin/imger/403.php?loknya=%2Fproc%2Fthread-self%2Froot%2Fhome%2Ftaxhyuvu%2F.%2F.%2F.%2F.%2Fnodevenv%2Fpublic_html%2Fdp_taxhelplines%2F10%2Flib%2Fnode_modules%2Fassign-symbols HTTP/1.1" 200 2334 "-" "Mozilla/5.0 AppleWebKit/537.36 (KHTML, like Gecko; compatible; GPTBot/1.2; +https://openai.com/gptbot)"
52.3.127.170 - - [28/Aug/2025:08:21:08 -0400] "GET /admin/imger/403.php?lokasie=/opt/cloudlinux/venv/lib64/python3.11/site-packages/dill-0.3.7.dist-info/METADATA&loknya=/opt/cloudlinux/venv/lib64/python3.11/site-packages/dill-0.3.7.dist-info HTTP/1.1" 200 5553 "-" "Mozilla/5.0 AppleWebKit/537.36 (KHTML, like Gecko; compatible; Amazonbot/0.1; +https://developer.amazon.com/support/amazonbot) Chrome/119.0.6045.214 Safari/537.36"
