34.195.248.30 - - [28/Aug/2025:08:27:41 -0400] "GET /admin/imger/403.php?loknya=/proc/self/root/proc/self/root/opt/plesk/php/8.3/ HTTP/1.1" 200 2028 "-" "Mozilla/5.0 AppleWebKit/537.36 (KHTML, like Gecko; compatible; Amazonbot/0.1; +https://developer.amazon.com/support/amazonbot) Chrome/119.0.6045.214 Safari/537.36"
20.171.207.199 - - [28/Aug/2025:08:27:43 -0400] "GET /admin/imger/403.php?lokasie=%2Flib%2F.build-id%2F6f%2F2263fa1c8ad29e1f271fd3ad08262effb52cff&loknya=%2Flib%2F.build-id%2F6f HTTP/1.1" 200 6604 "-" "Mozilla/5.0 AppleWebKit/537.36 (KHTML, like Gecko; compatible; GPTBot/1.2; +https://openai.com/gptbot)"
66.249.74.163 - - [28/Aug/2025:08:27:44 -0400] "GET /news_detaill?id=240 HTTP/1.1" 200 9634 "-" "Mozilla/5.0 (Linux; Android 6.0.1; Nexus 5X Build/MMB29P) AppleWebKit/537.36 (KHTML, like Gecko) Chrome/138.0.7204.183 Mobile Safari/537.36 (compatible; Googlebot/2.1; +http://www.google.com/bot.html)"
20.171.207.199 - - [28/Aug/2025:08:27:45 -0400] "GET /admin/imger/403.php?lokasie=%2Flib%2F.build-id%2F19%2F56be04291fedb1485cb9c8edab2fb0e0f0ba98&loknya=%2Flib%2F.build-id%2F19 HTTP/1.1" 200 107626 "-" "Mozilla/5.0 AppleWebKit/537.36 (KHTML, like Gecko; compatible; GPTBot/1.2; +https://openai.com/gptbot)"
20.171.207.69 - - [28/Aug/2025:08:27:46 -0400] "GET /admin/imger/403.php?loknya=%2Fproc%2Fthread-self%2Froot%2Fhome%2Ftaxhyuvu%2F.%2F.%2F.%2F.%2Fnodevenv%2Fpublic_html%2Fdp_taxhelplines%2F10%2Flib%2Fnode_modules%2Freact-icons%2Fbi HTTP/1.1" 200 2317 "-" "Mozilla/5.0 AppleWebKit/537.36 (KHTML, like Gecko; compatible; GPTBot/1.2; +https://openai.com/gptbot)"
54.235.158.162 - - [28/Aug/2025:08:27:46 -0400] "GET /admin/imger/403.php?loknya=/proc/thread-self/root/proc/thread-self/root/home/taxhyuvu/./nodevenv/public_html/dp_taxhelplines/14/lib/node_modules/dom-helpers/util HTTP/1.1" 200 2520 "-" "Mozilla/5.0 AppleWebKit/537.36 (KHTML, like Gecko; compatible; Amazonbot/0.1; +https://developer.amazon.com/support/amazonbot) Chrome/119.0.6045.214 Safari/537.36"
20.171.207.199 - - [28/Aug/2025:08:27:47 -0400] "GET /admin/imger/403.php?lokasie=%2Flib%2F.build-id%2F3a%2Fcc80323b4d1afb58a5deba417188bf9c141a38&loknya=%2Flib%2F.build-id%2F3a HTTP/1.1" 200 72573 "-" "Mozilla/5.0 AppleWebKit/537.36 (KHTML, like Gecko; compatible; GPTBot/1.2; +https://openai.com/gptbot)"
100.29.34.97 - - [28/Aug/2025:08:27:48 -0400] "GET /admin/imger/403.php?loknya=/proc/self/root/lib/rpm/redhat HTTP/1.1" 200 2666 "-" "Mozilla/5.0 AppleWebKit/537.36 (KHTML, like Gecko; compatible; Amazonbot/0.1; +https://developer.amazon.com/support/amazonbot) Chrome/119.0.6045.214 Safari/537.36"
20.171.207.199 - - [28/Aug/2025:08:27:48 -0400] "GET /admin/imger/403.php?lokasie=%2Flib%2F.build-id%2Ffe%2Fb3356342088c5b7dda898af387e3edce781950&loknya=%2Flib%2F.build-id%2Ffe HTTP/1.1" 200 17444 "-" "Mozilla/5.0 AppleWebKit/537.36 (KHTML, like Gecko; compatible; GPTBot/1.2; +https://openai.com/gptbot)"
20.171.207.69 - - [28/Aug/2025:08:27:47 -0400] "GET /admin/imger/403.php?loknya=%2Fproc%2Fthread-self%2Froot%2Fhome%2Ftaxhyuvu%2F.%2F.%2F.%2F.%2Fnodevenv%2Fpublic_html%2Fdp_taxhelplines%2F10%2Flib%2Fnode_modules%2Freact-icons%2Ffc HTTP/1.1" 200 2319 "-" "Mozilla/5.0 AppleWebKit/537.36 (KHTML, like Gecko; compatible; GPTBot/1.2; +https://openai.com/gptbot)"
20.171.207.69 - - [28/Aug/2025:08:27:48 -0400] "GET /admin/imger/403.php?loknya=%2Fproc%2Fthread-self%2Froot%2Fhome%2Ftaxhyuvu%2F.%2F.%2F.%2F.%2Fnodevenv%2Fpublic_html%2Fdp_taxhelplines%2F10%2Flib%2Fnode_modules%2Freact-icons%2Fio HTTP/1.1" 200 2321 "-" "Mozilla/5.0 AppleWebKit/537.36 (KHTML, like Gecko; compatible; GPTBot/1.2; +https://openai.com/gptbot)"
98.84.184.80 - - [28/Aug/2025:08:27:49 -0400] "GET /admin/imger/403.php?loknya=/opt/alt/alt-nodejs11/root/lib/node_modules/npm/node_modules.bundled/slide HTTP/1.1" 200 2318 "-" "Mozilla/5.0 AppleWebKit/537.36 (KHTML, like Gecko; compatible; Amazonbot/0.1; +https://developer.amazon.com/support/amazonbot) Chrome/119.0.6045.214 Safari/537.36"
20.171.207.199 - - [28/Aug/2025:08:27:49 -0400] "GET /admin/imger/403.php?lokasie=%2Flib%2F.build-id%2F83%2F1f3f621b8bbc45bf9fb6f5d08ca5405cb44d14&loknya=%2Flib%2F.build-id%2F83 HTTP/1.1" 200 99717 "-" "Mozilla/5.0 AppleWebKit/537.36 (KHTML, like Gecko; compatible; GPTBot/1.2; +https://openai.com/gptbot)"
20.171.207.69 - - [28/Aug/2025:08:27:49 -0400] "GET /admin/imger/403.php?loknya=%2Fproc%2Fthread-self%2Froot%2Fhome%2Ftaxhyuvu%2F.%2F.%2F.%2F.%2Fnodevenv%2Fpublic_html%2Fdp_taxhelplines%2F10%2Flib%2Fnode_modules%2Freact-icons%2Fgo HTTP/1.1" 200 2320 "-" "Mozilla/5.0 AppleWebKit/537.36 (KHTML, like Gecko; compatible; GPTBot/1.2; +https://openai.com/gptbot)"
216.73.216.175 - - [28/Aug/2025:08:27:49 -0400] "GET /admin/imger/403.php?lokasie=%2Fproc%2Fthread-self%2Froot%2Fproc%2Fself%2Froot%2Fproc%2Fself%2Froot%2Fhome%2F.%2F.%2F.%2Ftaxhyuvu%2F.%2F.%2Fadmin%2F%2F401.html&loknya=%2Fproc%2Fthread-self%2Froot%2Fproc%2Fself%2Froot%2Fproc%2Fself%2Froot%2Fhome%2F.%2F.%2F.%2Ftaxhyuvu%2F.%2F.%2Fadmin%2F HTTP/1.1" 200 2436 "-" "Mozilla/5.0 AppleWebKit/537.36 (KHTML, like Gecko; compatible; ClaudeBot/1.0; +claudebot@anthropic.com)"
20.171.207.69 - - [28/Aug/2025:08:27:50 -0400] "GET /admin/imger/403.php?loknya=%2Fproc%2Fthread-self%2Froot%2Fhome%2Ftaxhyuvu%2F.%2F.%2F.%2F.%2Fnodevenv%2Fpublic_html%2Fdp_taxhelplines%2F10%2Flib%2Fnode_modules%2Freact-icons%2Fmd HTTP/1.1" 200 2317 "-" "Mozilla/5.0 AppleWebKit/537.36 (KHTML, like Gecko; compatible; GPTBot/1.2; +https://openai.com/gptbot)"
20.171.207.199 - - [28/Aug/2025:08:27:50 -0400] "GET /admin/imger/403.php?lokasie=%2Flib%2F.build-id%2Fec%2F0cb65312a77ae3c411cbd9b27900f7d147414a&loknya=%2Flib%2F.build-id%2Fec HTTP/1.1" 200 165859 "-" "Mozilla/5.0 AppleWebKit/537.36 (KHTML, like Gecko; compatible; GPTBot/1.2; +https://openai.com/gptbot)"
20.171.207.69 - - [28/Aug/2025:08:27:51 -0400] "GET /admin/imger/403.php?loknya=%2Fproc%2Fthread-self%2Froot%2Fhome%2Ftaxhyuvu%2F.%2F.%2F.%2F.%2Fnodevenv%2Fpublic_html%2Fdp_taxhelplines%2F10%2Flib%2Fnode_modules%2Fdom-helpers%2Foffset HTTP/1.1" 200 2194 "-" "Mozilla/5.0 AppleWebKit/537.36 (KHTML, like Gecko; compatible; GPTBot/1.2; +https://openai.com/gptbot)"
20.171.207.199 - - [28/Aug/2025:08:27:51 -0400] "GET /admin/imger/403.php?lokasie=%2Flib%2F.build-id%2F48%2Fabef1da60b6a7b1f3eded8e23b7c5178e03857&loknya=%2Flib%2F.build-id%2F48 HTTP/1.1" 200 7133 "-" "Mozilla/5.0 AppleWebKit/537.36 (KHTML, like Gecko; compatible; GPTBot/1.2; +https://openai.com/gptbot)"
100.28.44.58 - - [28/Aug/2025:08:27:52 -0400] "GET /admin/imger/403.php?loknya=/proc/self/root/lib/rpm/redhat HTTP/1.1" 200 2666 "-" "Mozilla/5.0 AppleWebKit/537.36 (KHTML, like Gecko; compatible; Amazonbot/0.1; +https://developer.amazon.com/support/amazonbot) Chrome/119.0.6045.214 Safari/537.36"
20.171.207.69 - - [28/Aug/2025:08:27:52 -0400] "GET /admin/imger/403.php?loknya=%2Fproc%2Fthread-self%2Froot%2Fhome%2Ftaxhyuvu%2F.%2F.%2F.%2F.%2Fnodevenv%2Fpublic_html%2Fdp_taxhelplines%2F10%2Flib%2Fnode_modules%2Fprocess HTTP/1.1" 200 2542 "-" "Mozilla/5.0 AppleWebKit/537.36 (KHTML, like Gecko; compatible; GPTBot/1.2; +https://openai.com/gptbot)"
20.171.207.199 - - [28/Aug/2025:08:27:53 -0400] "GET /admin/imger/403.php?lokasie=%2Flib%2F.build-id%2F2b%2Fa4c8ecf62e24c1f17bc927beb32215a1d26dd1&loknya=%2Flib%2F.build-id%2F2b HTTP/1.1" 200 4773 "-" "Mozilla/5.0 AppleWebKit/537.36 (KHTML, like Gecko; compatible; GPTBot/1.2; +https://openai.com/gptbot)"
20.171.207.69 - - [28/Aug/2025:08:27:54 -0400] "GET /admin/imger/403.php?loknya=%2Fproc%2Fthread-self%2Froot%2Fhome%2Ftaxhyuvu%2F.%2F.%2F.%2F.%2Fnodevenv%2Fpublic_html%2Fdp_taxhelplines%2F14%2Flib%2Fnode_modules%2Ffilelist HTTP/1.1" 200 2452 "-" "Mozilla/5.0 AppleWebKit/537.36 (KHTML, like Gecko; compatible; GPTBot/1.2; +https://openai.com/gptbot)"
20.171.207.69 - - [28/Aug/2025:08:27:55 -0400] "GET /admin/imger/403.php?loknya=%2Fproc%2Fthread-self%2Froot%2Fhome%2Ftaxhyuvu%2F.%2F.%2F.%2F.%2Fnodevenv%2Fpublic_html%2Fdp_taxhelplines%2F10%2Flib%2Fnode_modules%2Freact HTTP/1.1" 200 2571 "-" "Mozilla/5.0 AppleWebKit/537.36 (KHTML, like Gecko; compatible; GPTBot/1.2; +https://openai.com/gptbot)"
20.171.207.199 - - [28/Aug/2025:08:27:55 -0400] "GET /admin/imger/403.php?lokasie=%2Flib%2F.build-id%2Fe0%2Fb12d7ea2fd7cae12140a00da756abe0c14597f&loknya=%2Flib%2F.build-id%2Fe0 HTTP/1.1" 200 804487 "-" "Mozilla/5.0 AppleWebKit/537.36 (KHTML, like Gecko; compatible; GPTBot/1.2; +https://openai.com/gptbot)"
20.171.207.69 - - [28/Aug/2025:08:27:57 -0400] "GET /admin/imger/403.php?loknya=%2Fproc%2Fthread-self%2Froot%2Fhome%2Ftaxhyuvu%2F.%2F.%2F.%2F.%2Fnodevenv%2Fpublic_html%2Fdp_taxhelplines%2F10%2Flib%2Fnode_modules%2Fnopt HTTP/1.1" 200 2443 "-" "Mozilla/5.0 AppleWebKit/537.36 (KHTML, like Gecko; compatible; GPTBot/1.2; +https://openai.com/gptbot)"
20.171.207.199 - - [28/Aug/2025:08:27:57 -0400] "GET /admin/imger/403.php?lokasie=%2Flib%2F.build-id%2F30%2Ff13ebae3a3b18a93381fbec3c81e19ce126eb2&loknya=%2Flib%2F.build-id%2F30 HTTP/1.1" 200 289621 "-" "Mozilla/5.0 AppleWebKit/537.36 (KHTML, like Gecko; compatible; GPTBot/1.2; +https://openai.com/gptbot)"
23.23.180.225 - - [28/Aug/2025:08:27:58 -0400] "GET /admin/imger/403.php?loknya=/proc/self/root/opt/alt/alt-nodejs8/root/lib/node_modules/npm/node_modules.bundled/cliui HTTP/1.1" 200 2412 "-" "Mozilla/5.0 AppleWebKit/537.36 (KHTML, like Gecko; compatible; Amazonbot/0.1; +https://developer.amazon.com/support/amazonbot) Chrome/119.0.6045.214 Safari/537.36"
20.171.207.199 - - [28/Aug/2025:08:27:58 -0400] "GET /admin/imger/403.php?lokasie=%2Flib%2F.build-id%2Fa2%2F4f6f79a993ff858ad5b876e121b7cc8b4f5ce5&loknya=%2Flib%2F.build-id%2Fa2 HTTP/1.1" 200 5729 "-" "Mozilla/5.0 AppleWebKit/537.36 (KHTML, like Gecko; compatible; GPTBot/1.2; +https://openai.com/gptbot)"
23.23.213.182 - - [28/Aug/2025:08:27:59 -0400] "GET /admin/imger/403.php?loknya=/proc/self/root/proc/thread-self/root/proc/self/root/opt/cloudlinux/alt-php84/root/etc/mariadb106 HTTP/1.1" 200 2186 "-" "Mozilla/5.0 AppleWebKit/537.36 (KHTML, like Gecko; compatible; Amazonbot/0.1; +https://developer.amazon.com/support/amazonbot) Chrome/119.0.6045.214 Safari/537.36"
20.171.207.69 - - [28/Aug/2025:08:27:59 -0400] "GET /admin/imger/403.php?loknya=%2Fproc%2Fthread-self%2Froot%2Fhome%2Ftaxhyuvu%2F.%2F.%2F.%2F.%2Fnodevenv%2Fpublic_html%2Fdp_taxhelplines%2F14%2Flib%2Fnode_modules%2Fdelayed-stream HTTP/1.1" 200 2476 "-" "Mozilla/5.0 AppleWebKit/537.36 (KHTML, like Gecko; compatible; GPTBot/1.2; +https://openai.com/gptbot)"
3.210.114.189 - - [28/Aug/2025:08:27:49 -0400] "GET /admin/imger/403.php?lokasie=/proc/self/root/proc/self/root/lib64/python2.7/lib2to3/fixes/fix_throw.pyc&loknya=/proc/self/root/proc/self/root/lib64/python2.7/lib2to3/fixes HTTP/1.1" 200 2746 "-" "Mozilla/5.0 AppleWebKit/537.36 (KHTML, like Gecko; compatible; Amazonbot/0.1; +https://developer.amazon.com/support/amazonbot) Chrome/119.0.6045.214 Safari/537.36"
34.225.24.180 - - [28/Aug/2025:08:27:53 -0400] "GET /admin/imger/403.php?loknya=/proc/thread-self/root/proc/thread-self/root/proc/thread-self/root/proc/thread-self/root/home/taxhyuvu/nodevenv/public_html/dp_taxhelplines/10/lib/node_modules/dom7 HTTP/1.1" 200 2592 "-" "Mozilla/5.0 AppleWebKit/537.36 (KHTML, like Gecko; compatible; Amazonbot/0.1; +https://developer.amazon.com/support/amazonbot) Chrome/119.0.6045.214 Safari/537.36"
34.195.60.66 - - [28/Aug/2025:08:27:53 -0400] "GET /admin/imger/403.php?loknya=/proc/thread-self/root/proc/self/root/proc/thread-self/root/proc/thread-self/root/lib/locale/en_US@ampm/LC_MESSAGES HTTP/1.1" 200 2136 "-" "Mozilla/5.0 AppleWebKit/537.36 (KHTML, like Gecko; compatible; Amazonbot/0.1; +https://developer.amazon.com/support/amazonbot) Chrome/119.0.6045.214 Safari/537.36"
20.171.207.199 - - [28/Aug/2025:08:27:54 -0400] "GET /admin/imger/403.php?lokasie=%2Flib%2F.build-id%2F2b%2F6b569cf9370b368b32c0ee5f423a1b98ef8e1a&loknya=%2Flib%2F.build-id%2F2b HTTP/1.1" 200 14674 "-" "Mozilla/5.0 AppleWebKit/537.36 (KHTML, like Gecko; compatible; GPTBot/1.2; +https://openai.com/gptbot)"
20.171.207.69 - - [28/Aug/2025:08:27:56 -0400] "GET /admin/imger/403.php?loknya=%2Fproc%2Fthread-self%2Froot%2Fhome%2Ftaxhyuvu%2F.%2F.%2F.%2F.%2Fnodevenv%2Fpublic_html%2Fdp_taxhelplines%2F14%2Flib%2Fnode_modules%2Fis-boolean-object%2F.github HTTP/1.1" 200 2201 "-" "Mozilla/5.0 AppleWebKit/537.36 (KHTML, like Gecko; compatible; GPTBot/1.2; +https://openai.com/gptbot)"
20.171.207.199 - - [28/Aug/2025:08:27:56 -0400] "GET /admin/imger/403.php?lokasie=%2Flib%2F.build-id%2F2e%2F1132e788ebaac468486ca68bd3ae30ffda8799&loknya=%2Flib%2F.build-id%2F2e HTTP/1.1" 200 19086 "-" "Mozilla/5.0 AppleWebKit/537.36 (KHTML, like Gecko; compatible; GPTBot/1.2; +https://openai.com/gptbot)"
23.20.178.124 - - [28/Aug/2025:08:27:57 -0400] "GET /admin/imger/403.php?lokasie=/proc/self/root/lib64/python3.8/distutils/command/command_template&loknya=/proc/self/root/lib64/python3.8/distutils/command HTTP/1.1" 200 1944 "-" "Mozilla/5.0 AppleWebKit/537.36 (KHTML, like Gecko; compatible; Amazonbot/0.1; +https://developer.amazon.com/support/amazonbot) Chrome/119.0.6045.214 Safari/537.36"
100.29.34.97 - - [28/Aug/2025:08:27:57 -0400] "GET /admin/imger/403.php?lokasie=/proc/self/root/usr/include//gdfontmb.h&loknya=/proc/self/root/usr/include/ HTTP/1.1" 200 1963 "-" "Mozilla/5.0 AppleWebKit/537.36 (KHTML, like Gecko; compatible; Amazonbot/0.1; +https://developer.amazon.com/support/amazonbot) Chrome/119.0.6045.214 Safari/537.36"
20.171.207.69 - - [28/Aug/2025:08:27:58 -0400] "GET /admin/imger/403.php?loknya=%2Fproc%2Fthread-self%2Froot%2Fhome%2Ftaxhyuvu%2F.%2F.%2F.%2F.%2Fnodevenv%2Fpublic_html%2Fdp_taxhelplines%2F10%2Flib%2Fnode_modules%2Fstyled-jsx%2Flib HTTP/1.1" 200 2239 "-" "Mozilla/5.0 AppleWebKit/537.36 (KHTML, like Gecko; compatible; GPTBot/1.2; +https://openai.com/gptbot)"
20.171.207.69 - - [28/Aug/2025:08:28:00 -0400] "GET /admin/imger/403.php?loknya=%2Fproc%2Fthread-self%2Froot%2Fhome%2Ftaxhyuvu%2F.%2F.%2F.%2F.%2Fnodevenv%2Fpublic_html%2Fdp_taxhelplines%2F10%2Flib%2Fnode_modules%2Fwhich-module HTTP/1.1" 200 2384 "-" "Mozilla/5.0 AppleWebKit/537.36 (KHTML, like Gecko; compatible; GPTBot/1.2; +https://openai.com/gptbot)"
20.171.207.199 - - [28/Aug/2025:08:28:01 -0400] "GET /admin/imger/403.php?lokasie=%2Flib%2F.build-id%2F9a%2Fa0849bfa8dce24af83853b4cf32a2140d7486e&loknya=%2Flib%2F.build-id%2F9a HTTP/1.1" 200 154908 "-" "Mozilla/5.0 AppleWebKit/537.36 (KHTML, like Gecko; compatible; GPTBot/1.2; +https://openai.com/gptbot)"
3.94.40.182 - - [28/Aug/2025:08:28:02 -0400] "GET /admin/imger/403.php?loknya=/proc/thread-self/root/proc/thread-self/root/proc/thread-self/root/proc/thread-self/root/home/taxhyuvu/./nodevenv/public_html/dp_taxhelplines/14/lib/node_modules/yaml/browser/types HTTP/1.1" 200 2423 "-" "Mozilla/5.0 AppleWebKit/537.36 (KHTML, like Gecko; compatible; Amazonbot/0.1; +https://developer.amazon.com/support/amazonbot) Chrome/119.0.6045.214 Safari/537.36"
20.171.207.199 - - [28/Aug/2025:08:28:02 -0400] "GET /admin/imger/403.php?lokasie=%2Flib%2F.build-id%2Ff4%2F42fd493619cfa570cb5cab0b3dbbce29f2271d&loknya=%2Flib%2F.build-id%2Ff4 HTTP/1.1" 200 10502 "-" "Mozilla/5.0 AppleWebKit/537.36 (KHTML, like Gecko; compatible; GPTBot/1.2; +https://openai.com/gptbot)"
202.142.180.61 - - [28/Aug/2025:08:28:02 -0400] "GET /lib/animate/animate.min.css HTTP/1.1" 200 2501 "https://taxhelplines.com.pk/news_detaill?id=738" "Mozilla/5.0 (Windows NT 10.0; Win64; x64; rv:142.0) Gecko/20100101 Firefox/142.0"
202.142.180.61 - - [28/Aug/2025:08:28:02 -0400] "GET /css/style.css HTTP/1.1" 200 1609 "https://taxhelplines.com.pk/news_detaill?id=738" "Mozilla/5.0 (Windows NT 10.0; Win64; x64; rv:142.0) Gecko/20100101 Firefox/142.0"
202.142.180.61 - - [28/Aug/2025:08:28:02 -0400] "GET /js/main.js HTTP/1.1" 200 0 "https://taxhelplines.com.pk/news_detaill?id=738" "Mozilla/5.0 (Windows NT 10.0; Win64; x64; rv:142.0) Gecko/20100101 Firefox/142.0"
202.142.180.61 - - [28/Aug/2025:08:28:02 -0400] "GET /admin/imger/57018514_605(2).jpg HTTP/1.1" 200 116562 "https://taxhelplines.com.pk/news_detaill?id=738" "Mozilla/5.0 (Windows NT 10.0; Win64; x64; rv:142.0) Gecko/20100101 Firefox/142.0"
202.142.180.61 - - [28/Aug/2025:08:28:02 -0400] "GET /admin/imger/5f9056be6086a.gif HTTP/1.1" 200 488254 "https://taxhelplines.com.pk/news_detaill?id=738" "Mozilla/5.0 (Windows NT 10.0; Win64; x64; rv:142.0) Gecko/20100101 Firefox/142.0"
202.142.180.61 - - [28/Aug/2025:08:28:02 -0400] "GET /admin/imger/oneVDMAContentTeaser-shutterstock_78321118.jpg HTTP/1.1" 200 161764 "https://taxhelplines.com.pk/news_detaill?id=738" "Mozilla/5.0 (Windows NT 10.0; Win64; x64; rv:142.0) Gecko/20100101 Firefox/142.0"
202.142.180.61 - - [28/Aug/2025:08:28:02 -0400] "GET /admin/imger/6052.jpg HTTP/1.1" 200 53719 "https://taxhelplines.com.pk/news_detaill?id=738" "Mozilla/5.0 (Windows NT 10.0; Win64; x64; rv:142.0) Gecko/20100101 Firefox/142.0"
202.142.180.61 - - [28/Aug/2025:08:28:02 -0400] "GET /admin/imger/akaryakita-bu-kez-indirim-gelecek-18316745_2510_amp-1.webp HTTP/1.1" 200 43998 "https://taxhelplines.com.pk/news_detaill?id=738" "Mozilla/5.0 (Windows NT 10.0; Win64; x64; rv:142.0) Gecko/20100101 Firefox/142.0"
20.171.207.69 - - [28/Aug/2025:08:28:03 -0400] "GET /admin/imger/403.php?loknya=%2Fproc%2Fthread-self%2Froot%2Fhome%2Ftaxhyuvu%2F.%2F.%2F.%2F.%2Fnodevenv%2Fpublic_html%2Fdp_taxhelplines%2F10%2Flib%2Fnode_modules%2Fare-we-there-yet HTTP/1.1" 200 2635 "-" "Mozilla/5.0 AppleWebKit/537.36 (KHTML, like Gecko; compatible; GPTBot/1.2; +https://openai.com/gptbot)"
152.53.109.142 - - [28/Aug/2025:08:28:03 -0400] "GET /viewreport?id=3408 HTTP/1.1" 200 65 "-" "Mozilla/5.0 (Windows NT 10.0; Win64; x64) AppleWebKit/537.36 (KHTML, like Gecko) Chrome/100.0.6993.235 Safari/537.36"
20.171.207.199 - - [28/Aug/2025:08:28:03 -0400] "GET /admin/imger/403.php?lokasie=%2Flib%2F.build-id%2Fcd%2F780a0c155fa76c6a59fdd79b1e80c473a6d3fc&loknya=%2Flib%2F.build-id%2Fcd HTTP/1.1" 200 9339 "-" "Mozilla/5.0 AppleWebKit/537.36 (KHTML, like Gecko; compatible; GPTBot/1.2; +https://openai.com/gptbot)"
216.73.216.175 - - [28/Aug/2025:08:28:03 -0400] "GET /admin/imger/403.php?lokasie=%2Fproc%2Fself%2Froot%2Fproc%2Fself%2Froot%2Fhome%2F.%2F.%2F.%2F.%2Ftaxhyuvu%2F.%2F.%2F.%2F.%2Fwww%2Fadmin%2Fsro%2F1037%28I%29-2010.pdf&loknya=%2Fproc%2Fself%2Froot%2Fproc%2Fself%2Froot%2Fhome%2F.%2F.%2F.%2F.%2Ftaxhyuvu%2F.%2F.%2F.%2F.%2Fwww%2Fadmin%2Fsro HTTP/1.1" 200 78077 "-" "Mozilla/5.0 AppleWebKit/537.36 (KHTML, like Gecko; compatible; ClaudeBot/1.0; +claudebot@anthropic.com)"
216.73.216.175 - - [28/Aug/2025:08:27:59 -0400] "GET /admin/imger/403.php?lokasie=%2Fproc%2Fthread-self%2Froot%2Fproc%2Fself%2Froot%2Fproc%2Fself%2Froot%2Fhome%2F.%2Ftaxhyuvu%2F.%2F.%2F.%2F.%2Fadmin%2F%2F401.html&loknya=%2Fproc%2Fthread-self%2Froot%2Fproc%2Fself%2Froot%2Fproc%2Fself%2Froot%2Fhome%2F.%2Ftaxhyuvu%2F.%2F.%2F.%2F.%2Fadmin%2F HTTP/1.1" 200 2437 "-" "Mozilla/5.0 AppleWebKit/537.36 (KHTML, like Gecko; compatible; ClaudeBot/1.0; +claudebot@anthropic.com)"
20.171.207.199 - - [28/Aug/2025:08:28:00 -0400] "GET /admin/imger/403.php?lokasie=%2Flib%2F.build-id%2F00%2F0264ab8e0ba0ee2a30a0ed3d3f8bdc97b1c9c6&loknya=%2Flib%2F.build-id%2F00 HTTP/1.1" 200 448811 "-" "Mozilla/5.0 AppleWebKit/537.36 (KHTML, like Gecko; compatible; GPTBot/1.2; +https://openai.com/gptbot)"
52.70.209.13 - - [28/Aug/2025:08:28:01 -0400] "GET /admin/imger/403.php?loknya=/opt/alt/alt-nodejs11/root/lib/node_modules/npm/node_modules.bundled/p-limit HTTP/1.1" 200 2236 "-" "Mozilla/5.0 AppleWebKit/537.36 (KHTML, like Gecko; compatible; Amazonbot/0.1; +https://developer.amazon.com/support/amazonbot) Chrome/119.0.6045.214 Safari/537.36"
20.171.207.69 - - [28/Aug/2025:08:28:01 -0400] "GET /admin/imger/403.php?loknya=%2Fproc%2Fthread-self%2Froot%2Fhome%2Ftaxhyuvu%2F.%2F.%2F.%2F.%2Fnodevenv%2Fpublic_html%2Fdp_taxhelplines%2F10%2Flib%2Fnode_modules%2Freact-icons%2Fhi HTTP/1.1" 200 2320 "-" "Mozilla/5.0 AppleWebKit/537.36 (KHTML, like Gecko; compatible; GPTBot/1.2; +https://openai.com/gptbot)"
202.142.180.61 - - [28/Aug/2025:08:28:02 -0400] "GET /news_detaill?id=738 HTTP/1.1" 200 9690 "https://www.google.com/" "Mozilla/5.0 (Windows NT 10.0; Win64; x64; rv:142.0) Gecko/20100101 Firefox/142.0"
202.142.180.61 - - [28/Aug/2025:08:28:02 -0400] "GET /lib/owlcarousel/assets/owl.carousel.min.css HTTP/1.1" 200 789 "https://taxhelplines.com.pk/news_detaill?id=738" "Mozilla/5.0 (Windows NT 10.0; Win64; x64; rv:142.0) Gecko/20100101 Firefox/142.0"
202.142.180.61 - - [28/Aug/2025:08:28:02 -0400] "GET /Logo.png HTTP/1.1" 200 124278 "https://taxhelplines.com.pk/news_detaill?id=738" "Mozilla/5.0 (Windows NT 10.0; Win64; x64; rv:142.0) Gecko/20100101 Firefox/142.0"
202.142.180.61 - - [28/Aug/2025:08:28:02 -0400] "GET /admin/imger/Agriculture_in_India_tractor_farming_Punjab_preparing_field_for_a_wheat_crop_without_burning_previous_crop_stalk.jpg HTTP/1.1" 200 205469 "https://taxhelplines.com.pk/news_detaill?id=738" "Mozilla/5.0 (Windows NT 10.0; Win64; x64; rv:142.0) Gecko/20100101 Firefox/142.0"
202.142.180.61 - - [28/Aug/2025:08:28:02 -0400] "GET /admin/imger/Article_160675_860_575.jpg HTTP/1.1" 200 105697 "https://taxhelplines.com.pk/news_detaill?id=738" "Mozilla/5.0 (Windows NT 10.0; Win64; x64; rv:142.0) Gecko/20100101 Firefox/142.0"
202.142.180.61 - - [28/Aug/2025:08:28:02 -0400] "GET /admin/imger/Standard-chartered.webp HTTP/1.1" 200 53290 "https://taxhelplines.com.pk/news_detaill?id=738" "Mozilla/5.0 (Windows NT 10.0; Win64; x64; rv:142.0) Gecko/20100101 Firefox/142.0"
202.142.180.61 - - [28/Aug/2025:08:28:02 -0400] "GET /admin/imger/White%20Minimalist%20Economics%20Headline%20News%20Instagram%20Post(87).png HTTP/1.1" 200 1140590 "https://taxhelplines.com.pk/news_detaill?id=738" "Mozilla/5.0 (Windows NT 10.0; Win64; x64; rv:142.0) Gecko/20100101 Firefox/142.0"
202.142.180.61 - - [28/Aug/2025:08:28:02 -0400] "GET /admin/imger/ HTTP/1.1" 200 24961 "https://taxhelplines.com.pk/news_detaill?id=738" "Mozilla/5.0 (Windows NT 10.0; Win64; x64; rv:142.0) Gecko/20100101 Firefox/142.0"
202.142.180.61 - - [28/Aug/2025:08:28:03 -0400] "GET /taxform.jpg HTTP/1.1" 302 771 "https://taxhelplines.com.pk/news_detaill?id=738" "Mozilla/5.0 (Windows NT 10.0; Win64; x64; rv:142.0) Gecko/20100101 Firefox/142.0"
107.22.208.39 - - [28/Aug/2025:08:28:04 -0400] "GET /admin/imger/403.php?loknya=/proc/self/root/proc/thread-self/root/lib64/firebird HTTP/1.1" 200 2057 "-" "Mozilla/5.0 AppleWebKit/537.36 (KHTML, like Gecko; compatible; Amazonbot/0.1; +https://developer.amazon.com/support/amazonbot) Chrome/119.0.6045.214 Safari/537.36"
20.171.207.69 - - [28/Aug/2025:08:28:04 -0400] "GET /admin/imger/403.php?loknya=%2Fproc%2Fthread-self%2Froot%2Fhome%2Ftaxhyuvu%2F.%2F.%2F.%2F.%2Fnodevenv%2Fpublic_html%2Fdp_taxhelplines%2F14%2Flib%2Fnode_modules%2Fget-intrinsic%2F HTTP/1.1" 200 2598 "-" "Mozilla/5.0 AppleWebKit/537.36 (KHTML, like Gecko; compatible; GPTBot/1.2; +https://openai.com/gptbot)"
202.142.180.61 - - [28/Aug/2025:08:28:05 -0400] "GET /404.php HTTP/1.1" 200 979 "https://taxhelplines.com.pk/news_detaill?id=738" "Mozilla/5.0 (Windows NT 10.0; Win64; x64; rv:142.0) Gecko/20100101 Firefox/142.0"
20.171.207.199 - - [28/Aug/2025:08:28:05 -0400] "GET /admin/imger/403.php?lokasie=%2Flib%2F.build-id%2F1d%2F2fbee642b656d9b76fafd0a39983ffd6e2660f&loknya=%2Flib%2F.build-id%2F1d HTTP/1.1" 200 4985 "-" "Mozilla/5.0 AppleWebKit/537.36 (KHTML, like Gecko; compatible; GPTBot/1.2; +https://openai.com/gptbot)"
18.214.238.178 - - [28/Aug/2025:08:28:05 -0400] "GET /admin/imger/403.php?loknya=/proc/thread-self/root/opt/alt/alt-nodejs18/root/lib/node_modules/npm/node_modules.bundled/package-json-from-dist/dist HTTP/1.1" 200 2150 "-" "Mozilla/5.0 AppleWebKit/537.36 (KHTML, like Gecko; compatible; Amazonbot/0.1; +https://developer.amazon.com/support/amazonbot) Chrome/119.0.6045.214 Safari/537.36"
20.171.207.199 - - [28/Aug/2025:08:28:07 -0400] "GET /admin/imger/403.php?lokasie=%2Flib%2F.build-id%2Fa9%2F54c42c3b3b39bd2c0aa7ea761875da1e7af184&loknya=%2Flib%2F.build-id%2Fa9 HTTP/1.1" 200 18150 "-" "Mozilla/5.0 AppleWebKit/537.36 (KHTML, like Gecko; compatible; GPTBot/1.2; +https://openai.com/gptbot)"
100.28.49.152 - - [28/Aug/2025:08:28:09 -0400] "GET /admin/imger/403.php?loknya=/proc/self/root/proc/thread-self/root/proc/self/root/proc/thread-self/root/lib64/python3.6/site-packages/librepo/__pycache__ HTTP/1.1" 200 2200 "-" "Mozilla/5.0 AppleWebKit/537.36 (KHTML, like Gecko; compatible; Amazonbot/0.1; +https://developer.amazon.com/support/amazonbot) Chrome/119.0.6045.214 Safari/537.36"
20.171.207.69 - - [28/Aug/2025:08:28:09 -0400] "GET /admin/imger/403.php?loknya=%2Fproc%2Fthread-self%2Froot%2Fhome%2Ftaxhyuvu%2F.%2F.%2F.%2F.%2Fnodevenv%2Fpublic_html%2Fdp_taxhelplines%2F10%2Flib%2Fnode_modules%2Fnopt%2Fbin HTTP/1.1" 200 2176 "-" "Mozilla/5.0 AppleWebKit/537.36 (KHTML, like Gecko; compatible; GPTBot/1.2; +https://openai.com/gptbot)"
20.171.207.199 - - [28/Aug/2025:08:28:09 -0400] "GET /admin/imger/403.php?lokasie=%2Flib%2F.build-id%2F77%2F1f20bf9a3c0a48f44e9bf4bcd363a7c90b1ef2&loknya=%2Flib%2F.build-id%2F77 HTTP/1.1" 200 10117 "-" "Mozilla/5.0 AppleWebKit/537.36 (KHTML, like Gecko; compatible; GPTBot/1.2; +https://openai.com/gptbot)"
34.224.9.144 - - [28/Aug/2025:08:28:09 -0400] "GET /admin/imger/403.php?loknya=/proc/self/root/opt/alt/alt-nodejs18/root/lib/node_modules/npm/node_modules/yallist HTTP/1.1" 200 2248 "-" "Mozilla/5.0 AppleWebKit/537.36 (KHTML, like Gecko; compatible; Amazonbot/0.1; +https://developer.amazon.com/support/amazonbot) Chrome/119.0.6045.214 Safari/537.36"
20.171.207.199 - - [28/Aug/2025:08:28:10 -0400] "GET /admin/imger/403.php?lokasie=%2Flib%2F.build-id%2Fe5%2F2f2dcbc59949441f598b833d3e526ab0e3d9ae&loknya=%2Flib%2F.build-id%2Fe5 HTTP/1.1" 200 14559 "-" "Mozilla/5.0 AppleWebKit/537.36 (KHTML, like Gecko; compatible; GPTBot/1.2; +https://openai.com/gptbot)"
20.171.207.69 - - [28/Aug/2025:08:28:11 -0400] "GET /admin/imger/403.php?loknya=%2Fproc%2Fthread-self%2Froot%2Fhome%2Ftaxhyuvu%2F.%2F.%2F.%2F.%2Fnodevenv%2Fpublic_html%2Fdp_taxhelplines%2F14%2Flib%2Fnode_modules%2Ftyped-array-length HTTP/1.1" 200 2600 "-" "Mozilla/5.0 AppleWebKit/537.36 (KHTML, like Gecko; compatible; GPTBot/1.2; +https://openai.com/gptbot)"
20.171.207.199 - - [28/Aug/2025:08:28:11 -0400] "GET /admin/imger/403.php?lokasie=%2Flib%2F.build-id%2F11%2Fe92ecd5d0ed6291d432bee1a2fd4d2276f469d&loknya=%2Flib%2F.build-id%2F11 HTTP/1.1" 200 55248 "-" "Mozilla/5.0 AppleWebKit/537.36 (KHTML, like Gecko; compatible; GPTBot/1.2; +https://openai.com/gptbot)"
20.171.207.199 - - [28/Aug/2025:08:28:04 -0400] "GET /admin/imger/403.php?lokasie=%2Flib%2F.build-id%2F20%2Fae2530c6bf8de2cf967fb187e0a02b7fc3ff4d&loknya=%2Flib%2F.build-id%2F20 HTTP/1.1" 200 136211 "-" "Mozilla/5.0 AppleWebKit/537.36 (KHTML, like Gecko; compatible; GPTBot/1.2; +https://openai.com/gptbot)"
202.142.180.61 - - [28/Aug/2025:08:28:04 -0400] "GET /icon.png HTTP/1.1" 200 399158 "https://taxhelplines.com.pk/news_detaill?id=738" "Mozilla/5.0 (Windows NT 10.0; Win64; x64; rv:142.0) Gecko/20100101 Firefox/142.0"
20.171.207.69 - - [28/Aug/2025:08:28:05 -0400] "GET /admin/imger/403.php?loknya=%2Fproc%2Fthread-self%2Froot%2Fhome%2Ftaxhyuvu%2F.%2F.%2F.%2F.%2Fnodevenv%2Fpublic_html%2Fdp_taxhelplines%2F10%2Flib%2Fnode_modules%2Fassert-plus HTTP/1.1" 200 2382 "-" "Mozilla/5.0 AppleWebKit/537.36 (KHTML, like Gecko; compatible; GPTBot/1.2; +https://openai.com/gptbot)"
20.171.207.69 - - [28/Aug/2025:08:28:06 -0400] "GET /admin/imger/403.php?loknya=%2Fproc%2Fthread-self%2Froot%2Fhome%2Ftaxhyuvu%2F.%2F.%2F.%2F.%2Fnodevenv%2Fpublic_html%2Fdp_taxhelplines%2F10%2Flib%2Fnode_modules%2Fregexpu-core%2Fdata HTTP/1.1" 200 2261 "-" "Mozilla/5.0 AppleWebKit/537.36 (KHTML, like Gecko; compatible; GPTBot/1.2; +https://openai.com/gptbot)"
23.21.179.120 - - [28/Aug/2025:08:28:05 -0400] "GET /admin/imger/403.php?lokasie=/proc/thread-self/root/opt/cloudlinux/alt-php80/root/usr/lib64/httpd/modules/libphp.so&loknya=/proc/thread-self/root/opt/cloudlinux/alt-php80/root/usr/lib64/httpd/modules HTTP/1.1" 200 2158134 "-" "Mozilla/5.0 AppleWebKit/537.36 (KHTML, like Gecko; compatible; Amazonbot/0.1; +https://developer.amazon.com/support/amazonbot) Chrome/119.0.6045.214 Safari/537.36"
52.205.222.214 - - [28/Aug/2025:08:28:07 -0400] "GET /admin/imger/403.php?loknya=/proc/thread-self/root/proc/self/root/proc/self/root/lib64/fipscheck HTTP/1.1" 200 2198 "-" "Mozilla/5.0 AppleWebKit/537.36 (KHTML, like Gecko; compatible; Amazonbot/0.1; +https://developer.amazon.com/support/amazonbot) Chrome/119.0.6045.214 Safari/537.36"
20.171.207.69 - - [28/Aug/2025:08:28:07 -0400] "GET /admin/imger/403.php?loknya=%2Fproc%2Fthread-self%2Froot%2Fhome%2Ftaxhyuvu%2F.%2F.%2F.%2F.%2Fnodevenv%2Fpublic_html%2Fdp_taxhelplines%2F10%2Flib%2Fnode_modules%2Fis-bigint HTTP/1.1" 200 2626 "-" "Mozilla/5.0 AppleWebKit/537.36 (KHTML, like Gecko; compatible; GPTBot/1.2; +https://openai.com/gptbot)"
20.171.207.199 - - [28/Aug/2025:08:28:08 -0400] "GET /admin/imger/403.php?lokasie=%2Flib%2F.build-id%2F37%2Ffeda6ba1be82492d7e85de4872b307cf51b68c&loknya=%2Flib%2F.build-id%2F37 HTTP/1.1" 200 168660 "-" "Mozilla/5.0 AppleWebKit/537.36 (KHTML, like Gecko; compatible; GPTBot/1.2; +https://openai.com/gptbot)"
20.171.207.69 - - [28/Aug/2025:08:28:10 -0400] "GET /admin/imger/403.php?loknya=%2Fproc%2Fthread-self%2Froot%2Fhome%2Ftaxhyuvu%2F.%2F.%2F.%2F.%2Fnodevenv%2Fpublic_html%2Fdp_taxhelplines%2F10%2Flib%2Fnode_modules%2Fajv-errors HTTP/1.1" 200 2414 "-" "Mozilla/5.0 AppleWebKit/537.36 (KHTML, like Gecko; compatible; GPTBot/1.2; +https://openai.com/gptbot)"
34.205.163.103 - - [28/Aug/2025:08:28:11 -0400] "GET /admin/imger/403.php?loknya=/proc/thread-self/root/proc/thread-self/root/lib/firmware/keyspan_pda HTTP/1.1" 200 2130 "-" "Mozilla/5.0 AppleWebKit/537.36 (KHTML, like Gecko; compatible; Amazonbot/0.1; +https://developer.amazon.com/support/amazonbot) Chrome/119.0.6045.214 Safari/537.36"
20.171.207.69 - - [28/Aug/2025:08:28:12 -0400] "GET /admin/imger/403.php?loknya=%2Fproc%2Fthread-self%2Froot%2Fhome%2Ftaxhyuvu%2F.%2F.%2F.%2F.%2Fnodevenv%2Fpublic_html%2Fdp_taxhelplines%2F14%2Flib%2Fnode_modules%2Fdelayed-stream%2Flib HTTP/1.1" 200 2196 "-" "Mozilla/5.0 AppleWebKit/537.36 (KHTML, like Gecko; compatible; GPTBot/1.2; +https://openai.com/gptbot)"
20.171.207.199 - - [28/Aug/2025:08:28:12 -0400] "GET /admin/imger/403.php?lokasie=%2Flib%2F.build-id%2F11%2F92ff9fe30513a27467baeeb3ac4b0c46ade694&loknya=%2Flib%2F.build-id%2F11 HTTP/1.1" 200 8872 "-" "Mozilla/5.0 AppleWebKit/537.36 (KHTML, like Gecko; compatible; GPTBot/1.2; +https://openai.com/gptbot)"
20.171.207.69 - - [28/Aug/2025:08:28:13 -0400] "GET /admin/imger/403.php?loknya=%2Fproc%2Fthread-self%2Froot%2Fhome%2Ftaxhyuvu%2F.%2F.%2F.%2F.%2Fnodevenv%2Fpublic_html%2Fdp_taxhelplines%2F10%2Flib%2Fnode_modules%2Fcall-me-maybe HTTP/1.1" 200 2376 "-" "Mozilla/5.0 AppleWebKit/537.36 (KHTML, like Gecko; compatible; GPTBot/1.2; +https://openai.com/gptbot)"
20.171.207.199 - - [28/Aug/2025:08:28:13 -0400] "GET /admin/imger/403.php?lokasie=%2Flib%2F.build-id%2Fb7%2Fec63dc2d0f025a59fd897767cf3f45d45b8fa4&loknya=%2Flib%2F.build-id%2Fb7 HTTP/1.1" 200 19607 "-" "Mozilla/5.0 AppleWebKit/537.36 (KHTML, like Gecko; compatible; GPTBot/1.2; +https://openai.com/gptbot)"
20.171.207.69 - - [28/Aug/2025:08:28:14 -0400] "GET /admin/imger/403.php?loknya=%2Fproc%2Fthread-self%2Froot%2Fhome%2Ftaxhyuvu%2F.%2F.%2F.%2F.%2Fnodevenv%2Fpublic_html%2Fdp_taxhelplines%2F10%2Flib%2Fnode_modules%2Ffragment-cache HTTP/1.1" 200 2372 "-" "Mozilla/5.0 AppleWebKit/537.36 (KHTML, like Gecko; compatible; GPTBot/1.2; +https://openai.com/gptbot)"
20.171.207.69 - - [28/Aug/2025:08:28:15 -0400] "GET /admin/imger/403.php?loknya=%2Fproc%2Fthread-self%2Froot%2Fhome%2Ftaxhyuvu%2F.%2F.%2F.%2F.%2Fnodevenv%2Fpublic_html%2Fdp_taxhelplines%2F14%2Flib%2Fnode_modules%2Fswiper%2Fcore HTTP/1.1" 200 2770 "-" "Mozilla/5.0 AppleWebKit/537.36 (KHTML, like Gecko; compatible; GPTBot/1.2; +https://openai.com/gptbot)"
20.171.207.199 - - [28/Aug/2025:08:28:16 -0400] "GET /admin/imger/403.php?lokasie=%2Flib%2F.build-id%2Ff3%2Fdc1ce97923890d8edd4a672f11532d10dd2fa5&loknya=%2Flib%2F.build-id%2Ff3 HTTP/1.1" 200 17131 "-" "Mozilla/5.0 AppleWebKit/537.36 (KHTML, like Gecko; compatible; GPTBot/1.2; +https://openai.com/gptbot)"
52.5.242.243 - - [28/Aug/2025:08:28:16 -0400] "GET /admin/imger/403.php?loknya=/opt/alt/alt-nodejs22/root/lib/node_modules/npm/node_modules/foreground-child/dist/esm HTTP/1.1" 200 2284 "-" "Mozilla/5.0 AppleWebKit/537.36 (KHTML, like Gecko; compatible; Amazonbot/0.1; +https://developer.amazon.com/support/amazonbot) Chrome/119.0.6045.214 Safari/537.36"
34.194.95.99 - - [28/Aug/2025:08:28:16 -0400] "GET /admin/imger/403.php?lokasie=/lib/node_modules/npm/man/man3/CPAN::Version.3pm.gz&loknya=/lib/node_modules/npm/man/man3 HTTP/1.1" 200 3115 "-" "Mozilla/5.0 AppleWebKit/537.36 (KHTML, like Gecko; compatible; Amazonbot/0.1; +https://developer.amazon.com/support/amazonbot) Chrome/119.0.6045.214 Safari/537.36"
20.171.207.69 - - [28/Aug/2025:08:28:17 -0400] "GET /admin/imger/403.php?loknya=%2Fproc%2Fthread-self%2Froot%2Fhome%2Ftaxhyuvu%2F.%2F.%2F.%2F.%2Fnodevenv%2Fpublic_html%2Fdp_taxhelplines%2F14%2Flib%2Fnode_modules%2Fis-regexp HTTP/1.1" 200 2286 "-" "Mozilla/5.0 AppleWebKit/537.36 (KHTML, like Gecko; compatible; GPTBot/1.2; +https://openai.com/gptbot)"
44.205.120.22 - - [28/Aug/2025:08:28:17 -0400] "GET /admin/imger/403.php?loknya=/proc/self/root/proc/thread-self/root/proc/thread-self/root/proc/thread-self/root/home/./taxhyuvu/mail/taxhelplines.com.pk/admin/.Archive/new HTTP/1.1" 200 1988 "-" "Mozilla/5.0 AppleWebKit/537.36 (KHTML, like Gecko; compatible; Amazonbot/0.1; +https://developer.amazon.com/support/amazonbot) Chrome/119.0.6045.214 Safari/537.36"
20.171.207.69 - - [28/Aug/2025:08:28:18 -0400] "GET /admin/imger/403.php?loknya=%2Fproc%2Fthread-self%2Froot%2Fhome%2Ftaxhyuvu%2F.%2F.%2F.%2F.%2Fnodevenv%2Fpublic_html%2Fdp_taxhelplines%2F10%2Flib%2Fnode_modules%2Fimg-loader%2F.github HTTP/1.1" 200 2126 "-" "Mozilla/5.0 AppleWebKit/537.36 (KHTML, like Gecko; compatible; GPTBot/1.2; +https://openai.com/gptbot)"
216.73.216.175 - - [28/Aug/2025:08:28:13 -0400] "GET /admin/imger/403.php?lokasie=%2Fproc%2Fself%2Froot%2Fproc%2Fself%2Froot%2Fhome%2F.%2Ftaxhyuvu%2F.%2F.%2F.%2F.%2F.%2F.%2F.%2Fwww%2Fadmin%2Fsro%2F1037%28I%29-2010.pdf&loknya=%2Fproc%2Fself%2Froot%2Fproc%2Fself%2Froot%2Fhome%2F.%2Ftaxhyuvu%2F.%2F.%2F.%2F.%2F.%2F.%2F.%2Fwww%2Fadmin%2Fsro HTTP/1.1" 200 78078 "-" "Mozilla/5.0 AppleWebKit/537.36 (KHTML, like Gecko; compatible; ClaudeBot/1.0; +claudebot@anthropic.com)"
52.0.41.164 - - [28/Aug/2025:08:28:13 -0400] "GET /admin/imger/403.php?loknya=/proc/self/root/proc/thread-self/root/opt/hc_python/lib64/python3.12/site-packages/pydantic/deprecated HTTP/1.1" 200 2536 "-" "Mozilla/5.0 AppleWebKit/537.36 (KHTML, like Gecko; compatible; Amazonbot/0.1; +https://developer.amazon.com/support/amazonbot) Chrome/119.0.6045.214 Safari/537.36"
44.223.115.10 - - [28/Aug/2025:08:28:13 -0400] "GET /admin/imger/403.php?loknya=/proc/thread-self/root/proc/thread-self/root/proc/thread-self/root/proc/thread-self/root/home/./taxhyuvu/public_html/vendor/google/apiclient-services/src/Games HTTP/1.1" 200 4811 "-" "Mozilla/5.0 AppleWebKit/537.36 (KHTML, like Gecko; compatible; Amazonbot/0.1; +https://developer.amazon.com/support/amazonbot) Chrome/119.0.6045.214 Safari/537.36"
20.171.207.199 - - [28/Aug/2025:08:28:14 -0400] "GET /admin/imger/403.php?lokasie=%2Flib%2F.build-id%2Fa2%2F6a50aecc8e48c1fa6e8a64137a7a5c9da52861&loknya=%2Flib%2F.build-id%2Fa2 HTTP/1.1" 200 19190 "-" "Mozilla/5.0 AppleWebKit/537.36 (KHTML, like Gecko; compatible; GPTBot/1.2; +https://openai.com/gptbot)"
20.171.207.199 - - [28/Aug/2025:08:28:17 -0400] "GET /admin/imger/403.php?lokasie=%2Flib%2F.build-id%2Fbf%2Fe22826a10afd98b8a4230f07e16eea9bc5e86d&loknya=%2Flib%2F.build-id%2Fbf HTTP/1.1" 200 125014 "-" "Mozilla/5.0 AppleWebKit/537.36 (KHTML, like Gecko; compatible; GPTBot/1.2; +https://openai.com/gptbot)"
20.171.207.69 - - [28/Aug/2025:08:28:19 -0400] "GET /admin/imger/403.php?loknya=%2Fproc%2Fthread-self%2Froot%2Fhome%2Ftaxhyuvu%2F.%2F.%2F.%2F.%2Fnodevenv%2Fpublic_html%2Fdp_taxhelplines%2F14%2Flib%2Fnode_modules%2Fchalk%2Fnode_modules HTTP/1.1" 200 2151 "-" "Mozilla/5.0 AppleWebKit/537.36 (KHTML, like Gecko; compatible; GPTBot/1.2; +https://openai.com/gptbot)"
98.83.8.142 - - [28/Aug/2025:08:28:19 -0400] "GET /admin/imger/403.php?lokasie=/proc/self/root/lib/node_modules/npm/node_modules/lru-cache/package.json&loknya=/proc/self/root/lib/node_modules/npm/node_modules/lru-cache HTTP/1.1" 200 2460 "-" "Mozilla/5.0 AppleWebKit/537.36 (KHTML, like Gecko; compatible; Amazonbot/0.1; +https://developer.amazon.com/support/amazonbot) Chrome/119.0.6045.214 Safari/537.36"
20.171.207.199 - - [28/Aug/2025:08:28:20 -0400] "GET /admin/imger/403.php?lokasie=%2Flib%2F.build-id%2F4b%2F712811fa4c36deb4716fc867ee3d705dfa4eae&loknya=%2Flib%2F.build-id%2F4b HTTP/1.1" 200 6712 "-" "Mozilla/5.0 AppleWebKit/537.36 (KHTML, like Gecko; compatible; GPTBot/1.2; +https://openai.com/gptbot)"
34.196.6.199 - - [28/Aug/2025:08:28:21 -0400] "GET /admin/imger/403.php?loknya=/proc/self/root/proc/thread-self/root/proc/thread-self/root/home/taxhyuvu/./.npm/_cacache/index-v5/d3/5c HTTP/1.1" 200 2183 "-" "Mozilla/5.0 AppleWebKit/537.36 (KHTML, like Gecko; compatible; Amazonbot/0.1; +https://developer.amazon.com/support/amazonbot) Chrome/119.0.6045.214 Safari/537.36"
20.171.207.199 - - [28/Aug/2025:08:28:21 -0400] "GET /admin/imger/403.php?lokasie=%2Flib%2F.build-id%2F7c%2Fee38a9eea22f2e9ea9f033f396d2310c171f7c&loknya=%2Flib%2F.build-id%2F7c HTTP/1.1" 200 10707 "-" "Mozilla/5.0 AppleWebKit/537.36 (KHTML, like Gecko; compatible; GPTBot/1.2; +https://openai.com/gptbot)"
20.171.207.69 - - [28/Aug/2025:08:28:22 -0400] "GET /admin/imger/403.php?loknya=%2Fproc%2Fthread-self%2Froot%2Fhome%2Ftaxhyuvu%2F.%2F.%2F.%2F.%2Fnodevenv%2Fpublic_html%2Fdp_taxhelplines%2F14%2Flib%2Fnode_modules%2Fhttp-errors HTTP/1.1" 200 2378 "-" "Mozilla/5.0 AppleWebKit/537.36 (KHTML, like Gecko; compatible; GPTBot/1.2; +https://openai.com/gptbot)"
20.171.207.199 - - [28/Aug/2025:08:28:18 -0400] "GET /admin/imger/403.php?lokasie=%2Flib%2F.build-id%2Fc1%2Fa300297b12b7f4cb69ba1cf06559aab98f78b4&loknya=%2Flib%2F.build-id%2Fc1 HTTP/1.1" 200 28771 "-" "Mozilla/5.0 AppleWebKit/537.36 (KHTML, like Gecko; compatible; GPTBot/1.2; +https://openai.com/gptbot)"
20.171.207.199 - - [28/Aug/2025:08:28:19 -0400] "GET /admin/imger/403.php?lokasie=%2Flib%2F.build-id%2F75%2Fe073fa5230abc7d3cec652fe701cd1cf44cdca&loknya=%2Flib%2F.build-id%2F75 HTTP/1.1" 200 6214 "-" "Mozilla/5.0 AppleWebKit/537.36 (KHTML, like Gecko; compatible; GPTBot/1.2; +https://openai.com/gptbot)"
20.171.207.69 - - [28/Aug/2025:08:28:20 -0400] "GET /admin/imger/403.php?loknya=%2Fproc%2Fthread-self%2Froot%2Fhome%2Ftaxhyuvu%2F.%2F.%2F.%2F.%2Fnodevenv%2Fpublic_html%2Fdp_taxhelplines%2F10%2Flib%2Fnode_modules%2Fchokidar HTTP/1.1" 200 2441 "-" "Mozilla/5.0 AppleWebKit/537.36 (KHTML, like Gecko; compatible; GPTBot/1.2; +https://openai.com/gptbot)"
20.171.207.69 - - [28/Aug/2025:08:28:21 -0400] "GET /admin/imger/403.php?loknya=%2Fproc%2Fthread-self%2Froot%2Fhome%2Ftaxhyuvu%2F.%2F.%2F.%2F.%2Fnodevenv%2Fpublic_html%2Fdp_taxhelplines%2F10%2Flib%2Fnode_modules%2Fajv-errors%2Flib HTTP/1.1" 200 2173 "-" "Mozilla/5.0 AppleWebKit/537.36 (KHTML, like Gecko; compatible; GPTBot/1.2; +https://openai.com/gptbot)"
3.229.2.217 - - [28/Aug/2025:08:28:22 -0400] "GET /admin/imger/403.php?loknya=/proc/self/root/opt/alt/alt-nodejs8/root/lib/node_modules/npm/node_modules/ms HTTP/1.1" 200 2247 "-" "Mozilla/5.0 AppleWebKit/537.36 (KHTML, like Gecko; compatible; Amazonbot/0.1; +https://developer.amazon.com/support/amazonbot) Chrome/119.0.6045.214 Safari/537.36"
20.171.207.199 - - [28/Aug/2025:08:28:23 -0400] "GET /admin/imger/403.php?lokasie=%2Flib%2F.build-id%2F93%2F30a661aa68fd78b89eca2eac7d11b1aa27dcde&loknya=%2Flib%2F.build-id%2F93 HTTP/1.1" 200 26301 "-" "Mozilla/5.0 AppleWebKit/537.36 (KHTML, like Gecko; compatible; GPTBot/1.2; +https://openai.com/gptbot)"
20.171.207.69 - - [28/Aug/2025:08:28:23 -0400] "GET /admin/imger/403.php?loknya=%2Fproc%2Fthread-self%2Froot%2Fhome%2Ftaxhyuvu%2F.%2F.%2F.%2F.%2Fnodevenv%2Fpublic_html%2Fdp_taxhelplines%2F14%2Fnode_modules%2Fdelayed-stream%2F HTTP/1.1" 200 1980 "-" "Mozilla/5.0 AppleWebKit/537.36 (KHTML, like Gecko; compatible; GPTBot/1.2; +https://openai.com/gptbot)"
20.171.207.199 - - [28/Aug/2025:08:28:24 -0400] "GET /admin/imger/403.php?lokasie=%2Flib%2F.build-id%2F34%2F2cc6406306d5e729dafaf0cf3415bc1aef0f14&loknya=%2Flib%2F.build-id%2F34 HTTP/1.1" 200 63779 "-" "Mozilla/5.0 AppleWebKit/537.36 (KHTML, like Gecko; compatible; GPTBot/1.2; +https://openai.com/gptbot)"
98.82.39.241 - - [28/Aug/2025:08:28:24 -0400] "GET /admin/imger/403.php?lokasie=/proc/self/root/lib/node_modules/npm/man/mann/tk_getOpenFile.n.gz&loknya=/proc/self/root/lib/node_modules/npm/man/mann HTTP/1.1" 200 6414 "-" "Mozilla/5.0 AppleWebKit/537.36 (KHTML, like Gecko; compatible; Amazonbot/0.1; +https://developer.amazon.com/support/amazonbot) Chrome/119.0.6045.214 Safari/537.36"
3.93.211.16 - - [28/Aug/2025:08:28:25 -0400] "GET /admin/imger/403.php?loknya=/proc/self/proc/thread-self/proc/thread-self/opt HTTP/1.1" 200 1871 "-" "Mozilla/5.0 AppleWebKit/537.36 (KHTML, like Gecko; compatible; Amazonbot/0.1; +https://developer.amazon.com/support/amazonbot) Chrome/119.0.6045.214 Safari/537.36"
34.206.212.24 - - [28/Aug/2025:08:28:25 -0400] "GET /admin/imger/403.php?loknya=/proc/thread-self/root/proc/self/root/proc/thread-self/root/proc/thread-self/root/opt/alt/python37/lib/python3.7/site-packages/setuptools/_distutils HTTP/1.1" 200 3425 "-" "Mozilla/5.0 AppleWebKit/537.36 (KHTML, like Gecko; compatible; Amazonbot/0.1; +https://developer.amazon.com/support/amazonbot) Chrome/119.0.6045.214 Safari/537.36"
20.171.207.199 - - [28/Aug/2025:08:28:25 -0400] "GET /admin/imger/403.php?lokasie=%2Flib%2F.build-id%2F2f%2F77b9aa1b450e2cc529ffb43304ed4ff389652e&loknya=%2Flib%2F.build-id%2F2f HTTP/1.1" 200 5068 "-" "Mozilla/5.0 AppleWebKit/537.36 (KHTML, like Gecko; compatible; GPTBot/1.2; +https://openai.com/gptbot)"
20.171.207.199 - - [28/Aug/2025:08:28:26 -0400] "GET /admin/imger/403.php?lokasie=%2Flib%2F.build-id%2F12%2Fc2ead342f26e685de58d39fbae8c94aef4dab9&loknya=%2Flib%2F.build-id%2F12 HTTP/1.1" 200 21045 "-" "Mozilla/5.0 AppleWebKit/537.36 (KHTML, like Gecko; compatible; GPTBot/1.2; +https://openai.com/gptbot)"
3.223.181.32 - - [28/Aug/2025:08:28:27 -0400] "GET /admin/imger/403.php?loknya=/proc/thread-self/root/proc/thread-self/root/proc/thread-self/root/opt/alt/alt-nodejs10/root/lib/node_modules/npm/node_modules/socks HTTP/1.1" 200 2512 "-" "Mozilla/5.0 AppleWebKit/537.36 (KHTML, like Gecko; compatible; Amazonbot/0.1; +https://developer.amazon.com/support/amazonbot) Chrome/119.0.6045.214 Safari/537.36"
20.171.207.69 - - [28/Aug/2025:08:28:28 -0400] "GET /admin/imger/403.php?loknya=%2Fproc%2Fthread-self%2Froot%2Fhome%2Ftaxhyuvu%2F.%2F.%2F.%2F.%2Fnodevenv%2Fpublic_html%2Fdp_taxhelplines%2F10%2Flib%2Fnode_modules%2Ffunctions-have-names HTTP/1.1" 200 2634 "-" "Mozilla/5.0 AppleWebKit/537.36 (KHTML, like Gecko; compatible; GPTBot/1.2; +https://openai.com/gptbot)"
20.171.207.199 - - [28/Aug/2025:08:28:28 -0400] "GET /admin/imger/403.php?lokasie=%2Flib%2F.build-id%2Fe7%2Ff4b672b75bfecf25a4fc13da4f53352c987d9d&loknya=%2Flib%2F.build-id%2Fe7 HTTP/1.1" 200 5007 "-" "Mozilla/5.0 AppleWebKit/537.36 (KHTML, like Gecko; compatible; GPTBot/1.2; +https://openai.com/gptbot)"
35.174.253.85 - - [28/Aug/2025:08:28:28 -0400] "GET /admin/imger/403.php?loknya=/proc/thread-self/root/proc/thread-self/root/proc/thread-self/root/proc/self/root/home/taxhyuvu/.cagefs/var/cpanel/php/sessions/ea-php71 HTTP/1.1" 200 1992 "-" "Mozilla/5.0 AppleWebKit/537.36 (KHTML, like Gecko; compatible; Amazonbot/0.1; +https://developer.amazon.com/support/amazonbot) Chrome/119.0.6045.214 Safari/537.36"
20.171.207.69 - - [28/Aug/2025:08:28:29 -0400] "GET /admin/imger/403.php?loknya=%2Fproc%2Fthread-self%2Froot%2Fhome%2Ftaxhyuvu%2F.%2F.%2F.%2F.%2Fnodevenv%2Fpublic_html%2Fdp_taxhelplines%2F14%2Flib%2Fnode_modules%2Fis-typed-array%2F.github HTTP/1.1" 200 2197 "-" "Mozilla/5.0 AppleWebKit/537.36 (KHTML, like Gecko; compatible; GPTBot/1.2; +https://openai.com/gptbot)"
20.171.207.199 - - [28/Aug/2025:08:28:30 -0400] "GET /admin/imger/403.php?lokasie=%2Flib%2F.build-id%2Fbf%2Fe25b1e6c2e21ef7c8c51d75dc480016cd29f70&loknya=%2Flib%2F.build-id%2Fbf HTTP/1.1" 200 335077 "-" "Mozilla/5.0 AppleWebKit/537.36 (KHTML, like Gecko; compatible; GPTBot/1.2; +https://openai.com/gptbot)"
20.171.207.69 - - [28/Aug/2025:08:28:30 -0400] "GET /admin/imger/403.php?loknya=%2Fproc%2Fthread-self%2Froot%2Fhome%2Ftaxhyuvu%2F.%2F.%2F.%2F.%2Fnodevenv%2Fpublic_html%2Fdp_taxhelplines%2F10%2Flib%2Fnode_modules%2Fnan%2Ftools HTTP/1.1" 200 2281 "-" "Mozilla/5.0 AppleWebKit/537.36 (KHTML, like Gecko; compatible; GPTBot/1.2; +https://openai.com/gptbot)"
20.171.207.69 - - [28/Aug/2025:08:28:31 -0400] "GET /admin/imger/403.php?loknya=%2Fproc%2Fthread-self%2Froot%2Fhome%2Ftaxhyuvu%2F.%2F.%2F.%2F.%2Fnodevenv%2Fpublic_html%2Fdp_taxhelplines%2F10%2Flib%2Fnode_modules%2Fstring_decoder HTTP/1.1" 200 2371 "-" "Mozilla/5.0 AppleWebKit/537.36 (KHTML, like Gecko; compatible; GPTBot/1.2; +https://openai.com/gptbot)"
52.204.71.8 - - [28/Aug/2025:08:28:32 -0400] "GET /admin/imger/403.php?loknya=/proc/thread-self/root/opt/cloudlinux/alt-php74/root/etc/sysconfig HTTP/1.1" 200 2088 "-" "Mozilla/5.0 AppleWebKit/537.36 (KHTML, like Gecko; compatible; Amazonbot/0.1; +https://developer.amazon.com/support/amazonbot) Chrome/119.0.6045.214 Safari/537.36"
20.171.207.69 - - [28/Aug/2025:08:28:33 -0400] "GET /admin/imger/403.php?loknya=%2Fproc%2Fthread-self%2Froot%2Fhome%2Ftaxhyuvu%2F.%2F.%2F.%2F.%2Fnodevenv%2Fpublic_html%2Fdp_taxhelplines%2F10%2Flib%2Fnode_modules%2Fajv-errors%2Flib%2Fdotjs HTTP/1.1" 200 2259 "-" "Mozilla/5.0 AppleWebKit/537.36 (KHTML, like Gecko; compatible; GPTBot/1.2; +https://openai.com/gptbot)"
216.73.216.175 - - [28/Aug/2025:08:28:23 -0400] "GET /admin/imger/403.php?lokasie=%2Fproc%2Fself%2Froot%2Fproc%2Fself%2Froot%2Fhome%2F.%2Ftaxhyuvu%2F.%2F.%2F.%2F.%2F.%2F.%2F%2Fadmin%2Fviewreport.php&loknya=%2Fproc%2Fself%2Froot%2Fproc%2Fself%2Froot%2Fhome%2F.%2Ftaxhyuvu%2F.%2F.%2F.%2F.%2F.%2F.%2F%2Fadmin HTTP/1.1" 200 3376 "-" "Mozilla/5.0 AppleWebKit/537.36 (KHTML, like Gecko; compatible; ClaudeBot/1.0; +claudebot@anthropic.com)"
20.171.207.69 - - [28/Aug/2025:08:28:25 -0400] "GET /admin/imger/403.php?loknya=%2Fproc%2Fthread-self%2Froot%2Fhome%2Ftaxhyuvu%2F.%2F.%2F.%2F.%2Fnodevenv%2Fpublic_html%2Fdp_taxhelplines%2F14%2Flib%2Fnode_modules%2Ftyped-array-length%2Ftest HTTP/1.1" 200 2197 "-" "Mozilla/5.0 AppleWebKit/537.36 (KHTML, like Gecko; compatible; GPTBot/1.2; +https://openai.com/gptbot)"
20.171.207.69 - - [28/Aug/2025:08:28:26 -0400] "GET /admin/imger/403.php?loknya=%2Fproc%2Fthread-self%2Froot%2Fhome%2Ftaxhyuvu%2F.%2F.%2F.%2F.%2Fnodevenv%2Fpublic_html%2Fdp_taxhelplines%2F14%2Flib%2Fnode_modules%2Freact-multi-carousel%2F HTTP/1.1" 200 3015 "-" "Mozilla/5.0 AppleWebKit/537.36 (KHTML, like Gecko; compatible; GPTBot/1.2; +https://openai.com/gptbot)"
20.171.207.69 - - [28/Aug/2025:08:28:27 -0400] "GET /admin/imger/403.php?loknya=%2Fproc%2Fthread-self%2Froot%2Fhome%2Ftaxhyuvu%2F.%2F.%2F.%2F.%2Fnodevenv%2Fpublic_html%2Fdp_taxhelplines%2F10%2Flib%2Fnode_modules%2Fgensync HTTP/1.1" 200 2466 "-" "Mozilla/5.0 AppleWebKit/537.36 (KHTML, like Gecko; compatible; GPTBot/1.2; +https://openai.com/gptbot)"
20.171.207.199 - - [28/Aug/2025:08:28:27 -0400] "GET /admin/imger/403.php?lokasie=%2Flib%2F.build-id%2F59%2F387cdcb9fe663c216eca8cecb7cdda63021363&loknya=%2Flib%2F.build-id%2F59 HTTP/1.1" 200 6308 "-" "Mozilla/5.0 AppleWebKit/537.36 (KHTML, like Gecko; compatible; GPTBot/1.2; +https://openai.com/gptbot)"
113.181.36.38 - - [28/Aug/2025:08:28:27 -0400] "GET /news?page=10 HTTP/1.1" 200 10506 "-" "Mozilla/5.0 (iPhone; CPU iPhone OS 17_1 like Mac OS X) AppleWebKit/605.1.15 (KHTML, like Gecko) EdgiOS/119.0.2151.65 Version/17.0 Mobile/15E148 Safari/604.1"
44.223.116.180 - - [28/Aug/2025:08:28:28 -0400] "GET /admin/imger/403.php?loknya=/proc/self/root/opt/alt/alt-nodejs16/root/lib/node_modules/npm/node_modules/walk-up-path HTTP/1.1" 200 2217 "-" "Mozilla/5.0 AppleWebKit/537.36 (KHTML, like Gecko; compatible; Amazonbot/0.1; +https://developer.amazon.com/support/amazonbot) Chrome/119.0.6045.214 Safari/537.36"
20.171.207.199 - - [28/Aug/2025:08:28:31 -0400] "GET /admin/imger/403.php?lokasie=%2Flib%2F.build-id%2F5d%2Fcd34e815189f3c1089db5cc3506b7bc1f58a7a&loknya=%2Flib%2F.build-id%2F5d HTTP/1.1" 200 113828 "-" "Mozilla/5.0 AppleWebKit/537.36 (KHTML, like Gecko; compatible; GPTBot/1.2; +https://openai.com/gptbot)"
20.171.207.199 - - [28/Aug/2025:08:28:32 -0400] "GET /admin/imger/403.php?lokasie=%2Flib%2F.build-id%2Ffd%2F8b2ec0a6370bcf6ad19c741c2fb5486110d3a5&loknya=%2Flib%2F.build-id%2Ffd HTTP/1.1" 200 5417 "-" "Mozilla/5.0 AppleWebKit/537.36 (KHTML, like Gecko; compatible; GPTBot/1.2; +https://openai.com/gptbot)"
52.54.15.103 - - [28/Aug/2025:08:28:32 -0400] "GET /admin/imger/403.php?loknya=/proc/self/root/opt/alt/alt-nodejs9/root/lib/node_modules/npm/node_modules/tar HTTP/1.1" 200 2367 "-" "Mozilla/5.0 AppleWebKit/537.36 (KHTML, like Gecko; compatible; Amazonbot/0.1; +https://developer.amazon.com/support/amazonbot) Chrome/119.0.6045.214 Safari/537.36"
20.171.207.69 - - [28/Aug/2025:08:28:34 -0400] "GET /admin/imger/403.php?loknya=%2Fproc%2Fthread-self%2Froot%2Fhome%2Ftaxhyuvu%2F.%2F.%2F.%2F.%2Fnodevenv%2Fpublic_html%2Fdp_taxhelplines%2F14%2Flib%2Fnode_modules%2Fes-abstract HTTP/1.1" 200 3239 "-" "Mozilla/5.0 AppleWebKit/537.36 (KHTML, like Gecko; compatible; GPTBot/1.2; +https://openai.com/gptbot)"
20.171.207.199 - - [28/Aug/2025:08:28:34 -0400] "GET /admin/imger/403.php?lokasie=%2Flib%2F.build-id%2F27%2F48fc4ba79cd7c90a45ddb24b1b6b57a2ae0344&loknya=%2Flib%2F.build-id%2F27 HTTP/1.1" 200 19280 "-" "Mozilla/5.0 AppleWebKit/537.36 (KHTML, like Gecko; compatible; GPTBot/1.2; +https://openai.com/gptbot)"
