74.7.227.51 - - [12/Dec/2025:07:14:29 -0500] "GET /admin/imger/403.php?lokasie=/proc/self/root/proc/self/root/proc/self/root/proc/thread-self/root/proc/thread-self/root/proc/self/root/proc/thread-self/root/proc/self/root/proc/self/root/var/softaculous/sitepad/editor/site-data/plugins/siteseo/main/settings/util.php&loknya=/proc/self/root/proc/self/root/proc/self/root/proc/thread-self/root/proc/thread-self/root/proc/self/root/proc/thread-self/root/proc/self/root/proc/self/root/var/softaculous/sitepad/editor/site-data/plugins/siteseo/main/settings HTTP/1.1" 200 3108 "-" "Mozilla/5.0 AppleWebKit/537.36 (KHTML, like Gecko; compatible; GPTBot/1.3; +https://openai.com/gptbot)"
74.7.243.128 - - [12/Dec/2025:07:14:29 -0500] "GET /admin/imger/403.php?loknya=/proc/thread-self/root/proc/self/root/home/taxhyuvu/././././nodevenv/public_html/dp_taxlplines/10/lib/ HTTP/1.1" 200 1977 "-" "Mozilla/5.0 AppleWebKit/537.36 (KHTML, like Gecko; compatible; GPTBot/1.3; +https://openai.com/gptbot)"
74.7.227.56 - - [12/Dec/2025:07:14:29 -0500] "GET /admin/imger/403.php?loknya=/proc/thread-self/root/proc/thread-self/root/proc/self/root/proc/thread-self/root/proc/self/root/usr/lib64/python3.6/site-packages/libcomps-0.1.18-py3.6.egg-info HTTP/1.1" 200 2334 "-" "Mozilla/5.0 AppleWebKit/537.36 (KHTML, like Gecko; compatible; GPTBot/1.3; +https://openai.com/gptbot)"
74.7.241.45 - - [12/Dec/2025:07:14:29 -0500] "GET /admin/imger/403.php?loknya=/proc/self/root/proc/thread-self/root/proc/self/root/proc/thread-self/root/proc/thread-self/root/opt/alt/alt-nodejs8/root/lib/node_modules/npm/node_modules.bundled/execa/lib HTTP/1.1" 200 2266 "-" "Mozilla/5.0 AppleWebKit/537.36 (KHTML, like Gecko; compatible; GPTBot/1.3; +https://openai.com/gptbot)"
74.7.227.63 - - [12/Dec/2025:07:14:29 -0500] "GET /admin/imger/403.php?loknya=/proc/self/root/proc/thread-self/root/proc/self/root/proc/self/root/proc/self/root/opt/alt/alt-nodejs9/root/npm/request/form-data/ HTTP/1.1" 200 1988 "-" "Mozilla/5.0 AppleWebKit/537.36 (KHTML, like Gecko; compatible; GPTBot/1.3; +https://openai.com/gptbot)"
74.7.243.221 - - [12/Dec/2025:07:14:29 -0500] "GET /admin/imger/403.php?loknya=/proc/thread-self/root/proc/self/root/proc/self/root/proc/self/root/proc/thread-self/root/opt/alt/alt-nodejs12/root/lib/node_modules/npm/node_modules.bundled/stream-shift HTTP/1.1" 200 2498 "-" "Mozilla/5.0 AppleWebKit/537.36 (KHTML, like Gecko; compatible; GPTBot/1.3; +https://openai.com/gptbot)"
74.7.241.10 - - [12/Dec/2025:07:14:29 -0500] "GET /admin/imger/403.php?lokasie=/proc/thread-self/root/proc/self/root/proc/thread-self/root/proc/thread-self/root/proc/self/root/opt/alt/alt-nodejs14/root/usr/lib/node_modules/npm/lib//view.js&loknya=/proc/thread-self/root/proc/self/root/proc/thread-self/root/proc/thread-self/root/proc/self/root/opt/alt/alt-nodejs14/root/usr/lib/node_modules/npm/lib/ HTTP/1.1" 200 6816 "-" "Mozilla/5.0 AppleWebKit/537.36 (KHTML, like Gecko; compatible; GPTBot/1.3; +https://openai.com/gptbot)"
74.7.227.51 - - [12/Dec/2025:07:14:29 -0500] "GET /admin/imger/403.php?loknya=/proc/self/root/proc/self/root/proc/self/root/proc/thread-self/root/proc/thread-self/root/proc/self/root/proc/thread-self/root/proc/self/root/proc/self/root/var/softaculous/sitepad/editor/site-data/plugins/siteseo/main/ HTTP/1.1" 200 3022 "-" "Mozilla/5.0 AppleWebKit/537.36 (KHTML, like Gecko; compatible; GPTBot/1.3; +https://openai.com/gptbot)"
74.7.227.9 - - [12/Dec/2025:07:14:30 -0500] "GET /admin/imger/403.php?loknya=/proc/thread-self/root/proc/self/root/proc/self/root/proc/thread-self/root/proc/1507776/task/1507776/root/proc/1507776/root/var/softaculous/cake/php82 HTTP/1.1" 200 2007 "-" "Mozilla/5.0 AppleWebKit/537.36 (KHTML, like Gecko; compatible; GPTBot/1.3; +https://openai.com/gptbot)"
74.7.243.194 - - [12/Dec/2025:07:14:29 -0500] "GET /admin/imger/403.php?loknya=/proc/thread-self/root/proc/thread-self/root/proc/self/root/proc/self/root/proc/self/root/opt/alt/alt-nodejs11/root/usr/node_modules/npm/node_modules/dashdash/ HTTP/1.1" 200 2008 "-" "Mozilla/5.0 AppleWebKit/537.36 (KHTML, like Gecko; compatible; GPTBot/1.3; +https://openai.com/gptbot)"
74.7.243.221 - - [12/Dec/2025:07:14:30 -0500] "GET /admin/imger/403.php?loknya=/proc/thread-self/root/proc/self/root/proc/self/root/proc/self/root/proc/thread-self/root/opt/alt/alt-nodejs20/root/lib/node_modules/npm/node_modules/semver/bin HTTP/1.1" 200 2191 "-" "Mozilla/5.0 AppleWebKit/537.36 (KHTML, like Gecko; compatible; GPTBot/1.3; +https://openai.com/gptbot)"
74.7.241.10 - - [12/Dec/2025:07:14:30 -0500] "GET /admin/imger/403.php?loknya=/proc/thread-self/root/proc/self/root/proc/thread-self/root/proc/thread-self/root/proc/self/root/opt/alt/php73/link/ HTTP/1.1" 200 2084 "-" "Mozilla/5.0 AppleWebKit/537.36 (KHTML, like Gecko; compatible; GPTBot/1.3; +https://openai.com/gptbot)"
74.7.241.45 - - [12/Dec/2025:07:14:30 -0500] "GET /admin/imger/403.php?loknya=/proc/thread-self/root/proc/self/root/proc/self/root/proc/self/root/proc/thread-self/root/opt/alt/alt-nodejs10/root/lib/node_modules/npm/node_modules.bundled/timed-out HTTP/1.1" 200 2335 "-" "Mozilla/5.0 AppleWebKit/537.36 (KHTML, like Gecko; compatible; GPTBot/1.3; +https://openai.com/gptbot)"
23.21.119.232 - - [12/Dec/2025:07:14:30 -0500] "GET /admin/imger/403.php?lokasie=/opt/cloudlinux/alt-php81/root/usr/include/php/ext/swoole/thirdparty/nghttp2/nghttp2.h&loknya=/opt/cloudlinux/alt-php81/root/usr/include/php/ext/swoole/thirdparty/nghttp2 HTTP/1.1" 200 12967 "-" "Mozilla/5.0 AppleWebKit/537.36 (KHTML, like Gecko; compatible; Amazonbot/0.1; +https://developer.amazon.com/support/amazonbot) Chrome/119.0.6045.214 Safari/537.36"
74.7.243.194 - - [12/Dec/2025:07:14:30 -0500] "GET /admin/imger/403.php?loknya=/proc/self/root/proc/thread-self/root/proc/self/root/proc/self/root/proc/self/root/opt/alt/alt-nodejs10/root/usr/lib/npm/.bundled/string-width/ HTTP/1.1" 200 2017 "-" "Mozilla/5.0 AppleWebKit/537.36 (KHTML, like Gecko; compatible; GPTBot/1.3; +https://openai.com/gptbot)"
74.7.243.221 - - [12/Dec/2025:07:14:30 -0500] "GET /admin/imger/403.php?loknya=/proc/thread-self/root/proc/self/root/proc/thread-self/root/proc/self/root/proc/self/root/opt/alt/alt-nodejs24/root/node_modules/npm/node_modules/@npmcli/metavuln-calculator/ HTTP/1.1" 200 2028 "-" "Mozilla/5.0 AppleWebKit/537.36 (KHTML, like Gecko; compatible; GPTBot/1.3; +https://openai.com/gptbot)"
34.239.197.197 - - [12/Dec/2025:07:14:30 -0500] "GET /admin/imger/403.php?loknya=/proc/thread-self/root/proc/self/root/proc/self/root/proc/self/root/opt/alt/openldap11/etc HTTP/1.1" 200 2051 "-" "Mozilla/5.0 AppleWebKit/537.36 (KHTML, like Gecko; compatible; Amazonbot/0.1; +https://developer.amazon.com/support/amazonbot) Chrome/119.0.6045.214 Safari/537.36"
74.7.227.9 - - [12/Dec/2025:07:14:30 -0500] "GET /admin/imger/403.php?loknya=/proc/thread-self/root/proc/self/root/proc/self/root/proc/thread-self/root/proc/1507776/task/1507776/root/proc/1507776/root/var/softaculous/bagisto/php56 HTTP/1.1" 200 2009 "-" "Mozilla/5.0 AppleWebKit/537.36 (KHTML, like Gecko; compatible; GPTBot/1.3; +https://openai.com/gptbot)"
74.7.227.51 - - [12/Dec/2025:07:14:30 -0500] "GET /admin/imger/403.php?loknya=/proc/self/root/proc/self/root/proc/self/root/proc/thread-self/root/proc/thread-self/root/proc/self/root/proc/thread-self/root/proc/self/root/proc/self/root/var/softaculous/sitepad/editor/site-data/plugins/documentor/includes/admin HTTP/1.1" 200 2440 "-" "Mozilla/5.0 AppleWebKit/537.36 (KHTML, like Gecko; compatible; GPTBot/1.3; +https://openai.com/gptbot)"
74.7.227.51 - - [12/Dec/2025:07:14:30 -0500] "GET /admin/imger/403.php?loknya=/proc/self/root/proc/self/root/proc/self/root/proc/thread-self/root/proc/thread-self/root/proc/self/root/proc/thread-self/root/proc/self/root/proc/self/root/var/softaculous/sitepad/editor/site-data/plugins/loginizer/assets/js HTTP/1.1" 200 2385 "-" "Mozilla/5.0 AppleWebKit/537.36 (KHTML, like Gecko; compatible; GPTBot/1.3; +https://openai.com/gptbot)"
74.7.243.128 - - [12/Dec/2025:07:14:30 -0500] "GET /admin/imger/403.php?loknya=/proc/thread-self/root/proc/self/root/home/taxhyuvu/././././nodevenv/public_html/dp_taxhelplines/10/lib/node_modules/@mui/material/node_modules HTTP/1.1" 200 2175 "-" "Mozilla/5.0 AppleWebKit/537.36 (KHTML, like Gecko; compatible; GPTBot/1.3; +https://openai.com/gptbot)"
74.7.227.56 - - [12/Dec/2025:07:14:30 -0500] "GET /admin/imger/403.php?loknya=/proc/thread-self/root/proc/thread-self/root/proc/self/root/proc/thread-self/root/proc/self/root/usr/lib/gcc/x86_64-redhat-linux/8/32 HTTP/1.1" 200 2995 "-" "Mozilla/5.0 AppleWebKit/537.36 (KHTML, like Gecko; compatible; GPTBot/1.3; +https://openai.com/gptbot)"
74.7.227.63 - - [12/Dec/2025:07:14:30 -0500] "GET /admin/imger/403.php?loknya=/proc/self/root/proc/self/root/proc/thread-self/root/proc/self/root/proc/thread-self/root/opt/alt/alt-nodejs9/root/usr/lib/node_modules/npm/node_modules/validate-npm-package-name HTTP/1.1" 200 2545 "-" "Mozilla/5.0 AppleWebKit/537.36 (KHTML, like Gecko; compatible; GPTBot/1.3; +https://openai.com/gptbot)"
74.7.241.10 - - [12/Dec/2025:07:14:30 -0500] "GET /admin/imger/403.php?loknya=/proc/thread-self/root/proc/self/root/proc/thread-self/root/proc/thread-self/root/proc/self/root/opt/alt/alt-nodejs14/root/var/games HTTP/1.1" 200 1973 "-" "Mozilla/5.0 AppleWebKit/537.36 (KHTML, like Gecko; compatible; GPTBot/1.3; +https://openai.com/gptbot)"
74.7.227.56 - - [12/Dec/2025:07:14:31 -0500] "GET /admin/imger/403.php?loknya=/proc/thread-self/root/proc/thread-self/root/proc/self/root/proc/thread-self/root/proc/self/root/lib64/python3.8/lib2to3/fixes/__pycache__ HTTP/1.1" 200 6989 "-" "Mozilla/5.0 AppleWebKit/537.36 (KHTML, like Gecko; compatible; GPTBot/1.3; +https://openai.com/gptbot)"
74.7.227.63 - - [12/Dec/2025:07:14:31 -0500] "GET /admin/imger/403.php?loknya=/proc/self/root/proc/self/root/proc/thread-self/root/proc/self/root/proc/thread-self/root/opt/alt/alt-nodejs14/root/lib/node_modules/npm/node_modules/uri-js HTTP/1.1" 200 2454 "-" "Mozilla/5.0 AppleWebKit/537.36 (KHTML, like Gecko; compatible; GPTBot/1.3; +https://openai.com/gptbot)"
74.7.243.221 - - [12/Dec/2025:07:14:31 -0500] "GET /admin/imger/403.php?loknya=/proc/thread-self/root/proc/self/root/proc/self/root/proc/self/root/proc/thread-self/root/opt/alt/alt-nodejs8/root/usr/lib/node_modules/npm/node_modules.bundled/sshpk/lib HTTP/1.1" 200 2835 "-" "Mozilla/5.0 AppleWebKit/537.36 (KHTML, like Gecko; compatible; GPTBot/1.3; +https://openai.com/gptbot)"
74.7.243.128 - - [12/Dec/2025:07:14:31 -0500] "GET /admin/imger/403.php?loknya=/proc/thread-self/root/proc/self/root/home/taxhyuvu/././././nodevenv/public_html/dp_taxhelplines/10/lib/node_modules/@mui/material/locale HTTP/1.1" 200 2310 "-" "Mozilla/5.0 AppleWebKit/537.36 (KHTML, like Gecko; compatible; GPTBot/1.3; +https://openai.com/gptbot)"
74.7.241.45 - - [12/Dec/2025:07:14:31 -0500] "GET /admin/imger/403.php?loknya=/proc/thread-self/root/proc/thread-self/root/proc/self/root/proc/self/root/proc/self/root/opt/alt/alt-nodejs10/root/node_modules/npm/node_modules/jsprim/ HTTP/1.1" 200 1997 "-" "Mozilla/5.0 AppleWebKit/537.36 (KHTML, like Gecko; compatible; GPTBot/1.3; +https://openai.com/gptbot)"
74.7.243.194 - - [12/Dec/2025:07:14:31 -0500] "GET /admin/imger/403.php?loknya=/proc/self/root/proc/thread-self/root/proc/self/root/proc/self/root/proc/self/root/opt/alt/alt-nodejs10/root/usr/lib/node_modules/npm/node_modules.bundled/string-width/node_modules/is-fullwidth-code-point HTTP/1.1" 200 2406 "-" "Mozilla/5.0 AppleWebKit/537.36 (KHTML, like Gecko; compatible; GPTBot/1.3; +https://openai.com/gptbot)"
74.7.243.128 - - [12/Dec/2025:07:14:30 -0500] "GET /admin/imger/403.php?loknya=/proc/thread-self/root/proc/self/root/home/taxhyuvu/././././nodevenv/public_html/dp_taxhelplines/10/lib/node_modules/@mui/material/modern HTTP/1.1" 200 6844 "-" "Mozilla/5.0 AppleWebKit/537.36 (KHTML, like Gecko; compatible; GPTBot/1.3; +https://openai.com/gptbot)"
52.45.92.83 - - [12/Dec/2025:07:14:31 -0500] "GET /admin/imger/403.php?lokasie=/opt/alt/openssl/share/man/man3/SSL_CTX_set_ex_data.3ssl&loknya=/opt/alt/openssl/share/man/man3 HTTP/1.1" 200 4019 "-" "Mozilla/5.0 AppleWebKit/537.36 (KHTML, like Gecko; compatible; Amazonbot/0.1; +https://developer.amazon.com/support/amazonbot) Chrome/119.0.6045.214 Safari/537.36"
74.7.241.45 - - [12/Dec/2025:07:14:31 -0500] "GET /admin/imger/403.php?loknya=/proc/self/root/proc/self/root/proc/thread-self/root/proc/self/root/proc/thread-self/root/opt/alt/alt-nodejs20/root/node_modules/npm/node_modules/fs-minipass/ HTTP/1.1" 200 2002 "-" "Mozilla/5.0 AppleWebKit/537.36 (KHTML, like Gecko; compatible; GPTBot/1.3; +https://openai.com/gptbot)"
74.7.243.194 - - [12/Dec/2025:07:14:31 -0500] "GET /admin/imger/403.php?loknya=/proc/self/root/proc/thread-self/root/proc/self/root/proc/self/root/proc/self/root/opt/alt/alt-nodejs10/root/usr/lib/node_modules/npm/node_modules.bundled/string-width/node_modules/ansi-regex HTTP/1.1" 200 2390 "-" "Mozilla/5.0 AppleWebKit/537.36 (KHTML, like Gecko; compatible; GPTBot/1.3; +https://openai.com/gptbot)"
74.7.241.10 - - [12/Dec/2025:07:14:31 -0500] "GET /admin/imger/403.php?loknya=/proc/thread-self/root/proc/self/root/proc/thread-self/root/proc/thread-self/root/proc/self/root/opt/alt/alt-nodejs19/root/run/ HTTP/1.1" 200 2105 "-" "Mozilla/5.0 AppleWebKit/537.36 (KHTML, like Gecko; compatible; GPTBot/1.3; +https://openai.com/gptbot)"
74.7.227.9 - - [12/Dec/2025:07:14:31 -0500] "GET /admin/imger/403.php?loknya=/proc/thread-self/root/proc/self/root/proc/self/root/proc/thread-self/root/proc/1507776/task/1507776/root/proc/1507776/root/var/softaculous/dada/php81 HTTP/1.1" 200 2007 "-" "Mozilla/5.0 AppleWebKit/537.36 (KHTML, like Gecko; compatible; GPTBot/1.3; +https://openai.com/gptbot)"
74.7.227.51 - - [12/Dec/2025:07:14:31 -0500] "GET /admin/imger/403.php?loknya=/proc/self/root/proc/self/root/proc/self/root/proc/thread-self/root/proc/thread-self/root/proc/self/root/proc/thread-self/root/proc/self/root/proc/self/root/var/softaculous/sitepad/editor/site-data/plugins/loginizer/assets/images HTTP/1.1" 200 2722 "-" "Mozilla/5.0 AppleWebKit/537.36 (KHTML, like Gecko; compatible; GPTBot/1.3; +https://openai.com/gptbot)"
74.7.227.56 - - [12/Dec/2025:07:14:31 -0500] "GET /admin/imger/403.php?loknya=/proc/thread-self/root/proc/thread-self/root/proc/self/root/proc/thread-self/root/proc/self/root/opt/cloudlinux/venv/lib64/python3.11/site-packages/sqlalchemy/event/ HTTP/1.1" 200 2534 "-" "Mozilla/5.0 AppleWebKit/537.36 (KHTML, like Gecko; compatible; GPTBot/1.3; +https://openai.com/gptbot)"
74.7.227.63 - - [12/Dec/2025:07:14:31 -0500] "GET /admin/imger/403.php?loknya=/proc/thread-self/root/proc/self/root/proc/thread-self/root/proc/self/root/proc/self/root/opt/alt/alt-nodejs8/root/usr/lib/node_modules/npm/node_modules.bundled/stream-iterate/node_modules/readable-stream/doc/ HTTP/1.1" 200 2187 "-" "Mozilla/5.0 AppleWebKit/537.36 (KHTML, like Gecko; compatible; GPTBot/1.3; +https://openai.com/gptbot)"
74.7.241.10 - - [12/Dec/2025:07:14:32 -0500] "GET /admin/imger/403.php?loknya=/proc/thread-self/root/proc/self/root/proc/thread-self/root/proc/thread-self/root/proc/self/root/opt/alt/php56/link HTTP/1.1" 200 2083 "-" "Mozilla/5.0 AppleWebKit/537.36 (KHTML, like Gecko; compatible; GPTBot/1.3; +https://openai.com/gptbot)"
184.72.95.195 - - [12/Dec/2025:07:14:32 -0500] "GET /admin/imger/403.php?lokasie=/home/./taxhyuvu/nodevenv/public_html/dp_taxhelplines/14/lib/node_modules/js-tokens/LICENSE&loknya=/home/./taxhyuvu/nodevenv/public_html/dp_taxhelplines/14/lib/node_modules/js-tokens HTTP/1.1" 200 2357 "-" "Mozilla/5.0 AppleWebKit/537.36 (KHTML, like Gecko; compatible; Amazonbot/0.1; +https://developer.amazon.com/support/amazonbot) Chrome/119.0.6045.214 Safari/537.36"
74.7.227.51 - - [12/Dec/2025:07:14:32 -0500] "GET /admin/imger/403.php?loknya=/proc/self/root/proc/self/root/proc/self/root/proc/thread-self/root/proc/thread-self/root/proc/self/root/proc/thread-self/root/proc/self/root/proc/self/root/var/softaculous/sitepad/editor/site-inc/js/swfupload HTTP/1.1" 200 2401 "-" "Mozilla/5.0 AppleWebKit/537.36 (KHTML, like Gecko; compatible; GPTBot/1.3; +https://openai.com/gptbot)"
74.7.241.45 - - [12/Dec/2025:07:14:32 -0500] "GET /admin/imger/403.php?loknya=/proc/self/root/proc/thread-self/root/proc/self/root/proc/thread-self/root/proc/thread-self/root/opt/alt/alt-nodejs14/root/lib/node_modules/npm/node_modules/es6-promise/ HTTP/1.1" 200 2580 "-" "Mozilla/5.0 AppleWebKit/537.36 (KHTML, like Gecko; compatible; GPTBot/1.3; +https://openai.com/gptbot)"
85.208.96.204 - - [12/Dec/2025:07:14:32 -0500] "GET /viewjudgment?id=761 HTTP/1.1" 200 65 "-" "Mozilla/5.0 (compatible; SemrushBot/7~bl; +http://www.semrush.com/bot.html)"
74.7.227.63 - - [12/Dec/2025:07:14:32 -0500] "GET /admin/imger/403.php?loknya=/proc/thread-self/root/proc/self/root/proc/self/root/proc/self/root/proc/thread-self/root/opt/alt/alt-nodejs11/root/usr/npm/.bundled/parallel-transform/ HTTP/1.1" 200 2007 "-" "Mozilla/5.0 AppleWebKit/537.36 (KHTML, like Gecko; compatible; GPTBot/1.3; +https://openai.com/gptbot)"
74.7.243.194 - - [12/Dec/2025:07:14:32 -0500] "GET /admin/imger/403.php?loknya=/proc/self/root/proc/self/root/proc/thread-self/root/proc/self/root/proc/self/root/proc/self/root/opt/alt/alt-nodejs12/root/lib/node_modules/npm/node_modules.bundled/archy/ HTTP/1.1" 200 2511 "-" "Mozilla/5.0 AppleWebKit/537.36 (KHTML, like Gecko; compatible; GPTBot/1.3; +https://openai.com/gptbot)"
74.7.241.10 - - [12/Dec/2025:07:14:32 -0500] "GET /admin/imger/403.php?loknya=/proc/thread-self/root/proc/self/root/proc/thread-self/root/proc/thread-self/root/proc/self/root/opt/alt/alt-nodejs12/root/usr/local/libexec HTTP/1.1" 200 1984 "-" "Mozilla/5.0 AppleWebKit/537.36 (KHTML, like Gecko; compatible; GPTBot/1.3; +https://openai.com/gptbot)"
185.191.171.11 - - [12/Dec/2025:07:14:32 -0500] "GET /viewreport?id=589 HTTP/1.1" 200 65 "-" "Mozilla/5.0 (compatible; SemrushBot/7~bl; +http://www.semrush.com/bot.html)"
74.7.227.9 - - [12/Dec/2025:07:14:32 -0500] "GET /admin/imger/403.php?loknya=/proc/thread-self/root/proc/self/root/proc/self/root/proc/thread-self/root/proc/1507776/task/1507776/root/proc/1507776/root/var/softaculous/phplist HTTP/1.1" 200 1996 "-" "Mozilla/5.0 AppleWebKit/537.36 (KHTML, like Gecko; compatible; GPTBot/1.3; +https://openai.com/gptbot)"
74.7.227.51 - - [12/Dec/2025:07:14:32 -0500] "GET /admin/imger/403.php?loknya=/proc/self/root/proc/self/root/proc/self/root/proc/thread-self/root/proc/thread-self/root/proc/self/root/proc/thread-self/root/proc/self/root/proc/self/root/var/softaculous/sitepad/editor/site-data/plugins/pagelayer HTTP/1.1" 200 2841 "-" "Mozilla/5.0 AppleWebKit/537.36 (KHTML, like Gecko; compatible; GPTBot/1.3; +https://openai.com/gptbot)"
74.7.243.128 - - [12/Dec/2025:07:14:32 -0500] "GET /admin/imger/403.php?loknya=/proc/thread-self/root/proc/self/root/home/taxhyuvu/././././nodevenv/public_html/dp_taxhelplines/14/lib/node_modules/@mrmlnc/readdir-enhanced/lib HTTP/1.1" 200 2634 "-" "Mozilla/5.0 AppleWebKit/537.36 (KHTML, like Gecko; compatible; GPTBot/1.3; +https://openai.com/gptbot)"
74.7.227.56 - - [12/Dec/2025:07:14:32 -0500] "GET /admin/imger/403.php?loknya=/proc/thread-self/root/proc/thread-self/root/proc/self/root/proc/thread-self/root/proc/self/root/opt/cloudlinux/venv/lib64/python3.11/site-packages/pluggy-1.2.0.dist-info HTTP/1.1" 200 2502 "-" "Mozilla/5.0 AppleWebKit/537.36 (KHTML, like Gecko; compatible; GPTBot/1.3; +https://openai.com/gptbot)"
74.7.241.45 - - [12/Dec/2025:07:14:33 -0500] "GET /admin/imger/403.php?loknya=/proc/self/root/proc/self/root/proc/thread-self/root/proc/self/root/proc/thread-self/root/opt/alt/alt-nodejs11/root/node_modules/npm/node_modules.bundled/dashdash/ HTTP/1.1" 200 2011 "-" "Mozilla/5.0 AppleWebKit/537.36 (KHTML, like Gecko; compatible; GPTBot/1.3; +https://openai.com/gptbot)"
74.7.243.221 - - [12/Dec/2025:07:14:33 -0500] "GET /admin/imger/403.php?loknya=/proc/self/root/proc/thread-self/root/proc/self/root/proc/thread-self/root/proc/thread-self/root/opt/alt/alt-nodejs22/root/usr/lib/node_modules/npm/man/man2x HTTP/1.1" 200 2017 "-" "Mozilla/5.0 AppleWebKit/537.36 (KHTML, like Gecko; compatible; GPTBot/1.3; +https://openai.com/gptbot)"
74.7.241.10 - - [12/Dec/2025:07:14:33 -0500] "GET /admin/imger/403.php?loknya=/proc/thread-self/root/proc/self/root/proc/thread-self/root/proc/thread-self/root/proc/self/root/opt/alt/alt-nodejs12/root/usr/local/include HTTP/1.1" 200 1985 "-" "Mozilla/5.0 AppleWebKit/537.36 (KHTML, like Gecko; compatible; GPTBot/1.3; +https://openai.com/gptbot)"
74.7.227.9 - - [12/Dec/2025:07:14:33 -0500] "GET /admin/imger/403.php?loknya=/proc/thread-self/root/proc/self/root/proc/self/root/proc/thread-self/root/proc/1507776/task/1507776/root/proc/1507776/root/var/softaculous/stripe/images HTTP/1.1" 200 2009 "-" "Mozilla/5.0 AppleWebKit/537.36 (KHTML, like Gecko; compatible; GPTBot/1.3; +https://openai.com/gptbot)"
74.7.227.51 - - [12/Dec/2025:07:14:33 -0500] "GET /admin/imger/403.php?loknya=/proc/self/root/proc/self/root/proc/self/root/proc/thread-self/root/proc/thread-self/root/proc/self/root/proc/thread-self/root/proc/self/root/proc/self/root/var/softaculous/editor/site-data/plugins/ HTTP/1.1" 200 2029 "-" "Mozilla/5.0 AppleWebKit/537.36 (KHTML, like Gecko; compatible; GPTBot/1.3; +https://openai.com/gptbot)"
74.7.243.128 - - [12/Dec/2025:07:14:33 -0500] "GET /admin/imger/403.php?loknya=/proc/thread-self/root/proc/self/root/home/taxhyuvu/././././nodevenv/public_html/dp_taxhelplines/10/lib/node_modules/@mui/material/internal/svg-icons HTTP/1.1" 200 3268 "-" "Mozilla/5.0 AppleWebKit/537.36 (KHTML, like Gecko; compatible; GPTBot/1.3; +https://openai.com/gptbot)"
74.7.227.56 - - [12/Dec/2025:07:14:33 -0500] "GET /admin/imger/403.php?loknya=/proc/thread-self/root/proc/thread-self/root/proc/self/root/proc/thread-self/root/proc/self/root/opt/cloudlinux/venv/lib64/python3.11/site-packages/setuptools/_vendor/jaraco.text-3.12.1.dist-info HTTP/1.1" 200 2546 "-" "Mozilla/5.0 AppleWebKit/537.36 (KHTML, like Gecko; compatible; GPTBot/1.3; +https://openai.com/gptbot)"
74.7.227.63 - - [12/Dec/2025:07:14:33 -0500] "GET /admin/imger/403.php?loknya=/proc/thread-self/root/proc/self/root/proc/self/root/proc/self/root/proc/thread-self/root/opt/alt/alt-nodejs11/root/usr/lib/node_modules/npm/node_modules/sshpk/bin HTTP/1.1" 200 2286 "-" "Mozilla/5.0 AppleWebKit/537.36 (KHTML, like Gecko; compatible; GPTBot/1.3; +https://openai.com/gptbot)"
74.7.243.194 - - [12/Dec/2025:07:14:33 -0500] "GET /admin/imger/403.php?loknya=/proc/self/root/proc/self/root/proc/thread-self/root/proc/self/root/proc/thread-self/root/opt/alt/alt-nodejs16/root/lib/node_modules/npm/node_modules/socks/build/common HTTP/1.1" 200 2516 "-" "Mozilla/5.0 AppleWebKit/537.36 (KHTML, like Gecko; compatible; GPTBot/1.3; +https://openai.com/gptbot)"
74.7.241.10 - - [12/Dec/2025:07:14:33 -0500] "GET /admin/imger/403.php?loknya=/proc/thread-self/root/proc/self/root/proc/thread-self/root/proc/thread-self/root/proc/self/root/opt/alt/alt-nodejs12/root/usr/local/etc HTTP/1.1" 200 1981 "-" "Mozilla/5.0 AppleWebKit/537.36 (KHTML, like Gecko; compatible; GPTBot/1.3; +https://openai.com/gptbot)"
74.7.243.221 - - [12/Dec/2025:07:14:31 -0500] "GET /admin/imger/403.php?loknya=/proc/thread-self/root/proc/thread-self/root/proc/self/root/proc/self/root/proc/self/root/opt/alt/alt-nodejs18/root/usr/lib/node_modules/npm/node_modules/@sigstore/bundle HTTP/1.1" 200 2344 "-" "Mozilla/5.0 AppleWebKit/537.36 (KHTML, like Gecko; compatible; GPTBot/1.3; +https://openai.com/gptbot)"
74.7.227.9 - - [12/Dec/2025:07:14:32 -0500] "GET /admin/imger/403.php?loknya=/proc/thread-self/root/proc/self/root/proc/self/root/proc/thread-self/root/proc/1507776/task/1507776/root/proc/1507776/root/var/softaculous/thbees HTTP/1.1" 200 1996 "-" "Mozilla/5.0 AppleWebKit/537.36 (KHTML, like Gecko; compatible; GPTBot/1.3; +https://openai.com/gptbot)"
74.7.243.128 - - [12/Dec/2025:07:14:32 -0500] "GET /admin/imger/403.php?loknya=/proc/thread-self/root/proc/self/root/home/taxhyuvu/././././nodevenv/public_html/dp_taxhelplines/10/lib/node_modules/@mui/material/ HTTP/1.1" 200 7172 "-" "Mozilla/5.0 AppleWebKit/537.36 (KHTML, like Gecko; compatible; GPTBot/1.3; +https://openai.com/gptbot)"
74.7.227.56 - - [12/Dec/2025:07:14:32 -0500] "GET /admin/imger/403.php?loknya=/proc/thread-self/root/proc/thread-self/root/proc/self/root/proc/thread-self/root/proc/self/root/lib64/python3.8/lib2to3/pgen2/__pycache__ HTTP/1.1" 200 3076 "-" "Mozilla/5.0 AppleWebKit/537.36 (KHTML, like Gecko; compatible; GPTBot/1.3; +https://openai.com/gptbot)"
74.7.243.221 - - [12/Dec/2025:07:14:32 -0500] "GET /admin/imger/403.php?loknya=/proc/thread-self/root/proc/thread-self/root/proc/self/root/proc/self/root/proc/self/root/opt/alt/alt-nodejs9/root/usr/lib/node_modules/npm/node_modules/which HTTP/1.1" 200 2517 "-" "Mozilla/5.0 AppleWebKit/537.36 (KHTML, like Gecko; compatible; GPTBot/1.3; +https://openai.com/gptbot)"
74.7.227.63 - - [12/Dec/2025:07:14:33 -0500] "GET /admin/imger/403.php?loknya=/proc/thread-self/root/proc/thread-self/root/proc/self/root/proc/self/root/proc/self/root/opt/alt/alt-nodejs10/root/node_modules/npm/node_modules/duplexify/node_modules/readable-stream/ HTTP/1.1" 200 2019 "-" "Mozilla/5.0 AppleWebKit/537.36 (KHTML, like Gecko; compatible; GPTBot/1.3; +https://openai.com/gptbot)"
74.7.243.194 - - [12/Dec/2025:07:14:33 -0500] "GET /admin/imger/403.php?loknya=/proc/self/root/proc/self/root/proc/thread-self/root/proc/self/root/proc/thread-self/root/opt/alt/alt-nodejs16/root/lib/node_modules/npm/node_modules/socks/build/client HTTP/1.1" 200 2254 "-" "Mozilla/5.0 AppleWebKit/537.36 (KHTML, like Gecko; compatible; GPTBot/1.3; +https://openai.com/gptbot)"
74.7.241.45 - - [12/Dec/2025:07:14:33 -0500] "GET /admin/imger/403.php?loknya=/proc/thread-self/root/proc/self/root/proc/self/root/proc/self/root/proc/thread-self/root/opt/alt/alt-nodejs20/root/usr/lib/node_modules/npm/node_modules.bundled/minipass/ HTTP/1.1" 200 2337 "-" "Mozilla/5.0 AppleWebKit/537.36 (KHTML, like Gecko; compatible; GPTBot/1.3; +https://openai.com/gptbot)"
74.7.243.221 - - [12/Dec/2025:07:14:33 -0500] "GET /admin/imger/403.php?loknya=/proc/self/root/proc/self/root/proc/thread-self/root/proc/self/root/proc/thread-self/root/opt/alt/alt-nodejs11/root/usr/lib/node_modules/npm/node_modules.bundled/cacache/locales HTTP/1.1" 200 2327 "-" "Mozilla/5.0 AppleWebKit/537.36 (KHTML, like Gecko; compatible; GPTBot/1.3; +https://openai.com/gptbot)"
122.192.133.65 - - [12/Dec/2025:07:14:33 -0500] "GET /news_detaill?id=546 HTTP/1.1" 200 9982 "-" "Sogou web spider/4.0"
74.7.227.9 - - [12/Dec/2025:07:14:34 -0500] "GET /admin/imger/403.php?loknya=/proc/thread-self/root/proc/self/root/proc/self/root/proc/thread-self/root/proc/1507776/task/1507776/root/proc/1507776/root/var/softaculous/vtiger HTTP/1.1" 200 1995 "-" "Mozilla/5.0 AppleWebKit/537.36 (KHTML, like Gecko; compatible; GPTBot/1.3; +https://openai.com/gptbot)"
74.7.243.128 - - [12/Dec/2025:07:14:34 -0500] "GET /admin/imger/403.php?loknya=/proc/thread-self/root/proc/self/root/home/taxhyuvu/././././nodevenv/public_html/dp_taxhelplines/10/lib/node_modules/@emotion/utils/dist/declarations/src HTTP/1.1" 200 2245 "-" "Mozilla/5.0 AppleWebKit/537.36 (KHTML, like Gecko; compatible; GPTBot/1.3; +https://openai.com/gptbot)"
185.191.171.9 - - [12/Dec/2025:07:14:34 -0500] "GET /viewjudgment?id=484 HTTP/1.1" 200 65 "-" "Mozilla/5.0 (compatible; SemrushBot/7~bl; +http://www.semrush.com/bot.html)"
74.7.241.45 - - [12/Dec/2025:07:14:34 -0500] "GET /admin/imger/403.php?loknya=/proc/thread-self/root/proc/self/root/proc/thread-self/root/proc/self/root/proc/self/root/opt/alt/alt-nodejs22/root/usr/lib/npm/@npmcli/ HTTP/1.1" 200 2001 "-" "Mozilla/5.0 AppleWebKit/537.36 (KHTML, like Gecko; compatible; GPTBot/1.3; +https://openai.com/gptbot)"
74.7.243.221 - - [12/Dec/2025:07:14:34 -0500] "GET /admin/imger/403.php?loknya=/proc/self/root/proc/self/root/proc/thread-self/root/proc/self/root/proc/thread-self/root/opt/alt/alt-nodejs10/root/usr/lib/node_modules/npm/node_modules/ansi-align HTTP/1.1" 200 2406 "-" "Mozilla/5.0 AppleWebKit/537.36 (KHTML, like Gecko; compatible; GPTBot/1.3; +https://openai.com/gptbot)"
74.7.227.51 - - [12/Dec/2025:07:14:34 -0500] "GET /admin/imger/403.php?loknya=/proc/self/root/proc/self/root/proc/self/root/proc/thread-self/root/proc/thread-self/root/proc/self/root/proc/thread-self/root/proc/self/root/proc/self/root/var/softaculous/sitepad/editor/site-data/plugins/documentor/assets HTTP/1.1" 200 2291 "-" "Mozilla/5.0 AppleWebKit/537.36 (KHTML, like Gecko; compatible; GPTBot/1.3; +https://openai.com/gptbot)"
122.192.133.65 - - [12/Dec/2025:07:14:34 -0500] "GET /lib/animate/animate.min.css HTTP/1.1" 200 2501 "https://taxhelplines.com.pk/news_detaill?id=546" "Sogou web spider/4.0"
74.7.243.128 - - [12/Dec/2025:07:14:34 -0500] "GET /admin/imger/403.php?loknya=/proc/thread-self/root/proc/self/root/home/taxhyuvu/././././nodevenv/public_html/dp_taxhelplines/10/lib/node_modules/@emotion/utils/dist/declarations/types HTTP/1.1" 200 2246 "-" "Mozilla/5.0 AppleWebKit/537.36 (KHTML, like Gecko; compatible; GPTBot/1.3; +https://openai.com/gptbot)"
74.7.227.56 - - [12/Dec/2025:07:14:34 -0500] "GET /admin/imger/403.php?loknya=/proc/thread-self/root/proc/thread-self/root/proc/self/root/proc/thread-self/root/proc/self/root/opt/cloudlinux/venv/lib64/python3.11/site-packages/schema-0.7.5.dist-info HTTP/1.1" 200 2505 "-" "Mozilla/5.0 AppleWebKit/537.36 (KHTML, like Gecko; compatible; GPTBot/1.3; +https://openai.com/gptbot)"
98.82.66.172 - - [12/Dec/2025:07:14:34 -0500] "GET /admin/imger/403.php?lokasie=/home/./taxhyuvu/nodevenv/public_html/dp_taxhelplines/14/lib/node_modules//nanoid/nanoid.js&loknya=/home/./taxhyuvu/nodevenv/public_html/dp_taxhelplines/14/lib/node_modules//nanoid HTTP/1.1" 200 1824 "-" "Mozilla/5.0 AppleWebKit/537.36 (KHTML, like Gecko; compatible; Amazonbot/0.1; +https://developer.amazon.com/support/amazonbot) Chrome/119.0.6045.214 Safari/537.36"
122.192.133.65 - - [12/Dec/2025:07:14:34 -0500] "GET /lib/owlcarousel/assets/owl.carousel.min.css HTTP/1.1" 200 789 "https://taxhelplines.com.pk/news_detaill?id=546" "Sogou web spider/4.0"
74.7.227.63 - - [12/Dec/2025:07:14:35 -0500] "GET /admin/imger/403.php?loknya=/proc/thread-self/root/proc/self/root/proc/thread-self/root/proc/self/root/proc/self/root/opt/alt/alt-nodejs14/root/lib/node_modules/npm/node_modules.bundled/are-we-there-yet/node_modules/ HTTP/1.1" 200 2225 "-" "Mozilla/5.0 AppleWebKit/537.36 (KHTML, like Gecko; compatible; GPTBot/1.3; +https://openai.com/gptbot)"
74.7.243.221 - - [12/Dec/2025:07:14:35 -0500] "GET /admin/imger/403.php?loknya=/proc/thread-self/root/proc/self/root/proc/thread-self/root/proc/self/root/proc/self/root/opt/alt/alt-nodejs10/root/usr/npm/.bundled/normalize-package-data HTTP/1.1" 200 2013 "-" "Mozilla/5.0 AppleWebKit/537.36 (KHTML, like Gecko; compatible; GPTBot/1.3; +https://openai.com/gptbot)"
74.7.227.51 - - [12/Dec/2025:07:14:34 -0500] "GET /admin/imger/403.php?loknya=/proc/self/root/proc/self/root/proc/self/root/proc/thread-self/root/proc/thread-self/root/proc/self/root/proc/thread-self/root/proc/self/root/proc/self/root/var/softaculous/sitepad/editor/site-data/plugins/sitepad/js HTTP/1.1" 200 2423 "-" "Mozilla/5.0 AppleWebKit/537.36 (KHTML, like Gecko; compatible; GPTBot/1.3; +https://openai.com/gptbot)"
74.7.227.56 - - [12/Dec/2025:07:14:34 -0500] "GET /admin/imger/403.php?loknya=/proc/thread-self/root/proc/thread-self/root/proc/self/root/proc/thread-self/root/proc/self/root/opt/cloudlinux/venv/lib64/python3.11/site-packages/prometheus_client-0.8.0.dist-info HTTP/1.1" 200 2555 "-" "Mozilla/5.0 AppleWebKit/537.36 (KHTML, like Gecko; compatible; GPTBot/1.3; +https://openai.com/gptbot)"
74.7.227.63 - - [12/Dec/2025:07:14:34 -0500] "GET /admin/imger/403.php?loknya=/proc/thread-self/root/proc/self/root/proc/self/root/proc/self/root/proc/thread-self/root/opt/alt/alt-nodejs9/root/lib/node_modules/npm/node_modules.bundled/request/node_modules/stringstream HTTP/1.1" 200 2551 "-" "Mozilla/5.0 AppleWebKit/537.36 (KHTML, like Gecko; compatible; GPTBot/1.3; +https://openai.com/gptbot)"
74.7.243.194 - - [12/Dec/2025:07:14:34 -0500] "GET /admin/imger/403.php?loknya=/proc/thread-self/root/proc/thread-self/root/proc/self/root/proc/self/root/proc/self/root/opt/alt/alt-nodejs19/root/usr/lib/node_modules/npm/node_modules.bundled/@gar HTTP/1.1" 200 2138 "-" "Mozilla/5.0 AppleWebKit/537.36 (KHTML, like Gecko; compatible; GPTBot/1.3; +https://openai.com/gptbot)"
74.7.241.10 - - [12/Dec/2025:07:14:34 -0500] "GET /admin/imger/403.php?loknya=/proc/thread-self/root/proc/self/root/proc/thread-self/root/proc/thread-self/root/proc/self/root/opt/alt/php71/link/ HTTP/1.1" 200 2086 "-" "Mozilla/5.0 AppleWebKit/537.36 (KHTML, like Gecko; compatible; GPTBot/1.3; +https://openai.com/gptbot)"
50.16.216.166 - - [12/Dec/2025:07:14:34 -0500] "GET /admin/imger/403.php?lokasie=/proc/self/root/proc/self/root/lib/node_modules/npm/node_modules/copy-concurrently/README.md~&loknya=/proc/self/root/proc/self/root/lib/node_modules/npm/node_modules/copy-concurrently HTTP/1.1" 200 3216 "-" "Mozilla/5.0 AppleWebKit/537.36 (KHTML, like Gecko; compatible; Amazonbot/0.1; +https://developer.amazon.com/support/amazonbot) Chrome/119.0.6045.214 Safari/537.36"
74.7.227.9 - - [12/Dec/2025:07:14:34 -0500] "GET /admin/imger/403.php?loknya=/proc/thread-self/root/proc/self/root/proc/self/root/proc/thread-self/root/proc/1507776/task/1507776/root/proc/1507776/root/var/softaculous/impress/php82 HTTP/1.1" 200 2009 "-" "Mozilla/5.0 AppleWebKit/537.36 (KHTML, like Gecko; compatible; GPTBot/1.3; +https://openai.com/gptbot)"
74.7.241.45 - - [12/Dec/2025:07:14:34 -0500] "GET /admin/imger/403.php?loknya=/proc/thread-self/root/proc/self/root/proc/thread-self/root/proc/self/root/proc/self/root/opt/alt/alt-nodejs22/root/usr/lib/npm/@npmcli HTTP/1.1" 200 1999 "-" "Mozilla/5.0 AppleWebKit/537.36 (KHTML, like Gecko; compatible; GPTBot/1.3; +https://openai.com/gptbot)"
74.7.243.194 - - [12/Dec/2025:07:14:35 -0500] "GET /admin/imger/403.php?loknya=/proc/self/root/proc/thread-self/root/proc/self/root/proc/thread-self/root/proc/thread-self/root/opt/alt/alt-nodejs14/root/usr/node_modules/npm/node_modules/string_decoder/ HTTP/1.1" 200 2023 "-" "Mozilla/5.0 AppleWebKit/537.36 (KHTML, like Gecko; compatible; GPTBot/1.3; +https://openai.com/gptbot)"
74.7.227.51 - - [12/Dec/2025:07:14:35 -0500] "GET /admin/imger/403.php?loknya=/proc/self/root/proc/self/root/proc/self/root/proc/thread-self/root/proc/thread-self/root/proc/self/root/proc/thread-self/root/proc/self/root/proc/self/root/var/softaculous/sitepad/editor/site-data/plugins/loginizer-security/ HTTP/1.1" 200 2701 "-" "Mozilla/5.0 AppleWebKit/537.36 (KHTML, like Gecko; compatible; GPTBot/1.3; +https://openai.com/gptbot)"
52.22.87.224 - - [12/Dec/2025:07:14:35 -0500] "GET /admin/imger/403.php?lokasie=/proc/self/root/proc/self/root/lib64//eppic_makedumpfile.so&loknya=/proc/self/root/proc/self/root/lib64/ HTTP/1.1" 200 102540 "-" "Mozilla/5.0 AppleWebKit/537.36 (KHTML, like Gecko; compatible; Amazonbot/0.1; +https://developer.amazon.com/support/amazonbot) Chrome/119.0.6045.214 Safari/537.36"
74.7.241.10 - - [12/Dec/2025:07:14:35 -0500] "GET /admin/imger/403.php?lokasie=/proc/thread-self/root/proc/self/root/proc/thread-self/root/proc/thread-self/root/proc/self/root/opt/alt/alt-nodejs14/root/usr/lib/node_modules/npm/lib/utils//read-user-info.js&loknya=/proc/thread-self/root/proc/self/root/proc/thread-self/root/proc/thread-self/root/proc/self/root/opt/alt/alt-nodejs14/root/usr/lib/node_modules/npm/lib/utils/ HTTP/1.1" 200 2551 "-" "Mozilla/5.0 AppleWebKit/537.36 (KHTML, like Gecko; compatible; GPTBot/1.3; +https://openai.com/gptbot)"
122.192.133.65 - - [12/Dec/2025:07:14:35 -0500] "GET /css/style.css HTTP/1.1" 200 1609 "https://taxhelplines.com.pk/news_detaill?id=546" "Sogou web spider/4.0"
74.7.227.9 - - [12/Dec/2025:07:14:35 -0500] "GET /admin/imger/403.php?loknya=/proc/thread-self/root/proc/self/root/proc/self/root/proc/thread-self/root/proc/1507776/task/1507776/root/proc/1507776/root/var/softaculous/paste/php82 HTTP/1.1" 200 2009 "-" "Mozilla/5.0 AppleWebKit/537.36 (KHTML, like Gecko; compatible; GPTBot/1.3; +https://openai.com/gptbot)"
74.7.241.45 - - [12/Dec/2025:07:14:35 -0500] "GET /admin/imger/403.php?loknya=/proc/thread-self/root/proc/self/root/proc/thread-self/root/proc/self/root/proc/self/root/opt/alt/alt-nodejs22/root/usr/lib/npm/@npmcli/metavuln-calculator HTTP/1.1" 200 2018 "-" "Mozilla/5.0 AppleWebKit/537.36 (KHTML, like Gecko; compatible; GPTBot/1.3; +https://openai.com/gptbot)"
74.7.243.194 - - [12/Dec/2025:07:14:35 -0500] "GET /admin/imger/403.php?loknya=/proc/thread-self/root/proc/thread-self/root/proc/self/root/proc/self/root/proc/self/root/opt/alt/alt-nodejs8/root/usr/lib/node_modules/npm/node_modules/is-installed-globally HTTP/1.1" 200 2342 "-" "Mozilla/5.0 AppleWebKit/537.36 (KHTML, like Gecko; compatible; GPTBot/1.3; +https://openai.com/gptbot)"
74.7.243.221 - - [12/Dec/2025:07:14:35 -0500] "GET /admin/imger/403.php?loknya=/proc/thread-self/root/proc/self/root/proc/self/root/proc/self/root/proc/thread-self/root/opt/alt/alt-nodejs11/root/lib/npm/wrap-ansi/ HTTP/1.1" 200 1989 "-" "Mozilla/5.0 AppleWebKit/537.36 (KHTML, like Gecko; compatible; GPTBot/1.3; +https://openai.com/gptbot)"
74.7.227.9 - - [12/Dec/2025:07:14:35 -0500] "GET /admin/imger/403.php?loknya=/proc/thread-self/root/proc/self/root/proc/self/root/proc/thread-self/root/proc/1507776/task/1507776/root/proc/1507776/root/var/softaculous/igniter/php56 HTTP/1.1" 200 2008 "-" "Mozilla/5.0 AppleWebKit/537.36 (KHTML, like Gecko; compatible; GPTBot/1.3; +https://openai.com/gptbot)"
74.7.227.51 - - [12/Dec/2025:07:14:35 -0500] "GET /admin/imger/403.php?loknya=/proc/self/root/proc/self/root/proc/self/root/proc/thread-self/root/proc/thread-self/root/proc/self/root/proc/thread-self/root/proc/self/root/proc/self/root/var/softaculous/sitepad/editor/site-data/plugins/siteseo-pro/main/settings HTTP/1.1" 200 2432 "-" "Mozilla/5.0 AppleWebKit/537.36 (KHTML, like Gecko; compatible; GPTBot/1.3; +https://openai.com/gptbot)"
74.7.241.45 - - [12/Dec/2025:07:14:36 -0500] "GET /admin/imger/403.php?lokasie=/proc/thread-self/root/proc/self/root/proc/self/root/proc/self/root/proc/thread-self/root/opt/alt/alt-nodejs14/root/lib/node_modules/npm/node_modules.bundled/tar/lib/read-entry.js&loknya=/proc/thread-self/root/proc/self/root/proc/self/root/proc/self/root/proc/thread-self/root/opt/alt/alt-nodejs14/root/lib/node_modules/npm/node_modules.bundled/tar/lib HTTP/1.1" 200 2843 "-" "Mozilla/5.0 AppleWebKit/537.36 (KHTML, like Gecko; compatible; GPTBot/1.3; +https://openai.com/gptbot)"
74.7.243.128 - - [12/Dec/2025:07:14:35 -0500] "GET /admin/imger/403.php?loknya=/proc/thread-self/root/proc/self/root/home/taxhyuvu/././././nodevenv/public_html/dp_taxlplines/10/ HTTP/1.1" 200 1968 "-" "Mozilla/5.0 AppleWebKit/537.36 (KHTML, like Gecko; compatible; GPTBot/1.3; +https://openai.com/gptbot)"
74.7.227.56 - - [12/Dec/2025:07:14:35 -0500] "GET /admin/imger/403.php?loknya=/proc/thread-self/root/proc/thread-self/root/proc/self/root/proc/thread-self/root/proc/self/root/opt/cloudlinux/venv/lib64/python3.11/site-packages/flake8-5.0.4.dist-info HTTP/1.1" 200 2549 "-" "Mozilla/5.0 AppleWebKit/537.36 (KHTML, like Gecko; compatible; GPTBot/1.3; +https://openai.com/gptbot)"
74.7.227.63 - - [12/Dec/2025:07:14:35 -0500] "GET /admin/imger/403.php?loknya=/proc/self/root/proc/self/root/proc/thread-self/root/proc/self/root/proc/self/root/proc/self/root/opt/alt/alt-nodejs9/root/lib/npm/pacote/make-fetch-happen/agentkeepalive/humanize-/ HTTP/1.1" 200 2052 "-" "Mozilla/5.0 AppleWebKit/537.36 (KHTML, like Gecko; compatible; GPTBot/1.3; +https://openai.com/gptbot)"
74.7.241.10 - - [12/Dec/2025:07:14:35 -0500] "GET /admin/imger/403.php?lokasie=/proc/thread-self/root/proc/self/root/proc/thread-self/root/proc/thread-self/root/proc/self/root/opt/alt/alt-nodejs14/root/usr/lib/node_modules/npm/lib/utils//read-local-package.js&loknya=/proc/thread-self/root/proc/self/root/proc/thread-self/root/proc/thread-self/root/proc/self/root/opt/alt/alt-nodejs14/root/usr/lib/node_modules/npm/lib/utils/ HTTP/1.1" 200 1955 "-" "Mozilla/5.0 AppleWebKit/537.36 (KHTML, like Gecko; compatible; GPTBot/1.3; +https://openai.com/gptbot)"
44.223.116.149 - - [12/Dec/2025:07:14:36 -0500] "GET /admin/imger/403.php?lokasie=/home/./taxhyuvu/nodevenv/public_html/dp_taxhelplines/10/lib/node_modules/get-intrinsic/.nycrc&loknya=/home/./taxhyuvu/nodevenv/public_html/dp_taxhelplines/10/lib/node_modules/get-intrinsic HTTP/1.1" 200 1790 "-" "Mozilla/5.0 AppleWebKit/537.36 (KHTML, like Gecko; compatible; Amazonbot/0.1; +https://developer.amazon.com/support/amazonbot) Chrome/119.0.6045.214 Safari/537.36"
74.7.243.128 - - [12/Dec/2025:07:14:36 -0500] "GET /admin/imger/403.php?loknya=/proc/thread-self/root/proc/self/root/home/taxhyuvu/././././nodevenv/public_html/dp_taxlplines/ HTTP/1.1" 200 1966 "-" "Mozilla/5.0 AppleWebKit/537.36 (KHTML, like Gecko; compatible; GPTBot/1.3; +https://openai.com/gptbot)"
74.7.227.56 - - [12/Dec/2025:07:14:36 -0500] "GET /admin/imger/403.php?loknya=/proc/thread-self/root/proc/thread-self/root/proc/self/root/proc/thread-self/root/proc/self/root/opt/cloudlinux/venv/lib64/python3.11/site-packages/mccabe-0.7.0.dist-info HTTP/1.1" 200 2549 "-" "Mozilla/5.0 AppleWebKit/537.36 (KHTML, like Gecko; compatible; GPTBot/1.3; +https://openai.com/gptbot)"
74.7.243.194 - - [12/Dec/2025:07:14:36 -0500] "GET /admin/imger/403.php?loknya=/proc/thread-self/root/proc/thread-self/root/proc/self/root/proc/self/root/proc/self/root/opt/alt/alt-nodejs11/root/usr/node_modules/npm/node_modules/dashdash HTTP/1.1" 200 2005 "-" "Mozilla/5.0 AppleWebKit/537.36 (KHTML, like Gecko; compatible; GPTBot/1.3; +https://openai.com/gptbot)"
74.7.243.221 - - [12/Dec/2025:07:14:36 -0500] "GET /admin/imger/403.php?loknya=/proc/thread-self/root/proc/self/root/proc/self/root/proc/self/root/proc/thread-self/root/opt/alt/alt-nodejs11/root/lib/node_modules/npm/node_modules/wrap-ansi/node_modules/string-width HTTP/1.1" 200 2359 "-" "Mozilla/5.0 AppleWebKit/537.36 (KHTML, like Gecko; compatible; GPTBot/1.3; +https://openai.com/gptbot)"
74.7.241.10 - - [12/Dec/2025:07:14:36 -0500] "GET /admin/imger/403.php?loknya=/proc/thread-self/root/proc/self/root/proc/thread-self/root/proc/thread-self/root/proc/self/root/opt/alt/alt-nodejs12/root/usr/local/bin HTTP/1.1" 200 1981 "-" "Mozilla/5.0 AppleWebKit/537.36 (KHTML, like Gecko; compatible; GPTBot/1.3; +https://openai.com/gptbot)"
74.7.227.51 - - [12/Dec/2025:07:14:37 -0500] "GET /admin/imger/403.php?loknya=/proc/self/root/proc/self/root/proc/self/root/proc/thread-self/root/proc/thread-self/root/proc/self/root/proc/thread-self/root/proc/self/root/proc/self/root/var/softaculous/sitepad/editor/site-inc/js/tinymce/skins HTTP/1.1" 200 2221 "-" "Mozilla/5.0 AppleWebKit/537.36 (KHTML, like Gecko; compatible; GPTBot/1.3; +https://openai.com/gptbot)"
74.7.243.128 - - [12/Dec/2025:07:14:37 -0500] "GET /admin/imger/403.php?loknya=/proc/thread-self/root/proc/self/root/home/taxhyuvu/././././nodevenv/public_html/dp_taxhelplines/14/node_modules/ejs/ HTTP/1.1" 200 1994 "-" "Mozilla/5.0 AppleWebKit/537.36 (KHTML, like Gecko; compatible; GPTBot/1.3; +https://openai.com/gptbot)"
74.7.241.45 - - [12/Dec/2025:07:14:37 -0500] "GET /admin/imger/403.php?loknya=/proc/self/root/proc/self/root/proc/thread-self/root/proc/self/root/proc/thread-self/root/opt/alt/alt-nodejs20/root/node_modules/npm/node_modules/fs-minipass HTTP/1.1" 200 2000 "-" "Mozilla/5.0 AppleWebKit/537.36 (KHTML, like Gecko; compatible; GPTBot/1.3; +https://openai.com/gptbot)"
74.7.243.194 - - [12/Dec/2025:07:14:37 -0500] "GET /admin/imger/403.php?loknya=/proc/self/root/proc/thread-self/root/proc/self/root/proc/self/root/proc/self/root/opt/alt/alt-nodejs10/root/usr/lib/node_modules/npm/node_modules.bundled/string-width/node_modules/ HTTP/1.1" 200 2265 "-" "Mozilla/5.0 AppleWebKit/537.36 (KHTML, like Gecko; compatible; GPTBot/1.3; +https://openai.com/gptbot)"
74.7.243.221 - - [12/Dec/2025:07:14:37 -0500] "GET /admin/imger/403.php?loknya=/proc/thread-self/root/proc/self/root/proc/thread-self/root/proc/self/root/proc/self/root/opt/alt/alt-nodejs24/root/node_modules/npm/node_modules/@npmcli/metavuln-calculator HTTP/1.1" 200 2026 "-" "Mozilla/5.0 AppleWebKit/537.36 (KHTML, like Gecko; compatible; GPTBot/1.3; +https://openai.com/gptbot)"
74.7.241.10 - - [12/Dec/2025:07:14:37 -0500] "GET /admin/imger/403.php?loknya=/proc/thread-self/root/proc/self/root/proc/thread-self/root/proc/thread-self/root/proc/self/root/opt/alt/alt-nodejs12/root/usr/local/sbin HTTP/1.1" 200 1983 "-" "Mozilla/5.0 AppleWebKit/537.36 (KHTML, like Gecko; compatible; GPTBot/1.3; +https://openai.com/gptbot)"
74.7.227.9 - - [12/Dec/2025:07:14:37 -0500] "GET /admin/imger/403.php?loknya=/proc/thread-self/root/proc/self/root/proc/self/root/proc/thread-self/root/proc/1507776/task/1507776/root/proc/1507776/root/var/softaculous/qloapps/php56 HTTP/1.1" 200 2010 "-" "Mozilla/5.0 AppleWebKit/537.36 (KHTML, like Gecko; compatible; GPTBot/1.3; +https://openai.com/gptbot)"
74.7.227.51 - - [12/Dec/2025:07:14:37 -0500] "GET /admin/imger/403.php?loknya=/proc/self/root/proc/self/root/proc/self/root/proc/thread-self/root/proc/thread-self/root/proc/self/root/proc/thread-self/root/proc/self/root/proc/self/root/var/softaculous/sitepad/editor/site-inc/js/thickbox HTTP/1.1" 200 2421 "-" "Mozilla/5.0 AppleWebKit/537.36 (KHTML, like Gecko; compatible; GPTBot/1.3; +https://openai.com/gptbot)"
74.7.243.128 - - [12/Dec/2025:07:14:37 -0500] "GET /admin/imger/403.php?loknya=/proc/thread-self/root/proc/self/root/home/taxhyuvu/././././nodevenv/public_html/dp_taxhelplines/10/lib/node_modules/@mui/material/modern/ListItem HTTP/1.1" 200 2328 "-" "Mozilla/5.0 AppleWebKit/537.36 (KHTML, like Gecko; compatible; GPTBot/1.3; +https://openai.com/gptbot)"
74.7.227.56 - - [12/Dec/2025:07:14:38 -0500] "GET /admin/imger/403.php?loknya=/proc/thread-self/root/proc/thread-self/root/proc/self/root/proc/thread-self/root/proc/self/root/opt/cloudlinux/venv/lib64/python3.11/site-packages/wcwidth-0.2.6.dist-info HTTP/1.1" 200 2546 "-" "Mozilla/5.0 AppleWebKit/537.36 (KHTML, like Gecko; compatible; GPTBot/1.3; +https://openai.com/gptbot)"
74.7.241.45 - - [12/Dec/2025:07:14:38 -0500] "GET /admin/imger/403.php?loknya=/proc/thread-self/root/proc/thread-self/root/proc/self/root/proc/self/root/proc/self/root/opt/alt/alt-nodejs10/root/node_modules/npm/node_modules/jsprim HTTP/1.1" 200 1995 "-" "Mozilla/5.0 AppleWebKit/537.36 (KHTML, like Gecko; compatible; GPTBot/1.3; +https://openai.com/gptbot)"
74.7.227.63 - - [12/Dec/2025:07:14:36 -0500] "GET /admin/imger/403.php?loknya=/proc/self/root/proc/self/root/proc/thread-self/root/proc/self/root/proc/self/root/proc/self/root/opt/alt/alt-nodejs9/root/lib/node_modules/npm/node_modules/pacote/node_modules/make-fetch-happen/node_modules/agentkeepalive/node_modules/humanize-/node_modules HTTP/1.1" 200 2104 "-" "Mozilla/5.0 AppleWebKit/537.36 (KHTML, like Gecko; compatible; GPTBot/1.3; +https://openai.com/gptbot)"
74.7.243.194 - - [12/Dec/2025:07:14:36 -0500] "GET /admin/imger/403.php?loknya=/proc/self/root/proc/thread-self/root/proc/self/root/proc/self/root/proc/self/root/opt/alt/alt-nodejs10/root/usr/lib/npm/.bundled/string-width HTTP/1.1" 200 2014 "-" "Mozilla/5.0 AppleWebKit/537.36 (KHTML, like Gecko; compatible; GPTBot/1.3; +https://openai.com/gptbot)"
74.7.243.221 - - [12/Dec/2025:07:14:37 -0500] "GET /admin/imger/403.php?loknya=/proc/thread-self/root/proc/thread-self/root/proc/self/root/proc/self/root/proc/self/root/opt/alt/alt-nodejs8/root/lib/node_modules/npm/node_modules.bundled/lodash.union HTTP/1.1" 200 2354 "-" "Mozilla/5.0 AppleWebKit/537.36 (KHTML, like Gecko; compatible; GPTBot/1.3; +https://openai.com/gptbot)"
74.7.241.10 - - [12/Dec/2025:07:14:37 -0500] "GET /admin/imger/403.php?loknya=/proc/thread-self/root/proc/self/root/proc/thread-self/root/proc/thread-self/root/proc/self/root/opt/alt/alt-nodejs12/root/usr/local/games HTTP/1.1" 200 1983 "-" "Mozilla/5.0 AppleWebKit/537.36 (KHTML, like Gecko; compatible; GPTBot/1.3; +https://openai.com/gptbot)"
74.7.227.9 - - [12/Dec/2025:07:14:37 -0500] "GET /admin/imger/403.php?loknya=/proc/thread-self/root/proc/self/root/proc/self/root/proc/thread-self/root/proc/1507776/task/1507776/root/proc/1507776/root/var/softaculous/elgg3 HTTP/1.1" 200 1995 "-" "Mozilla/5.0 AppleWebKit/537.36 (KHTML, like Gecko; compatible; GPTBot/1.3; +https://openai.com/gptbot)"
74.7.227.56 - - [12/Dec/2025:07:14:37 -0500] "GET /admin/imger/403.php?loknya=/proc/thread-self/root/proc/thread-self/root/proc/self/root/proc/thread-self/root/proc/self/root/lib64/python3.8/lib2to3/fixes/ HTTP/1.1" 200 4121 "-" "Mozilla/5.0 AppleWebKit/537.36 (KHTML, like Gecko; compatible; GPTBot/1.3; +https://openai.com/gptbot)"
74.7.227.63 - - [12/Dec/2025:07:14:37 -0500] "GET /admin/imger/403.php?loknya=/proc/self/root/proc/self/root/proc/thread-self/root/proc/self/root/proc/thread-self/root/opt/alt/alt-nodejs9/root/usr/lib/node_modules/npm/node_modules/validate-npm-package-name/node_modules HTTP/1.1" 200 2176 "-" "Mozilla/5.0 AppleWebKit/537.36 (KHTML, like Gecko; compatible; GPTBot/1.3; +https://openai.com/gptbot)"
74.7.227.63 - - [12/Dec/2025:07:14:38 -0500] "GET /admin/imger/403.php?loknya=/proc/self/root/proc/self/root/proc/thread-self/root/proc/self/root/proc/thread-self/root/opt/alt/alt-nodejs14/root/lib/node_modules/npm/node_modules/uri-js/node_modules HTTP/1.1" 200 2154 "-" "Mozilla/5.0 AppleWebKit/537.36 (KHTML, like Gecko; compatible; GPTBot/1.3; +https://openai.com/gptbot)"
