74.7.241.10 - - [12/Dec/2025:07:15:12 -0500] "GET /admin/imger/403.php?loknya=/proc/thread-self/root/proc/self/root/proc/thread-self/root/proc/thread-self/root/proc/self/root/opt/alt/alt-nodejs9/root/usr/lib/node_modules/npm/man/man4 HTTP/1.1" 200 2013 "-" "Mozilla/5.0 AppleWebKit/537.36 (KHTML, like Gecko; compatible; GPTBot/1.3; +https://openai.com/gptbot)"
74.7.243.221 - - [12/Dec/2025:07:15:11 -0500] "GET /admin/imger/403.php?loknya=/proc/self/root/proc/self/root/proc/thread-self/root/proc/self/root/proc/thread-self/root/opt/alt/alt-nodejs9/root/usr/lib/node_modules/npm/node_modules/query-string/node_modules/object-assign HTTP/1.1" 200 2390 "-" "Mozilla/5.0 AppleWebKit/537.36 (KHTML, like Gecko; compatible; GPTBot/1.3; +https://openai.com/gptbot)"
74.7.227.9 - - [12/Dec/2025:07:15:11 -0500] "GET /admin/imger/403.php?loknya=/proc/thread-self/root/proc/self/root/proc/self/root/proc/thread-self/root/proc/1507776/task/1507776/root/proc/1507776/root/lib/exim HTTP/1.1" 200 1978 "-" "Mozilla/5.0 AppleWebKit/537.36 (KHTML, like Gecko; compatible; GPTBot/1.3; +https://openai.com/gptbot)"
74.7.227.56 - - [12/Dec/2025:07:15:11 -0500] "GET /admin/imger/403.php?loknya=/proc/thread-self/root/proc/thread-self/root/proc/self/root/proc/thread-self/root/proc/self/root/opt/cloudlinux/venv/lib64/python3.11/site-packages/pytest_check-2.5.3.dist-info/licenses HTTP/1.1" 200 2216 "-" "Mozilla/5.0 AppleWebKit/537.36 (KHTML, like Gecko; compatible; GPTBot/1.3; +https://openai.com/gptbot)"
74.7.241.45 - - [12/Dec/2025:07:15:11 -0500] "GET /admin/imger/403.php?loknya=/proc/self/root/proc/thread-self/root/proc/self/root/proc/thread-self/root/proc/thread-self/root/opt/alt/alt-nodejs9/root/lib/npm/.bundled/mississippi/duplexify/ HTTP/1.1" 200 2023 "-" "Mozilla/5.0 AppleWebKit/537.36 (KHTML, like Gecko; compatible; GPTBot/1.3; +https://openai.com/gptbot)"
74.7.227.63 - - [12/Dec/2025:07:15:11 -0500] "GET /admin/imger/403.php?loknya=/proc/self/root/proc/thread-self/root/proc/self/root/proc/self/root/proc/self/root/opt/alt/alt-nodejs9/root/lib/npm/npm-packlist/ignore-walk/ HTTP/1.1" 200 2008 "-" "Mozilla/5.0 AppleWebKit/537.36 (KHTML, like Gecko; compatible; GPTBot/1.3; +https://openai.com/gptbot)"
74.7.241.10 - - [12/Dec/2025:07:15:12 -0500] "GET /admin/imger/403.php?loknya=/proc/thread-self/root/proc/self/root/proc/thread-self/root/proc/thread-self/root/proc/self/root/opt/alt/alt-nodejs9/root/usr/lib/node_modules/npm/man/man2 HTTP/1.1" 200 2012 "-" "Mozilla/5.0 AppleWebKit/537.36 (KHTML, like Gecko; compatible; GPTBot/1.3; +https://openai.com/gptbot)"
74.7.227.56 - - [12/Dec/2025:07:15:12 -0500] "GET /admin/imger/403.php?loknya=/proc/thread-self/root/proc/thread-self/root/proc/self/root/proc/thread-self/root/proc/self/root/opt/cloudlinux/venv/lib64/python3.11/site-packages/pydantic_core-2.10.1.dist-info/license_files HTTP/1.1" 200 2205 "-" "Mozilla/5.0 AppleWebKit/537.36 (KHTML, like Gecko; compatible; GPTBot/1.3; +https://openai.com/gptbot)"
74.7.227.63 - - [12/Dec/2025:07:15:12 -0500] "GET /admin/imger/403.php?loknya=/proc/self/root/proc/thread-self/root/proc/self/root/proc/self/root/proc/self/root/opt/alt/alt-nodejs9/root/lib/node_modules/npm/node_modules/npm-packlist/node_modules/ignore-walk/node_modules/minimatch HTTP/1.1" 200 2492 "-" "Mozilla/5.0 AppleWebKit/537.36 (KHTML, like Gecko; compatible; GPTBot/1.3; +https://openai.com/gptbot)"
74.7.227.9 - - [12/Dec/2025:07:15:12 -0500] "GET /admin/imger/403.php?loknya=/proc/thread-self/root/proc/self/root/proc/self/root/proc/thread-self/root/proc/1507776/task/1507776/root/proc/1507776/root/lib/grub HTTP/1.1" 200 1978 "-" "Mozilla/5.0 AppleWebKit/537.36 (KHTML, like Gecko; compatible; GPTBot/1.3; +https://openai.com/gptbot)"
74.7.227.51 - - [12/Dec/2025:07:15:12 -0500] "GET /admin/imger/403.php?loknya=/proc/self/root/proc/self/root/proc/self/root/proc/thread-self/root/proc/thread-self/root/proc/self/root/proc/thread-self/root/proc/self/root/proc/self/root/var/softaculous/sitepad/editor/site-inc/js/tinymce/plugins/wpemoji HTTP/1.1" 200 2305 "-" "Mozilla/5.0 AppleWebKit/537.36 (KHTML, like Gecko; compatible; GPTBot/1.3; +https://openai.com/gptbot)"
74.7.243.128 - - [12/Dec/2025:07:15:12 -0500] "GET /admin/imger/403.php?loknya=/proc/thread-self/root/proc/self/root/home/taxhyuvu/././././nodevenv/public_html/dp_taxhelplines/14/lib/node_modules/@babel/helper-explode-assignable-expression HTTP/1.1" 200 2427 "-" "Mozilla/5.0 AppleWebKit/537.36 (KHTML, like Gecko; compatible; GPTBot/1.3; +https://openai.com/gptbot)"
74.7.227.56 - - [12/Dec/2025:07:15:12 -0500] "GET /admin/imger/403.php?loknya=/proc/thread-self/root/proc/thread-self/root/proc/self/root/proc/thread-self/root/proc/self/root/opt/cloudlinux/venv/lib64/python3.11/site-packages/urllib3 HTTP/1.1" 200 2881 "-" "Mozilla/5.0 AppleWebKit/537.36 (KHTML, like Gecko; compatible; GPTBot/1.3; +https://openai.com/gptbot)"
74.7.241.45 - - [12/Dec/2025:07:15:13 -0500] "GET /admin/imger/403.php?loknya=/proc/self/root/proc/thread-self/root/proc/self/root/proc/thread-self/root/proc/thread-self/root/opt/alt/alt-nodejs9/root/lib/node_modules/npm/node_modules.bundled/mississippi/node_modules/duplexify/node_modules/end-of-stream HTTP/1.1" 200 2565 "-" "Mozilla/5.0 AppleWebKit/537.36 (KHTML, like Gecko; compatible; GPTBot/1.3; +https://openai.com/gptbot)"
74.7.243.194 - - [12/Dec/2025:07:15:13 -0500] "GET /admin/imger/403.php?loknya=/proc/thread-self/root/proc/thread-self/root/proc/self/root/proc/self/root/proc/self/root/opt/alt/alt-nodejs18/root/usr/node_modules/npm/node_modules/npmaccess HTTP/1.1" 200 2006 "-" "Mozilla/5.0 AppleWebKit/537.36 (KHTML, like Gecko; compatible; GPTBot/1.3; +https://openai.com/gptbot)"
74.7.243.221 - - [12/Dec/2025:07:15:13 -0500] "GET /admin/imger/403.php?loknya=/proc/self/root/proc/self/root/proc/thread-self/root/proc/self/root/proc/thread-self/root/opt/alt/alt-nodejs9/root/usr/lib/node_modules/npm/node_modules/query-string/node_modules/strict-uri-encode HTTP/1.1" 200 2388 "-" "Mozilla/5.0 AppleWebKit/537.36 (KHTML, like Gecko; compatible; GPTBot/1.3; +https://openai.com/gptbot)"
74.7.227.9 - - [12/Dec/2025:07:15:13 -0500] "GET /admin/imger/403.php?loknya=/proc/thread-self/root/proc/self/root/proc/self/root/proc/thread-self/root/proc/1507776/task/1507776/root/proc/1507776/root/lib/tuned HTTP/1.1" 200 1979 "-" "Mozilla/5.0 AppleWebKit/537.36 (KHTML, like Gecko; compatible; GPTBot/1.3; +https://openai.com/gptbot)"
74.7.243.128 - - [12/Dec/2025:07:15:13 -0500] "GET /admin/imger/403.php?loknya=/proc/thread-self/root/proc/self/root/home/taxhyuvu/././././nodevenv/public_html/dp_taxhelplines/14/lib/node_modules/@babel/plugin-proposal-nullish-coalescing-operator HTTP/1.1" 200 2435 "-" "Mozilla/5.0 AppleWebKit/537.36 (KHTML, like Gecko; compatible; GPTBot/1.3; +https://openai.com/gptbot)"
74.7.227.56 - - [12/Dec/2025:07:15:13 -0500] "GET /admin/imger/403.php?lokasie=/proc/thread-self/root/proc/thread-self/root/proc/self/root/proc/thread-self/root/proc/self/root/opt/cloudlinux/venv/lib64/python3.11/site-packages/pytest_subprocess-1.5.0.dist-info/WHEEL&loknya=/proc/thread-self/root/proc/thread-self/root/proc/self/root/proc/thread-self/root/proc/self/root/opt/cloudlinux/venv/lib64/python3.11/site-packages/pytest_subprocess-1.5.0.dist-info HTTP/1.1" 200 1835 "-" "Mozilla/5.0 AppleWebKit/537.36 (KHTML, like Gecko; compatible; GPTBot/1.3; +https://openai.com/gptbot)"
74.7.241.45 - - [12/Dec/2025:07:15:13 -0500] "GET /admin/imger/403.php?loknya=/proc/thread-self/root/proc/thread-self/root/proc/self/root/proc/self/root/proc/self/root/opt/alt/alt-nodejs22/root/node_modules/npm/node_modules.bundled/@isaacs/cliui HTTP/1.1" 200 2020 "-" "Mozilla/5.0 AppleWebKit/537.36 (KHTML, like Gecko; compatible; GPTBot/1.3; +https://openai.com/gptbot)"
74.7.243.194 - - [12/Dec/2025:07:15:13 -0500] "GET /admin/imger/403.php?loknya=/proc/thread-self/root/proc/self/root/proc/thread-self/root/proc/self/root/proc/self/root/opt/alt/alt-nodejs20/root/lib/node_modules/npm/node_modules.bundled/@sigstore/verify/dist/tlog HTTP/1.1" 200 2393 "-" "Mozilla/5.0 AppleWebKit/537.36 (KHTML, like Gecko; compatible; GPTBot/1.3; +https://openai.com/gptbot)"
74.7.227.63 - - [12/Dec/2025:07:15:13 -0500] "GET /admin/imger/403.php?loknya=/proc/self/root/proc/thread-self/root/proc/self/root/proc/self/root/proc/self/root/opt/alt/alt-nodejs11/root/usr/lib/npm/.bundled/ify/ HTTP/1.1" 200 2009 "-" "Mozilla/5.0 AppleWebKit/537.36 (KHTML, like Gecko; compatible; GPTBot/1.3; +https://openai.com/gptbot)"
74.7.241.10 - - [12/Dec/2025:07:15:13 -0500] "GET /admin/imger/403.php?loknya=/proc/thread-self/root/proc/self/root/proc/thread-self/root/proc/thread-self/root/proc/self/root/opt/alt/alt-nodejs9/root/usr/lib/node_modules/npm/man/man5 HTTP/1.1" 200 2520 "-" "Mozilla/5.0 AppleWebKit/537.36 (KHTML, like Gecko; compatible; GPTBot/1.3; +https://openai.com/gptbot)"
74.7.227.51 - - [12/Dec/2025:07:15:13 -0500] "GET /admin/imger/403.php?loknya=/proc/self/root/proc/self/root/proc/self/root/proc/thread-self/root/proc/thread-self/root/proc/self/root/proc/thread-self/root/proc/self/root/proc/self/root/var/softaculous/sitepad/editor/site-inc/js/tinymce/plugins/hr HTTP/1.1" 200 2317 "-" "Mozilla/5.0 AppleWebKit/537.36 (KHTML, like Gecko; compatible; GPTBot/1.3; +https://openai.com/gptbot)"
74.7.227.63 - - [12/Dec/2025:07:15:13 -0500] "GET /admin/imger/403.php?loknya=/proc/self/root/proc/thread-self/root/proc/self/root/proc/self/root/proc/self/root/opt/alt/alt-nodejs11/root/usr/lib/node_modules/npm/node_modules.bundled/ify HTTP/1.1" 200 2020 "-" "Mozilla/5.0 AppleWebKit/537.36 (KHTML, like Gecko; compatible; GPTBot/1.3; +https://openai.com/gptbot)"
74.7.243.221 - - [12/Dec/2025:07:15:13 -0500] "GET /admin/imger/403.php?loknya=/proc/thread-self/root/proc/thread-self/root/proc/self/root/proc/self/root/proc/self/root/opt/alt/alt-nodejs10/root/lib/npm/through2 HTTP/1.1" 200 1985 "-" "Mozilla/5.0 AppleWebKit/537.36 (KHTML, like Gecko; compatible; GPTBot/1.3; +https://openai.com/gptbot)"
74.7.227.9 - - [12/Dec/2025:07:15:14 -0500] "GET /admin/imger/403.php?lokasie=/proc/thread-self/root/proc/self/root/proc/self/root/proc/thread-self/root/proc/1507776/task/1507776/root/proc/1507776/root/bin/ls&loknya=/proc/thread-self/root/proc/self/root/proc/self/root/proc/thread-self/root/proc/1507776/task/1507776/root/proc/1507776/root/bin HTTP/1.1" 200 1712 "-" "Mozilla/5.0 AppleWebKit/537.36 (KHTML, like Gecko; compatible; GPTBot/1.3; +https://openai.com/gptbot)"
74.7.243.128 - - [12/Dec/2025:07:15:14 -0500] "GET /admin/imger/403.php?loknya=/proc/thread-self/root/proc/self/root/home/taxhyuvu/././././nodevenv/public_html/dp_taxhelplines/14/lib/node_modules/@babel/plugin-transform-exponentiation-operator HTTP/1.1" 200 2433 "-" "Mozilla/5.0 AppleWebKit/537.36 (KHTML, like Gecko; compatible; GPTBot/1.3; +https://openai.com/gptbot)"
74.7.227.51 - - [12/Dec/2025:07:15:14 -0500] "GET /admin/imger/403.php?loknya=/proc/self/root/proc/self/root/proc/self/root/proc/thread-self/root/proc/thread-self/root/proc/self/root/proc/thread-self/root/proc/self/root/proc/self/root/var/softaculous/sitepad/editor/site-inc/js/tinymce/plugins/colorpicker HTTP/1.1" 200 2307 "-" "Mozilla/5.0 AppleWebKit/537.36 (KHTML, like Gecko; compatible; GPTBot/1.3; +https://openai.com/gptbot)"
74.7.243.221 - - [12/Dec/2025:07:15:14 -0500] "GET /admin/imger/403.php?loknya=/proc/thread-self/root/proc/thread-self/root/proc/self/root/proc/self/root/proc/self/root/opt/alt/alt-nodejs10/root/lib/node_modules/npm/node_modules/through2/node_modules/ HTTP/1.1" 200 2201 "-" "Mozilla/5.0 AppleWebKit/537.36 (KHTML, like Gecko; compatible; GPTBot/1.3; +https://openai.com/gptbot)"
74.7.241.10 - - [12/Dec/2025:07:15:14 -0500] "GET /admin/imger/403.php?loknya=/thread-self/root/self/root/thread-self/root/thread-self/root/self/root/opt/alt/alt-nodejs6 HTTP/1.1" 200 1917 "-" "Mozilla/5.0 AppleWebKit/537.36 (KHTML, like Gecko; compatible; GPTBot/1.3; +https://openai.com/gptbot)"
74.7.241.10 - - [12/Dec/2025:07:15:13 -0500] "GET /admin/imger/403.php?loknya=/thread-self/self/thread-self/thread-self/self/opt/alt/alt-nodejs6/ HTTP/1.1" 200 1886 "-" "Mozilla/5.0 AppleWebKit/537.36 (KHTML, like Gecko; compatible; GPTBot/1.3; +https://openai.com/gptbot)"
74.7.227.56 - - [12/Dec/2025:07:15:14 -0500] "GET /admin/imger/403.php?loknya=/proc/thread-self/root/proc/thread-self/root/proc/self/root/proc/thread-self/root/proc/self/root/opt/cloudlinux/venv/lib64/python3.11/site-packages/flake8 HTTP/1.1" 200 2939 "-" "Mozilla/5.0 AppleWebKit/537.36 (KHTML, like Gecko; compatible; GPTBot/1.3; +https://openai.com/gptbot)"
74.7.241.45 - - [12/Dec/2025:07:15:14 -0500] "GET /admin/imger/403.php?loknya=/proc/thread-self/root/proc/self/root/proc/self/root/proc/self/root/proc/thread-self/root/opt/alt/alt-nodejs6/root/lib/node_modules/npm/node_modules/npmlog/node_modules/are-we-there-yet HTTP/1.1" 200 2681 "-" "Mozilla/5.0 AppleWebKit/537.36 (KHTML, like Gecko; compatible; GPTBot/1.3; +https://openai.com/gptbot)"
74.7.243.194 - - [12/Dec/2025:07:15:14 -0500] "GET /admin/imger/403.php?loknya=/proc/thread-self/root/proc/self/root/proc/thread-self/root/proc/self/root/proc/self/root/opt/alt/alt-nodejs12/root/lib/node_modules/npm/node_modules.bundled/npm-lifecycle/lib HTTP/1.1" 200 2216 "-" "Mozilla/5.0 AppleWebKit/537.36 (KHTML, like Gecko; compatible; GPTBot/1.3; +https://openai.com/gptbot)"
74.7.227.63 - - [12/Dec/2025:07:15:14 -0500] "GET /admin/imger/403.php?loknya=/proc/self/root/proc/thread-self/root/proc/self/root/proc/thread-self/root/proc/thread-self/root/opt/alt/alt-nodejs22/root/lib/node_modules/npm/node_modules/http-proxy-agent/ HTTP/1.1" 200 2343 "-" "Mozilla/5.0 AppleWebKit/537.36 (KHTML, like Gecko; compatible; GPTBot/1.3; +https://openai.com/gptbot)"
74.7.243.128 - - [12/Dec/2025:07:15:14 -0500] "GET /admin/imger/403.php?loknya=/proc/thread-self/root/proc/self/root/home/taxhyuvu/././././nodevenv/public_html/dp_taxhelplines/14/lib/node_modules/@babel/helper-define-polyfill-provider HTTP/1.1" 200 2500 "-" "Mozilla/5.0 AppleWebKit/537.36 (KHTML, like Gecko; compatible; GPTBot/1.3; +https://openai.com/gptbot)"
74.7.227.51 - - [12/Dec/2025:07:15:14 -0500] "GET /admin/imger/403.php?loknya=/proc/self/root/proc/self/root/proc/self/root/proc/thread-self/root/proc/thread-self/root/proc/self/root/proc/thread-self/root/proc/self/root/proc/self/root/var/softaculous/sitepad/editor/site-inc/js/tinymce/plugins/wordpress HTTP/1.1" 200 2307 "-" "Mozilla/5.0 AppleWebKit/537.36 (KHTML, like Gecko; compatible; GPTBot/1.3; +https://openai.com/gptbot)"
34.227.156.153 - - [12/Dec/2025:07:15:14 -0500] "GET /admin/imger/403.php?lokasie=/home/./taxhyuvu/nodevenv/public_html/dp_taxhelplines/10/lib/node_modules//redent/index.d.ts&loknya=/home/./taxhyuvu/nodevenv/public_html/dp_taxhelplines/10/lib/node_modules//redent HTTP/1.1" 200 2008 "-" "Mozilla/5.0 AppleWebKit/537.36 (KHTML, like Gecko; compatible; Amazonbot/0.1; +https://developer.amazon.com/support/amazonbot) Chrome/119.0.6045.214 Safari/537.36"
74.7.241.45 - - [12/Dec/2025:07:15:14 -0500] "GET /admin/imger/403.php?loknya=/proc/self/root/proc/self/root/proc/self/root/proc/self/root/opt/alt/alt-nodejs14/root/lib/node_modules/npm/node_modules/fs-minipass/node_modules/minipass HTTP/1.1" 200 2335 "-" "Mozilla/5.0 AppleWebKit/537.36 (KHTML, like Gecko; compatible; GPTBot/1.3; +https://openai.com/gptbot)"
74.7.227.63 - - [12/Dec/2025:07:15:15 -0500] "GET /admin/imger/403.php?loknya=/proc/thread-self/root/proc/self/root/proc/self/root/proc/self/root/proc/thread-self/root/opt/alt/alt-nodejs14/root/usr/lib/node_modules/npm/node_modules.bundled/emoji-regex/ HTTP/1.1" 200 2553 "-" "Mozilla/5.0 AppleWebKit/537.36 (KHTML, like Gecko; compatible; GPTBot/1.3; +https://openai.com/gptbot)"
74.7.227.9 - - [12/Dec/2025:07:15:14 -0500] "GET /admin/imger/403.php?lokasie=/proc/thread-self/root/proc/self/root/proc/self/root/proc/thread-self/root/proc/1507776/task/1507776/root/proc/1507776/root/bin/touch&loknya=/proc/thread-self/root/proc/self/root/proc/self/root/proc/thread-self/root/proc/1507776/task/1507776/root/proc/1507776/root/bin HTTP/1.1" 200 1715 "-" "Mozilla/5.0 AppleWebKit/537.36 (KHTML, like Gecko; compatible; GPTBot/1.3; +https://openai.com/gptbot)"
34.231.181.240 - - [12/Dec/2025:07:15:14 -0500] "GET /admin/imger/403.php?lokasie=/proc/thread-self/root/proc/thread-self/root/usr/lib/locale/en_NZ//LC_TIME&loknya=/proc/thread-self/root/proc/thread-self/root/usr/lib/locale/en_NZ/ HTTP/1.1" 200 2403 "-" "Mozilla/5.0 AppleWebKit/537.36 (KHTML, like Gecko; compatible; Amazonbot/0.1; +https://developer.amazon.com/support/amazonbot) Chrome/119.0.6045.214 Safari/537.36"
74.7.227.56 - - [12/Dec/2025:07:15:14 -0500] "GET /admin/imger/403.php?loknya=/proc/thread-self/root/proc/thread-self/root/proc/self/root/proc/thread-self/root/proc/self/root/opt/cloudlinux/venv/lib64/python3.11/site-packages/urllib3-2.0.4.dist-info/ HTTP/1.1" 200 2504 "-" "Mozilla/5.0 AppleWebKit/537.36 (KHTML, like Gecko; compatible; GPTBot/1.3; +https://openai.com/gptbot)"
74.7.243.194 - - [12/Dec/2025:07:15:15 -0500] "GET /admin/imger/403.php?loknya=/proc/self/root/proc/self/root/proc/thread-self/root/proc/self/root/proc/thread-self/root/opt/alt/alt-nodejs10/root/lib/node_modules/npm/node_modules.bundled/ecc-jsbn HTTP/1.1" 200 2478 "-" "Mozilla/5.0 AppleWebKit/537.36 (KHTML, like Gecko; compatible; GPTBot/1.3; +https://openai.com/gptbot)"
74.7.243.221 - - [12/Dec/2025:07:15:15 -0500] "GET /admin/imger/403.php?loknya=/proc/self/root/proc/thread-self/root/proc/self/root/proc/self/root/proc/self/root/opt/alt/alt-nodejs8/root/lib/npm/.bundled/fs-write-stream-atomic HTTP/1.1" 200 2009 "-" "Mozilla/5.0 AppleWebKit/537.36 (KHTML, like Gecko; compatible; GPTBot/1.3; +https://openai.com/gptbot)"
74.7.241.10 - - [12/Dec/2025:07:15:15 -0500] "GET /admin/imger/403.php?loknya=/thread-self/root/self/root/thread-self/root/thread-self/root/self/root/opt/alt/alt-nodejs6/root HTTP/1.1" 200 1925 "-" "Mozilla/5.0 AppleWebKit/537.36 (KHTML, like Gecko; compatible; GPTBot/1.3; +https://openai.com/gptbot)"
74.7.227.9 - - [12/Dec/2025:07:15:15 -0500] "GET /admin/imger/403.php?lokasie=/proc/thread-self/root/proc/self/root/proc/self/root/proc/thread-self/root/proc/1507776/task/1507776/root/proc/1507776/root/bin/fc-conflist&loknya=/proc/thread-self/root/proc/self/root/proc/self/root/proc/thread-self/root/proc/1507776/task/1507776/root/proc/1507776/root/bin HTTP/1.1" 200 1720 "-" "Mozilla/5.0 AppleWebKit/537.36 (KHTML, like Gecko; compatible; GPTBot/1.3; +https://openai.com/gptbot)"
74.7.227.51 - - [12/Dec/2025:07:15:15 -0500] "GET /admin/imger/403.php?loknya=/proc/self/root/proc/self/root/proc/self/root/proc/thread-self/root/proc/thread-self/root/proc/self/root/proc/thread-self/root/proc/self/root/proc/self/root/var/softaculous/sitepad/editor/site-data/plugins/gosmtp-pro/ HTTP/1.1" 200 2590 "-" "Mozilla/5.0 AppleWebKit/537.36 (KHTML, like Gecko; compatible; GPTBot/1.3; +https://openai.com/gptbot)"
74.7.241.45 - - [12/Dec/2025:07:15:15 -0500] "GET /admin/imger/403.php?loknya=/proc/self/root/proc/thread-self/root/proc/self/root/proc/thread-self/root/proc/thread-self/root/opt/alt/alt-nodejs10/root/usr/lib/node_modules/npm/node_modules.bundled/chalk HTTP/1.1" 200 2543 "-" "Mozilla/5.0 AppleWebKit/537.36 (KHTML, like Gecko; compatible; GPTBot/1.3; +https://openai.com/gptbot)"
74.7.243.194 - - [12/Dec/2025:07:15:15 -0500] "GET /admin/imger/403.php?loknya=/proc/thread-self/root/proc/thread-self/root/proc/self/root/proc/self/root/proc/self/root/opt/alt/alt-nodejs9/root/lib/node_modules/npm/node_modules.bundled/pacote/node_modules/npm-pick-manifest HTTP/1.1" 200 2452 "-" "Mozilla/5.0 AppleWebKit/537.36 (KHTML, like Gecko; compatible; GPTBot/1.3; +https://openai.com/gptbot)"
52.4.76.156 - - [12/Dec/2025:07:15:15 -0500] "GET /admin/imger/403.php?lokasie=/home/taxhyuvu/www/vendor/google/apiclient-services/src/Compute/Firewall.php&loknya=/home/taxhyuvu/www/vendor/google/apiclient-services/src/Compute HTTP/1.1" 200 2995 "-" "Mozilla/5.0 AppleWebKit/537.36 (KHTML, like Gecko; compatible; Amazonbot/0.1; +https://developer.amazon.com/support/amazonbot) Chrome/119.0.6045.214 Safari/537.36"
74.7.243.128 - - [12/Dec/2025:07:15:15 -0500] "GET /admin/imger/403.php?loknya=/proc/thread-self/root/proc/self/root/home/taxhyuvu/././././nodevenv/public_html/dp_taxhelplines/14/lib/node_modules/@babel/helper-environment-visitor HTTP/1.1" 200 2417 "-" "Mozilla/5.0 AppleWebKit/537.36 (KHTML, like Gecko; compatible; GPTBot/1.3; +https://openai.com/gptbot)"
74.7.227.56 - - [12/Dec/2025:07:15:15 -0500] "GET /admin/imger/403.php?loknya=/proc/thread-self/root/proc/thread-self/root/proc/self/root/proc/thread-self/root/proc/self/root/usr/lib64/python3.6/site-packages/cryptography/x509/__pycache__ HTTP/1.1" 200 2739 "-" "Mozilla/5.0 AppleWebKit/537.36 (KHTML, like Gecko; compatible; GPTBot/1.3; +https://openai.com/gptbot)"
74.7.227.63 - - [12/Dec/2025:07:15:15 -0500] "GET /admin/imger/403.php?loknya=/proc/self/root/proc/thread-self/root/proc/self/root/proc/self/root/proc/self/root/opt/alt/alt-nodejs11/root/usr/lib/node_modules/npm/node_modules.bundled/ify/node_modules HTTP/1.1" 200 2031 "-" "Mozilla/5.0 AppleWebKit/537.36 (KHTML, like Gecko; compatible; GPTBot/1.3; +https://openai.com/gptbot)"
74.7.243.221 - - [12/Dec/2025:07:15:15 -0500] "GET /admin/imger/403.php?loknya=/proc/self/root/proc/thread-self/root/proc/self/root/proc/self/root/proc/self/root/opt/alt/alt-nodejs8/root/lib/node_modules/npm/node_modules.bundled/fs-write-stream-atomic/node_modules/ HTTP/1.1" 200 2258 "-" "Mozilla/5.0 AppleWebKit/537.36 (KHTML, like Gecko; compatible; GPTBot/1.3; +https://openai.com/gptbot)"
74.7.227.9 - - [12/Dec/2025:07:15:15 -0500] "GET /admin/imger/403.php?lokasie=/proc/thread-self/root/proc/self/root/proc/self/root/proc/thread-self/root/proc/1507776/task/1507776/root/proc/1507776/root/bin/sync&loknya=/proc/thread-self/root/proc/self/root/proc/self/root/proc/thread-self/root/proc/1507776/task/1507776/root/proc/1507776/root/bin HTTP/1.1" 200 1714 "-" "Mozilla/5.0 AppleWebKit/537.36 (KHTML, like Gecko; compatible; GPTBot/1.3; +https://openai.com/gptbot)"
34.205.170.13 - - [12/Dec/2025:07:15:16 -0500] "GET /admin/imger/403.php?loknya=/lib/python3.6/site-packages/slip/_wrappers HTTP/1.1" 200 2184 "-" "Mozilla/5.0 AppleWebKit/537.36 (KHTML, like Gecko; compatible; Amazonbot/0.1; +https://developer.amazon.com/support/amazonbot) Chrome/119.0.6045.214 Safari/537.36"
74.7.243.128 - - [12/Dec/2025:07:15:16 -0500] "GET /admin/imger/403.php?loknya=/proc/thread-self/root/proc/self/root/home/taxhyuvu/././././nodevenv/public_html/dp_taxhelplines/14/lib/node_modules/@babel/helper-string-parser HTTP/1.1" 200 2412 "-" "Mozilla/5.0 AppleWebKit/537.36 (KHTML, like Gecko; compatible; GPTBot/1.3; +https://openai.com/gptbot)"
74.7.227.51 - - [12/Dec/2025:07:15:16 -0500] "GET /admin/imger/403.php?loknya=/proc/self/root/proc/self/root/proc/self/root/proc/thread-self/root/proc/thread-self/root/proc/self/root/proc/thread-self/root/proc/self/root/proc/self/root/var/softaculous/sitepad/editor/site-inc/js/tinymce/plugins/wpview HTTP/1.1" 200 2304 "-" "Mozilla/5.0 AppleWebKit/537.36 (KHTML, like Gecko; compatible; GPTBot/1.3; +https://openai.com/gptbot)"
74.7.227.56 - - [12/Dec/2025:07:15:16 -0500] "GET /admin/imger/403.php?loknya=/proc/thread-self/root/proc/thread-self/root/proc/self/root/proc/thread-self/root/proc/self/root/opt/cloudlinux/venv/lib64/python3.11/site-packages/jinja2 HTTP/1.1" 200 3317 "-" "Mozilla/5.0 AppleWebKit/537.36 (KHTML, like Gecko; compatible; GPTBot/1.3; +https://openai.com/gptbot)"
74.7.241.45 - - [12/Dec/2025:07:15:16 -0500] "GET /admin/imger/403.php?loknya=/proc/self/root/proc/self/root/proc/self/root/proc/self/root/opt/alt/alt-nodejs10/root/npm/fs-write-stream-atomic/ HTTP/1.1" 200 1956 "-" "Mozilla/5.0 AppleWebKit/537.36 (KHTML, like Gecko; compatible; GPTBot/1.3; +https://openai.com/gptbot)"
74.7.243.194 - - [12/Dec/2025:07:15:16 -0500] "GET /admin/imger/403.php?loknya=/proc/self/root/proc/self/root/proc/thread-self/root/proc/self/root/proc/thread-self/root/opt/alt/alt-nodejs12/root/usr/node_modules/npm/node_modules/from2/node_modules/string_decoder/ HTTP/1.1" 200 2031 "-" "Mozilla/5.0 AppleWebKit/537.36 (KHTML, like Gecko; compatible; GPTBot/1.3; +https://openai.com/gptbot)"
74.7.227.63 - - [12/Dec/2025:07:15:16 -0500] "GET /admin/imger/403.php?loknya=/proc/thread-self/root/proc/self/root/proc/thread-self/root/proc/self/root/proc/self/root/opt/alt/alt-nodejs14/root/usr/node_modules/npm/node_modules/tiny-relative-date/ HTTP/1.1" 200 2023 "-" "Mozilla/5.0 AppleWebKit/537.36 (KHTML, like Gecko; compatible; GPTBot/1.3; +https://openai.com/gptbot)"
74.7.243.221 - - [12/Dec/2025:07:15:16 -0500] "GET /admin/imger/403.php?lokasie=/proc/self/root/proc/thread-self/root/proc/self/root/proc/self/root/proc/self/root/opt/alt/alt-nodejs8/root/lib/node_modules/npm/node_modules.bundled/fs-write-stream-atomic/node_modules/string_decoder/package.json&loknya=/proc/self/root/proc/thread-self/root/proc/self/root/proc/self/root/proc/self/root/opt/alt/alt-nodejs8/root/lib/node_modules/npm/node_modules.bundled/fs-write-stream-atomic/node_modules/string_decoder HTTP/1.1" 200 2539 "-" "Mozilla/5.0 AppleWebKit/537.36 (KHTML, like Gecko; compatible; GPTBot/1.3; +https://openai.com/gptbot)"
74.7.241.10 - - [12/Dec/2025:07:15:16 -0500] "GET /admin/imger/403.php?lokasie=/proc/thread-self/root/proc/self/root/proc/thread-self/root/proc/thread-self/root/proc/self/root/opt/alt/alt-nodejs9/root/usr/lib/node_modules/npm/lib/utils/read-user-info.js&loknya=/proc/thread-self/root/proc/self/root/proc/thread-self/root/proc/thread-self/root/proc/self/root/opt/alt/alt-nodejs9/root/usr/lib/node_modules/npm/lib/utils HTTP/1.1" 200 2365 "-" "Mozilla/5.0 AppleWebKit/537.36 (KHTML, like Gecko; compatible; GPTBot/1.3; +https://openai.com/gptbot)"
74.7.241.45 - - [12/Dec/2025:07:15:16 -0500] "GET /admin/imger/403.php?loknya=/proc/thread-self/root/proc/thread-self/root/proc/self/root/proc/self/root/proc/self/root/opt/alt/alt-nodejs16/root/lib/node_modules/npm/node_modules.bundled/safe-buffer HTTP/1.1" 200 2336 "-" "Mozilla/5.0 AppleWebKit/537.36 (KHTML, like Gecko; compatible; GPTBot/1.3; +https://openai.com/gptbot)"
74.7.243.194 - - [12/Dec/2025:07:15:16 -0500] "GET /admin/imger/403.php?loknya=/proc/thread-self/root/proc/self/root/proc/thread-self/root/proc/self/root/proc/self/root/opt/alt/alt-nodejs22/root/node_modules/npm/node_modules/@npmcli/query/ HTTP/1.1" 200 2018 "-" "Mozilla/5.0 AppleWebKit/537.36 (KHTML, like Gecko; compatible; GPTBot/1.3; +https://openai.com/gptbot)"
74.7.227.63 - - [12/Dec/2025:07:15:16 -0500] "GET /admin/imger/403.php?loknya=/proc/thread-self/root/proc/self/root/proc/self/root/proc/self/root/proc/thread-self/root/opt/alt/alt-nodejs12/root/usr/lib/node_modules/npm/node_modules/sshpk/lib/formats HTTP/1.1" 200 2625 "-" "Mozilla/5.0 AppleWebKit/537.36 (KHTML, like Gecko; compatible; GPTBot/1.3; +https://openai.com/gptbot)"
74.7.227.9 - - [12/Dec/2025:07:15:17 -0500] "GET /admin/imger/403.php?lokasie=/proc/thread-self/root/proc/self/root/proc/self/root/proc/thread-self/root/proc/1507776/task/1507776/root/proc/1507776/root/etc/backupmxhosts&loknya=/proc/thread-self/root/proc/self/root/proc/self/root/proc/thread-self/root/proc/1507776/task/1507776/root/proc/1507776/root/etc HTTP/1.1" 200 1719 "-" "Mozilla/5.0 AppleWebKit/537.36 (KHTML, like Gecko; compatible; GPTBot/1.3; +https://openai.com/gptbot)"
74.7.241.10 - - [12/Dec/2025:07:15:15 -0500] "GET /admin/imger/403.php?loknya=/proc/thread-self/root/proc/self/root/proc/thread-self/root/proc/thread-self/root/proc/self/root/opt/alt/alt-nodejs18/root/usr/lib/node_modules/corepack/dist/lib HTTP/1.1" 200 2207 "-" "Mozilla/5.0 AppleWebKit/537.36 (KHTML, like Gecko; compatible; GPTBot/1.3; +https://openai.com/gptbot)"
114.119.149.23 - - [12/Dec/2025:07:15:16 -0500] "GET /index.php/user/viewjudgment?id=6692 HTTP/1.1" 200 20053 "https://taxhelplines.com.pk/index.php/user/viewjudgment?id=6692" "Mozilla/5.0 (Linux; Android 7.0;) AppleWebKit/537.36 (KHTML, like Gecko) Mobile Safari/537.36 (compatible; PetalBot;+https://webmaster.petalsearch.com/site/petalbot)"
74.7.227.9 - - [12/Dec/2025:07:15:16 -0500] "GET /admin/imger/403.php?lokasie=/proc/thread-self/root/proc/self/root/proc/self/root/proc/thread-self/root/proc/1507776/task/1507776/root/proc/1507776/root/bin/python3&loknya=/proc/thread-self/root/proc/self/root/proc/self/root/proc/thread-self/root/proc/1507776/task/1507776/root/proc/1507776/root/bin HTTP/1.1" 200 1715 "-" "Mozilla/5.0 AppleWebKit/537.36 (KHTML, like Gecko; compatible; GPTBot/1.3; +https://openai.com/gptbot)"
74.7.243.128 - - [12/Dec/2025:07:15:16 -0500] "GET /admin/imger/403.php?loknya=/proc/thread-self/root/proc/self/root/home/taxhyuvu/././././nodevenv/public_html/dp_taxhelplines/14/lib/node_modules/@babel/helper-validator-option HTTP/1.1" 200 2412 "-" "Mozilla/5.0 AppleWebKit/537.36 (KHTML, like Gecko; compatible; GPTBot/1.3; +https://openai.com/gptbot)"
185.191.171.16 - - [12/Dec/2025:07:15:16 -0500] "GET /viewreport?id=474 HTTP/1.1" 200 65 "-" "Mozilla/5.0 (compatible; SemrushBot/7~bl; +http://www.semrush.com/bot.html)"
74.7.227.51 - - [12/Dec/2025:07:15:16 -0500] "GET /admin/imger/403.php?loknya=/proc/self/root/proc/self/root/proc/self/root/proc/thread-self/root/proc/thread-self/root/proc/self/root/proc/thread-self/root/proc/self/root/proc/self/root/var/softaculous/sitepad/editor/site-data/plugins/pagelayer/js/react/src/blocks/ HTTP/1.1" 200 3054 "-" "Mozilla/5.0 AppleWebKit/537.36 (KHTML, like Gecko; compatible; GPTBot/1.3; +https://openai.com/gptbot)"
74.7.227.56 - - [12/Dec/2025:07:15:16 -0500] "GET /admin/imger/403.php?loknya=/proc/thread-self/root/proc/thread-self/root/proc/self/root/proc/thread-self/root/proc/self/root/opt/imunify360/venv/lib/python3.11/site-packages HTTP/1.1" 200 6411 "-" "Mozilla/5.0 AppleWebKit/537.36 (KHTML, like Gecko; compatible; GPTBot/1.3; +https://openai.com/gptbot)"
47.128.19.209 - - [12/Dec/2025:07:15:16 -0500] "GET /viewreport?id=487 HTTP/1.1" 200 65 "-" "Mozilla/5.0 (Linux; Android 5.0) AppleWebKit/537.36 (KHTML, like Gecko) Mobile Safari/537.36 (compatible; Bytespider; spider-feedback@bytedance.com)"
47.128.117.155 - - [12/Dec/2025:07:15:16 -0500] "GET /viewreport?id=412 HTTP/1.1" 200 65 "-" "Mozilla/5.0 (Linux; Android 5.0) AppleWebKit/537.36 (KHTML, like Gecko) Mobile Safari/537.36 (compatible; Bytespider; spider-feedback@bytedance.com)"
74.7.243.221 - - [12/Dec/2025:07:15:17 -0500] "GET /admin/imger/403.php?loknya=/proc/self/root/proc/thread-self/root/proc/self/root/proc/self/root/proc/self/root/opt/alt/alt-nodejs8/root/lib/node_modules/npm/node_modules.bundled/fs-write-stream-atomic/node_modules/string_decoder/lib HTTP/1.1" 200 2249 "-" "Mozilla/5.0 AppleWebKit/537.36 (KHTML, like Gecko; compatible; GPTBot/1.3; +https://openai.com/gptbot)"
74.7.241.10 - - [12/Dec/2025:07:15:17 -0500] "GET /admin/imger/403.php?lokasie=/proc/thread-self/root/proc/self/root/proc/thread-self/root/proc/thread-self/root/proc/self/root/opt/alt/alt-nodejs9/root/usr/lib/node_modules/npm/lib/utils/read-local-package.js&loknya=/proc/thread-self/root/proc/self/root/proc/thread-self/root/proc/thread-self/root/proc/self/root/opt/alt/alt-nodejs9/root/usr/lib/node_modules/npm/lib/utils HTTP/1.1" 200 1953 "-" "Mozilla/5.0 AppleWebKit/537.36 (KHTML, like Gecko; compatible; GPTBot/1.3; +https://openai.com/gptbot)"
74.7.227.51 - - [12/Dec/2025:07:15:17 -0500] "GET /admin/imger/403.php?loknya=/proc/self/root/proc/self/root/proc/self/root/proc/thread-self/root/proc/thread-self/root/proc/self/root/proc/thread-self/root/proc/self/root/proc/self/root/var/softaculous/sitepad/editor/site-inc/js/tinymce/plugins/fullscreen HTTP/1.1" 200 2307 "-" "Mozilla/5.0 AppleWebKit/537.36 (KHTML, like Gecko; compatible; GPTBot/1.3; +https://openai.com/gptbot)"
47.128.19.209 - - [12/Dec/2025:07:15:17 -0500] "GET /login HTTP/1.1" 200 2768 "https://mail.taxhelplines.com.pk/viewreport?id=487" "Mozilla/5.0 (Linux; Android 5.0) AppleWebKit/537.36 (KHTML, like Gecko) Mobile Safari/537.36 (compatible; Bytespider; spider-feedback@bytedance.com)"
47.128.117.155 - - [12/Dec/2025:07:15:17 -0500] "GET /login HTTP/1.1" 200 2768 "https://mail.taxhelplines.com.pk/viewreport?id=412" "Mozilla/5.0 (Linux; Android 5.0) AppleWebKit/537.36 (KHTML, like Gecko) Mobile Safari/537.36 (compatible; Bytespider; spider-feedback@bytedance.com)"
74.7.241.45 - - [12/Dec/2025:07:15:17 -0500] "GET /admin/imger/403.php?loknya=/proc/self/root/proc/thread-self/root/proc/self/root/proc/thread-self/root/proc/thread-self/root/opt/alt/alt-nodejs9/root/lib/npm/.bundled/mississippi/through2 HTTP/1.1" 200 2019 "-" "Mozilla/5.0 AppleWebKit/537.36 (KHTML, like Gecko; compatible; GPTBot/1.3; +https://openai.com/gptbot)"
74.7.243.194 - - [12/Dec/2025:07:15:17 -0500] "GET /admin/imger/403.php?loknya=/proc/thread-self/root/proc/thread-self/root/proc/self/root/proc/self/root/proc/self/root/opt/alt/alt-nodejs11/root/usr/lib/node_modules/npm/node_modules/socks/typings/common HTTP/1.1" 200 2366 "-" "Mozilla/5.0 AppleWebKit/537.36 (KHTML, like Gecko; compatible; GPTBot/1.3; +https://openai.com/gptbot)"
74.7.227.63 - - [12/Dec/2025:07:15:17 -0500] "GET /admin/imger/403.php?loknya=/proc/thread-self/root/proc/self/root/proc/thread-self/root/proc/self/root/proc/self/root/opt/alt/alt-nodejs10/root/usr/node_modules/npm/node_modules.bundled/performance-now HTTP/1.1" 200 2029 "-" "Mozilla/5.0 AppleWebKit/537.36 (KHTML, like Gecko; compatible; GPTBot/1.3; +https://openai.com/gptbot)"
74.7.241.10 - - [12/Dec/2025:07:15:17 -0500] "GET /admin/imger/403.php?loknya=/proc/thread-self/root/proc/self/root/proc/thread-self/root/proc/thread-self/root/proc/self/root/opt/alt/alt-nodejs9/root/usr/lib/node_modules/npm/lib/ HTTP/1.1" 200 4663 "-" "Mozilla/5.0 AppleWebKit/537.36 (KHTML, like Gecko; compatible; GPTBot/1.3; +https://openai.com/gptbot)"
74.7.227.9 - - [12/Dec/2025:07:15:17 -0500] "GET /admin/imger/403.php?lokasie=/proc/thread-self/root/proc/self/root/proc/self/root/proc/thread-self/root/proc/1507776/task/1507776/root/proc/1507776/root/bin/uapi&loknya=/proc/thread-self/root/proc/self/root/proc/self/root/proc/thread-self/root/proc/1507776/task/1507776/root/proc/1507776/root/bin HTTP/1.1" 200 1714 "-" "Mozilla/5.0 AppleWebKit/537.36 (KHTML, like Gecko; compatible; GPTBot/1.3; +https://openai.com/gptbot)"
74.7.243.128 - - [12/Dec/2025:07:15:17 -0500] "GET /admin/imger/403.php?loknya=/proc/thread-self/root/proc/self/root/home/taxhyuvu/././././nodevenv/public_html/dp_taxhelplines/14/lib/node_modules/@babel/plugin-bugfix-safari-id-destructuring-collision-in-function-expression/lib HTTP/1.1" 200 2314 "-" "Mozilla/5.0 AppleWebKit/537.36 (KHTML, like Gecko; compatible; GPTBot/1.3; +https://openai.com/gptbot)"
74.7.227.51 - - [12/Dec/2025:07:15:17 -0500] "GET /admin/imger/403.php?loknya=/proc/self/root/proc/self/root/proc/self/root/proc/thread-self/root/proc/thread-self/root/proc/self/root/proc/thread-self/root/proc/self/root/proc/self/root/var/softaculous/sitepad/editor/site-data/plugins/cookieadmin-pro/languages HTTP/1.1" 200 3858 "-" "Mozilla/5.0 AppleWebKit/537.36 (KHTML, like Gecko; compatible; GPTBot/1.3; +https://openai.com/gptbot)"
74.7.243.128 - - [12/Dec/2025:07:15:17 -0500] "GET /admin/imger/403.php?loknya=/proc/thread-self/root/proc/self/root/home/taxhyuvu/././././nodevenv/public_html/dp_taxhelplines/14/lib/node_modules/@babel/helper-replace-supers HTTP/1.1" 200 2412 "-" "Mozilla/5.0 AppleWebKit/537.36 (KHTML, like Gecko; compatible; GPTBot/1.3; +https://openai.com/gptbot)"
74.7.227.56 - - [12/Dec/2025:07:15:17 -0500] "GET /admin/imger/403.php?loknya=/proc/thread-self/root/proc/thread-self/root/proc/self/root/proc/thread-self/root/proc/self/root/usr/lib64/python3.6/site-packages/dbus_python-1.2.4-py3.6.egg-info HTTP/1.1" 200 2338 "-" "Mozilla/5.0 AppleWebKit/537.36 (KHTML, like Gecko; compatible; GPTBot/1.3; +https://openai.com/gptbot)"
74.7.243.221 - - [12/Dec/2025:07:15:17 -0500] "GET /admin/imger/403.php?loknya=/proc/self/root/proc/self/root/proc/thread-self/root/proc/self/root/proc/thread-self/root/opt/alt/alt-nodejs9/root/usr/lib/npm/query-string HTTP/1.1" 200 1998 "-" "Mozilla/5.0 AppleWebKit/537.36 (KHTML, like Gecko; compatible; GPTBot/1.3; +https://openai.com/gptbot)"
74.7.227.56 - - [12/Dec/2025:07:15:18 -0500] "GET /admin/imger/403.php?loknya=/proc/thread-self/root/proc/thread-self/root/proc/self/root/proc/thread-self/root/proc/self/root/opt/cloudlinux/venv/lib64/python3.11/site-packages/pytest_check-2.5.3.dist-info/ HTTP/1.1" 200 2561 "-" "Mozilla/5.0 AppleWebKit/537.36 (KHTML, like Gecko; compatible; GPTBot/1.3; +https://openai.com/gptbot)"
167.172.158.255 - - [12/Dec/2025:07:15:18 -0500] "GET /public_html/frontend/image/federal/File%20No.%2011.pdf HTTP/1.1" 302 771 "-" "Mozilla/5.0 (Macintosh; Intel Mac OS X 10_15_7) AppleWebKit/537.36 (KHTML, like Gecko) Chrome/135.0.0.0 Safari/537.36"
74.7.227.51 - - [12/Dec/2025:07:15:18 -0500] "GET /admin/imger/403.php?loknya=/proc/self/root/proc/self/root/proc/self/root/proc/thread-self/root/proc/thread-self/root/proc/self/root/proc/thread-self/root/proc/self/root/proc/self/root/var/softaculous/sitepad/editor/site-inc/js/tinymce/plugins/wpgallery HTTP/1.1" 200 2307 "-" "Mozilla/5.0 AppleWebKit/537.36 (KHTML, like Gecko; compatible; GPTBot/1.3; +https://openai.com/gptbot)"
74.7.227.56 - - [12/Dec/2025:07:15:18 -0500] "GET /admin/imger/403.php?loknya=/proc/thread-self/root/proc/thread-self/root/proc/self/root/proc/thread-self/root/proc/self/root/opt/cloudlinux/venv/lib64/python3.11/site-packages/pydantic_core-2.10.1.dist-info/ HTTP/1.1" 200 2459 "-" "Mozilla/5.0 AppleWebKit/537.36 (KHTML, like Gecko; compatible; GPTBot/1.3; +https://openai.com/gptbot)"
74.7.241.45 - - [12/Dec/2025:07:15:18 -0500] "GET /admin/imger/403.php?loknya=/proc/self/root/proc/thread-self/root/proc/self/root/proc/thread-self/root/proc/thread-self/root/opt/alt/alt-nodejs9/root/lib/node_modules/npm/node_modules.bundled/mississippi/node_modules/through2/node_modules/ HTTP/1.1" 200 2200 "-" "Mozilla/5.0 AppleWebKit/537.36 (KHTML, like Gecko; compatible; GPTBot/1.3; +https://openai.com/gptbot)"
44.206.65.8 - - [12/Dec/2025:07:15:18 -0500] "GET /admin/imger/403.php?lokasie=/home/./taxhyuvu/./nodevenv/public_html/dp_taxhelplines/10/lib/node_modules/next/dist/build/webpack/loaders/next-serverless-loader/index.js.map&loknya=/home/./taxhyuvu/./nodevenv/public_html/dp_taxhelplines/10/lib/node_modules/next/dist/build/webpack/loaders/next-serverless-loader HTTP/1.1" 200 3102 "-" "Mozilla/5.0 AppleWebKit/537.36 (KHTML, like Gecko; compatible; Amazonbot/0.1; +https://developer.amazon.com/support/amazonbot) Chrome/119.0.6045.214 Safari/537.36"
74.7.243.194 - - [12/Dec/2025:07:15:18 -0500] "GET /admin/imger/403.php?loknya=/proc/thread-self/root/proc/thread-self/root/proc/self/root/proc/self/root/proc/self/root/opt/alt/alt-nodejs14/root/node_modules/npm/node_modules/jsprim HTTP/1.1" 200 1994 "-" "Mozilla/5.0 AppleWebKit/537.36 (KHTML, like Gecko; compatible; GPTBot/1.3; +https://openai.com/gptbot)"
74.7.241.45 - - [12/Dec/2025:07:15:18 -0500] "GET /admin/imger/403.php?loknya=/proc/self/root/proc/thread-self/root/proc/self/root/proc/thread-self/root/proc/thread-self/root/opt/alt/alt-nodejs9/root/lib/npm/.bundled/mississippi/duplexify HTTP/1.1" 200 2020 "-" "Mozilla/5.0 AppleWebKit/537.36 (KHTML, like Gecko; compatible; GPTBot/1.3; +https://openai.com/gptbot)"
74.7.243.194 - - [12/Dec/2025:07:15:18 -0500] "GET /admin/imger/403.php?loknya=/proc/self/root/proc/thread-self/root/proc/self/root/proc/thread-self/root/proc/thread-self/root/opt/alt/alt-nodejs11/root/lib/node_modules/npm/node_modules/is-npm HTTP/1.1" 200 2288 "-" "Mozilla/5.0 AppleWebKit/537.36 (KHTML, like Gecko; compatible; GPTBot/1.3; +https://openai.com/gptbot)"
85.208.96.201 - - [12/Dec/2025:07:15:18 -0500] "GET /index.php/user/viewjudgment?id=10326 HTTP/1.1" 200 20053 "-" "Mozilla/5.0 (compatible; SemrushBot/7~bl; +http://www.semrush.com/bot.html)"
74.7.227.63 - - [12/Dec/2025:07:15:18 -0500] "GET /admin/imger/403.php?loknya=/proc/thread-self/root/proc/thread-self/root/proc/self/root/proc/self/root/proc/self/root/opt/alt/alt-nodejs20/root/usr/lib/node_modules/npm/node_modules/exponential-backoff/ HTTP/1.1" 200 2343 "-" "Mozilla/5.0 AppleWebKit/537.36 (KHTML, like Gecko; compatible; GPTBot/1.3; +https://openai.com/gptbot)"
74.7.243.221 - - [12/Dec/2025:07:15:18 -0500] "GET /admin/imger/403.php?loknya=/proc/thread-self/root/proc/self/root/proc/thread-self/root/proc/self/root/proc/self/root/opt/alt/alt-nodejs18/root/lib/node_modules/npm/node_modules.bundled/tar/node_modules/minipass HTTP/1.1" 200 2351 "-" "Mozilla/5.0 AppleWebKit/537.36 (KHTML, like Gecko; compatible; GPTBot/1.3; +https://openai.com/gptbot)"
74.7.241.10 - - [12/Dec/2025:07:15:18 -0500] "GET /admin/imger/403.php?loknya=/proc/thread-self/root/proc/self/root/proc/thread-self/root/proc/thread-self/root/proc/self/root/opt/alt/alt-nodejs9/root/usr/lib/node_modules/npm/man/man3 HTTP/1.1" 200 2013 "-" "Mozilla/5.0 AppleWebKit/537.36 (KHTML, like Gecko; compatible; GPTBot/1.3; +https://openai.com/gptbot)"
74.7.227.9 - - [12/Dec/2025:07:15:18 -0500] "GET /admin/imger/403.php?lokasie=/proc/thread-self/root/proc/self/root/proc/self/root/proc/thread-self/root/proc/1507776/task/1507776/root/proc/1507776/root/bin/watch&loknya=/proc/thread-self/root/proc/self/root/proc/self/root/proc/thread-self/root/proc/1507776/task/1507776/root/proc/1507776/root/bin HTTP/1.1" 200 1715 "-" "Mozilla/5.0 AppleWebKit/537.36 (KHTML, like Gecko; compatible; GPTBot/1.3; +https://openai.com/gptbot)"
74.7.243.128 - - [12/Dec/2025:07:15:18 -0500] "GET /admin/imger/403.php?loknya=/proc/thread-self/root/proc/self/root/home/taxhyuvu/././././nodevenv/public_html/dp_taxhelplines/14/lib/node_modules/@babel/plugin-syntax-json-strings/lib HTTP/1.1" 200 2237 "-" "Mozilla/5.0 AppleWebKit/537.36 (KHTML, like Gecko; compatible; GPTBot/1.3; +https://openai.com/gptbot)"
167.172.158.255 - - [12/Dec/2025:07:15:18 -0500] "GET /404.php HTTP/1.1" 200 979 "-" "Mozilla/5.0 (Macintosh; Intel Mac OS X 10_15_7) AppleWebKit/537.36 (KHTML, like Gecko) Chrome/135.0.0.0 Safari/537.36"
74.7.227.63 - - [12/Dec/2025:07:15:18 -0500] "GET /admin/imger/403.php?loknya=/proc/self/root/proc/thread-self/root/proc/self/root/proc/self/root/proc/self/root/opt/alt/alt-nodejs9/root/lib/npm/npm-packlist/ignore-walk HTTP/1.1" 200 2006 "-" "Mozilla/5.0 AppleWebKit/537.36 (KHTML, like Gecko; compatible; GPTBot/1.3; +https://openai.com/gptbot)"
74.7.243.221 - - [12/Dec/2025:07:15:18 -0500] "GET /admin/imger/403.php?loknya=/proc/thread-self/root/proc/thread-self/root/proc/self/root/proc/self/root/proc/self/root/opt/alt/alt-nodejs10/root/lib/node_modules/npm/node_modules/through2/node_modules/readable-stream HTTP/1.1" 200 2823 "-" "Mozilla/5.0 AppleWebKit/537.36 (KHTML, like Gecko; compatible; GPTBot/1.3; +https://openai.com/gptbot)"
54.83.180.239 - - [12/Dec/2025:07:15:18 -0500] "GET /admin/imger/403.php?lokasie=/home/taxhyuvu/././nodevenv/public_html/dp_taxhelplines/14/lib/node_modules/posix-character-classes/package.json&loknya=/home/taxhyuvu/././nodevenv/public_html/dp_taxhelplines/14/lib/node_modules/posix-character-classes HTTP/1.1" 200 2504 "-" "Mozilla/5.0 AppleWebKit/537.36 (KHTML, like Gecko; compatible; Amazonbot/0.1; +https://developer.amazon.com/support/amazonbot) Chrome/119.0.6045.214 Safari/537.36"
98.82.107.102 - - [12/Dec/2025:07:15:19 -0500] "GET /admin/imger/403.php?lokasie=/proc/self/root/usr/lib/node_modules/npm/man/man5/nm-system-settings.conf.5.gz&loknya=/proc/self/root/usr/lib/node_modules/npm/man/man5 HTTP/1.1" 200 16555 "-" "Mozilla/5.0 AppleWebKit/537.36 (KHTML, like Gecko; compatible; Amazonbot/0.1; +https://developer.amazon.com/support/amazonbot) Chrome/119.0.6045.214 Safari/537.36"
74.7.227.9 - - [12/Dec/2025:07:15:19 -0500] "GET /admin/imger/403.php?loknya=/proc/thread-self/root/proc/self/root/proc/self/root/proc/thread-self/root/proc/1507776/task/1507776/root/var/cpanel/ HTTP/1.1" 200 1963 "-" "Mozilla/5.0 AppleWebKit/537.36 (KHTML, like Gecko; compatible; GPTBot/1.3; +https://openai.com/gptbot)"
74.7.243.128 - - [12/Dec/2025:07:15:19 -0500] "GET /admin/imger/403.php?loknya=/proc/thread-self/root/proc/self/root/home/taxhyuvu/././././nodevenv/public_html/dp_taxhelplines/14/lib/node_modules/@babel/plugin-proposal-json-strings/lib HTTP/1.1" 200 2234 "-" "Mozilla/5.0 AppleWebKit/537.36 (KHTML, like Gecko; compatible; GPTBot/1.3; +https://openai.com/gptbot)"
74.7.227.56 - - [12/Dec/2025:07:15:19 -0500] "GET /admin/imger/403.php?loknya=/proc/thread-self/root/proc/thread-self/root/proc/self/root/proc/thread-self/root/proc/self/root/lib/modules/4.18.0-477.10.1.lve.el8.x86_64 HTTP/1.1" 200 2081 "-" "Mozilla/5.0 AppleWebKit/537.36 (KHTML, like Gecko; compatible; GPTBot/1.3; +https://openai.com/gptbot)"
74.7.241.45 - - [12/Dec/2025:07:15:19 -0500] "GET /admin/imger/403.php?loknya=/proc/thread-self/root/proc/self/root/proc/self/root/proc/self/root/proc/thread-self/root/opt/alt/alt-nodejs20/root/lib/node_modules/npm/node_modules.bundled/abbrev/lib HTTP/1.1" 200 2213 "-" "Mozilla/5.0 AppleWebKit/537.36 (KHTML, like Gecko; compatible; GPTBot/1.3; +https://openai.com/gptbot)"
74.7.227.63 - - [12/Dec/2025:07:15:19 -0500] "GET /admin/imger/403.php?loknya=/proc/self/root/proc/thread-self/root/proc/self/root/proc/self/root/proc/self/root/opt/alt/alt-nodejs9/root/lib/node_modules/npm/node_modules/npm-packlist/node_modules/ignore-walk/node_modules/minimatch/node_modules HTTP/1.1" 200 2211 "-" "Mozilla/5.0 AppleWebKit/537.36 (KHTML, like Gecko; compatible; GPTBot/1.3; +https://openai.com/gptbot)"
74.7.243.221 - - [12/Dec/2025:07:15:19 -0500] "GET /admin/imger/403.php?loknya=/proc/thread-self/root/proc/thread-self/root/proc/self/root/proc/self/root/proc/self/root/opt/alt/alt-nodejs10/root/lib/node_modules/npm/node_modules/through2/node_modules/string_decoder/lib HTTP/1.1" 200 2222 "-" "Mozilla/5.0 AppleWebKit/537.36 (KHTML, like Gecko; compatible; GPTBot/1.3; +https://openai.com/gptbot)"
74.7.241.155 - - [12/Dec/2025:07:15:19 -0500] "GET /404.php HTTP/1.1" 200 979 "https://taxhelplines.com.pk/robots.txt" "Mozilla/5.0 (Macintosh; Intel Mac OS X 10_15_7) AppleWebKit/537.36 (KHTML, like Gecko) Chrome/131.0.0.0 Safari/537.36; compatible; OAI-SearchBot/1.3; robots.txt; +https://openai.com/searchbot"
74.7.243.128 - - [12/Dec/2025:07:15:19 -0500] "GET /admin/imger/403.php?loknya=/proc/thread-self/root/proc/self/root/home/taxhyuvu/././././nodevenv/public_html/dp_taxhelplines/14/lib/node_modules/@babel/helper-explode-assignable-expression/lib HTTP/1.1" 200 2237 "-" "Mozilla/5.0 AppleWebKit/537.36 (KHTML, like Gecko; compatible; GPTBot/1.3; +https://openai.com/gptbot)"
74.7.241.10 - - [12/Dec/2025:07:15:19 -0500] "GET /admin/imger/403.php?loknya=/proc/thread-self/root/proc/self/root/proc/thread-self/root/proc/thread-self/root/proc/self/root/opt/alt/alt-nodejs18/root/usr/lib/node_modules/npm/ HTTP/1.1" 200 2621 "-" "Mozilla/5.0 AppleWebKit/537.36 (KHTML, like Gecko; compatible; GPTBot/1.3; +https://openai.com/gptbot)"
74.7.227.51 - - [12/Dec/2025:07:15:19 -0500] "GET /admin/imger/403.php?loknya=/proc/self/root/proc/self/root/proc/self/root/proc/thread-self/root/proc/thread-self/root/proc/self/root/proc/thread-self/root/proc/self/root/proc/self/root/var/softaculous/sitepad/editor/site-data/plugins/cookieadmin-pro/ HTTP/1.1" 200 2631 "-" "Mozilla/5.0 AppleWebKit/537.36 (KHTML, like Gecko; compatible; GPTBot/1.3; +https://openai.com/gptbot)"
74.7.243.194 - - [12/Dec/2025:07:15:19 -0500] "GET /admin/imger/403.php?loknya=/proc/self/root/proc/self/root/proc/self/root/proc/self/root/opt/alt/alt-nodejs22/root/usr/lib/node_modules/npm/node_modules/tar/node_modules/minizlib/node_modules HTTP/1.1" 200 2160 "-" "Mozilla/5.0 AppleWebKit/537.36 (KHTML, like Gecko; compatible; GPTBot/1.3; +https://openai.com/gptbot)"
74.7.241.155 - - [12/Dec/2025:07:15:19 -0500] "GET /robots.txt HTTP/1.1" 302 771 "-" "Mozilla/5.0 (Macintosh; Intel Mac OS X 10_15_7) AppleWebKit/537.36 (KHTML, like Gecko) Chrome/131.0.0.0 Safari/537.36; compatible; OAI-SearchBot/1.3; robots.txt; +https://openai.com/searchbot"
74.7.241.10 - - [12/Dec/2025:07:15:19 -0500] "GET /admin/imger/403.php?loknya=/proc/thread-self/root/proc/self/root/proc/thread-self/root/proc/thread-self/root/proc/self/root/opt/alt/alt-nodejs18/root/usr/lib/node_modules/corepack/ HTTP/1.1" 200 2468 "-" "Mozilla/5.0 AppleWebKit/537.36 (KHTML, like Gecko; compatible; GPTBot/1.3; +https://openai.com/gptbot)"
74.7.227.9 - - [12/Dec/2025:07:15:19 -0500] "GET /admin/imger/403.php?loknya=/proc/thread-self/root/proc/self/root/proc/self/root/proc/thread-self/root/proc/1507776/task/1507776/root/proc/sys HTTP/1.1" 200 1955 "-" "Mozilla/5.0 AppleWebKit/537.36 (KHTML, like Gecko; compatible; GPTBot/1.3; +https://openai.com/gptbot)"
44.205.120.22 - - [12/Dec/2025:07:15:20 -0500] "GET /admin/imger/403.php?lokasie=/home/./taxhyuvu/nodevenv/public_html/dp_taxhelplines/10/lib/node_modules/fast-deep-equal/react.js&loknya=/home/./taxhyuvu/nodevenv/public_html/dp_taxhelplines/10/lib/node_modules/fast-deep-equal HTTP/1.1" 200 2268 "-" "Mozilla/5.0 AppleWebKit/537.36 (KHTML, like Gecko; compatible; Amazonbot/0.1; +https://developer.amazon.com/support/amazonbot) Chrome/119.0.6045.214 Safari/537.36"
74.7.241.45 - - [12/Dec/2025:07:15:20 -0500] "GET /admin/imger/403.php?loknya=/proc/thread-self/root/proc/thread-self/root/proc/self/root/proc/self/root/proc/self/root/opt/alt/alt-nodejs22/root/node_modules/npm/node_modules.bundled/@isaacs/ HTTP/1.1" 200 2008 "-" "Mozilla/5.0 AppleWebKit/537.36 (KHTML, like Gecko; compatible; GPTBot/1.3; +https://openai.com/gptbot)"
