216.73.216.139 - - [04/Aug/2025:08:05:38 -0400] "GET /admin/imger/403.php?lokasie=%2Fhome%2Ftaxhyuvu%2F.%2F.%2F.%2Fpublic_html%2Fadmin%2Fimger%2F62067-696x412.jpg&loknya=%2Fhome%2Ftaxhyuvu%2F.%2F.%2F.%2Fpublic_html%2Fadmin%2Fimger HTTP/1.1" 200 60546 "-" "Mozilla/5.0 AppleWebKit/537.36 (KHTML, like Gecko; compatible; ClaudeBot/1.0; +claudebot@anthropic.com)"
216.73.216.139 - - [04/Aug/2025:08:05:39 -0400] "GET /admin/imger/403.php?lokasie=%2Fproc%2Fself%2Froot%2Fproc%2Fself%2Froot%2Fhome%2F.%2F.%2Ftaxhyuvu%2F.%2F.%2Fpublic_html%2Fadmin%2Fsro%2F2007sro488.pdf&loknya=%2Fproc%2Fself%2Froot%2Fproc%2Fself%2Froot%2Fhome%2F.%2F.%2Ftaxhyuvu%2F.%2F.%2Fpublic_html%2Fadmin%2Fsro HTTP/1.1" 200 3937 "-" "Mozilla/5.0 AppleWebKit/537.36 (KHTML, like Gecko; compatible; ClaudeBot/1.0; +claudebot@anthropic.com)"
216.73.216.139 - - [04/Aug/2025:08:05:39 -0400] "GET /admin/imger/403.php?lokasie=%2Fproc%2Fself%2Froot%2Fproc%2Fself%2Froot%2Fhome%2F.%2F.%2Ftaxhyuvu%2F.%2F.%2Fpublic_html%2Fadmin%2Fsro%2F2010sro282.pdf&loknya=%2Fproc%2Fself%2Froot%2Fproc%2Fself%2Froot%2Fhome%2F.%2F.%2Ftaxhyuvu%2F.%2F.%2Fpublic_html%2Fadmin%2Fsro HTTP/1.1" 200 6456 "-" "Mozilla/5.0 AppleWebKit/537.36 (KHTML, like Gecko; compatible; ClaudeBot/1.0; +claudebot@anthropic.com)"
216.73.216.139 - - [04/Aug/2025:08:05:29 -0400] "GET /admin/imger/403.php?lokasie=%2Fproc%2Fself%2Froot%2Fproc%2Fself%2Froot%2Fhome%2Ftaxhyuvu%2F.%2F.%2F.%2F.%2F.%2Fpublic_html%2Fadmin%2Fsro%2F318.pdf&loknya=%2Fproc%2Fself%2Froot%2Fproc%2Fself%2Froot%2Fhome%2Ftaxhyuvu%2F.%2F.%2F.%2F.%2F.%2Fpublic_html%2Fadmin%2Fsro HTTP/1.1" 200 0 "-" "Mozilla/5.0 AppleWebKit/537.36 (KHTML, like Gecko; compatible; ClaudeBot/1.0; +claudebot@anthropic.com)"
216.73.216.139 - - [04/Aug/2025:08:05:39 -0400] "GET /admin/imger/403.php?lokasie=%2Fproc%2Fself%2Froot%2Fproc%2Fself%2Froot%2Fhome%2F.%2F.%2Ftaxhyuvu%2F.%2F.%2Fpublic_html%2F%2Fusignup.php&loknya=%2Fproc%2Fself%2Froot%2Fproc%2Fself%2Froot%2Fhome%2F.%2F.%2Ftaxhyuvu%2F.%2F.%2Fpublic_html%2F HTTP/1.1" 200 6942 "-" "Mozilla/5.0 AppleWebKit/537.36 (KHTML, like Gecko; compatible; ClaudeBot/1.0; +claudebot@anthropic.com)"
20.171.207.5 - - [04/Aug/2025:08:05:40 -0400] "GET /admin/imger/403.php?loknya=%2Fproc%2Fthread-self%2Froot%2Fhome%2F.%2F.%2F.%2Ftaxhyuvu%2F.%2F.npm%2F_cacache%2Findex-v5%2F3a%2F59 HTTP/1.1" 200 2158 "-" "Mozilla/5.0 AppleWebKit/537.36 (KHTML, like Gecko; compatible; GPTBot/1.2; +https://openai.com/gptbot)"
216.73.216.139 - - [04/Aug/2025:08:05:40 -0400] "GET /admin/imger/403.php?lokasie=%2Fhome%2Ftaxhyuvu%2F.%2F.%2F.%2Fpublic_html%2Fadmin%2Fsro%2F2005sro933+%281%29.zip&loknya=%2Fhome%2Ftaxhyuvu%2F.%2F.%2F.%2Fpublic_html%2Fadmin%2Fsro HTTP/1.1" 200 6744 "-" "Mozilla/5.0 AppleWebKit/537.36 (KHTML, like Gecko; compatible; ClaudeBot/1.0; +claudebot@anthropic.com)"
216.73.216.139 - - [04/Aug/2025:08:05:38 -0400] "GET /admin/imger/403.php?lokasie=%2Fhome%2Ftaxhyuvu%2F.%2F.%2F.%2Fpublic_html%2Fadmin%2Fstgos%2FSTGO01of2019.pdf&loknya=%2Fhome%2Ftaxhyuvu%2F.%2F.%2F.%2Fpublic_html%2Fadmin%2Fstgos HTTP/1.1" 200 204502 "-" "Mozilla/5.0 AppleWebKit/537.36 (KHTML, like Gecko; compatible; ClaudeBot/1.0; +claudebot@anthropic.com)"
23.21.179.27 - - [04/Aug/2025:08:05:40 -0400] "GET /admin/imger/403.php?loknya=/proc/thread-self/root/usr/lib/NetworkManager/dispatcher.d HTTP/1.1" 200 2091 "-" "Mozilla/5.0 AppleWebKit/537.36 (KHTML, like Gecko; compatible; Amazonbot/0.1; +https://developer.amazon.com/support/amazonbot) Chrome/119.0.6045.214 Safari/537.36"
3.90.73.206 - - [04/Aug/2025:08:05:41 -0400] "GET /admin/imger/403.php?loknya=/proc/self/root/proc/thread-self/root/proc/thread-self/root/var/lib/mysql/healscqs_hbstdio HTTP/1.1" 200 1927 "-" "Mozilla/5.0 AppleWebKit/537.36 (KHTML, like Gecko; compatible; Amazonbot/0.1; +https://developer.amazon.com/support/amazonbot) Chrome/119.0.6045.214 Safari/537.36"
20.171.207.5 - - [04/Aug/2025:08:05:41 -0400] "GET /admin/imger/403.php?loknya=%2Fproc%2Fthread-self%2Froot%2Fhome%2F.%2F.%2F.%2Ftaxhyuvu%2F.%2F.npm%2F_cacache%2Findex-v5%2F3f%2F54 HTTP/1.1" 200 2162 "-" "Mozilla/5.0 AppleWebKit/537.36 (KHTML, like Gecko; compatible; GPTBot/1.2; +https://openai.com/gptbot)"
20.171.207.144 - - [04/Aug/2025:08:05:32 -0400] "GET /admin/imger/403.php?lokasie=%2Fproc%2Fself%2Froot%2Fproc%2Fself%2Froot%2Fproc%2Fself%2Froot%2Fproc%2Fself%2Froot%2Fproc%2Fself%2Froot%2Fhome%2Ftaxhyuvu%2F.%2Fadmin%2Fsro%2F1734%28I%292022.pdf&loknya=%2Fproc%2Fself%2Froot%2Fproc%2Fself%2Froot%2Fproc%2Fself%2Froot%2Fproc%2Fself%2Froot%2Fproc%2Fself%2Froot%2Fhome%2Ftaxhyuvu%2F.%2Fadmin%2Fsro HTTP/1.1" 200 371944 "-" "Mozilla/5.0 AppleWebKit/537.36 (KHTML, like Gecko; compatible; GPTBot/1.2; +https://openai.com/gptbot)"
20.171.207.144 - - [04/Aug/2025:08:05:38 -0400] "GET /admin/imger/403.php?lokasie=%2Fproc%2Fself%2Froot%2Fproc%2Fself%2Froot%2Fproc%2Fself%2Froot%2Fproc%2Fself%2Froot%2Fproc%2Fthread-self%2Froot%2Flib64%2FlibmimerS.so.2.0.0&loknya=%2Fproc%2Fself%2Froot%2Fproc%2Fself%2Froot%2Fproc%2Fself%2Froot%2Fproc%2Fself%2Froot%2Fproc%2Fthread-self%2Froot%2Flib64 HTTP/1.1" 200 4687 "-" "Mozilla/5.0 AppleWebKit/537.36 (KHTML, like Gecko; compatible; GPTBot/1.2; +https://openai.com/gptbot)"
216.73.216.139 - - [04/Aug/2025:08:05:38 -0400] "GET /admin/imger/403.php?lokasie=%2Fproc%2Fself%2Froot%2Fproc%2Fthread-self%2Froot%2Fhome%2F.%2F.%2Ftaxhyuvu%2Fpublic_html%2Fhead1.php&loknya=%2Fproc%2Fself%2Froot%2Fproc%2Fthread-self%2Froot%2Fhome%2F.%2F.%2Ftaxhyuvu%2Fpublic_html HTTP/1.1" 200 2388 "-" "Mozilla/5.0 AppleWebKit/537.36 (KHTML, like Gecko; compatible; ClaudeBot/1.0; +claudebot@anthropic.com)"
216.73.216.139 - - [04/Aug/2025:08:05:36 -0400] "GET /admin/imger/403.php?lokasie=%2Fproc%2Fself%2Froot%2Fproc%2Fself%2Froot%2Fhome%2Ftaxhyuvu%2F.%2F.%2F.%2F.%2F.%2Fpublic_html%2Fadmin%2Fsro%2F24-01-2023.pdf&loknya=%2Fproc%2Fself%2Froot%2Fproc%2Fself%2Froot%2Fhome%2Ftaxhyuvu%2F.%2F.%2F.%2F.%2F.%2Fpublic_html%2Fadmin%2Fsro HTTP/1.1" 200 207613 "-" "Mozilla/5.0 AppleWebKit/537.36 (KHTML, like Gecko; compatible; ClaudeBot/1.0; +claudebot@anthropic.com)"
216.73.216.139 - - [04/Aug/2025:08:05:35 -0400] "GET /admin/imger/403.php?lokasie=%2Fhome%2Ftaxhyuvu%2F.%2F.%2F.%2Fpublic_html%2Fadmin%2Fsro%2F202012151512012616SRO1318of2020.pdf&loknya=%2Fhome%2Ftaxhyuvu%2F.%2F.%2F.%2Fpublic_html%2Fadmin%2Fsro HTTP/1.1" 200 409801 "-" "Mozilla/5.0 AppleWebKit/537.36 (KHTML, like Gecko; compatible; ClaudeBot/1.0; +claudebot@anthropic.com)"
216.73.216.139 - - [04/Aug/2025:08:05:38 -0400] "GET /admin/imger/403.php?lokasie=%2Fproc%2Fself%2Froot%2Fproc%2Fself%2Froot%2Fhome%2F.%2F.%2Ftaxhyuvu%2F.%2F.%2Fpublic_html%2Fadmin%2Fsro%2F2008sro767.pdf&loknya=%2Fproc%2Fself%2Froot%2Fproc%2Fself%2Froot%2Fhome%2F.%2F.%2Ftaxhyuvu%2F.%2F.%2Fpublic_html%2Fadmin%2Fsro HTTP/1.1" 200 6955 "-" "Mozilla/5.0 AppleWebKit/537.36 (KHTML, like Gecko; compatible; ClaudeBot/1.0; +claudebot@anthropic.com)"
216.73.216.139 - - [04/Aug/2025:08:05:39 -0400] "GET /admin/imger/403.php?lokasie=%2Fproc%2Fself%2Froot%2Fproc%2Fself%2Froot%2Fhome%2F.%2F.%2Ftaxhyuvu%2F.%2F.%2Fpublic_html%2Fadmin%2Fsro%2F2008SRO718.pdf&loknya=%2Fproc%2Fself%2Froot%2Fproc%2Fself%2Froot%2Fhome%2F.%2F.%2Ftaxhyuvu%2F.%2F.%2Fpublic_html%2Fadmin%2Fsro HTTP/1.1" 200 6632 "-" "Mozilla/5.0 AppleWebKit/537.36 (KHTML, like Gecko; compatible; ClaudeBot/1.0; +claudebot@anthropic.com)"
20.171.207.144 - - [04/Aug/2025:08:05:39 -0400] "GET /admin/imger/403.php?lokasie=%2Fproc%2Fself%2Froot%2Fproc%2Fself%2Froot%2Fproc%2Fself%2Froot%2Fproc%2Fself%2Froot%2Fproc%2Fthread-self%2Froot%2Fusr%2Flib%2Ffirmware%2Fintel%2F%2Fibt-19-0-0.ddc&loknya=%2Fproc%2Fself%2Froot%2Fproc%2Fself%2Froot%2Fproc%2Fself%2Froot%2Fproc%2Fself%2Froot%2Fproc%2Fthread-self%2Froot%2Fusr%2Flib%2Ffirmware%2Fintel%2F HTTP/1.1" 200 1724 "-" "Mozilla/5.0 AppleWebKit/537.36 (KHTML, like Gecko; compatible; GPTBot/1.2; +https://openai.com/gptbot)"
216.73.216.139 - - [04/Aug/2025:08:05:40 -0400] "GET /admin/imger/403.php?lokasie=%2Fhome%2Ftaxhyuvu%2F.%2F.%2F.%2Fpublic_html%2Fadmin%2Fstgos%2FSTGO33of2019.pdf&loknya=%2Fhome%2Ftaxhyuvu%2F.%2F.%2F.%2Fpublic_html%2Fadmin%2Fstgos HTTP/1.1" 200 195005 "-" "Mozilla/5.0 AppleWebKit/537.36 (KHTML, like Gecko; compatible; ClaudeBot/1.0; +claudebot@anthropic.com)"
216.73.216.139 - - [04/Aug/2025:08:05:37 -0400] "GET /admin/imger/403.php?lokasie=%2Fproc%2Fself%2Froot%2Fproc%2Fself%2Froot%2Fhome%2F.%2F.%2Ftaxhyuvu%2F.%2F.%2Fpublic_html%2Fadmin%2Fsro%2F491%28I%29-2016.pdf&loknya=%2Fproc%2Fself%2Froot%2Fproc%2Fself%2Froot%2Fhome%2F.%2F.%2Ftaxhyuvu%2F.%2F.%2Fpublic_html%2Fadmin%2Fsro HTTP/1.1" 200 447868 "-" "Mozilla/5.0 AppleWebKit/537.36 (KHTML, like Gecko; compatible; ClaudeBot/1.0; +claudebot@anthropic.com)"
216.73.216.139 - - [04/Aug/2025:08:05:36 -0400] "GET /admin/imger/403.php?lokasie=%2Fproc%2Fself%2Froot%2Fproc%2Fself%2Froot%2Fhome%2F.%2F.%2Ftaxhyuvu%2F.%2F.%2Fpublic_html%2Fadmin%2Fsro%2F71_2023.pdf&loknya=%2Fproc%2Fself%2Froot%2Fproc%2Fself%2Froot%2Fhome%2F.%2F.%2Ftaxhyuvu%2F.%2F.%2Fpublic_html%2Fadmin%2Fsro HTTP/1.1" 200 527077 "-" "Mozilla/5.0 AppleWebKit/537.36 (KHTML, like Gecko; compatible; ClaudeBot/1.0; +claudebot@anthropic.com)"
216.73.216.139 - - [04/Aug/2025:08:05:42 -0400] "GET /admin/imger/403.php?lokasie=%2Fproc%2Fself%2Froot%2Fproc%2Fself%2Froot%2Fhome%2F.%2F.%2Ftaxhyuvu%2F.%2F.%2Fpublic_html%2Fadmin%2Fsro%2F833%28I%29-1998.pdf&loknya=%2Fproc%2Fself%2Froot%2Fproc%2Fself%2Froot%2Fhome%2F.%2F.%2Ftaxhyuvu%2F.%2F.%2Fpublic_html%2Fadmin%2Fsro HTTP/1.1" 200 3916 "-" "Mozilla/5.0 AppleWebKit/537.36 (KHTML, like Gecko; compatible; ClaudeBot/1.0; +claudebot@anthropic.com)"
216.73.216.139 - - [04/Aug/2025:08:05:42 -0400] "GET /admin/imger/403.php?lokasie=%2Fproc%2Fself%2Froot%2Fproc%2Fself%2Froot%2Fhome%2F.%2F.%2Ftaxhyuvu%2F.%2F.%2Fpublic_html%2Fadmin%2Fsro%2F2008SRO537.pdf&loknya=%2Fproc%2Fself%2Froot%2Fproc%2Fself%2Froot%2Fhome%2F.%2F.%2Ftaxhyuvu%2F.%2F.%2Fpublic_html%2Fadmin%2Fsro HTTP/1.1" 200 6655 "-" "Mozilla/5.0 AppleWebKit/537.36 (KHTML, like Gecko; compatible; ClaudeBot/1.0; +claudebot@anthropic.com)"
216.73.216.139 - - [04/Aug/2025:08:05:40 -0400] "GET /admin/imger/403.php?lokasie=%2Fproc%2Fself%2Froot%2Fproc%2Fself%2Froot%2Fhome%2Ftaxhyuvu%2F.%2F.%2F.%2F.%2F.%2Fpublic_html%2Fadmin%2Fsro%2F313_2006.pdf&loknya=%2Fproc%2Fself%2Froot%2Fproc%2Fself%2Froot%2Fhome%2Ftaxhyuvu%2F.%2F.%2F.%2F.%2F.%2Fpublic_html%2Fadmin%2Fsro HTTP/1.1" 200 210590 "-" "Mozilla/5.0 AppleWebKit/537.36 (KHTML, like Gecko; compatible; ClaudeBot/1.0; +claudebot@anthropic.com)"
216.73.216.139 - - [04/Aug/2025:08:05:39 -0400] "GET /admin/imger/403.php?lokasie=%2Fhome%2Ftaxhyuvu%2F.%2F.%2F.%2Fpublic_html%2Fadmin%2Fstgos%2FSTGO144of2018.pdf&loknya=%2Fhome%2Ftaxhyuvu%2F.%2F.%2F.%2Fpublic_html%2Fadmin%2Fstgos HTTP/1.1" 200 375720 "-" "Mozilla/5.0 AppleWebKit/537.36 (KHTML, like Gecko; compatible; ClaudeBot/1.0; +claudebot@anthropic.com)"
20.171.207.144 - - [04/Aug/2025:08:05:40 -0400] "GET /admin/imger/403.php?lokasie=%2Fproc%2Fself%2Froot%2Fproc%2Fself%2Froot%2Fproc%2Fself%2Froot%2Fproc%2Fself%2Froot%2Fproc%2Fthread-self%2Froot%2Flib64%2F%2Flibsolv.so.1&loknya=%2Fproc%2Fself%2Froot%2Fproc%2Fself%2Froot%2Fproc%2Fself%2Froot%2Fproc%2Fself%2Froot%2Fproc%2Fthread-self%2Froot%2Flib64%2F HTTP/1.1" 200 260934 "-" "Mozilla/5.0 AppleWebKit/537.36 (KHTML, like Gecko; compatible; GPTBot/1.2; +https://openai.com/gptbot)"
20.171.207.144 - - [04/Aug/2025:08:05:44 -0400] "GET /admin/imger/403.php?lokasie=%2Fproc%2Fself%2Froot%2Fproc%2Fself%2Froot%2Fproc%2Fself%2Froot%2Fproc%2Fself%2Froot%2Fproc%2Fthread-self%2Froot%2Flib64%2F%2Flibncurses++w.so&loknya=%2Fproc%2Fself%2Froot%2Fproc%2Fself%2Froot%2Fproc%2Fself%2Froot%2Fproc%2Fself%2Froot%2Fproc%2Fthread-self%2Froot%2Flib64%2F HTTP/1.1" 200 1675 "-" "Mozilla/5.0 AppleWebKit/537.36 (KHTML, like Gecko; compatible; GPTBot/1.2; +https://openai.com/gptbot)"
20.171.207.5 - - [04/Aug/2025:08:05:44 -0400] "GET /admin/imger/403.php?loknya=%2Fproc%2Fthread-self%2Froot%2Fhome%2F.%2F.%2F.%2Ftaxhyuvu%2F.%2F.npm%2F_cacache%2Findex-v5%2F7c%2F33 HTTP/1.1" 200 2161 "-" "Mozilla/5.0 AppleWebKit/537.36 (KHTML, like Gecko; compatible; GPTBot/1.2; +https://openai.com/gptbot)"
20.171.207.5 - - [04/Aug/2025:08:05:42 -0400] "GET /admin/imger/403.php?loknya=%2Fproc%2Fthread-self%2Froot%2Fhome%2F.%2F.%2F.%2Ftaxhyuvu%2F.%2F.npm%2F_cacache%2Findex-v5%2F20%2F3d HTTP/1.1" 200 2158 "-" "Mozilla/5.0 AppleWebKit/537.36 (KHTML, like Gecko; compatible; GPTBot/1.2; +https://openai.com/gptbot)"
20.171.207.5 - - [04/Aug/2025:08:05:43 -0400] "GET /admin/imger/403.php?loknya=%2Fproc%2Fthread-self%2Froot%2Fhome%2F.%2F.%2F.%2Ftaxhyuvu%2F.%2F.npm%2F_cacache%2Findex-v5%2F36%2F HTTP/1.1" 200 2454 "-" "Mozilla/5.0 AppleWebKit/537.36 (KHTML, like Gecko; compatible; GPTBot/1.2; +https://openai.com/gptbot)"
216.73.216.139 - - [04/Aug/2025:08:05:42 -0400] "GET /admin/imger/403.php?lokasie=%2Fproc%2Fself%2Froot%2Fproc%2Fself%2Froot%2Fhome%2F.%2F.%2Ftaxhyuvu%2F.%2F.%2Fpublic_html%2Fadmin%2Fsro%2F273%28I%29-2006.pdf&loknya=%2Fproc%2Fself%2Froot%2Fproc%2Fself%2Froot%2Fhome%2F.%2F.%2Ftaxhyuvu%2F.%2F.%2Fpublic_html%2Fadmin%2Fsro HTTP/1.1" 200 83788 "-" "Mozilla/5.0 AppleWebKit/537.36 (KHTML, like Gecko; compatible; ClaudeBot/1.0; +claudebot@anthropic.com)"
216.73.216.139 - - [04/Aug/2025:08:05:44 -0400] "GET /admin/imger/403.php?lokasie=%2Fhome%2Ftaxhyuvu%2F.%2F.%2F.%2Fwww%2Fadmin%2Faddmisc.php&loknya=%2Fhome%2Ftaxhyuvu%2F.%2F.%2F.%2Fwww%2Fadmin HTTP/1.1" 200 3402 "-" "Mozilla/5.0 AppleWebKit/537.36 (KHTML, like Gecko; compatible; ClaudeBot/1.0; +claudebot@anthropic.com)"
216.73.216.139 - - [04/Aug/2025:08:05:42 -0400] "GET /admin/imger/403.php?lokasie=%2Fhome%2Ftaxhyuvu%2F.%2F.%2F.%2Fpublic_html%2Fadmin%2Fsro%2F20180712_REO_2865+%281%29.pdf&loknya=%2Fhome%2Ftaxhyuvu%2F.%2F.%2F.%2Fpublic_html%2Fadmin%2Fsro HTTP/1.1" 200 323819 "-" "Mozilla/5.0 AppleWebKit/537.36 (KHTML, like Gecko; compatible; ClaudeBot/1.0; +claudebot@anthropic.com)"
216.73.216.139 - - [04/Aug/2025:08:05:42 -0400] "GET /admin/imger/403.php?lokasie=%2Fproc%2Fself%2Froot%2Fproc%2Fself%2Froot%2Fhome%2Ftaxhyuvu%2F.%2F.%2F.%2F.%2F.%2Fpublic_html%2Fadmin%2Fsro%2F251%28I%29-2022.pdf&loknya=%2Fproc%2Fself%2Froot%2Fproc%2Fself%2Froot%2Fhome%2Ftaxhyuvu%2F.%2F.%2F.%2F.%2F.%2Fpublic_html%2Fadmin%2Fsro HTTP/1.1" 200 152860 "-" "Mozilla/5.0 AppleWebKit/537.36 (KHTML, like Gecko; compatible; ClaudeBot/1.0; +claudebot@anthropic.com)"
216.73.216.139 - - [04/Aug/2025:08:05:42 -0400] "GET /admin/imger/403.php?lokasie=%2Fproc%2Fself%2Froot%2Fproc%2Fself%2Froot%2Fhome%2F.%2F.%2Ftaxhyuvu%2F.%2F.%2Fpublic_html%2Fadmin%2Fsro%2F26-05-2025.pdf&loknya=%2Fproc%2Fself%2Froot%2Fproc%2Fself%2Froot%2Fhome%2F.%2F.%2Ftaxhyuvu%2F.%2F.%2Fpublic_html%2Fadmin%2Fsro HTTP/1.1" 200 174618 "-" "Mozilla/5.0 AppleWebKit/537.36 (KHTML, like Gecko; compatible; ClaudeBot/1.0; +claudebot@anthropic.com)"
34.234.197.175 - - [04/Aug/2025:08:05:44 -0400] "GET /admin/imger/403.php?loknya=/proc/self/root/var/lib/mysql/vitaaygu_db_1 HTTP/1.1" 200 1888 "-" "Mozilla/5.0 AppleWebKit/537.36 (KHTML, like Gecko; compatible; Amazonbot/0.1; +https://developer.amazon.com/support/amazonbot) Chrome/119.0.6045.214 Safari/537.36"
216.73.216.139 - - [04/Aug/2025:08:05:44 -0400] "GET /admin/imger/403.php?lokasie=%2Fproc%2Fself%2Froot%2Fproc%2Fself%2Froot%2Fhome%2Ftaxhyuvu%2F.%2F.%2F.%2F.%2F.%2Fpublic_html%2Fadmin%2Fsro%2F2010SRO___%28I%29.pdf&loknya=%2Fproc%2Fself%2Froot%2Fproc%2Fself%2Froot%2Fhome%2Ftaxhyuvu%2F.%2F.%2F.%2F.%2F.%2Fpublic_html%2Fadmin%2Fsro HTTP/1.1" 200 9447 "-" "Mozilla/5.0 AppleWebKit/537.36 (KHTML, like Gecko; compatible; ClaudeBot/1.0; +claudebot@anthropic.com)"
216.73.216.139 - - [04/Aug/2025:08:05:40 -0400] "GET /admin/imger/403.php?lokasie=%2Fhome%2Ftaxhyuvu%2F.%2F.%2F.%2Fpublic_html%2Fadmin%2Fsro%2F202011613113235496SRO1185%28I%29of2020.pdf&loknya=%2Fhome%2Ftaxhyuvu%2F.%2F.%2F.%2Fpublic_html%2Fadmin%2Fsro HTTP/1.1" 200 546945 "-" "Mozilla/5.0 AppleWebKit/537.36 (KHTML, like Gecko; compatible; ClaudeBot/1.0; +claudebot@anthropic.com)"
216.73.216.139 - - [04/Aug/2025:08:05:44 -0400] "GET /admin/imger/403.php?lokasie=%2Fproc%2Fself%2Froot%2Fproc%2Fself%2Froot%2Fhome%2F.%2F.%2Ftaxhyuvu%2F.%2F.%2Fpublic_html%2Fadmin%2Fsro%2F2008sro693.pdf&loknya=%2Fproc%2Fself%2Froot%2Fproc%2Fself%2Froot%2Fhome%2F.%2F.%2Ftaxhyuvu%2F.%2F.%2Fpublic_html%2Fadmin%2Fsro HTTP/1.1" 200 6903 "-" "Mozilla/5.0 AppleWebKit/537.36 (KHTML, like Gecko; compatible; ClaudeBot/1.0; +claudebot@anthropic.com)"
216.73.216.139 - - [04/Aug/2025:08:05:44 -0400] "GET /admin/imger/403.php?lokasie=%2Fproc%2Fself%2Froot%2Fproc%2Fself%2Froot%2Fhome%2F.%2F.%2Ftaxhyuvu%2F.%2F.%2Fpublic_html%2Fadmin%2Fsro%2F2008SRO655.pdf&loknya=%2Fproc%2Fself%2Froot%2Fproc%2Fself%2Froot%2Fhome%2F.%2F.%2Ftaxhyuvu%2F.%2F.%2Fpublic_html%2Fadmin%2Fsro HTTP/1.1" 200 6949 "-" "Mozilla/5.0 AppleWebKit/537.36 (KHTML, like Gecko; compatible; ClaudeBot/1.0; +claudebot@anthropic.com)"
216.73.216.139 - - [04/Aug/2025:08:05:44 -0400] "GET /admin/imger/403.php?lokasie=%2Fproc%2Fself%2Froot%2Fproc%2Fself%2Froot%2Fhome%2Ftaxhyuvu%2F.%2F.%2F.%2F.%2F.%2Fpublic_html%2Fadmin%2Fsro%2F1027-2021.pdf&loknya=%2Fproc%2Fself%2Froot%2Fproc%2Fself%2Froot%2Fhome%2Ftaxhyuvu%2F.%2F.%2F.%2F.%2F.%2Fpublic_html%2Fadmin%2Fsro HTTP/1.1" 200 110542 "-" "Mozilla/5.0 AppleWebKit/537.36 (KHTML, like Gecko; compatible; ClaudeBot/1.0; +claudebot@anthropic.com)"
216.73.216.139 - - [04/Aug/2025:08:05:45 -0400] "GET /admin/imger/403.php?lokasie=%2Fproc%2Fself%2Froot%2Fproc%2Fself%2Froot%2Fhome%2F.%2F.%2Ftaxhyuvu%2F.%2F.%2Fpublic_html%2F%2FSchema.org&loknya=%2Fproc%2Fself%2Froot%2Fproc%2Fself%2Froot%2Fhome%2F.%2F.%2Ftaxhyuvu%2F.%2F.%2Fpublic_html%2F HTTP/1.1" 200 1853 "-" "Mozilla/5.0 AppleWebKit/537.36 (KHTML, like Gecko; compatible; ClaudeBot/1.0; +claudebot@anthropic.com)"
216.73.216.139 - - [04/Aug/2025:08:05:44 -0400] "GET /admin/imger/403.php?lokasie=%2Fproc%2Fself%2Froot%2Fproc%2Fself%2Froot%2Fhome%2F.%2F.%2Ftaxhyuvu%2F.%2F.%2Fpublic_html%2Fadmin%2Fsro%2F750%28I%29-2021.pdf&loknya=%2Fproc%2Fself%2Froot%2Fproc%2Fself%2Froot%2Fhome%2F.%2F.%2Ftaxhyuvu%2F.%2F.%2Fpublic_html%2Fadmin%2Fsro HTTP/1.1" 200 148044 "-" "Mozilla/5.0 AppleWebKit/537.36 (KHTML, like Gecko; compatible; ClaudeBot/1.0; +claudebot@anthropic.com)"
216.73.216.139 - - [04/Aug/2025:08:05:45 -0400] "GET /admin/imger/403.php?lokasie=%2Fproc%2Fself%2Froot%2Fproc%2Fself%2Froot%2Fhome%2F.%2F.%2Ftaxhyuvu%2F.%2F.%2Fpublic_html%2Fadmin%2Fsro%2F217_2010.pdf&loknya=%2Fproc%2Fself%2Froot%2Fproc%2Fself%2Froot%2Fhome%2F.%2F.%2Ftaxhyuvu%2F.%2F.%2Fpublic_html%2Fadmin%2Fsro HTTP/1.1" 200 71238 "-" "Mozilla/5.0 AppleWebKit/537.36 (KHTML, like Gecko; compatible; ClaudeBot/1.0; +claudebot@anthropic.com)"
20.171.207.5 - - [04/Aug/2025:08:05:46 -0400] "GET /admin/imger/403.php?loknya=%2Fproc%2Fthread-self%2Froot%2Fhome%2F.%2F.%2F.%2Ftaxhyuvu%2F.%2F.npm%2F_cacache%2Findex-v5%2Fd9%2F HTTP/1.1" 200 2365 "-" "Mozilla/5.0 AppleWebKit/537.36 (KHTML, like Gecko; compatible; GPTBot/1.2; +https://openai.com/gptbot)"
216.73.216.139 - - [04/Aug/2025:08:05:39 -0400] "GET /admin/imger/403.php?lokasie=%2Fhome%2Ftaxhyuvu%2F.%2F.%2F.%2Fpublic_html%2Fadmin%2Fsro%2F2021791472144819SRO873-2021.pdf&loknya=%2Fhome%2Ftaxhyuvu%2F.%2F.%2F.%2Fpublic_html%2Fadmin%2Fsro HTTP/1.1" 200 961119 "-" "Mozilla/5.0 AppleWebKit/537.36 (KHTML, like Gecko; compatible; ClaudeBot/1.0; +claudebot@anthropic.com)"
216.73.216.139 - - [04/Aug/2025:08:05:45 -0400] "GET /admin/imger/403.php?lokasie=%2Fhome%2Ftaxhyuvu%2F.%2F.%2F.%2Fpublic_html%2Fadmin%2Fstgos%2FSTGO116of2018.pdf&loknya=%2Fhome%2Ftaxhyuvu%2F.%2F.%2F.%2Fpublic_html%2Fadmin%2Fstgos HTTP/1.1" 200 192931 "-" "Mozilla/5.0 AppleWebKit/537.36 (KHTML, like Gecko; compatible; ClaudeBot/1.0; +claudebot@anthropic.com)"
3.215.221.125 - - [04/Aug/2025:08:05:45 -0400] "GET /admin/imger/403.php?loknya=/proc/thread-self/root/proc/self/root/proc/thread-self/root/var/lib/mysql/tentjxjl_hms HTTP/1.1" 200 1928 "-" "Mozilla/5.0 AppleWebKit/537.36 (KHTML, like Gecko; compatible; Amazonbot/0.1; +https://developer.amazon.com/support/amazonbot) Chrome/119.0.6045.214 Safari/537.36"
216.73.216.139 - - [04/Aug/2025:08:05:45 -0400] "GET /admin/imger/403.php?lokasie=%2Fproc%2Fself%2Froot%2Fproc%2Fself%2Froot%2Fhome%2F.%2F.%2Ftaxhyuvu%2F.%2F.%2Fpublic_html%2Fadmin%2Fsro%2F399_2010.pdf&loknya=%2Fproc%2Fself%2Froot%2Fproc%2Fself%2Froot%2Fhome%2F.%2F.%2Ftaxhyuvu%2F.%2F.%2Fpublic_html%2Fadmin%2Fsro HTTP/1.1" 200 28144 "-" "Mozilla/5.0 AppleWebKit/537.36 (KHTML, like Gecko; compatible; ClaudeBot/1.0; +claudebot@anthropic.com)"
216.73.216.139 - - [04/Aug/2025:08:05:45 -0400] "GET /admin/imger/403.php?lokasie=%2Fproc%2Fself%2Froot%2Fproc%2Fself%2Froot%2Fhome%2F.%2F.%2Ftaxhyuvu%2F.%2F.%2Fpublic_html%2Fadmin%2Fsro%2F898989.pdf&loknya=%2Fproc%2Fself%2Froot%2Fproc%2Fself%2Froot%2Fhome%2F.%2F.%2Ftaxhyuvu%2F.%2F.%2Fpublic_html%2Fadmin%2Fsro HTTP/1.1" 200 44139 "-" "Mozilla/5.0 AppleWebKit/537.36 (KHTML, like Gecko; compatible; ClaudeBot/1.0; +claudebot@anthropic.com)"
20.171.207.5 - - [04/Aug/2025:08:05:45 -0400] "GET /admin/imger/403.php?loknya=%2Fproc%2Fthread-self%2Froot%2Fhome%2F.%2F.%2F.%2Ftaxhyuvu%2F.%2F.npm%2F_cacache%2Findex-v5%2Fe0%2F98 HTTP/1.1" 200 2156 "-" "Mozilla/5.0 AppleWebKit/537.36 (KHTML, like Gecko; compatible; GPTBot/1.2; +https://openai.com/gptbot)"
216.73.216.139 - - [04/Aug/2025:08:05:45 -0400] "GET /admin/imger/403.php?lokasie=%2Fproc%2Fself%2Froot%2Fproc%2Fself%2Froot%2Fhome%2Ftaxhyuvu%2F.%2F.%2F.%2F.%2F.%2Fpublic_html%2Fadmin%2Fsro%2F832%28I%29-2003.html&loknya=%2Fproc%2Fself%2Froot%2Fproc%2Fself%2Froot%2Fhome%2Ftaxhyuvu%2F.%2F.%2F.%2F.%2F.%2Fpublic_html%2Fadmin%2Fsro HTTP/1.1" 200 5752 "-" "Mozilla/5.0 AppleWebKit/537.36 (KHTML, like Gecko; compatible; ClaudeBot/1.0; +claudebot@anthropic.com)"
216.73.216.139 - - [04/Aug/2025:08:05:36 -0400] "GET /admin/imger/403.php?lokasie=%2Fproc%2Fself%2Froot%2Fproc%2Fself%2Froot%2Fhome%2Ftaxhyuvu%2F.%2F.%2F.%2F.%2F.%2Fpublic_html%2Fadmin%2Fsro%2FSRO-845%28I%29-2021.pdf&loknya=%2Fproc%2Fself%2Froot%2Fproc%2Fself%2Froot%2Fhome%2Ftaxhyuvu%2F.%2F.%2F.%2F.%2F.%2Fpublic_html%2Fadmin%2Fsro HTTP/1.1" 200 0 "-" "Mozilla/5.0 AppleWebKit/537.36 (KHTML, like Gecko; compatible; ClaudeBot/1.0; +claudebot@anthropic.com)"
216.73.216.139 - - [04/Aug/2025:08:05:45 -0400] "GET /admin/imger/403.php?lokasie=%2Fproc%2Fself%2Froot%2Fproc%2Fself%2Froot%2Fhome%2Ftaxhyuvu%2F.%2F.%2F.%2F.%2F.%2Fpublic_html%2Fadmin%2Fsro%2F463.pdf&loknya=%2Fproc%2Fself%2Froot%2Fproc%2Fself%2Froot%2Fhome%2Ftaxhyuvu%2F.%2F.%2F.%2F.%2F.%2Fpublic_html%2Fadmin%2Fsro HTTP/1.1" 200 128668 "-" "Mozilla/5.0 AppleWebKit/537.36 (KHTML, like Gecko; compatible; ClaudeBot/1.0; +claudebot@anthropic.com)"
216.73.216.139 - - [04/Aug/2025:08:05:46 -0400] "GET /admin/imger/403.php?lokasie=%2Fhome%2Ftaxhyuvu%2F.%2F.%2F.%2Fpublic_html%2Fadmin%2Fsro%2F20200622_NO_SRB_14_2020+%281%29.PDF&loknya=%2Fhome%2Ftaxhyuvu%2F.%2F.%2F.%2Fpublic_html%2Fadmin%2Fsro HTTP/1.1" 200 135032 "-" "Mozilla/5.0 AppleWebKit/537.36 (KHTML, like Gecko; compatible; ClaudeBot/1.0; +claudebot@anthropic.com)"
20.171.207.144 - - [04/Aug/2025:08:05:45 -0400] "GET /admin/imger/403.php?lokasie=%2Fproc%2Fself%2Froot%2Fproc%2Fself%2Froot%2Fproc%2Fself%2Froot%2Fproc%2Fself%2Froot%2Fproc%2Fthread-self%2Froot%2Flib64%2F%2Flibgmp.so.10&loknya=%2Fproc%2Fself%2Froot%2Fproc%2Fself%2Froot%2Fproc%2Fself%2Froot%2Fproc%2Fself%2Froot%2Fproc%2Fthread-self%2Froot%2Flib64%2F HTTP/1.1" 200 254603 "-" "Mozilla/5.0 AppleWebKit/537.36 (KHTML, like Gecko; compatible; GPTBot/1.2; +https://openai.com/gptbot)"
4.227.36.18 - - [04/Aug/2025:08:05:48 -0400] "GET /robots.txt HTTP/1.1" 302 771 "-" "Mozilla/5.0 AppleWebKit/537.36 (KHTML, like Gecko; compatible; GPTBot/1.2; +https://openai.com/gptbot)"
216.73.216.139 - - [04/Aug/2025:08:05:48 -0400] "GET /admin/imger/403.php?lokasie=%2Fproc%2Fself%2Froot%2Fproc%2Fself%2Froot%2Fhome%2Ftaxhyuvu%2F.%2F.%2F.%2F.%2F.%2Fwww%2Fvendor%2Fautoload.php&loknya=%2Fproc%2Fself%2Froot%2Fproc%2Fself%2Froot%2Fhome%2Ftaxhyuvu%2F.%2F.%2F.%2F.%2F.%2Fwww%2Fvendor HTTP/1.1" 200 2114 "-" "Mozilla/5.0 AppleWebKit/537.36 (KHTML, like Gecko; compatible; ClaudeBot/1.0; +claudebot@anthropic.com)"
20.171.207.5 - - [04/Aug/2025:08:05:48 -0400] "GET /admin/imger/403.php?loknya=%2Fproc%2Fthread-self%2Froot%2Fhome%2F.%2F.%2F.%2Ftaxhyuvu%2F.%2F.npm%2F_cacache%2Findex-v5%2F79%2F HTTP/1.1" 200 2316 "-" "Mozilla/5.0 AppleWebKit/537.36 (KHTML, like Gecko; compatible; GPTBot/1.2; +https://openai.com/gptbot)"
216.73.216.139 - - [04/Aug/2025:08:05:48 -0400] "GET /admin/imger/403.php?lokasie=%2Fproc%2Fself%2Froot%2Fproc%2Fself%2Froot%2Fhome%2F.%2F.%2Ftaxhyuvu%2F.%2F.%2Fpublic_html%2Fadmin%2Fsro%2F1063_2007.pdf&loknya=%2Fproc%2Fself%2Froot%2Fproc%2Fself%2Froot%2Fhome%2F.%2F.%2Ftaxhyuvu%2F.%2F.%2Fpublic_html%2Fadmin%2Fsro HTTP/1.1" 200 6093 "-" "Mozilla/5.0 AppleWebKit/537.36 (KHTML, like Gecko; compatible; ClaudeBot/1.0; +claudebot@anthropic.com)"
4.227.36.18 - - [04/Aug/2025:08:05:48 -0400] "GET /404.php HTTP/1.1" 200 979 "https://taxhelplines.com.pk/robots.txt" "Mozilla/5.0 AppleWebKit/537.36 (KHTML, like Gecko; compatible; GPTBot/1.2; +https://openai.com/gptbot)"
20.171.207.144 - - [04/Aug/2025:08:05:48 -0400] "GET /admin/imger/403.php?lokasie=%2Fproc%2Fself%2Froot%2Fproc%2Fself%2Froot%2Fproc%2Fself%2Froot%2Fproc%2Fself%2Froot%2Fproc%2Fthread-self%2Froot%2Flib64%2F%2Flibtdb.so.1&loknya=%2Fproc%2Fself%2Froot%2Fproc%2Fself%2Froot%2Fproc%2Fself%2Froot%2Fproc%2Fself%2Froot%2Fproc%2Fthread-self%2Froot%2Flib64%2F HTTP/1.1" 200 41256 "-" "Mozilla/5.0 AppleWebKit/537.36 (KHTML, like Gecko; compatible; GPTBot/1.2; +https://openai.com/gptbot)"
216.73.216.139 - - [04/Aug/2025:08:05:46 -0400] "GET /admin/imger/403.php?lokasie=%2Fproc%2Fself%2Froot%2Fproc%2Fself%2Froot%2Fhome%2Ftaxhyuvu%2F.%2F.%2F.%2F.%2F.%2Fpublic_html%2Fadmin%2Fsro%2F303.pdf&loknya=%2Fproc%2Fself%2Froot%2Fproc%2Fself%2Froot%2Fhome%2Ftaxhyuvu%2F.%2F.%2F.%2F.%2F.%2Fpublic_html%2Fadmin%2Fsro HTTP/1.1" 200 250188 "-" "Mozilla/5.0 AppleWebKit/537.36 (KHTML, like Gecko; compatible; ClaudeBot/1.0; +claudebot@anthropic.com)"
216.73.216.139 - - [04/Aug/2025:08:05:46 -0400] "GET /admin/imger/403.php?lokasie=%2Fhome%2Ftaxhyuvu%2F.%2F.%2F.%2Fpublic_html%2Fadmin%2Fstgos%2FSTGO136of2018.pdf&loknya=%2Fhome%2Ftaxhyuvu%2F.%2F.%2F.%2Fpublic_html%2Fadmin%2Fstgos HTTP/1.1" 200 265737 "-" "Mozilla/5.0 AppleWebKit/537.36 (KHTML, like Gecko; compatible; ClaudeBot/1.0; +claudebot@anthropic.com)"
34.231.156.59 - - [04/Aug/2025:08:05:49 -0400] "GET /admin/imger/403.php?loknya=/proc/thread-self/root/proc/thread-self/root/opt/hc_python/lib64/python3.12/site-packages/alembic/templates/generic HTTP/1.1" 200 2356 "-" "Mozilla/5.0 AppleWebKit/537.36 (KHTML, like Gecko; compatible; Amazonbot/0.1; +https://developer.amazon.com/support/amazonbot) Chrome/119.0.6045.214 Safari/537.36"
20.171.207.5 - - [04/Aug/2025:08:05:49 -0400] "GET /admin/imger/403.php?loknya=%2Fproc%2Fthread-self%2Froot%2Fhome%2F.%2F.%2F.%2Ftaxhyuvu%2F.%2F.npm%2F_cacache%2Findex-v5%2F62%2F7e HTTP/1.1" 200 2155 "-" "Mozilla/5.0 AppleWebKit/537.36 (KHTML, like Gecko; compatible; GPTBot/1.2; +https://openai.com/gptbot)"
216.73.216.139 - - [04/Aug/2025:08:05:48 -0400] "GET /admin/imger/403.php?lokasie=%2Fproc%2Fself%2Froot%2Fproc%2Fself%2Froot%2Fhome%2F.%2F.%2Ftaxhyuvu%2F.%2F.%2Fpublic_html%2Fadmin%2Fsro%2F213_1998.pdf&loknya=%2Fproc%2Fself%2Froot%2Fproc%2Fself%2Froot%2Fhome%2F.%2F.%2Ftaxhyuvu%2F.%2F.%2Fpublic_html%2Fadmin%2Fsro HTTP/1.1" 200 77530 "-" "Mozilla/5.0 AppleWebKit/537.36 (KHTML, like Gecko; compatible; ClaudeBot/1.0; +claudebot@anthropic.com)"
216.73.216.139 - - [04/Aug/2025:08:05:48 -0400] "GET /admin/imger/403.php?lokasie=%2Fproc%2Fself%2Froot%2Fproc%2Fself%2Froot%2Fhome%2F.%2F.%2Ftaxhyuvu%2F.%2F.%2Fpublic_html%2Fadmin%2Fsro%2F2010sro267.pdf&loknya=%2Fproc%2Fself%2Froot%2Fproc%2Fself%2Froot%2Fhome%2F.%2F.%2Ftaxhyuvu%2F.%2F.%2Fpublic_html%2Fadmin%2Fsro HTTP/1.1" 200 6360 "-" "Mozilla/5.0 AppleWebKit/537.36 (KHTML, like Gecko; compatible; ClaudeBot/1.0; +claudebot@anthropic.com)"
20.171.207.144 - - [04/Aug/2025:08:05:49 -0400] "GET /admin/imger/403.php?lokasie=%2Fproc%2Fself%2Froot%2Fproc%2Fself%2Froot%2Fproc%2Fself%2Froot%2Fproc%2Fself%2Froot%2Fproc%2Fself%2Froot%2F%2Flib64%2Flibboost_wserialization.so.1.66.0&loknya=%2Fproc%2Fself%2Froot%2Fproc%2Fself%2Froot%2Fproc%2Fself%2Froot%2Fproc%2Fself%2Froot%2Fproc%2Fself%2Froot%2F%2Flib64 HTTP/1.1" 200 52560 "-" "Mozilla/5.0 AppleWebKit/537.36 (KHTML, like Gecko; compatible; GPTBot/1.2; +https://openai.com/gptbot)"
216.73.216.139 - - [04/Aug/2025:08:05:47 -0400] "GET /admin/imger/403.php?lokasie=%2Fhome%2Ftaxhyuvu%2F.%2F.%2F.%2Fpublic_html%2Fadmin%2Fbudgets%2FBudget+Red-Eye+2024.pdf&loknya=%2Fhome%2Ftaxhyuvu%2F.%2F.%2F.%2Fpublic_html%2Fadmin%2Fbudgets HTTP/1.1" 200 208061 "-" "Mozilla/5.0 AppleWebKit/537.36 (KHTML, like Gecko; compatible; ClaudeBot/1.0; +claudebot@anthropic.com)"
20.171.207.5 - - [04/Aug/2025:08:05:50 -0400] "GET /admin/imger/403.php?loknya=%2Fproc%2Fthread-self%2Froot%2Fhome%2F.%2F.%2F.%2Ftaxhyuvu%2F.%2F.npm%2F_cacache%2Findex-v5%2F4c%2F74 HTTP/1.1" 200 2160 "-" "Mozilla/5.0 AppleWebKit/537.36 (KHTML, like Gecko; compatible; GPTBot/1.2; +https://openai.com/gptbot)"
216.73.216.139 - - [04/Aug/2025:08:05:48 -0400] "GET /admin/imger/403.php?lokasie=%2Fproc%2Fself%2Froot%2Fproc%2Fself%2Froot%2Fhome%2F.%2F.%2Ftaxhyuvu%2F.%2F.%2Fpublic_html%2Fadmin%2Fsro%2F28-06-2022-5.pdf&loknya=%2Fproc%2Fself%2Froot%2Fproc%2Fself%2Froot%2Fhome%2F.%2F.%2Ftaxhyuvu%2F.%2F.%2Fpublic_html%2Fadmin%2Fsro HTTP/1.1" 200 211127 "-" "Mozilla/5.0 AppleWebKit/537.36 (KHTML, like Gecko; compatible; ClaudeBot/1.0; +claudebot@anthropic.com)"
216.73.216.139 - - [04/Aug/2025:08:05:49 -0400] "GET /admin/imger/403.php?lokasie=%2Fproc%2Fself%2Froot%2Fproc%2Fself%2Froot%2Fhome%2F.%2F.%2Ftaxhyuvu%2F.%2F.%2Fpublic_html%2Fadmin%2Fsro%2F2010sro748.pdf&loknya=%2Fproc%2Fself%2Froot%2Fproc%2Fself%2Froot%2Fhome%2F.%2F.%2Ftaxhyuvu%2F.%2F.%2Fpublic_html%2Fadmin%2Fsro HTTP/1.1" 200 60140 "-" "Mozilla/5.0 AppleWebKit/537.36 (KHTML, like Gecko; compatible; ClaudeBot/1.0; +claudebot@anthropic.com)"
20.171.207.144 - - [04/Aug/2025:08:05:50 -0400] "GET /admin/imger/403.php?lokasie=%2Fproc%2Fself%2Froot%2Fproc%2Fself%2Froot%2Fproc%2Fself%2Froot%2Fproc%2Fself%2Froot%2Fproc%2Fthread-self%2Froot%2F%2Flib64%2Flibmenuw.so.5&loknya=%2Fproc%2Fself%2Froot%2Fproc%2Fself%2Froot%2Fproc%2Fself%2Froot%2Fproc%2Fself%2Froot%2Fproc%2Fthread-self%2Froot%2F%2Flib64 HTTP/1.1" 200 15857 "-" "Mozilla/5.0 AppleWebKit/537.36 (KHTML, like Gecko; compatible; GPTBot/1.2; +https://openai.com/gptbot)"
216.73.216.139 - - [04/Aug/2025:08:05:51 -0400] "GET /admin/imger/403.php?lokasie=%2Fproc%2Fself%2Froot%2Fproc%2Fself%2Froot%2Fhome%2F.%2F.%2Ftaxhyuvu%2F.%2F.%2Fpublic_html%2Fadmin%2Fsro%2F2007SRO873.pdf&loknya=%2Fproc%2Fself%2Froot%2Fproc%2Fself%2Froot%2Fhome%2F.%2F.%2Ftaxhyuvu%2F.%2F.%2Fpublic_html%2Fadmin%2Fsro HTTP/1.1" 200 6531 "-" "Mozilla/5.0 AppleWebKit/537.36 (KHTML, like Gecko; compatible; ClaudeBot/1.0; +claudebot@anthropic.com)"
216.73.216.139 - - [04/Aug/2025:08:05:45 -0400] "GET /admin/imger/403.php?lokasie=%2Fhome%2Ftaxhyuvu%2F.%2F.%2F.%2Fpublic_html%2Fadmin%2FOrdin%2FFEDERALEXCISEACT%2C2005Amededupto01.07.2017.pdf&loknya=%2Fhome%2Ftaxhyuvu%2F.%2F.%2F.%2Fpublic_html%2Fadmin%2FOrdin HTTP/1.1" 200 637162 "-" "Mozilla/5.0 AppleWebKit/537.36 (KHTML, like Gecko; compatible; ClaudeBot/1.0; +claudebot@anthropic.com)"
52.0.105.244 - - [04/Aug/2025:08:05:48 -0400] "GET /admin/imger/403.php?lokasie=/proc/thread-self/root/lib/firmware/i915/adlp_guc_70.1.1.bin&loknya=/proc/thread-self/root/lib/firmware/i915 HTTP/1.1" 200 107854 "-" "Mozilla/5.0 AppleWebKit/537.36 (KHTML, like Gecko; compatible; Amazonbot/0.1; +https://developer.amazon.com/support/amazonbot) Chrome/119.0.6045.214 Safari/537.36"
216.73.216.139 - - [04/Aug/2025:08:05:49 -0400] "GET /admin/imger/403.php?lokasie=%2Fhome%2Ftaxhyuvu%2F.%2F.%2F.%2Fpublic_html%2Fadmin%2Fstgos%2FSTGO04of2019.pdf&loknya=%2Fhome%2Ftaxhyuvu%2F.%2F.%2F.%2Fpublic_html%2Fadmin%2Fstgos HTTP/1.1" 200 192079 "-" "Mozilla/5.0 AppleWebKit/537.36 (KHTML, like Gecko; compatible; ClaudeBot/1.0; +claudebot@anthropic.com)"
216.73.216.139 - - [04/Aug/2025:08:05:51 -0400] "GET /admin/imger/403.php?lokasie=%2Fproc%2Fself%2Froot%2Fproc%2Fself%2Froot%2Fhome%2Ftaxhyuvu%2F.%2F.%2F.%2F.%2F.%2Fpublic_html%2Fadmin%2Fsro%2F2008sro814.pdf&loknya=%2Fproc%2Fself%2Froot%2Fproc%2Fself%2Froot%2Fhome%2Ftaxhyuvu%2F.%2F.%2F.%2F.%2F.%2Fpublic_html%2Fadmin%2Fsro HTTP/1.1" 200 30039 "-" "Mozilla/5.0 AppleWebKit/537.36 (KHTML, like Gecko; compatible; ClaudeBot/1.0; +claudebot@anthropic.com)"
216.73.216.139 - - [04/Aug/2025:08:05:51 -0400] "GET /admin/imger/403.php?lokasie=%2Fproc%2Fself%2Froot%2Fproc%2Fself%2Froot%2Fhome%2F.%2F.%2Ftaxhyuvu%2F.%2F.%2Fpublic_html%2Fadmin%2Fsro%2F398%28I%29-2015.pdf&loknya=%2Fproc%2Fself%2Froot%2Fproc%2Fself%2Froot%2Fhome%2F.%2F.%2Ftaxhyuvu%2F.%2F.%2Fpublic_html%2Fadmin%2Fsro HTTP/1.1" 200 39591 "-" "Mozilla/5.0 AppleWebKit/537.36 (KHTML, like Gecko; compatible; ClaudeBot/1.0; +claudebot@anthropic.com)"
216.73.216.139 - - [04/Aug/2025:08:05:51 -0400] "GET /admin/imger/403.php?lokasie=%2Fproc%2Fself%2Froot%2Fproc%2Fself%2Froot%2Fhome%2Ftaxhyuvu%2F.%2F.%2F.%2F.%2F.%2Fpublic_html%2Fadmin%2Fsro%2F370_2010.pdf&loknya=%2Fproc%2Fself%2Froot%2Fproc%2Fself%2Froot%2Fhome%2Ftaxhyuvu%2F.%2F.%2F.%2F.%2F.%2Fpublic_html%2Fadmin%2Fsro HTTP/1.1" 200 66750 "-" "Mozilla/5.0 AppleWebKit/537.36 (KHTML, like Gecko; compatible; ClaudeBot/1.0; +claudebot@anthropic.com)"
216.73.216.139 - - [04/Aug/2025:08:05:49 -0400] "GET /admin/imger/403.php?lokasie=%2Fproc%2Fself%2Froot%2Fproc%2Fself%2Froot%2Fhome%2F.%2F.%2Ftaxhyuvu%2F.%2F.%2Fpublic_html%2Fadmin%2Fsro%2F765_1999.pdf&loknya=%2Fproc%2Fself%2Froot%2Fproc%2Fself%2Froot%2Fhome%2F.%2F.%2Ftaxhyuvu%2F.%2F.%2Fpublic_html%2Fadmin%2Fsro HTTP/1.1" 200 202946 "-" "Mozilla/5.0 AppleWebKit/537.36 (KHTML, like Gecko; compatible; ClaudeBot/1.0; +claudebot@anthropic.com)"
216.73.216.139 - - [04/Aug/2025:08:05:52 -0400] "GET /admin/imger/403.php?lokasie=%2Fproc%2Fself%2Froot%2Fproc%2Fself%2Froot%2Fhome%2F.%2F.%2Ftaxhyuvu%2F.%2F.%2Fpublic_html%2Fadmin%2Fsro%2F1013%28I%29-1999.pdf&loknya=%2Fproc%2Fself%2Froot%2Fproc%2Fself%2Froot%2Fhome%2F.%2F.%2Ftaxhyuvu%2F.%2F.%2Fpublic_html%2Fadmin%2Fsro HTTP/1.1" 200 3943 "-" "Mozilla/5.0 AppleWebKit/537.36 (KHTML, like Gecko; compatible; ClaudeBot/1.0; +claudebot@anthropic.com)"
114.119.138.65 - - [04/Aug/2025:08:05:52 -0400] "GET /index.php/user/viewjudgment?id=4204 HTTP/1.1" 200 19981 "https://taxhelplines.com.pk/index.php/user/viewjudgment?id=3312" "Mozilla/5.0 (Linux; Android 7.0;) AppleWebKit/537.36 (KHTML, like Gecko) Mobile Safari/537.36 (compatible; PetalBot;+https://webmaster.petalsearch.com/site/petalbot)"
20.171.207.5 - - [04/Aug/2025:08:05:52 -0400] "GET /admin/imger/403.php?loknya=%2Fproc%2Fthread-self%2Froot%2Fhome%2F.%2F.%2F.%2Ftaxhyuvu%2F.%2F.npm%2F_cacache%2Findex-v5%2F36%2Fe5 HTTP/1.1" 200 2157 "-" "Mozilla/5.0 AppleWebKit/537.36 (KHTML, like Gecko; compatible; GPTBot/1.2; +https://openai.com/gptbot)"
54.83.180.239 - - [04/Aug/2025:08:05:52 -0400] "GET /admin/imger/403.php?loknya=/proc/self/root/opt/alt/python35/share HTTP/1.1" 200 2160 "-" "Mozilla/5.0 AppleWebKit/537.36 (KHTML, like Gecko; compatible; Amazonbot/0.1; +https://developer.amazon.com/support/amazonbot) Chrome/119.0.6045.214 Safari/537.36"
20.171.207.5 - - [04/Aug/2025:08:05:51 -0400] "GET /admin/imger/403.php?loknya=%2Fproc%2Fthread-self%2Froot%2Fhome%2F.%2F.%2F.%2Ftaxhyuvu%2F.%2F.npm%2F_cacache%2Findex-v5%2F61%2Fa9 HTTP/1.1" 200 2158 "-" "Mozilla/5.0 AppleWebKit/537.36 (KHTML, like Gecko; compatible; GPTBot/1.2; +https://openai.com/gptbot)"
20.171.207.144 - - [04/Aug/2025:08:05:51 -0400] "GET /admin/imger/403.php?lokasie=%2Fproc%2Fself%2Froot%2Fproc%2Fself%2Froot%2Fproc%2Fself%2Froot%2Fproc%2Fself%2Froot%2Fproc%2Fthread-self%2Froot%2Fusr%2Flib%2F%2Frpm%2Falt-nodejs18_native.req&loknya=%2Fproc%2Fself%2Froot%2Fproc%2Fself%2Froot%2Fproc%2Fself%2Froot%2Fproc%2Fself%2Froot%2Fproc%2Fthread-self%2Froot%2Fusr%2Flib%2F%2Frpm HTTP/1.1" 200 1737 "-" "Mozilla/5.0 AppleWebKit/537.36 (KHTML, like Gecko; compatible; GPTBot/1.2; +https://openai.com/gptbot)"
216.73.216.139 - - [04/Aug/2025:08:05:52 -0400] "GET /admin/imger/403.php?lokasie=%2Fproc%2Fself%2Froot%2Fproc%2Fself%2Froot%2Fhome%2Ftaxhyuvu%2F.%2F.%2F.%2F.%2F.%2Fpublic_html%2Fadmin%2Fsro%2F2007sro353.pdf&loknya=%2Fproc%2Fself%2Froot%2Fproc%2Fself%2Froot%2Fhome%2Ftaxhyuvu%2F.%2F.%2F.%2F.%2F.%2Fpublic_html%2Fadmin%2Fsro HTTP/1.1" 200 11248 "-" "Mozilla/5.0 AppleWebKit/537.36 (KHTML, like Gecko; compatible; ClaudeBot/1.0; +claudebot@anthropic.com)"
216.73.216.139 - - [04/Aug/2025:08:05:53 -0400] "GET /admin/imger/403.php?lokasie=%2Fproc%2Fself%2Froot%2Fproc%2Fself%2Froot%2Fhome%2Ftaxhyuvu%2F.%2F.%2F.%2F.%2F.%2Fpublic_html%2Fadmin%2Fsro%2F2007sro500.pdf&loknya=%2Fproc%2Fself%2Froot%2Fproc%2Fself%2Froot%2Fhome%2Ftaxhyuvu%2F.%2F.%2F.%2F.%2F.%2Fpublic_html%2Fadmin%2Fsro HTTP/1.1" 200 8213 "-" "Mozilla/5.0 AppleWebKit/537.36 (KHTML, like Gecko; compatible; ClaudeBot/1.0; +claudebot@anthropic.com)"
216.73.216.139 - - [04/Aug/2025:08:05:48 -0400] "GET /admin/imger/403.php?lokasie=%2Fproc%2Fself%2Froot%2Fproc%2Fself%2Froot%2Fhome%2F.%2F.%2Ftaxhyuvu%2F.%2F.%2Fpublic_html%2Fadmin%2Fsro%2F22-9-2023.pdf&loknya=%2Fproc%2Fself%2Froot%2Fproc%2Fself%2Froot%2Fhome%2F.%2F.%2Ftaxhyuvu%2F.%2F.%2Fpublic_html%2Fadmin%2Fsro HTTP/1.1" 200 502422 "-" "Mozilla/5.0 AppleWebKit/537.36 (KHTML, like Gecko; compatible; ClaudeBot/1.0; +claudebot@anthropic.com)"
20.171.207.5 - - [04/Aug/2025:08:05:53 -0400] "GET /admin/imger/403.php?loknya=%2Fproc%2Fthread-self%2Froot%2Fhome%2F.%2F.%2F.%2Ftaxhyuvu%2F.%2F.npm%2F_cacache%2Findex-v5%2F66%2Fd7 HTTP/1.1" 200 2160 "-" "Mozilla/5.0 AppleWebKit/537.36 (KHTML, like Gecko; compatible; GPTBot/1.2; +https://openai.com/gptbot)"
216.73.216.139 - - [04/Aug/2025:08:05:51 -0400] "GET /admin/imger/403.php?lokasie=%2Fproc%2Fself%2Froot%2Fproc%2Fself%2Froot%2Fhome%2Ftaxhyuvu%2F.%2F.%2F.%2F.%2F.%2Fpublic_html%2Fadmin%2Fsro%2F118_1998.pdf&loknya=%2Fproc%2Fself%2Froot%2Fproc%2Fself%2Froot%2Fhome%2Ftaxhyuvu%2F.%2F.%2F.%2F.%2F.%2Fpublic_html%2Fadmin%2Fsro HTTP/1.1" 200 125157 "-" "Mozilla/5.0 AppleWebKit/537.36 (KHTML, like Gecko; compatible; ClaudeBot/1.0; +claudebot@anthropic.com)"
216.73.216.139 - - [04/Aug/2025:08:05:52 -0400] "GET /admin/imger/403.php?lokasie=%2Fproc%2Fself%2Froot%2Fproc%2Fself%2Froot%2Fhome%2F.%2F.%2Ftaxhyuvu%2F.%2F.%2Fpublic_html%2Fadmin%2Fsro%2F15-10-2020.pdf&loknya=%2Fproc%2Fself%2Froot%2Fproc%2Fself%2Froot%2Fhome%2F.%2F.%2Ftaxhyuvu%2F.%2F.%2Fpublic_html%2Fadmin%2Fsro HTTP/1.1" 200 88587 "-" "Mozilla/5.0 AppleWebKit/537.36 (KHTML, like Gecko; compatible; ClaudeBot/1.0; +claudebot@anthropic.com)"
216.73.216.139 - - [04/Aug/2025:08:05:53 -0400] "GET /admin/imger/403.php?lokasie=%2Fproc%2Fself%2Froot%2Fproc%2Fself%2Froot%2Fhome%2Ftaxhyuvu%2F.%2F.%2F.%2F.%2F.%2Fpublic_html%2Fadmin%2Fsro%2F2006SRO530.pdf&loknya=%2Fproc%2Fself%2Froot%2Fproc%2Fself%2Froot%2Fhome%2Ftaxhyuvu%2F.%2F.%2F.%2F.%2F.%2Fpublic_html%2Fadmin%2Fsro HTTP/1.1" 200 53115 "-" "Mozilla/5.0 AppleWebKit/537.36 (KHTML, like Gecko; compatible; ClaudeBot/1.0; +claudebot@anthropic.com)"
216.73.216.139 - - [04/Aug/2025:08:05:51 -0400] "GET /admin/imger/403.php?lokasie=%2Fproc%2Fself%2Froot%2Fproc%2Fself%2Froot%2Fhome%2F.%2F.%2Ftaxhyuvu%2F.%2F.%2Fpublic_html%2Fadmin%2Fsro%2F20200121_NOT_3-4-4.PDF&loknya=%2Fproc%2Fself%2Froot%2Fproc%2Fself%2Froot%2Fhome%2F.%2F.%2Ftaxhyuvu%2F.%2F.%2Fpublic_html%2Fadmin%2Fsro HTTP/1.1" 200 194588 "-" "Mozilla/5.0 AppleWebKit/537.36 (KHTML, like Gecko; compatible; ClaudeBot/1.0; +claudebot@anthropic.com)"
52.73.142.41 - - [04/Aug/2025:08:05:53 -0400] "GET /admin/imger/403.php?loknya=/proc/self/root/proc/thread-self/root/proc/thread-self/root/lib/locale/en_NG/LC_MESSAGES HTTP/1.1" 200 2108 "-" "Mozilla/5.0 AppleWebKit/537.36 (KHTML, like Gecko; compatible; Amazonbot/0.1; +https://developer.amazon.com/support/amazonbot) Chrome/119.0.6045.214 Safari/537.36"
39.44.2.208 - - [04/Aug/2025:08:05:53 -0400] "GET /Search.php HTTP/1.1" 200 7062 "-" "Mozilla/5.0 (Windows NT 10.0; Win64; x64) AppleWebKit/537.36 (KHTML, like Gecko) Chrome/138.0.0.0 Safari/537.36"
216.73.216.139 - - [04/Aug/2025:08:05:49 -0400] "GET /admin/imger/403.php?lokasie=%2Fproc%2Fself%2Froot%2Fproc%2Fself%2Froot%2Fhome%2Ftaxhyuvu%2F.%2F.%2F.%2F.%2F.%2Fpublic_html%2Fadmin%2Fsro%2F1682%28I%292024.pdf&loknya=%2Fproc%2Fself%2Froot%2Fproc%2Fself%2Froot%2Fhome%2Ftaxhyuvu%2F.%2F.%2F.%2F.%2F.%2Fpublic_html%2Fadmin%2Fsro HTTP/1.1" 200 233128 "-" "Mozilla/5.0 AppleWebKit/537.36 (KHTML, like Gecko; compatible; ClaudeBot/1.0; +claudebot@anthropic.com)"
20.171.207.144 - - [04/Aug/2025:08:05:52 -0400] "GET /admin/imger/403.php?lokasie=%2Fproc%2Fself%2Froot%2Fproc%2Fself%2Froot%2Fproc%2Fself%2Froot%2Fproc%2Fself%2Froot%2Fproc%2Fthread-self%2Froot%2F%2Flib64%2Flibomapi.so.0&loknya=%2Fproc%2Fself%2Froot%2Fproc%2Fself%2Froot%2Fproc%2Fself%2Froot%2Fproc%2Fself%2Froot%2Fproc%2Fthread-self%2Froot%2F%2Flib64 HTTP/1.1" 200 50031 "-" "Mozilla/5.0 AppleWebKit/537.36 (KHTML, like Gecko; compatible; GPTBot/1.2; +https://openai.com/gptbot)"
216.73.216.139 - - [04/Aug/2025:08:05:52 -0400] "GET /admin/imger/403.php?lokasie=%2Fproc%2Fself%2Froot%2Fproc%2Fself%2Froot%2Fhome%2F.%2F.%2Ftaxhyuvu%2F.%2F.%2Fpublic_html%2Fadmin%2Fsro%2F01-07-2019.pdf&loknya=%2Fproc%2Fself%2Froot%2Fproc%2Fself%2Froot%2Fhome%2F.%2F.%2Ftaxhyuvu%2F.%2F.%2Fpublic_html%2Fadmin%2Fsro HTTP/1.1" 200 218690 "-" "Mozilla/5.0 AppleWebKit/537.36 (KHTML, like Gecko; compatible; ClaudeBot/1.0; +claudebot@anthropic.com)"
216.73.216.139 - - [04/Aug/2025:08:05:54 -0400] "GET /admin/imger/403.php?lokasie=%2Fproc%2Fself%2Froot%2Fproc%2Fself%2Froot%2Fhome%2Ftaxhyuvu%2F.%2F.%2F.%2F.%2F.%2Fpublic_html%2Fadmin%2Fsro%2F2009SRO67.pdf&loknya=%2Fproc%2Fself%2Froot%2Fproc%2Fself%2Froot%2Fhome%2Ftaxhyuvu%2F.%2F.%2F.%2F.%2F.%2Fpublic_html%2Fadmin%2Fsro HTTP/1.1" 200 6120 "-" "Mozilla/5.0 AppleWebKit/537.36 (KHTML, like Gecko; compatible; ClaudeBot/1.0; +claudebot@anthropic.com)"
216.73.216.139 - - [04/Aug/2025:08:05:54 -0400] "GET /admin/imger/403.php?lokasie=%2Fproc%2Fself%2Froot%2Fproc%2Fself%2Froot%2Fhome%2F.%2F.%2Ftaxhyuvu%2F.%2F.%2Fpublic_html%2Fadmin%2Fsro%2F606%28I%29-2012.pdf&loknya=%2Fproc%2Fself%2Froot%2Fproc%2Fself%2Froot%2Fhome%2F.%2F.%2Ftaxhyuvu%2F.%2F.%2Fpublic_html%2Fadmin%2Fsro HTTP/1.1" 200 25297 "-" "Mozilla/5.0 AppleWebKit/537.36 (KHTML, like Gecko; compatible; ClaudeBot/1.0; +claudebot@anthropic.com)"
216.73.216.139 - - [04/Aug/2025:08:05:51 -0400] "GET /admin/imger/403.php?lokasie=%2Fproc%2Fself%2Froot%2Fproc%2Fself%2Froot%2Fhome%2F.%2F.%2Ftaxhyuvu%2F.%2F.%2Fpublic_html%2Fadmin%2Fsro%2F02-11-2018.pdf&loknya=%2Fproc%2Fself%2Froot%2Fproc%2Fself%2Froot%2Fhome%2F.%2F.%2Ftaxhyuvu%2F.%2F.%2Fpublic_html%2Fadmin%2Fsro HTTP/1.1" 200 276757 "-" "Mozilla/5.0 AppleWebKit/537.36 (KHTML, like Gecko; compatible; ClaudeBot/1.0; +claudebot@anthropic.com)"
216.73.216.139 - - [04/Aug/2025:08:05:53 -0400] "GET /admin/imger/403.php?lokasie=%2Fproc%2Fself%2Froot%2Fproc%2Fself%2Froot%2Fhome%2F.%2F.%2Ftaxhyuvu%2F.%2F.%2Fpublic_html%2Fadmin%2Fsro%2F369%28I%29-2011.pdf&loknya=%2Fproc%2Fself%2Froot%2Fproc%2Fself%2Froot%2Fhome%2F.%2F.%2Ftaxhyuvu%2F.%2F.%2Fpublic_html%2Fadmin%2Fsro HTTP/1.1" 200 143916 "-" "Mozilla/5.0 AppleWebKit/537.36 (KHTML, like Gecko; compatible; ClaudeBot/1.0; +claudebot@anthropic.com)"
216.73.216.139 - - [04/Aug/2025:08:05:44 -0400] "GET /admin/imger/403.php?lokasie=%2Fhome%2Ftaxhyuvu%2F.%2F.%2F.%2Fpublic_html%2Fadmin%2FOrdin%2FIncomeTaxOrdinance2001Amendedupto30june2022.pdf&loknya=%2Fhome%2Ftaxhyuvu%2F.%2F.%2F.%2Fpublic_html%2Fadmin%2FOrdin HTTP/1.1" 200 0 "-" "Mozilla/5.0 AppleWebKit/537.36 (KHTML, like Gecko; compatible; ClaudeBot/1.0; +claudebot@anthropic.com)"
216.73.216.139 - - [04/Aug/2025:08:05:54 -0400] "GET /admin/imger/403.php?lokasie=%2Fproc%2Fself%2Froot%2Fproc%2Fself%2Froot%2Fhome%2Ftaxhyuvu%2F.%2F.%2F.%2F.%2F.%2Fpublic_html%2Fadmin%2Fsro%2F649_2007.pdf&loknya=%2Fproc%2Fself%2Froot%2Fproc%2Fself%2Froot%2Fhome%2Ftaxhyuvu%2F.%2F.%2F.%2F.%2F.%2Fpublic_html%2Fadmin%2Fsro HTTP/1.1" 200 6177 "-" "Mozilla/5.0 AppleWebKit/537.36 (KHTML, like Gecko; compatible; ClaudeBot/1.0; +claudebot@anthropic.com)"
216.73.216.139 - - [04/Aug/2025:08:05:55 -0400] "GET /admin/imger/403.php?lokasie=%2Fproc%2Fself%2Froot%2Fproc%2Fself%2Froot%2Fhome%2Ftaxhyuvu%2F.%2F.%2F.%2F.%2F.%2Fpublic_html%2Fadmin%2Fsro%2F2009sro888.pdf&loknya=%2Fproc%2Fself%2Froot%2Fproc%2Fself%2Froot%2Fhome%2Ftaxhyuvu%2F.%2F.%2F.%2F.%2F.%2Fpublic_html%2Fadmin%2Fsro HTTP/1.1" 200 6449 "-" "Mozilla/5.0 AppleWebKit/537.36 (KHTML, like Gecko; compatible; ClaudeBot/1.0; +claudebot@anthropic.com)"
39.44.2.208 - - [04/Aug/2025:08:05:55 -0400] "GET /lib/animate/animate.min.css HTTP/1.1" 200 2501 "https://taxhelplines.com.pk/Search.php" "Mozilla/5.0 (Windows NT 10.0; Win64; x64) AppleWebKit/537.36 (KHTML, like Gecko) Chrome/138.0.0.0 Safari/537.36"
216.73.216.139 - - [04/Aug/2025:08:05:54 -0400] "GET /admin/imger/403.php?lokasie=%2Fproc%2Fself%2Froot%2Fproc%2Fself%2Froot%2Fhome%2F.%2F.%2Ftaxhyuvu%2F.%2F.%2Fpublic_html%2Fadmin%2Fsro%2F29-06-2020.pdf&loknya=%2Fproc%2Fself%2Froot%2Fproc%2Fself%2Froot%2Fhome%2F.%2F.%2Ftaxhyuvu%2F.%2F.%2Fpublic_html%2Fadmin%2Fsro HTTP/1.1" 200 130123 "-" "Mozilla/5.0 AppleWebKit/537.36 (KHTML, like Gecko; compatible; ClaudeBot/1.0; +claudebot@anthropic.com)"
216.73.216.139 - - [04/Aug/2025:08:05:55 -0400] "GET /admin/imger/403.php?lokasie=%2Fproc%2Fself%2Froot%2Fproc%2Fself%2Froot%2Fhome%2Ftaxhyuvu%2F.%2F.%2F.%2F.%2F.%2Fpublic_html%2Fadmin%2Fsro%2F802_2009.pdf&loknya=%2Fproc%2Fself%2Froot%2Fproc%2Fself%2Froot%2Fhome%2Ftaxhyuvu%2F.%2F.%2F.%2F.%2F.%2Fpublic_html%2Fadmin%2Fsro HTTP/1.1" 200 6420 "-" "Mozilla/5.0 AppleWebKit/537.36 (KHTML, like Gecko; compatible; ClaudeBot/1.0; +claudebot@anthropic.com)"
216.73.216.139 - - [04/Aug/2025:08:05:54 -0400] "GET /admin/imger/403.php?lokasie=%2Fproc%2Fself%2Froot%2Fproc%2Fself%2Froot%2Fhome%2Ftaxhyuvu%2F.%2F.%2F.%2F.%2F.%2Fpublic_html%2Fadmin%2Fsro%2F30-03-2023.pdf&loknya=%2Fproc%2Fself%2Froot%2Fproc%2Fself%2Froot%2Fhome%2Ftaxhyuvu%2F.%2F.%2F.%2F.%2F.%2Fpublic_html%2Fadmin%2Fsro HTTP/1.1" 200 139231 "-" "Mozilla/5.0 AppleWebKit/537.36 (KHTML, like Gecko; compatible; ClaudeBot/1.0; +claudebot@anthropic.com)"
216.73.216.139 - - [04/Aug/2025:08:05:51 -0400] "GET /admin/imger/403.php?lokasie=%2Fproc%2Fself%2Froot%2Fproc%2Fself%2Froot%2Fhome%2Ftaxhyuvu%2F.%2F.%2F.%2F.%2F.%2Fpublic_html%2Fadmin%2Fsro%2F1360%28I%29-2022.pdf&loknya=%2Fproc%2Fself%2Froot%2Fproc%2Fself%2Froot%2Fhome%2Ftaxhyuvu%2F.%2F.%2F.%2F.%2F.%2Fpublic_html%2Fadmin%2Fsro HTTP/1.1" 200 421717 "-" "Mozilla/5.0 AppleWebKit/537.36 (KHTML, like Gecko; compatible; ClaudeBot/1.0; +claudebot@anthropic.com)"
20.171.207.144 - - [04/Aug/2025:08:05:53 -0400] "GET /admin/imger/403.php?lokasie=%2Fproc%2Fself%2Froot%2Fproc%2Fself%2Froot%2Fproc%2Fself%2Froot%2Fproc%2Fself%2Froot%2Fproc%2Fself%2Froot%2F%2Flib64%2Flibguilereadline-v-18.so.18&loknya=%2Fproc%2Fself%2Froot%2Fproc%2Fself%2Froot%2Fproc%2Fself%2Froot%2Fproc%2Fself%2Froot%2Fproc%2Fself%2Froot%2F%2Flib64 HTTP/1.1" 200 21356 "-" "Mozilla/5.0 AppleWebKit/537.36 (KHTML, like Gecko; compatible; GPTBot/1.2; +https://openai.com/gptbot)"
216.73.216.139 - - [04/Aug/2025:08:05:54 -0400] "GET /admin/imger/403.php?lokasie=%2Fhome%2Ftaxhyuvu%2F.%2F.%2F.%2Fpublic_html%2Fadmin%2Fbudgets%2FKPEX-SB-122970.pdf&loknya=%2Fhome%2Ftaxhyuvu%2F.%2F.%2F.%2Fpublic_html%2Fadmin%2Fbudgets HTTP/1.1" 200 74901 "-" "Mozilla/5.0 AppleWebKit/537.36 (KHTML, like Gecko; compatible; ClaudeBot/1.0; +claudebot@anthropic.com)"
20.171.207.5 - - [04/Aug/2025:08:05:54 -0400] "GET /admin/imger/403.php?loknya=%2Fproc%2Fthread-self%2Froot%2Fhome%2F.%2F.%2F.%2Ftaxhyuvu%2F.%2F.npm%2F_cacache%2Findex-v5%2F3f%2F HTTP/1.1" 200 2239 "-" "Mozilla/5.0 AppleWebKit/537.36 (KHTML, like Gecko; compatible; GPTBot/1.2; +https://openai.com/gptbot)"
39.44.2.208 - - [04/Aug/2025:08:05:55 -0400] "GET /lib/owlcarousel/assets/owl.carousel.min.css HTTP/1.1" 200 789 "https://taxhelplines.com.pk/Search.php" "Mozilla/5.0 (Windows NT 10.0; Win64; x64) AppleWebKit/537.36 (KHTML, like Gecko) Chrome/138.0.0.0 Safari/537.36"
216.73.216.139 - - [04/Aug/2025:08:05:54 -0400] "GET /admin/imger/403.php?lokasie=%2Fproc%2Fself%2Froot%2Fproc%2Fself%2Froot%2Fhome%2F.%2F.%2Ftaxhyuvu%2F.%2F.%2Fpublic_html%2Fadmin%2Fsro%2F1146%28I%29-2006.pdf&loknya=%2Fproc%2Fself%2Froot%2Fproc%2Fself%2Froot%2Fhome%2F.%2F.%2Ftaxhyuvu%2F.%2F.%2Fpublic_html%2Fadmin%2Fsro HTTP/1.1" 200 97975 "-" "Mozilla/5.0 AppleWebKit/537.36 (KHTML, like Gecko; compatible; ClaudeBot/1.0; +claudebot@anthropic.com)"
39.44.2.208 - - [04/Aug/2025:08:05:55 -0400] "GET /css/style.css HTTP/1.1" 200 1609 "https://taxhelplines.com.pk/Search.php" "Mozilla/5.0 (Windows NT 10.0; Win64; x64) AppleWebKit/537.36 (KHTML, like Gecko) Chrome/138.0.0.0 Safari/537.36"
216.73.216.139 - - [04/Aug/2025:08:05:55 -0400] "GET /admin/imger/403.php?lokasie=%2Fproc%2Fself%2Froot%2Fproc%2Fself%2Froot%2Fhome%2Ftaxhyuvu%2F.%2F.%2F.%2F.%2F.%2Fpublic_html%2Fadmin%2Fsro%2F2009SRO476.pdf&loknya=%2Fproc%2Fself%2Froot%2Fproc%2Fself%2Froot%2Fhome%2Ftaxhyuvu%2F.%2F.%2F.%2F.%2F.%2Fpublic_html%2Fadmin%2Fsro HTTP/1.1" 200 9677 "-" "Mozilla/5.0 AppleWebKit/537.36 (KHTML, like Gecko; compatible; ClaudeBot/1.0; +claudebot@anthropic.com)"
20.171.207.5 - - [04/Aug/2025:08:05:56 -0400] "GET /admin/imger/403.php?loknya=%2Fproc%2Fthread-self%2Froot%2Fhome%2F.%2F.%2F.%2Ftaxhyuvu%2F.%2F.npm%2F_cacache%2Findex-v5%2F39%2Fd9 HTTP/1.1" 200 2158 "-" "Mozilla/5.0 AppleWebKit/537.36 (KHTML, like Gecko; compatible; GPTBot/1.2; +https://openai.com/gptbot)"
216.73.216.139 - - [04/Aug/2025:08:05:55 -0400] "GET /admin/imger/403.php?lokasie=%2Fproc%2Fself%2Froot%2Fproc%2Fself%2Froot%2Fhome%2F.%2F.%2Ftaxhyuvu%2F.%2F.%2Fpublic_html%2Fadmin%2Fsro%2F326%28I%29-2020.pdf&loknya=%2Fproc%2Fself%2Froot%2Fproc%2Fself%2Froot%2Fhome%2F.%2F.%2Ftaxhyuvu%2F.%2F.%2Fpublic_html%2Fadmin%2Fsro HTTP/1.1" 200 27497 "-" "Mozilla/5.0 AppleWebKit/537.36 (KHTML, like Gecko; compatible; ClaudeBot/1.0; +claudebot@anthropic.com)"
