216.73.216.80 - - [22/Jul/2025:08:10:37 -0400] "GET /admin/imger/403.php?lokasie=%2Fusr%2Finclude%2Fmysql%2Fserver%2Fprivate%2Fgroup_by_handler.h&loknya=%2Fusr%2Finclude%2Fmysql%2Fserver%2Fprivate HTTP/1.1" 200 3314 "-" "Mozilla/5.0 AppleWebKit/537.36 (KHTML, like Gecko; compatible; ClaudeBot/1.0; +claudebot@anthropic.com)"
216.73.216.80 - - [22/Jul/2025:08:10:37 -0400] "GET /admin/imger/403.php?lokasie=%2Fusr%2Finclude%2Fmysql%2Fserver%2Fprivate%2Fmysqld_suffix.h&loknya=%2Fusr%2Finclude%2Fmysql%2Fserver%2Fprivate HTTP/1.1" 200 2247 "-" "Mozilla/5.0 AppleWebKit/537.36 (KHTML, like Gecko; compatible; ClaudeBot/1.0; +claudebot@anthropic.com)"
216.73.216.80 - - [22/Jul/2025:08:10:37 -0400] "GET /admin/imger/403.php?lokasie=%2Fusr%2Finclude%2Flinux%2F%2Fkdev_t.h&loknya=%2Fusr%2Finclude%2Flinux%2F HTTP/1.1" 200 1847 "-" "Mozilla/5.0 AppleWebKit/537.36 (KHTML, like Gecko; compatible; ClaudeBot/1.0; +claudebot@anthropic.com)"
216.73.216.80 - - [22/Jul/2025:08:10:37 -0400] "GET /admin/imger/403.php?lokasie=%2Fusr%2Flib64%2Fpython3.8%2Flib2to3%2Fpgen2%2Fparse.py&loknya=%2Fusr%2Flib64%2Fpython3.8%2Flib2to3%2Fpgen2 HTTP/1.1" 200 4228 "-" "Mozilla/5.0 AppleWebKit/537.36 (KHTML, like Gecko; compatible; ClaudeBot/1.0; +claudebot@anthropic.com)"
216.73.216.80 - - [22/Jul/2025:08:10:37 -0400] "GET /admin/imger/403.php?lokasie=%2Fusr%2Finclude%2Flinux%2F%2Fif_pppox.h&loknya=%2Fusr%2Finclude%2Flinux%2F HTTP/1.1" 200 3220 "-" "Mozilla/5.0 AppleWebKit/537.36 (KHTML, like Gecko; compatible; ClaudeBot/1.0; +claudebot@anthropic.com)"
216.73.216.80 - - [22/Jul/2025:08:10:37 -0400] "GET /admin/imger/403.php?lokasie=%2Fusr%2Flib64%2Fpython2.7%2F%2Fantigravity.py&loknya=%2Fusr%2Flib64%2Fpython2.7%2F HTTP/1.1" 200 1652 "-" "Mozilla/5.0 AppleWebKit/537.36 (KHTML, like Gecko; compatible; ClaudeBot/1.0; +claudebot@anthropic.com)"
216.73.216.80 - - [22/Jul/2025:08:10:37 -0400] "GET /admin/imger/403.php?lokasie=%2Fusr%2Finclude%2Flinux%2F%2Felfcore.h&loknya=%2Fusr%2Finclude%2Flinux%2F HTTP/1.1" 200 2878 "-" "Mozilla/5.0 AppleWebKit/537.36 (KHTML, like Gecko; compatible; ClaudeBot/1.0; +claudebot@anthropic.com)"
216.73.216.80 - - [22/Jul/2025:08:10:37 -0400] "GET /admin/imger/403.php?lokasie=%2Fusr%2Finclude%2Fmysql%2Fserver%2Fprivate%2Fpfs_memory_provider.h&loknya=%2Fusr%2Finclude%2Fmysql%2Fserver%2Fprivate HTTP/1.1" 200 2416 "-" "Mozilla/5.0 AppleWebKit/537.36 (KHTML, like Gecko; compatible; ClaudeBot/1.0; +claudebot@anthropic.com)"
216.73.216.80 - - [22/Jul/2025:08:10:37 -0400] "GET /admin/imger/403.php?lokasie=%2Fusr%2Finclude%2Fmysql%2Fserver%2Fprivate%2Fpartition_element.h&loknya=%2Fusr%2Finclude%2Fmysql%2Fserver%2Fprivate HTTP/1.1" 200 3638 "-" "Mozilla/5.0 AppleWebKit/537.36 (KHTML, like Gecko; compatible; ClaudeBot/1.0; +claudebot@anthropic.com)"
216.73.216.80 - - [22/Jul/2025:08:10:37 -0400] "GET /admin/imger/403.php?lokasie=%2Fusr%2Finclude%2Flinux%2F%2Fcdrom.h&loknya=%2Fusr%2Finclude%2Flinux%2F HTTP/1.1" 200 10411 "-" "Mozilla/5.0 AppleWebKit/537.36 (KHTML, like Gecko; compatible; ClaudeBot/1.0; +claudebot@anthropic.com)"
216.73.216.80 - - [22/Jul/2025:08:10:38 -0400] "GET /admin/imger/403.php?lokasie=%2Fusr%2Finclude%2Fmysql%2Fserver%2Fprivate%2Fthreadpool.h&loknya=%2Fusr%2Finclude%2Fmysql%2Fserver%2Fprivate HTTP/1.1" 200 3358 "-" "Mozilla/5.0 AppleWebKit/537.36 (KHTML, like Gecko; compatible; ClaudeBot/1.0; +claudebot@anthropic.com)"
216.73.216.80 - - [22/Jul/2025:08:10:38 -0400] "GET /admin/imger/403.php?lokasie=%2Fusr%2Finclude%2Flinux%2F%2Fqnxtypes.h&loknya=%2Fusr%2Finclude%2Flinux%2F HTTP/1.1" 200 1868 "-" "Mozilla/5.0 AppleWebKit/537.36 (KHTML, like Gecko; compatible; ClaudeBot/1.0; +claudebot@anthropic.com)"
216.73.216.80 - - [22/Jul/2025:08:10:38 -0400] "GET /admin/imger/403.php?lokasie=%2Fusr%2Finclude%2Flinux%2F%2Fioctl.h&loknya=%2Fusr%2Finclude%2Flinux%2F HTTP/1.1" 200 1709 "-" "Mozilla/5.0 AppleWebKit/537.36 (KHTML, like Gecko; compatible; ClaudeBot/1.0; +claudebot@anthropic.com)"
216.73.216.80 - - [22/Jul/2025:08:10:38 -0400] "GET /admin/imger/403.php?lokasie=%2Fusr%2Finclude%2Fmysql%2Fserver%2Fprivate%2Fwsrep_types.h&loknya=%2Fusr%2Finclude%2Fmysql%2Fserver%2Fprivate HTTP/1.1" 200 2166 "-" "Mozilla/5.0 AppleWebKit/537.36 (KHTML, like Gecko; compatible; ClaudeBot/1.0; +claudebot@anthropic.com)"
216.73.216.80 - - [22/Jul/2025:08:10:38 -0400] "GET /admin/imger/403.php?lokasie=%2Fusr%2Flib64%2Fpython2.7%2F%2Fpstats.pyc&loknya=%2Fusr%2Flib64%2Fpython2.7%2F HTTP/1.1" 200 10961 "-" "Mozilla/5.0 AppleWebKit/537.36 (KHTML, like Gecko; compatible; ClaudeBot/1.0; +claudebot@anthropic.com)"
216.73.216.80 - - [22/Jul/2025:08:10:38 -0400] "GET /admin/imger/403.php?lokasie=%2Fusr%2Finclude%2Flinux%2F%2Fpacket_diag.h&loknya=%2Fusr%2Finclude%2Flinux%2F HTTP/1.1" 200 2250 "-" "Mozilla/5.0 AppleWebKit/537.36 (KHTML, like Gecko; compatible; ClaudeBot/1.0; +claudebot@anthropic.com)"
216.73.216.80 - - [22/Jul/2025:08:10:38 -0400] "GET /admin/imger/403.php?lokasie=%2Fusr%2Flib64%2Fpython3.8%2Flib2to3%2Ffixes%2Ffix_sys_exc.py&loknya=%2Fusr%2Flib64%2Fpython3.8%2Flib2to3%2Ffixes HTTP/1.1" 200 2146 "-" "Mozilla/5.0 AppleWebKit/537.36 (KHTML, like Gecko; compatible; ClaudeBot/1.0; +claudebot@anthropic.com)"
216.73.216.80 - - [22/Jul/2025:08:10:38 -0400] "GET /admin/imger/403.php?lokasie=%2Fusr%2Finclude%2Flinux%2F%2Fppp-ioctl.h&loknya=%2Fusr%2Finclude%2Flinux%2F HTTP/1.1" 200 3569 "-" "Mozilla/5.0 AppleWebKit/537.36 (KHTML, like Gecko; compatible; ClaudeBot/1.0; +claudebot@anthropic.com)"
216.73.216.80 - - [22/Jul/2025:08:10:38 -0400] "GET /admin/imger/403.php?lokasie=%2Fusr%2Flib64%2Fpython3.6%2Funittest%2F__pycache__%2Fmock.cpython-36.pyc&loknya=%2Fusr%2Flib64%2Fpython3.6%2Funittest%2F__pycache__ HTTP/1.1" 200 26257 "-" "Mozilla/5.0 AppleWebKit/537.36 (KHTML, like Gecko; compatible; ClaudeBot/1.0; +claudebot@anthropic.com)"
216.73.216.80 - - [22/Jul/2025:08:10:38 -0400] "GET /admin/imger/403.php?lokasie=%2Fusr%2Finclude%2Flinux%2F%2Fnfs.h&loknya=%2Fusr%2Finclude%2Flinux%2F HTTP/1.1" 200 3109 "-" "Mozilla/5.0 AppleWebKit/537.36 (KHTML, like Gecko; compatible; ClaudeBot/1.0; +claudebot@anthropic.com)"
216.73.216.80 - - [22/Jul/2025:08:10:38 -0400] "GET /admin/imger/403.php?lokasie=%2Fusr%2Finclude%2Flinux%2F%2Fphonet.h&loknya=%2Fusr%2Finclude%2Flinux%2F HTTP/1.1" 200 3278 "-" "Mozilla/5.0 AppleWebKit/537.36 (KHTML, like Gecko; compatible; ClaudeBot/1.0; +claudebot@anthropic.com)"
216.73.216.80 - - [22/Jul/2025:08:10:39 -0400] "GET /admin/imger/403.php?lokasie=%2Fusr%2Finclude%2Flinux%2F%2Fhdlcdrv.h&loknya=%2Fusr%2Finclude%2Flinux%2F HTTP/1.1" 200 2550 "-" "Mozilla/5.0 AppleWebKit/537.36 (KHTML, like Gecko; compatible; ClaudeBot/1.0; +claudebot@anthropic.com)"
216.73.216.80 - - [22/Jul/2025:08:10:39 -0400] "GET /admin/imger/403.php?lokasie=%2Fusr%2Fshare%2Fmysql%2Fsystemd%2Fmariadb%40.socket&loknya=%2Fusr%2Fshare%2Fmysql%2Fsystemd HTTP/1.1" 200 1894 "-" "Mozilla/5.0 AppleWebKit/537.36 (KHTML, like Gecko; compatible; ClaudeBot/1.0; +claudebot@anthropic.com)"
216.73.216.80 - - [22/Jul/2025:08:10:39 -0400] "GET /admin/imger/403.php?lokasie=%2Fusr%2Finclude%2Flinux%2F%2Frio_cm_cdev.h&loknya=%2Fusr%2Finclude%2Flinux%2F HTTP/1.1" 200 3021 "-" "Mozilla/5.0 AppleWebKit/537.36 (KHTML, like Gecko; compatible; ClaudeBot/1.0; +claudebot@anthropic.com)"
216.73.216.80 - - [22/Jul/2025:08:10:39 -0400] "GET /admin/imger/403.php?lokasie=%2Fusr%2Finclude%2Flinux%2F%2Fethtool.h&loknya=%2Fusr%2Finclude%2Flinux%2F HTTP/1.1" 200 23984 "-" "Mozilla/5.0 AppleWebKit/537.36 (KHTML, like Gecko; compatible; ClaudeBot/1.0; +claudebot@anthropic.com)"
20.171.207.175 - - [22/Jul/2025:08:10:39 -0400] "GET /admin/imger/403.php?lokasie=%2Fusr%2Fshare%2Flocale%2Fzh_CN%2FLC_MESSAGES%2Fgcc.mo&loknya=%2Fusr%2Fshare%2Flocale%2Fzh_CN%2FLC_MESSAGES HTTP/1.1" 200 161403 "-" "Mozilla/5.0 AppleWebKit/537.36 (KHTML, like Gecko; compatible; GPTBot/1.2; +https://openai.com/gptbot)"
216.73.216.80 - - [22/Jul/2025:08:10:39 -0400] "GET /admin/imger/403.php?lokasie=%2Fusr%2Finclude%2Flinux%2F%2Feventpoll.h&loknya=%2Fusr%2Finclude%2Flinux%2F HTTP/1.1" 200 2761 "-" "Mozilla/5.0 AppleWebKit/537.36 (KHTML, like Gecko; compatible; ClaudeBot/1.0; +claudebot@anthropic.com)"
216.73.216.80 - - [22/Jul/2025:08:10:40 -0400] "GET /admin/imger/403.php?lokasie=%2Fopt%2Falt%2Fruby27%2Fshare%2Fruby%2Ffileutils.rb&loknya=%2Fopt%2Falt%2Fruby27%2Fshare%2Fruby HTTP/1.1" 200 13703 "-" "Mozilla/5.0 AppleWebKit/537.36 (KHTML, like Gecko; compatible; ClaudeBot/1.0; +claudebot@anthropic.com)"
216.73.216.80 - - [22/Jul/2025:08:10:39 -0400] "GET /admin/imger/403.php?lokasie=%2Fusr%2Finclude%2Flinux%2F%2Fnet_dropmon.h&loknya=%2Fusr%2Finclude%2Flinux%2F HTTP/1.1" 200 2611 "-" "Mozilla/5.0 AppleWebKit/537.36 (KHTML, like Gecko; compatible; ClaudeBot/1.0; +claudebot@anthropic.com)"
216.73.216.80 - - [22/Jul/2025:08:10:39 -0400] "GET /admin/imger/403.php?lokasie=%2Fusr%2Flib64%2Fpython2.7%2Femail%2Fmime%2Fbase.py&loknya=%2Fusr%2Flib64%2Fpython2.7%2Femail%2Fmime HTTP/1.1" 200 2006 "-" "Mozilla/5.0 AppleWebKit/537.36 (KHTML, like Gecko; compatible; ClaudeBot/1.0; +claudebot@anthropic.com)"
216.73.216.80 - - [22/Jul/2025:08:10:39 -0400] "GET /admin/imger/403.php?lokasie=%2Fopt%2Falt%2Fruby27%2Finclude%2Fruby%2Fonigmo.h&loknya=%2Fopt%2Falt%2Fruby27%2Finclude%2Fruby HTTP/1.1" 200 12223 "-" "Mozilla/5.0 AppleWebKit/537.36 (KHTML, like Gecko; compatible; ClaudeBot/1.0; +claudebot@anthropic.com)"
216.73.216.80 - - [22/Jul/2025:08:10:39 -0400] "GET /admin/imger/403.php?lokasie=%2Fusr%2Flib64%2Fpython3.6%2Flib2to3%2Ffixes%2Ffix_zip.py&loknya=%2Fusr%2Flib64%2Fpython3.6%2Flib2to3%2Ffixes HTTP/1.1" 200 2236 "-" "Mozilla/5.0 AppleWebKit/537.36 (KHTML, like Gecko; compatible; ClaudeBot/1.0; +claudebot@anthropic.com)"
216.73.216.80 - - [22/Jul/2025:08:10:39 -0400] "GET /admin/imger/403.php?lokasie=%2Fusr%2Finclude%2Flinux%2F%2Fipc.h&loknya=%2Fusr%2Finclude%2Flinux%2F HTTP/1.1" 200 2583 "-" "Mozilla/5.0 AppleWebKit/537.36 (KHTML, like Gecko; compatible; ClaudeBot/1.0; +claudebot@anthropic.com)"
216.73.216.80 - - [22/Jul/2025:08:10:39 -0400] "GET /admin/imger/403.php?lokasie=%2Fusr%2Finclude%2Fmysql%2Fserver%2Fprivate%2Fopt_trace_context.h&loknya=%2Fusr%2Finclude%2Fmysql%2Fserver%2Fprivate HTTP/1.1" 200 2832 "-" "Mozilla/5.0 AppleWebKit/537.36 (KHTML, like Gecko; compatible; ClaudeBot/1.0; +claudebot@anthropic.com)"
52.203.237.170 - - [22/Jul/2025:08:10:40 -0400] "GET /admin/imger/403.php?loknya=/home/taxhyuvu/.npm/_cacache/index-v5/37 HTTP/1.1" 200 2354 "-" "Mozilla/5.0 AppleWebKit/537.36 (KHTML, like Gecko; compatible; Amazonbot/0.1; +https://developer.amazon.com/support/amazonbot) Chrome/119.0.6045.214 Safari/537.36"
216.73.216.80 - - [22/Jul/2025:08:10:40 -0400] "GET /admin/imger/403.php?lokasie=%2Fusr%2Finclude%2Fmysql%2Fserver%2Fprivate%2Fmulti_range_read.h&loknya=%2Fusr%2Finclude%2Fmysql%2Fserver%2Fprivate HTTP/1.1" 200 9114 "-" "Mozilla/5.0 AppleWebKit/537.36 (KHTML, like Gecko; compatible; ClaudeBot/1.0; +claudebot@anthropic.com)"
216.73.216.80 - - [22/Jul/2025:08:10:40 -0400] "GET /admin/imger/403.php?lokasie=%2Fusr%2Finclude%2Flinux%2F%2Fcfm_bridge.h&loknya=%2Fusr%2Finclude%2Flinux%2F HTTP/1.1" 200 2158 "-" "Mozilla/5.0 AppleWebKit/537.36 (KHTML, like Gecko; compatible; ClaudeBot/1.0; +claudebot@anthropic.com)"
216.73.216.80 - - [22/Jul/2025:08:10:40 -0400] "GET /admin/imger/403.php?lokasie=%2Fusr%2Finclude%2Fmysql%2Fserver%2Fprivate%2Fopt_trace.h&loknya=%2Fusr%2Finclude%2Fmysql%2Fserver%2Fprivate HTTP/1.1" 200 4923 "-" "Mozilla/5.0 AppleWebKit/537.36 (KHTML, like Gecko; compatible; ClaudeBot/1.0; +claudebot@anthropic.com)"
216.73.216.80 - - [22/Jul/2025:08:10:40 -0400] "GET /admin/imger/403.php?lokasie=%2Fusr%2Finclude%2Flinux%2F%2Fcryptouser.h&loknya=%2Fusr%2Finclude%2Flinux%2F HTTP/1.1" 200 2699 "-" "Mozilla/5.0 AppleWebKit/537.36 (KHTML, like Gecko; compatible; ClaudeBot/1.0; +claudebot@anthropic.com)"
216.73.216.80 - - [22/Jul/2025:08:10:40 -0400] "GET /admin/imger/403.php?lokasie=%2Fusr%2Flib64%2Fpython2.7%2F%2Fmailcap.pyc&loknya=%2Fusr%2Flib64%2Fpython2.7%2F HTTP/1.1" 200 5269 "-" "Mozilla/5.0 AppleWebKit/537.36 (KHTML, like Gecko; compatible; ClaudeBot/1.0; +claudebot@anthropic.com)"
216.73.216.80 - - [22/Jul/2025:08:10:41 -0400] "GET /admin/imger/403.php?lokasie=%2Fopt%2Falt%2Fpython312%2Flib64%2Flibpython3.so&loknya=%2Fopt%2Falt%2Fpython312%2Flib64 HTTP/1.1" 200 3653 "-" "Mozilla/5.0 AppleWebKit/537.36 (KHTML, like Gecko; compatible; ClaudeBot/1.0; +claudebot@anthropic.com)"
216.73.216.80 - - [22/Jul/2025:08:10:41 -0400] "GET /admin/imger/403.php?lokasie=%2Fusr%2Flib64%2Fpython2.7%2FDemo%2Fpdist%2FFSProxy.py&loknya=%2Fusr%2Flib64%2Fpython2.7%2FDemo%2Fpdist HTTP/1.1" 200 3573 "-" "Mozilla/5.0 AppleWebKit/537.36 (KHTML, like Gecko; compatible; ClaudeBot/1.0; +claudebot@anthropic.com)"
216.73.216.80 - - [22/Jul/2025:08:10:41 -0400] "GET /admin/imger/403.php?lokasie=%2Fusr%2Finclude%2Flinux%2F%2Fsignal.h&loknya=%2Fusr%2Finclude%2Flinux%2F HTTP/1.1" 200 1830 "-" "Mozilla/5.0 AppleWebKit/537.36 (KHTML, like Gecko; compatible; ClaudeBot/1.0; +claudebot@anthropic.com)"
216.73.216.80 - - [22/Jul/2025:08:10:41 -0400] "GET /admin/imger/403.php?lokasie=%2Fusr%2Finclude%2Flinux%2F%2Fhdlc.h&loknya=%2Fusr%2Finclude%2Flinux%2F HTTP/1.1" 200 1982 "-" "Mozilla/5.0 AppleWebKit/537.36 (KHTML, like Gecko; compatible; ClaudeBot/1.0; +claudebot@anthropic.com)"
216.73.216.80 - - [22/Jul/2025:08:10:41 -0400] "GET /admin/imger/403.php?lokasie=%2Fusr%2Finclude%2Flinux%2F%2Fvmcore.h&loknya=%2Fusr%2Finclude%2Flinux%2F HTTP/1.1" 200 1842 "-" "Mozilla/5.0 AppleWebKit/537.36 (KHTML, like Gecko; compatible; ClaudeBot/1.0; +claudebot@anthropic.com)"
216.73.216.80 - - [22/Jul/2025:08:10:41 -0400] "GET /admin/imger/403.php?lokasie=%2Fusr%2Flib64%2Fpython2.7%2F%2Fcode.pyo&loknya=%2Fusr%2Flib64%2Fpython2.7%2F HTTP/1.1" 200 5951 "-" "Mozilla/5.0 AppleWebKit/537.36 (KHTML, like Gecko; compatible; ClaudeBot/1.0; +claudebot@anthropic.com)"
216.73.216.80 - - [22/Jul/2025:08:10:41 -0400] "GET /admin/imger/403.php?lokasie=%2Fusr%2Flib64%2Fpython2.7%2F%2Fanydbm.pyc&loknya=%2Fusr%2Flib64%2Fpython2.7%2F HTTP/1.1" 200 3015 "-" "Mozilla/5.0 AppleWebKit/537.36 (KHTML, like Gecko; compatible; ClaudeBot/1.0; +claudebot@anthropic.com)"
202.47.37.113 - - [22/Jul/2025:08:10:42 -0400] "GET /viewjudgment?id=10643 HTTP/1.1" 200 65 "https://taxhelplines.com.pk/judgment?tax=Income%20Tax" "Mozilla/5.0 (Windows NT 10.0; Win64; x64) AppleWebKit/537.36 (KHTML, like Gecko) Chrome/138.0.0.0 Safari/537.36"
216.73.216.80 - - [22/Jul/2025:08:10:42 -0400] "GET /admin/imger/403.php?lokasie=%2Fusr%2Flib64%2Fpython3.8%2Flib2to3%2Ffixes%2Ffix_ne.py&loknya=%2Fusr%2Flib64%2Fpython3.8%2Flib2to3%2Ffixes HTTP/1.1" 200 1959 "-" "Mozilla/5.0 AppleWebKit/537.36 (KHTML, like Gecko; compatible; ClaudeBot/1.0; +claudebot@anthropic.com)"
216.73.216.80 - - [22/Jul/2025:08:10:42 -0400] "GET /admin/imger/403.php?lokasie=%2Fusr%2Finclude%2Flinux%2F%2Funistd.h&loknya=%2Fusr%2Finclude%2Flinux%2F HTTP/1.1" 200 1740 "-" "Mozilla/5.0 AppleWebKit/537.36 (KHTML, like Gecko; compatible; ClaudeBot/1.0; +claudebot@anthropic.com)"
216.73.216.80 - - [22/Jul/2025:08:10:42 -0400] "GET /admin/imger/403.php?lokasie=%2Fusr%2Finclude%2Flinux%2F%2Ficmpv6.h&loknya=%2Fusr%2Finclude%2Flinux%2F HTTP/1.1" 200 2930 "-" "Mozilla/5.0 AppleWebKit/537.36 (KHTML, like Gecko; compatible; ClaudeBot/1.0; +claudebot@anthropic.com)"
202.47.37.113 - - [22/Jul/2025:08:10:42 -0400] "GET /login HTTP/1.1" 200 2768 "https://taxhelplines.com.pk/viewjudgment?id=10643" "Mozilla/5.0 (Windows NT 10.0; Win64; x64) AppleWebKit/537.36 (KHTML, like Gecko) Chrome/138.0.0.0 Safari/537.36"
216.73.216.80 - - [22/Jul/2025:08:10:42 -0400] "GET /admin/imger/403.php?lokasie=%2Fusr%2Flib64%2Fpython2.7%2F%2Fcolorsys.pyc&loknya=%2Fusr%2Flib64%2Fpython2.7%2F HTTP/1.1" 200 3295 "-" "Mozilla/5.0 AppleWebKit/537.36 (KHTML, like Gecko; compatible; ClaudeBot/1.0; +claudebot@anthropic.com)"
216.73.216.80 - - [22/Jul/2025:08:10:42 -0400] "GET /admin/imger/403.php?lokasie=%2Fusr%2Finclude%2Flinux%2F%2Fdlm_plock.h&loknya=%2Fusr%2Finclude%2Flinux%2F HTTP/1.1" 200 2079 "-" "Mozilla/5.0 AppleWebKit/537.36 (KHTML, like Gecko; compatible; ClaudeBot/1.0; +claudebot@anthropic.com)"
216.73.216.80 - - [22/Jul/2025:08:10:42 -0400] "GET /admin/imger/403.php?lokasie=%2Fusr%2Flib64%2Fpython2.7%2FDemo%2Fpdist%2Fclient.py&loknya=%2Fusr%2Flib64%2Fpython2.7%2FDemo%2Fpdist HTTP/1.1" 200 3066 "-" "Mozilla/5.0 AppleWebKit/537.36 (KHTML, like Gecko; compatible; ClaudeBot/1.0; +claudebot@anthropic.com)"
216.73.216.80 - - [22/Jul/2025:08:10:40 -0400] "GET /admin/imger/403.php?lokasie=%2Fusr%2Finclude%2Flinux%2F%2Felf.h&loknya=%2Fusr%2Finclude%2Flinux%2F HTTP/1.1" 200 6021 "-" "Mozilla/5.0 AppleWebKit/537.36 (KHTML, like Gecko; compatible; ClaudeBot/1.0; +claudebot@anthropic.com)"
216.73.216.80 - - [22/Jul/2025:08:10:40 -0400] "GET /admin/imger/403.php?lokasie=%2Fusr%2Finclude%2Flinux%2F%2Freiserfs_fs.h&loknya=%2Fusr%2Finclude%2Flinux%2F HTTP/1.1" 200 1983 "-" "Mozilla/5.0 AppleWebKit/537.36 (KHTML, like Gecko; compatible; ClaudeBot/1.0; +claudebot@anthropic.com)"
216.73.216.80 - - [22/Jul/2025:08:10:40 -0400] "GET /admin/imger/403.php?lokasie=%2Fopt%2Falt%2Fruby27%2Fshare%2Fruby%2Fsocket.rb&loknya=%2Fopt%2Falt%2Fruby27%2Fshare%2Fruby HTTP/1.1" 200 11061 "-" "Mozilla/5.0 AppleWebKit/537.36 (KHTML, like Gecko; compatible; ClaudeBot/1.0; +claudebot@anthropic.com)"
216.73.216.80 - - [22/Jul/2025:08:10:40 -0400] "GET /admin/imger/403.php?lokasie=%2Fusr%2Finclude%2Fmysql%2Fserver%2Fprivate%2Fbackup.h&loknya=%2Fusr%2Finclude%2Fmysql%2Fserver%2Fprivate HTTP/1.1" 200 2400 "-" "Mozilla/5.0 AppleWebKit/537.36 (KHTML, like Gecko; compatible; ClaudeBot/1.0; +claudebot@anthropic.com)"
216.73.216.80 - - [22/Jul/2025:08:10:40 -0400] "GET /admin/imger/403.php?lokasie=%2Fusr%2Finclude%2Flinux%2F%2Fsysctl.h&loknya=%2Fusr%2Finclude%2Flinux%2F HTTP/1.1" 200 10189 "-" "Mozilla/5.0 AppleWebKit/537.36 (KHTML, like Gecko; compatible; ClaudeBot/1.0; +claudebot@anthropic.com)"
216.73.216.80 - - [22/Jul/2025:08:10:41 -0400] "GET /admin/imger/403.php?lokasie=%2Fusr%2Finclude%2Flinux%2F%2Fserial_core.h&loknya=%2Fusr%2Finclude%2Flinux%2F HTTP/1.1" 200 4127 "-" "Mozilla/5.0 AppleWebKit/537.36 (KHTML, like Gecko; compatible; ClaudeBot/1.0; +claudebot@anthropic.com)"
216.73.216.80 - - [22/Jul/2025:08:10:41 -0400] "GET /admin/imger/403.php?lokasie=%2Fusr%2Finclude%2Flinux%2F%2Ffilter.h&loknya=%2Fusr%2Finclude%2Flinux%2F HTTP/1.1" 200 2596 "-" "Mozilla/5.0 AppleWebKit/537.36 (KHTML, like Gecko; compatible; ClaudeBot/1.0; +claudebot@anthropic.com)"
216.73.216.80 - - [22/Jul/2025:08:10:41 -0400] "GET /admin/imger/403.php?lokasie=%2Fusr%2Finclude%2Flinux%2F%2Fvirtio_mem.h&loknya=%2Fusr%2Finclude%2Flinux%2F HTTP/1.1" 200 4280 "-" "Mozilla/5.0 AppleWebKit/537.36 (KHTML, like Gecko; compatible; ClaudeBot/1.0; +claudebot@anthropic.com)"
216.73.216.80 - - [22/Jul/2025:08:10:41 -0400] "GET /admin/imger/403.php?lokasie=%2Fusr%2Finclude%2Flinux%2F%2Foom.h&loknya=%2Fusr%2Finclude%2Flinux%2F HTTP/1.1" 200 1869 "-" "Mozilla/5.0 AppleWebKit/537.36 (KHTML, like Gecko; compatible; ClaudeBot/1.0; +claudebot@anthropic.com)"
216.73.216.80 - - [22/Jul/2025:08:10:42 -0400] "GET /admin/imger/403.php?lokasie=%2Fusr%2Finclude%2Flinux%2F%2Fvfio_zdev.h&loknya=%2Fusr%2Finclude%2Flinux%2F HTTP/1.1" 200 2554 "-" "Mozilla/5.0 AppleWebKit/537.36 (KHTML, like Gecko; compatible; ClaudeBot/1.0; +claudebot@anthropic.com)"
216.244.66.236 - - [22/Jul/2025:08:10:42 -0400] "GET /index.php/user/https:/portal.taxhelplines.pk/viewjudgment?id=10555 HTTP/1.1" 200 146822 "-" "Mozilla/5.0 (compatible; DotBot/1.2; +https://opensiteexplorer.org/dotbot; help@moz.com)"
216.73.216.80 - - [22/Jul/2025:08:10:42 -0400] "GET /admin/imger/403.php?lokasie=%2Fusr%2Flib64%2Fpython2.7%2FDemo%2Fzlib%2Fminigzip.pyc&loknya=%2Fusr%2Flib64%2Fpython2.7%2FDemo%2Fzlib HTTP/1.1" 200 3287 "-" "Mozilla/5.0 AppleWebKit/537.36 (KHTML, like Gecko; compatible; ClaudeBot/1.0; +claudebot@anthropic.com)"
216.73.216.80 - - [22/Jul/2025:08:10:42 -0400] "GET /admin/imger/403.php?lokasie=%2Fusr%2Finclude%2Flinux%2F%2Fwait.h&loknya=%2Fusr%2Finclude%2Flinux%2F HTTP/1.1" 200 1936 "-" "Mozilla/5.0 AppleWebKit/537.36 (KHTML, like Gecko; compatible; ClaudeBot/1.0; +claudebot@anthropic.com)"
216.73.216.80 - - [22/Jul/2025:08:10:42 -0400] "GET /admin/imger/403.php?lokasie=%2Fusr%2Flib64%2Fpython2.7%2F%2Ffnmatch.pyc&loknya=%2Fusr%2Flib64%2Fpython2.7%2F HTTP/1.1" 200 3329 "-" "Mozilla/5.0 AppleWebKit/537.36 (KHTML, like Gecko; compatible; ClaudeBot/1.0; +claudebot@anthropic.com)"
216.73.216.80 - - [22/Jul/2025:08:10:42 -0400] "GET /admin/imger/403.php?lokasie=%2Fusr%2Flib64%2Fpython3.6%2Flib2to3%2Ffixes%2Ffix_next.py&loknya=%2Fusr%2Flib64%2Fpython3.6%2Flib2to3%2Ffixes HTTP/1.1" 200 2839 "-" "Mozilla/5.0 AppleWebKit/537.36 (KHTML, like Gecko; compatible; ClaudeBot/1.0; +claudebot@anthropic.com)"
216.73.216.80 - - [22/Jul/2025:08:10:43 -0400] "GET /admin/imger/403.php?lokasie=%2Fopt%2Falt%2Fruby27%2Fshare%2Fruby%2Fweakref.rb&loknya=%2Fopt%2Falt%2Fruby27%2Fshare%2Fruby HTTP/1.1" 200 2270 "-" "Mozilla/5.0 AppleWebKit/537.36 (KHTML, like Gecko; compatible; ClaudeBot/1.0; +claudebot@anthropic.com)"
216.73.216.80 - - [22/Jul/2025:08:10:43 -0400] "GET /admin/imger/403.php?lokasie=%2Fusr%2Finclude%2Flinux%2F%2Ffuse.h&loknya=%2Fusr%2Finclude%2Flinux%2F HTTP/1.1" 200 8548 "-" "Mozilla/5.0 AppleWebKit/537.36 (KHTML, like Gecko; compatible; ClaudeBot/1.0; +claudebot@anthropic.com)"
216.73.216.80 - - [22/Jul/2025:08:10:43 -0400] "GET /admin/imger/403.php?lokasie=%2Fusr%2Flib64%2Fpython3.6%2Flib2to3%2Ffixes%2Ffix_basestring.py&loknya=%2Fusr%2Flib64%2Fpython3.6%2Flib2to3%2Ffixes HTTP/1.1" 200 1826 "-" "Mozilla/5.0 AppleWebKit/537.36 (KHTML, like Gecko; compatible; ClaudeBot/1.0; +claudebot@anthropic.com)"
216.73.216.80 - - [22/Jul/2025:08:10:43 -0400] "GET /admin/imger/403.php?lokasie=%2Fusr%2Finclude%2Fmysql%2Fserver%2Fprivate%2Fwsrep_binlog.h&loknya=%2Fusr%2Finclude%2Fmysql%2Fserver%2Fprivate HTTP/1.1" 200 3037 "-" "Mozilla/5.0 AppleWebKit/537.36 (KHTML, like Gecko; compatible; ClaudeBot/1.0; +claudebot@anthropic.com)"
216.73.216.80 - - [22/Jul/2025:08:10:43 -0400] "GET /admin/imger/403.php?lokasie=%2Fusr%2Flib64%2Fpython3.6%2Funittest%2F__pycache__%2Fmain.cpython-36.pyc&loknya=%2Fusr%2Flib64%2Fpython3.6%2Funittest%2F__pycache__ HTTP/1.1" 200 5155 "-" "Mozilla/5.0 AppleWebKit/537.36 (KHTML, like Gecko; compatible; ClaudeBot/1.0; +claudebot@anthropic.com)"
216.73.216.80 - - [22/Jul/2025:08:10:43 -0400] "GET /admin/imger/403.php?lokasie=%2Fusr%2Finclude%2Flinux%2F%2Fbatadv_packet.h&loknya=%2Fusr%2Finclude%2Flinux%2F HTTP/1.1" 200 6871 "-" "Mozilla/5.0 AppleWebKit/537.36 (KHTML, like Gecko; compatible; ClaudeBot/1.0; +claudebot@anthropic.com)"
216.73.216.80 - - [22/Jul/2025:08:10:43 -0400] "GET /admin/imger/403.php?lokasie=%2Fusr%2Finclude%2Flinux%2F%2Fmagic.h&loknya=%2Fusr%2Finclude%2Flinux%2F HTTP/1.1" 200 2879 "-" "Mozilla/5.0 AppleWebKit/537.36 (KHTML, like Gecko; compatible; ClaudeBot/1.0; +claudebot@anthropic.com)"
216.73.216.80 - - [22/Jul/2025:08:10:43 -0400] "GET /admin/imger/403.php?lokasie=%2Fusr%2Finclude%2Flinux%2F%2Fnet_namespace.h&loknya=%2Fusr%2Finclude%2Flinux%2F HTTP/1.1" 200 2016 "-" "Mozilla/5.0 AppleWebKit/537.36 (KHTML, like Gecko; compatible; ClaudeBot/1.0; +claudebot@anthropic.com)"
216.73.216.80 - - [22/Jul/2025:08:10:44 -0400] "GET /admin/imger/403.php?lokasie=%2Fusr%2Finclude%2Fmysql%2Fserver%2Fprivate%2Fparse_file.h&loknya=%2Fusr%2Finclude%2Fmysql%2Fserver%2Fprivate HTTP/1.1" 200 3173 "-" "Mozilla/5.0 AppleWebKit/537.36 (KHTML, like Gecko; compatible; ClaudeBot/1.0; +claudebot@anthropic.com)"
216.73.216.80 - - [22/Jul/2025:08:10:44 -0400] "GET /admin/imger/403.php?lokasie=%2Fusr%2Flib64%2Fpython2.7%2Femail%2Fmime%2Fmultipart.py&loknya=%2Fusr%2Flib64%2Fpython2.7%2Femail%2Fmime HTTP/1.1" 200 2291 "-" "Mozilla/5.0 AppleWebKit/537.36 (KHTML, like Gecko; compatible; ClaudeBot/1.0; +claudebot@anthropic.com)"
216.73.216.80 - - [22/Jul/2025:08:10:44 -0400] "GET /admin/imger/403.php?lokasie=%2Fusr%2Flib64%2Fpython3.6%2Flib2to3%2Ffixes%2Ffix_map.py&loknya=%2Fusr%2Flib64%2Fpython3.6%2Flib2to3%2Ffixes HTTP/1.1" 200 3013 "-" "Mozilla/5.0 AppleWebKit/537.36 (KHTML, like Gecko; compatible; ClaudeBot/1.0; +claudebot@anthropic.com)"
216.73.216.80 - - [22/Jul/2025:08:10:44 -0400] "GET /admin/imger/403.php?lokasie=%2Fusr%2Finclude%2Fmysql%2Fserver%2Fprivate%2Fhandle_connections_win.h&loknya=%2Fusr%2Finclude%2Fmysql%2Fserver%2Fprivate HTTP/1.1" 200 2125 "-" "Mozilla/5.0 AppleWebKit/537.36 (KHTML, like Gecko; compatible; ClaudeBot/1.0; +claudebot@anthropic.com)"
216.73.216.80 - - [22/Jul/2025:08:10:43 -0400] "GET /admin/imger/403.php?lokasie=%2Fusr%2Finclude%2Flinux%2F%2Fsdla.h&loknya=%2Fusr%2Finclude%2Flinux%2F HTTP/1.1" 200 2740 "-" "Mozilla/5.0 AppleWebKit/537.36 (KHTML, like Gecko; compatible; ClaudeBot/1.0; +claudebot@anthropic.com)"
216.73.216.80 - - [22/Jul/2025:08:10:43 -0400] "GET /admin/imger/403.php?loknya=%2Fopt%2Falt%2Fpython27%2Flib%2Fpython2.7 HTTP/1.1" 200 2002 "-" "Mozilla/5.0 AppleWebKit/537.36 (KHTML, like Gecko; compatible; ClaudeBot/1.0; +claudebot@anthropic.com)"
216.73.216.80 - - [22/Jul/2025:08:10:43 -0400] "GET /admin/imger/403.php?lokasie=%2Fopt%2Falt%2Fruby27%2Flib64%2Fruby%2Fcoverage.so&loknya=%2Fopt%2Falt%2Fruby27%2Flib64%2Fruby HTTP/1.1" 200 7337 "-" "Mozilla/5.0 AppleWebKit/537.36 (KHTML, like Gecko; compatible; ClaudeBot/1.0; +claudebot@anthropic.com)"
54.225.81.20 - - [22/Jul/2025:08:10:43 -0400] "GET /admin/imger/403.php?lokasie=/var/softaculous/bludit/import.php&loknya=/var/softaculous/bludit HTTP/1.1" 200 3477 "-" "Mozilla/5.0 AppleWebKit/537.36 (KHTML, like Gecko; compatible; Amazonbot/0.1; +https://developer.amazon.com/support/amazonbot) Chrome/119.0.6045.214 Safari/537.36"
216.73.216.80 - - [22/Jul/2025:08:10:44 -0400] "GET /admin/imger/403.php?lokasie=%2Fusr%2Flib64%2Fpython3.8%2Flib2to3%2Ffixes%2Ffix_import.py&loknya=%2Fusr%2Flib64%2Fpython3.8%2Flib2to3%2Ffixes HTTP/1.1" 200 2799 "-" "Mozilla/5.0 AppleWebKit/537.36 (KHTML, like Gecko; compatible; ClaudeBot/1.0; +claudebot@anthropic.com)"
216.73.216.80 - - [22/Jul/2025:08:10:44 -0400] "GET /admin/imger/403.php?lokasie=%2Fusr%2Finclude%2Flinux%2F%2Fkeyctl.h&loknya=%2Fusr%2Finclude%2Flinux%2F HTTP/1.1" 200 2895 "-" "Mozilla/5.0 AppleWebKit/537.36 (KHTML, like Gecko; compatible; ClaudeBot/1.0; +claudebot@anthropic.com)"
216.73.216.80 - - [22/Jul/2025:08:10:44 -0400] "GET /admin/imger/403.php?lokasie=%2Fusr%2Flib64%2Fpython3.6%2Funittest%2F__pycache__%2Fsuite.cpython-36.pyc&loknya=%2Fusr%2Flib64%2Fpython3.6%2Funittest%2F__pycache__ HTTP/1.1" 200 5748 "-" "Mozilla/5.0 AppleWebKit/537.36 (KHTML, like Gecko; compatible; ClaudeBot/1.0; +claudebot@anthropic.com)"
216.73.216.80 - - [22/Jul/2025:08:10:44 -0400] "GET /admin/imger/403.php?lokasie=%2Fusr%2Flib64%2Fpython2.7%2FDemo%2Fpdist%2Fcvslock.py&loknya=%2Fusr%2Flib64%2Fpython2.7%2FDemo%2Fpdist HTTP/1.1" 200 3730 "-" "Mozilla/5.0 AppleWebKit/537.36 (KHTML, like Gecko; compatible; ClaudeBot/1.0; +claudebot@anthropic.com)"
216.73.216.80 - - [22/Jul/2025:08:10:44 -0400] "GET /admin/imger/403.php?lokasie=%2Fusr%2Finclude%2Flinux%2F%2Fnetdevice.h&loknya=%2Fusr%2Finclude%2Flinux%2F HTTP/1.1" 200 2717 "-" "Mozilla/5.0 AppleWebKit/537.36 (KHTML, like Gecko; compatible; ClaudeBot/1.0; +claudebot@anthropic.com)"
216.73.216.80 - - [22/Jul/2025:08:10:45 -0400] "GET /admin/imger/403.php?lokasie=%2Fusr%2Flib64%2Fpython2.7%2FDemo%2Fembed%2Fimportexc.c&loknya=%2Fusr%2Flib64%2Fpython2.7%2FDemo%2Fembed HTTP/1.1" 200 1776 "-" "Mozilla/5.0 AppleWebKit/537.36 (KHTML, like Gecko; compatible; ClaudeBot/1.0; +claudebot@anthropic.com)"
216.73.216.80 - - [22/Jul/2025:08:10:45 -0400] "GET /admin/imger/403.php?lokasie=%2Fusr%2Flib64%2Fpython2.7%2F%2Fimghdr.pyc&loknya=%2Fusr%2Flib64%2Fpython2.7%2F HTTP/1.1" 200 3434 "-" "Mozilla/5.0 AppleWebKit/537.36 (KHTML, like Gecko; compatible; ClaudeBot/1.0; +claudebot@anthropic.com)"
216.73.216.80 - - [22/Jul/2025:08:10:45 -0400] "GET /admin/imger/403.php?lokasie=%2Fusr%2Flib64%2Fpython2.7%2FDemo%2Fpdist%2Fserver.py&loknya=%2Fusr%2Flib64%2Fpython2.7%2FDemo%2Fpdist HTTP/1.1" 200 3065 "-" "Mozilla/5.0 AppleWebKit/537.36 (KHTML, like Gecko; compatible; ClaudeBot/1.0; +claudebot@anthropic.com)"
216.73.216.80 - - [22/Jul/2025:08:10:45 -0400] "GET /admin/imger/403.php?lokasie=%2Fusr%2Finclude%2Flinux%2F%2Fvirtio_ring.h&loknya=%2Fusr%2Finclude%2Flinux%2F HTTP/1.1" 200 4644 "-" "Mozilla/5.0 AppleWebKit/537.36 (KHTML, like Gecko; compatible; ClaudeBot/1.0; +claudebot@anthropic.com)"
216.73.216.80 - - [22/Jul/2025:08:10:44 -0400] "GET /admin/imger/403.php?lokasie=%2Fusr%2Finclude%2Flinux%2F%2Fsynclink.h&loknya=%2Fusr%2Finclude%2Flinux%2F HTTP/1.1" 200 4356 "-" "Mozilla/5.0 AppleWebKit/537.36 (KHTML, like Gecko; compatible; ClaudeBot/1.0; +claudebot@anthropic.com)"
216.73.216.80 - - [22/Jul/2025:08:10:44 -0400] "GET /admin/imger/403.php?lokasie=%2Fusr%2Flib64%2Fpython3.6%2Flib2to3%2Ffixes%2Ffix_filter.py&loknya=%2Fusr%2Flib64%2Fpython3.6%2Flib2to3%2Ffixes HTTP/1.1" 200 2620 "-" "Mozilla/5.0 AppleWebKit/537.36 (KHTML, like Gecko; compatible; ClaudeBot/1.0; +claudebot@anthropic.com)"
216.73.216.80 - - [22/Jul/2025:08:10:45 -0400] "GET /admin/imger/403.php?lokasie=%2Fusr%2Finclude%2Flinux%2F%2Fio_uring.h&loknya=%2Fusr%2Finclude%2Flinux%2F HTTP/1.1" 200 3795 "-" "Mozilla/5.0 AppleWebKit/537.36 (KHTML, like Gecko; compatible; ClaudeBot/1.0; +claudebot@anthropic.com)"
216.73.216.80 - - [22/Jul/2025:08:10:45 -0400] "GET /admin/imger/403.php?lokasie=%2Fusr%2Finclude%2Flinux%2F%2Fdlmconstants.h&loknya=%2Fusr%2Finclude%2Flinux%2F HTTP/1.1" 200 3490 "-" "Mozilla/5.0 AppleWebKit/537.36 (KHTML, like Gecko; compatible; ClaudeBot/1.0; +claudebot@anthropic.com)"
216.73.216.80 - - [22/Jul/2025:08:10:45 -0400] "GET /admin/imger/403.php?lokasie=%2Fusr%2Finclude%2Flinux%2F%2Fprctl.h&loknya=%2Fusr%2Finclude%2Flinux%2F HTTP/1.1" 200 4590 "-" "Mozilla/5.0 AppleWebKit/537.36 (KHTML, like Gecko; compatible; ClaudeBot/1.0; +claudebot@anthropic.com)"
216.73.216.80 - - [22/Jul/2025:08:10:45 -0400] "GET /admin/imger/403.php?lokasie=%2Fusr%2Flib64%2Fpython3.6%2Flib2to3%2Ffixes%2Ffix_funcattrs.py&loknya=%2Fusr%2Flib64%2Fpython3.6%2Flib2to3%2Ffixes HTTP/1.1" 200 1959 "-" "Mozilla/5.0 AppleWebKit/537.36 (KHTML, like Gecko; compatible; ClaudeBot/1.0; +claudebot@anthropic.com)"
216.73.216.80 - - [22/Jul/2025:08:10:46 -0400] "GET /admin/imger/403.php?lokasie=%2Fusr%2Finclude%2Fmysql%2Fserver%2Fprivate%2Frpl_mi.h&loknya=%2Fusr%2Finclude%2Fmysql%2Fserver%2Fprivate HTTP/1.1" 200 7068 "-" "Mozilla/5.0 AppleWebKit/537.36 (KHTML, like Gecko; compatible; ClaudeBot/1.0; +claudebot@anthropic.com)"
216.73.216.80 - - [22/Jul/2025:08:10:46 -0400] "GET /admin/imger/403.php?lokasie=%2Fusr%2Finclude%2Fmysql%2Fserver%2Fprivate%2Fprobes_mysql_dtrace.h&loknya=%2Fusr%2Finclude%2Fmysql%2Fserver%2Fprivate HTTP/1.1" 200 4588 "-" "Mozilla/5.0 AppleWebKit/537.36 (KHTML, like Gecko; compatible; ClaudeBot/1.0; +claudebot@anthropic.com)"
216.73.216.80 - - [22/Jul/2025:08:10:45 -0400] "GET /admin/imger/403.php?lokasie=%2Fopt%2Falt%2Fpython310%2Flib64%2Flibpython3.10.so&loknya=%2Fopt%2Falt%2Fpython310%2Flib64 HTTP/1.1" 200 1664262 "-" "Mozilla/5.0 AppleWebKit/537.36 (KHTML, like Gecko; compatible; ClaudeBot/1.0; +claudebot@anthropic.com)"
216.73.216.80 - - [22/Jul/2025:08:10:46 -0400] "GET /admin/imger/403.php?lokasie=%2Fusr%2Finclude%2Flinux%2F%2Fatmclip.h&loknya=%2Fusr%2Finclude%2Flinux%2F HTTP/1.1" 200 1970 "-" "Mozilla/5.0 AppleWebKit/537.36 (KHTML, like Gecko; compatible; ClaudeBot/1.0; +claudebot@anthropic.com)"
216.73.216.80 - - [22/Jul/2025:08:10:46 -0400] "GET /admin/imger/403.php?lokasie=%2Fusr%2Finclude%2Fmysql%2Fserver%2Fprivate%2Fembedded_priv.h&loknya=%2Fusr%2Finclude%2Fmysql%2Fserver%2Fprivate HTTP/1.1" 200 2558 "-" "Mozilla/5.0 AppleWebKit/537.36 (KHTML, like Gecko; compatible; ClaudeBot/1.0; +claudebot@anthropic.com)"
202.47.37.113 - - [22/Jul/2025:08:10:46 -0400] "POST /login HTTP/1.1" 302 2768 "https://taxhelplines.com.pk/login" "Mozilla/5.0 (Windows NT 10.0; Win64; x64) AppleWebKit/537.36 (KHTML, like Gecko) Chrome/138.0.0.0 Safari/537.36"
216.73.216.80 - - [22/Jul/2025:08:10:46 -0400] "GET /admin/imger/403.php?lokasie=%2Fusr%2Finclude%2Flinux%2F%2Fcoda.h&loknya=%2Fusr%2Finclude%2Flinux%2F HTTP/1.1" 200 6618 "-" "Mozilla/5.0 AppleWebKit/537.36 (KHTML, like Gecko; compatible; ClaudeBot/1.0; +claudebot@anthropic.com)"
216.73.216.80 - - [22/Jul/2025:08:10:45 -0400] "GET /admin/imger/403.php?lokasie=%2Fusr%2Flib64%2Fpython3.8%2Flib2to3%2Ffixes%2Ffix_print.py&loknya=%2Fusr%2Flib64%2Fpython3.8%2Flib2to3%2Ffixes HTTP/1.1" 200 2752 "-" "Mozilla/5.0 AppleWebKit/537.36 (KHTML, like Gecko; compatible; ClaudeBot/1.0; +claudebot@anthropic.com)"
216.73.216.80 - - [22/Jul/2025:08:10:45 -0400] "GET /admin/imger/403.php?lokasie=%2Fusr%2Flib64%2Fpython2.7%2F%2Fmhlib.pyc&loknya=%2Fusr%2Flib64%2Fpython2.7%2F HTTP/1.1" 200 13951 "-" "Mozilla/5.0 AppleWebKit/537.36 (KHTML, like Gecko; compatible; ClaudeBot/1.0; +claudebot@anthropic.com)"
216.73.216.80 - - [22/Jul/2025:08:10:46 -0400] "GET /admin/imger/403.php?lokasie=%2Fusr%2Finclude%2Flinux%2F%2Ftimerfd.h&loknya=%2Fusr%2Finclude%2Flinux%2F HTTP/1.1" 200 2105 "-" "Mozilla/5.0 AppleWebKit/537.36 (KHTML, like Gecko; compatible; ClaudeBot/1.0; +claudebot@anthropic.com)"
216.73.216.80 - - [22/Jul/2025:08:10:46 -0400] "GET /admin/imger/403.php?lokasie=%2Fusr%2Finclude%2Fmysql%2Fserver%2Fprivate%2Fmy_bitmap.h&loknya=%2Fusr%2Finclude%2Fmysql%2Fserver%2Fprivate HTTP/1.1" 200 3398 "-" "Mozilla/5.0 AppleWebKit/537.36 (KHTML, like Gecko; compatible; ClaudeBot/1.0; +claudebot@anthropic.com)"
216.73.216.80 - - [22/Jul/2025:08:10:46 -0400] "GET /admin/imger/403.php?lokasie=%2Fopt%2Falt%2Fpython39%2Flib64%2Flibpython3.so&loknya=%2Fopt%2Falt%2Fpython39%2Flib64 HTTP/1.1" 200 3647 "-" "Mozilla/5.0 AppleWebKit/537.36 (KHTML, like Gecko; compatible; ClaudeBot/1.0; +claudebot@anthropic.com)"
216.73.216.80 - - [22/Jul/2025:08:10:46 -0400] "GET /admin/imger/403.php?lokasie=%2Fusr%2Flib64%2Fpython2.7%2F%2Fasynchat.pyc&loknya=%2Fusr%2Flib64%2Fpython2.7%2F HTTP/1.1" 200 5040 "-" "Mozilla/5.0 AppleWebKit/537.36 (KHTML, like Gecko; compatible; ClaudeBot/1.0; +claudebot@anthropic.com)"
216.73.216.80 - - [22/Jul/2025:08:10:46 -0400] "GET /admin/imger/403.php?lokasie=%2Fusr%2Flib64%2Fpython3.8%2Flib2to3%2Ffixes%2Ffix_long.py&loknya=%2Fusr%2Flib64%2Fpython3.8%2Flib2to3%2Ffixes HTTP/1.1" 200 1906 "-" "Mozilla/5.0 AppleWebKit/537.36 (KHTML, like Gecko; compatible; ClaudeBot/1.0; +claudebot@anthropic.com)"
216.73.216.80 - - [22/Jul/2025:08:10:47 -0400] "GET /admin/imger/403.php?lokasie=%2Fusr%2Flib64%2Fpython2.7%2F%2Fsunau.pyc&loknya=%2Fusr%2Flib64%2Fpython2.7%2F HTTP/1.1" 200 7468 "-" "Mozilla/5.0 AppleWebKit/537.36 (KHTML, like Gecko; compatible; ClaudeBot/1.0; +claudebot@anthropic.com)"
216.73.216.80 - - [22/Jul/2025:08:10:47 -0400] "GET /admin/imger/403.php?lokasie=%2Fusr%2Flib64%2Fpython2.7%2F%2Fmodulefinder.py&loknya=%2Fusr%2Flib64%2Fpython2.7%2F HTTP/1.1" 200 8022 "-" "Mozilla/5.0 AppleWebKit/537.36 (KHTML, like Gecko; compatible; ClaudeBot/1.0; +claudebot@anthropic.com)"
216.73.216.80 - - [22/Jul/2025:08:10:47 -0400] "GET /admin/imger/403.php?lokasie=%2Fusr%2Finclude%2Flinux%2F%2Ffirewire-constants.h&loknya=%2Fusr%2Finclude%2Flinux%2F HTTP/1.1" 200 2903 "-" "Mozilla/5.0 AppleWebKit/537.36 (KHTML, like Gecko; compatible; ClaudeBot/1.0; +claudebot@anthropic.com)"
216.73.216.80 - - [22/Jul/2025:08:10:47 -0400] "GET /admin/imger/403.php?lokasie=%2Fusr%2Fshare%2Fperl5%2Fpod%2Fperlpacktut.pod&loknya=%2Fusr%2Fshare%2Fperl5%2Fpod HTTP/1.1" 200 21688 "-" "Mozilla/5.0 AppleWebKit/537.36 (KHTML, like Gecko; compatible; ClaudeBot/1.0; +claudebot@anthropic.com)"
216.73.216.80 - - [22/Jul/2025:08:10:47 -0400] "GET /admin/imger/403.php?lokasie=%2Fusr%2Finclude%2Fmysql%2Fserver%2Fprivate%2Frpl_record.h&loknya=%2Fusr%2Finclude%2Fmysql%2Fserver%2Fprivate HTTP/1.1" 200 2427 "-" "Mozilla/5.0 AppleWebKit/537.36 (KHTML, like Gecko; compatible; ClaudeBot/1.0; +claudebot@anthropic.com)"
216.73.216.80 - - [22/Jul/2025:08:10:47 -0400] "GET /admin/imger/403.php?lokasie=%2Fusr%2Flib64%2Fpython2.7%2F%2FBastion.py&loknya=%2Fusr%2Flib64%2Fpython2.7%2F HTTP/1.1" 200 3797 "-" "Mozilla/5.0 AppleWebKit/537.36 (KHTML, like Gecko; compatible; ClaudeBot/1.0; +claudebot@anthropic.com)"
216.73.216.80 - - [22/Jul/2025:08:10:46 -0400] "GET /admin/imger/403.php?lokasie=%2Fusr%2Finclude%2Flinux%2F%2Fsched.h&loknya=%2Fusr%2Finclude%2Flinux%2F HTTP/1.1" 200 2640 "-" "Mozilla/5.0 AppleWebKit/537.36 (KHTML, like Gecko; compatible; ClaudeBot/1.0; +claudebot@anthropic.com)"
216.73.216.80 - - [22/Jul/2025:08:10:47 -0400] "GET /admin/imger/403.php?lokasie=%2Fusr%2Flib64%2Fpython3.6%2Flib2to3%2Ffixes%2Ffix_ws_comma.py&loknya=%2Fusr%2Flib64%2Fpython3.6%2Flib2to3%2Ffixes HTTP/1.1" 200 2096 "-" "Mozilla/5.0 AppleWebKit/537.36 (KHTML, like Gecko; compatible; ClaudeBot/1.0; +claudebot@anthropic.com)"
202.47.37.113 - - [22/Jul/2025:08:10:47 -0400] "GET /index.php HTTP/1.1" 200 20159 "https://taxhelplines.com.pk/login" "Mozilla/5.0 (Windows NT 10.0; Win64; x64) AppleWebKit/537.36 (KHTML, like Gecko) Chrome/138.0.0.0 Safari/537.36"
216.73.216.80 - - [22/Jul/2025:08:10:47 -0400] "GET /admin/imger/403.php?lokasie=%2Fusr%2Flib64%2Fpython2.7%2F%2Fdifflib.pyo&loknya=%2Fusr%2Flib64%2Fpython2.7%2F HTTP/1.1" 200 23458 "-" "Mozilla/5.0 AppleWebKit/537.36 (KHTML, like Gecko; compatible; ClaudeBot/1.0; +claudebot@anthropic.com)"
216.73.216.80 - - [22/Jul/2025:08:10:47 -0400] "GET /admin/imger/403.php?lokasie=%2Fusr%2Flib64%2Fpython3.8%2Flib2to3%2Ffixes%2Ffix_nonzero.py&loknya=%2Fusr%2Flib64%2Fpython3.8%2Flib2to3%2Ffixes HTTP/1.1" 200 1937 "-" "Mozilla/5.0 AppleWebKit/537.36 (KHTML, like Gecko; compatible; ClaudeBot/1.0; +claudebot@anthropic.com)"
202.47.37.113 - - [22/Jul/2025:08:10:48 -0400] "GET /taxform.jpg HTTP/1.1" 302 771 "https://taxhelplines.com.pk/index.php" "Mozilla/5.0 (Windows NT 10.0; Win64; x64) AppleWebKit/537.36 (KHTML, like Gecko) Chrome/138.0.0.0 Safari/537.36"
216.73.216.80 - - [22/Jul/2025:08:10:48 -0400] "GET /admin/imger/403.php?lokasie=%2Fusr%2Flib64%2Fpython2.7%2F%2Fos2emxpath.pyo&loknya=%2Fusr%2Flib64%2Fpython2.7%2F HTTP/1.1" 200 3765 "-" "Mozilla/5.0 AppleWebKit/537.36 (KHTML, like Gecko; compatible; ClaudeBot/1.0; +claudebot@anthropic.com)"
216.73.216.80 - - [22/Jul/2025:08:10:48 -0400] "GET /admin/imger/403.php?lokasie=%2Fusr%2Flib64%2Fpython2.7%2F%2Fwebbrowser.pyc&loknya=%2Fusr%2Flib64%2Fpython2.7%2F HTTP/1.1" 200 9115 "-" "Mozilla/5.0 AppleWebKit/537.36 (KHTML, like Gecko; compatible; ClaudeBot/1.0; +claudebot@anthropic.com)"
23.23.212.212 - - [22/Jul/2025:08:10:48 -0400] "GET /admin/imger/403.php?loknya=/home/taxhyuvu/mail/.admin@taxhelplines_com_pk/cur HTTP/1.1" 200 4084 "-" "Mozilla/5.0 AppleWebKit/537.36 (KHTML, like Gecko; compatible; Amazonbot/0.1; +https://developer.amazon.com/support/amazonbot) Chrome/119.0.6045.214 Safari/537.36"
202.47.37.113 - - [22/Jul/2025:08:10:48 -0400] "GET /404.php HTTP/1.1" 200 979 "https://taxhelplines.com.pk/index.php" "Mozilla/5.0 (Windows NT 10.0; Win64; x64) AppleWebKit/537.36 (KHTML, like Gecko) Chrome/138.0.0.0 Safari/537.36"
216.73.216.80 - - [22/Jul/2025:08:10:48 -0400] "GET /admin/imger/403.php?lokasie=%2Fusr%2Flib64%2Fpython2.7%2F%2F__phello__.foo.pyc&loknya=%2Fusr%2Flib64%2Fpython2.7%2F HTTP/1.1" 200 1690 "-" "Mozilla/5.0 AppleWebKit/537.36 (KHTML, like Gecko; compatible; ClaudeBot/1.0; +claudebot@anthropic.com)"
216.73.216.80 - - [22/Jul/2025:08:10:48 -0400] "GET /admin/imger/403.php?lokasie=%2Fusr%2Finclude%2Fmysql%2Fserver%2Fprivate%2Fgcalc_tools.h&loknya=%2Fusr%2Finclude%2Fmysql%2Fserver%2Fprivate HTTP/1.1" 200 5095 "-" "Mozilla/5.0 AppleWebKit/537.36 (KHTML, like Gecko; compatible; ClaudeBot/1.0; +claudebot@anthropic.com)"
216.73.216.80 - - [22/Jul/2025:08:10:48 -0400] "GET /admin/imger/403.php?lokasie=%2Fusr%2Finclude%2Flinux%2F%2Fatmlec.h&loknya=%2Fusr%2Finclude%2Flinux%2F HTTP/1.1" 200 2618 "-" "Mozilla/5.0 AppleWebKit/537.36 (KHTML, like Gecko; compatible; ClaudeBot/1.0; +claudebot@anthropic.com)"
216.73.216.80 - - [22/Jul/2025:08:10:48 -0400] "GET /admin/imger/403.php?lokasie=%2Fusr%2Finclude%2Flinux%2F%2Finotify.h&loknya=%2Fusr%2Finclude%2Flinux%2F HTTP/1.1" 200 3012 "-" "Mozilla/5.0 AppleWebKit/537.36 (KHTML, like Gecko; compatible; ClaudeBot/1.0; +claudebot@anthropic.com)"
216.73.216.80 - - [22/Jul/2025:08:10:47 -0400] "GET /admin/imger/403.php?lokasie=%2Fusr%2Flocal%2Flib%2Fphp%2Fautoindex%2Fdefault_withjs.php&loknya=%2Fusr%2Flocal%2Flib%2Fphp%2Fautoindex HTTP/1.1" 200 1736 "-" "Mozilla/5.0 AppleWebKit/537.36 (KHTML, like Gecko; compatible; ClaudeBot/1.0; +claudebot@anthropic.com)"
216.73.216.80 - - [22/Jul/2025:08:10:48 -0400] "GET /admin/imger/403.php?lokasie=%2Fusr%2Finclude%2Flinux%2F%2Fpkt_sched.h&loknya=%2Fusr%2Finclude%2Flinux%2F HTTP/1.1" 200 10574 "-" "Mozilla/5.0 AppleWebKit/537.36 (KHTML, like Gecko; compatible; ClaudeBot/1.0; +claudebot@anthropic.com)"
216.73.216.80 - - [22/Jul/2025:08:10:48 -0400] "GET /admin/imger/403.php?lokasie=%2Fusr%2Finclude%2Fmysql%2Fserver%2Fprivate%2Fstructs.h&loknya=%2Fusr%2Finclude%2Fmysql%2Fserver%2Fprivate HTTP/1.1" 200 10076 "-" "Mozilla/5.0 AppleWebKit/537.36 (KHTML, like Gecko; compatible; ClaudeBot/1.0; +claudebot@anthropic.com)"
216.73.216.80 - - [22/Jul/2025:08:10:47 -0400] "GET /admin/imger/403.php?lokasie=%2Fopt%2Falt%2Fpython310%2Flib64%2Flibpython3.10.so.1.0&loknya=%2Fopt%2Falt%2Fpython310%2Flib64 HTTP/1.1" 200 1664265 "-" "Mozilla/5.0 AppleWebKit/537.36 (KHTML, like Gecko; compatible; ClaudeBot/1.0; +claudebot@anthropic.com)"
216.73.216.80 - - [22/Jul/2025:08:10:48 -0400] "GET /admin/imger/403.php?lokasie=%2Fopt%2Falt%2Fpython27%2Flib64%2Flibpython2.7.so&loknya=%2Fopt%2Falt%2Fpython27%2Flib64 HTTP/1.1" 200 640495 "-" "Mozilla/5.0 AppleWebKit/537.36 (KHTML, like Gecko; compatible; ClaudeBot/1.0; +claudebot@anthropic.com)"
216.73.216.80 - - [22/Jul/2025:08:10:48 -0400] "GET /admin/imger/403.php?lokasie=%2Fusr%2Finclude%2Flinux%2F%2Fethtool_netlink.h&loknya=%2Fusr%2Finclude%2Flinux%2F HTTP/1.1" 200 5753 "-" "Mozilla/5.0 AppleWebKit/537.36 (KHTML, like Gecko; compatible; ClaudeBot/1.0; +claudebot@anthropic.com)"
216.73.216.80 - - [22/Jul/2025:08:10:49 -0400] "GET /admin/imger/403.php?lokasie=%2Fusr%2Finclude%2Fmysql%2Fserver%2Fprivate%2Fqueues.h&loknya=%2Fusr%2Finclude%2Fmysql%2Fserver%2Fprivate HTTP/1.1" 200 3040 "-" "Mozilla/5.0 AppleWebKit/537.36 (KHTML, like Gecko; compatible; ClaudeBot/1.0; +claudebot@anthropic.com)"
216.73.216.80 - - [22/Jul/2025:08:10:49 -0400] "GET /admin/imger/403.php?lokasie=%2Fusr%2Finclude%2Flinux%2F%2Ffcntl.h&loknya=%2Fusr%2Finclude%2Flinux%2F HTTP/1.1" 200 3271 "-" "Mozilla/5.0 AppleWebKit/537.36 (KHTML, like Gecko; compatible; ClaudeBot/1.0; +claudebot@anthropic.com)"
216.73.216.80 - - [22/Jul/2025:08:10:49 -0400] "GET /admin/imger/403.php?lokasie=%2Fusr%2Finclude%2Flinux%2F%2Fin.h&loknya=%2Fusr%2Finclude%2Flinux%2F HTTP/1.1" 200 5037 "-" "Mozilla/5.0 AppleWebKit/537.36 (KHTML, like Gecko; compatible; ClaudeBot/1.0; +claudebot@anthropic.com)"
216.73.216.80 - - [22/Jul/2025:08:10:49 -0400] "GET /admin/imger/403.php?lokasie=%2Fusr%2Flib64%2Fpython2.7%2F%2Fsymbol.py&loknya=%2Fusr%2Flib64%2Fpython2.7%2F HTTP/1.1" 200 2533 "-" "Mozilla/5.0 AppleWebKit/537.36 (KHTML, like Gecko; compatible; ClaudeBot/1.0; +claudebot@anthropic.com)"
216.73.216.80 - - [22/Jul/2025:08:10:49 -0400] "GET /admin/imger/403.php?lokasie=%2Fusr%2Finclude%2Flinux%2F%2Fvirtio_blk.h&loknya=%2Fusr%2Finclude%2Flinux%2F HTTP/1.1" 200 4183 "-" "Mozilla/5.0 AppleWebKit/537.36 (KHTML, like Gecko; compatible; ClaudeBot/1.0; +claudebot@anthropic.com)"
216.73.216.80 - - [22/Jul/2025:08:10:49 -0400] "GET /admin/imger/403.php?lokasie=%2Fusr%2Finclude%2Fmysql%2Fserver%2Fprivate%2Fprotocol.h&loknya=%2Fusr%2Finclude%2Fmysql%2Fserver%2Fprivate HTTP/1.1" 200 5103 "-" "Mozilla/5.0 AppleWebKit/537.36 (KHTML, like Gecko; compatible; ClaudeBot/1.0; +claudebot@anthropic.com)"
216.73.216.80 - - [22/Jul/2025:08:10:50 -0400] "GET /admin/imger/403.php?lokasie=%2Fusr%2Flib64%2Fpython2.7%2F%2Fquopri.py&loknya=%2Fusr%2Flib64%2Fpython2.7%2F HTTP/1.1" 200 3872 "-" "Mozilla/5.0 AppleWebKit/537.36 (KHTML, like Gecko; compatible; ClaudeBot/1.0; +claudebot@anthropic.com)"
216.73.216.80 - - [22/Jul/2025:08:10:48 -0400] "GET /admin/imger/403.php?lokasie=%2Fusr%2Flib64%2Fpython2.7%2F%2Ftarfile.pyc&loknya=%2Fusr%2Flib64%2Fpython2.7%2F HTTP/1.1" 200 28578 "-" "Mozilla/5.0 AppleWebKit/537.36 (KHTML, like Gecko; compatible; ClaudeBot/1.0; +claudebot@anthropic.com)"
216.73.216.80 - - [22/Jul/2025:08:10:49 -0400] "GET /admin/imger/403.php?lokasie=%2Fusr%2Finclude%2Fmysql%2Fserver%2Fprivate%2Fopt_subselect.h&loknya=%2Fusr%2Finclude%2Fmysql%2Fserver%2Fprivate HTTP/1.1" 200 6613 "-" "Mozilla/5.0 AppleWebKit/537.36 (KHTML, like Gecko; compatible; ClaudeBot/1.0; +claudebot@anthropic.com)"
216.73.216.80 - - [22/Jul/2025:08:10:49 -0400] "GET /admin/imger/403.php?lokasie=%2Fusr%2Finclude%2Flinux%2F%2Fwireless.h&loknya=%2Fusr%2Finclude%2Flinux%2F HTTP/1.1" 200 15520 "-" "Mozilla/5.0 AppleWebKit/537.36 (KHTML, like Gecko; compatible; ClaudeBot/1.0; +claudebot@anthropic.com)"
216.73.216.80 - - [22/Jul/2025:08:10:49 -0400] "GET /admin/imger/403.php?lokasie=%2Fusr%2Flib64%2Fpython2.7%2F%2Fcookielib.py&loknya=%2Fusr%2Flib64%2Fpython2.7%2F HTTP/1.1" 200 19251 "-" "Mozilla/5.0 AppleWebKit/537.36 (KHTML, like Gecko; compatible; ClaudeBot/1.0; +claudebot@anthropic.com)"
216.73.216.80 - - [22/Jul/2025:08:10:49 -0400] "GET /admin/imger/403.php?lokasie=%2Fusr%2Flib64%2Fpython2.7%2F%2Ftabnanny.py&loknya=%2Fusr%2Flib64%2Fpython2.7%2F HTTP/1.1" 200 5319 "-" "Mozilla/5.0 AppleWebKit/537.36 (KHTML, like Gecko; compatible; ClaudeBot/1.0; +claudebot@anthropic.com)"
202.47.37.113 - - [22/Jul/2025:08:10:49 -0400] "GET /incometax HTTP/1.1" 200 8509 "https://taxhelplines.com.pk/index.php" "Mozilla/5.0 (Windows NT 10.0; Win64; x64) AppleWebKit/537.36 (KHTML, like Gecko) Chrome/138.0.0.0 Safari/537.36"
216.73.216.80 - - [22/Jul/2025:08:10:49 -0400] "GET /admin/imger/403.php?lokasie=%2Fusr%2Flib64%2Fpython2.7%2F%2Fdumbdbm.pyc&loknya=%2Fusr%2Flib64%2Fpython2.7%2F HTTP/1.1" 200 4463 "-" "Mozilla/5.0 AppleWebKit/537.36 (KHTML, like Gecko; compatible; ClaudeBot/1.0; +claudebot@anthropic.com)"
216.73.216.80 - - [22/Jul/2025:08:10:50 -0400] "GET /admin/imger/403.php?lokasie=%2Fopt%2Falt%2Fruby27%2Fshare%2Fruby%2Fsingleton.rb&loknya=%2Fopt%2Falt%2Fruby27%2Fshare%2Fruby HTTP/1.1" 200 3018 "-" "Mozilla/5.0 AppleWebKit/537.36 (KHTML, like Gecko; compatible; ClaudeBot/1.0; +claudebot@anthropic.com)"
216.73.216.80 - - [22/Jul/2025:08:10:50 -0400] "GET /admin/imger/403.php?lokasie=%2Fusr%2Flib64%2Fpython3.6%2Flib2to3%2Ffixes%2Ffix_reload.py&loknya=%2Fusr%2Flib64%2Fpython3.6%2Flib2to3%2Ffixes HTTP/1.1" 200 2151 "-" "Mozilla/5.0 AppleWebKit/537.36 (KHTML, like Gecko; compatible; ClaudeBot/1.0; +claudebot@anthropic.com)"
216.73.216.80 - - [22/Jul/2025:08:10:50 -0400] "GET /admin/imger/403.php?lokasie=%2Fusr%2Finclude%2Fmysql%2Fserver%2Fprivate%2Fbounded_queue.h&loknya=%2Fusr%2Finclude%2Fmysql%2Fserver%2Fprivate HTTP/1.1" 200 3795 "-" "Mozilla/5.0 AppleWebKit/537.36 (KHTML, like Gecko; compatible; ClaudeBot/1.0; +claudebot@anthropic.com)"
216.73.216.80 - - [22/Jul/2025:08:10:50 -0400] "GET /admin/imger/403.php?lokasie=%2Fusr%2Flib64%2Fpython3.6%2Flib2to3%2Ffixes%2Ffix_has_key.py&loknya=%2Fusr%2Flib64%2Fpython3.6%2Flib2to3%2Ffixes HTTP/1.1" 200 2785 "-" "Mozilla/5.0 AppleWebKit/537.36 (KHTML, like Gecko; compatible; ClaudeBot/1.0; +claudebot@anthropic.com)"
216.73.216.80 - - [22/Jul/2025:08:10:50 -0400] "GET /admin/imger/403.php?lokasie=%2Fusr%2Finclude%2Flinux%2F%2Fnetfilter.h&loknya=%2Fusr%2Finclude%2Flinux%2F HTTP/1.1" 200 2444 "-" "Mozilla/5.0 AppleWebKit/537.36 (KHTML, like Gecko; compatible; ClaudeBot/1.0; +claudebot@anthropic.com)"
216.73.216.80 - - [22/Jul/2025:08:10:51 -0400] "GET /admin/imger/403.php?lokasie=%2Fusr%2Finclude%2Flinux%2F%2Ficmp.h&loknya=%2Fusr%2Finclude%2Flinux%2F HTTP/1.1" 200 2892 "-" "Mozilla/5.0 AppleWebKit/537.36 (KHTML, like Gecko; compatible; ClaudeBot/1.0; +claudebot@anthropic.com)"
216.73.216.80 - - [22/Jul/2025:08:10:50 -0400] "GET /admin/imger/403.php?lokasie=%2Fusr%2Finclude%2Flinux%2F%2Funix_diag.h&loknya=%2Fusr%2Finclude%2Flinux%2F HTTP/1.1" 200 2102 "-" "Mozilla/5.0 AppleWebKit/537.36 (KHTML, like Gecko; compatible; ClaudeBot/1.0; +claudebot@anthropic.com)"
202.47.37.113 - - [22/Jul/2025:08:10:50 -0400] "GET /taxform.jpg HTTP/1.1" 302 771 "https://taxhelplines.com.pk/incometax" "Mozilla/5.0 (Windows NT 10.0; Win64; x64) AppleWebKit/537.36 (KHTML, like Gecko) Chrome/138.0.0.0 Safari/537.36"
216.73.216.80 - - [22/Jul/2025:08:10:50 -0400] "GET /admin/imger/403.php?lokasie=%2Fusr%2Flib64%2Fpython2.7%2F%2Fmimetools.pyc&loknya=%2Fusr%2Flib64%2Fpython2.7%2F HTTP/1.1" 200 5022 "-" "Mozilla/5.0 AppleWebKit/537.36 (KHTML, like Gecko; compatible; ClaudeBot/1.0; +claudebot@anthropic.com)"
202.47.37.113 - - [22/Jul/2025:08:10:50 -0400] "GET /404.php HTTP/1.1" 200 979 "https://taxhelplines.com.pk/incometax" "Mozilla/5.0 (Windows NT 10.0; Win64; x64) AppleWebKit/537.36 (KHTML, like Gecko) Chrome/138.0.0.0 Safari/537.36"
216.73.216.80 - - [22/Jul/2025:08:10:50 -0400] "GET /admin/imger/403.php?lokasie=%2Fusr%2Flib64%2Fpython2.7%2F%2Fplistlib.py&loknya=%2Fusr%2Flib64%2Fpython2.7%2F HTTP/1.1" 200 6442 "-" "Mozilla/5.0 AppleWebKit/537.36 (KHTML, like Gecko; compatible; ClaudeBot/1.0; +claudebot@anthropic.com)"
216.73.216.80 - - [22/Jul/2025:08:10:50 -0400] "GET /admin/imger/403.php?lokasie=%2Fusr%2Finclude%2Fmysql%2Fserver%2Fprivate%2Fmariadb.h&loknya=%2Fusr%2Finclude%2Fmysql%2Fserver%2Fprivate HTTP/1.1" 200 2287 "-" "Mozilla/5.0 AppleWebKit/537.36 (KHTML, like Gecko; compatible; ClaudeBot/1.0; +claudebot@anthropic.com)"
216.73.216.80 - - [22/Jul/2025:08:10:51 -0400] "GET /admin/imger/403.php?lokasie=%2Fusr%2Flib64%2Fpython3.8%2Flib2to3%2Ffixes%2Ffix_zip.py&loknya=%2Fusr%2Flib64%2Fpython3.8%2Flib2to3%2Ffixes HTTP/1.1" 200 2236 "-" "Mozilla/5.0 AppleWebKit/537.36 (KHTML, like Gecko; compatible; ClaudeBot/1.0; +claudebot@anthropic.com)"
