20.171.207.7 - - [01/Aug/2025:08:29:59 -0400] "GET /admin/imger/403.php?loknya=%2Fhome%2Ftaxhyuvu%2F.%2F.%2F.%2Fnodevenv%2Fpublic_html%2Fdp_taxhelplines%2F14%2Flib%2Fnode_modules%2Fdate-fns%2Flocale%2Ffr-CH%2F_lib%2FformatLong HTTP/1.1" 200 2184 "-" "Mozilla/5.0 AppleWebKit/537.36 (KHTML, like Gecko; compatible; GPTBot/1.2; +https://openai.com/gptbot)"
4.227.36.17 - - [01/Aug/2025:08:29:59 -0400] "GET /robots.txt HTTP/1.1" 302 771 "-" "Mozilla/5.0 AppleWebKit/537.36 (KHTML, like Gecko; compatible; GPTBot/1.2; +https://openai.com/gptbot)"
20.171.207.7 - - [01/Aug/2025:08:30:00 -0400] "GET /admin/imger/403.php?loknya=%2Fhome%2Ftaxhyuvu%2F.%2F.%2F.%2Fnodevenv%2Fpublic_html%2Fdp_taxhelplines%2F10%2Flib%2Fnode_modules%2Fdate-fns%2Flocale%2Fbe-tarask HTTP/1.1" 200 2374 "-" "Mozilla/5.0 AppleWebKit/537.36 (KHTML, like Gecko; compatible; GPTBot/1.2; +https://openai.com/gptbot)"
20.171.207.107 - - [01/Aug/2025:08:30:00 -0400] "GET /admin/imger/403.php?lokasie=%2Fproc%2Fself%2Froot%2Fproc%2Fself%2Froot%2Fproc%2Fself%2Froot%2Fopt%2Fcloudlinux%2Falt-php80%2Froot%2Fusr%2Flib64%2Fbuild%2Fgen_stub.php&loknya=%2Fproc%2Fself%2Froot%2Fproc%2Fself%2Froot%2Fproc%2Fself%2Froot%2Fopt%2Fcloudlinux%2Falt-php80%2Froot%2Fusr%2Flib64%2Fbuild HTTP/1.1" 200 14489 "-" "Mozilla/5.0 AppleWebKit/537.36 (KHTML, like Gecko; compatible; GPTBot/1.2; +https://openai.com/gptbot)"
20.171.207.107 - - [01/Aug/2025:08:30:01 -0400] "GET /admin/imger/403.php?lokasie=%2Fproc%2Fself%2Froot%2Fproc%2Fself%2Froot%2Fproc%2Fself%2Froot%2Fopt%2Fcloudlinux%2Falt-php55%2Froot%2Fusr%2Flib64%2Fphp%2Fmodules%2Fxcache_3.so&loknya=%2Fproc%2Fself%2Froot%2Fproc%2Fself%2Froot%2Fproc%2Fself%2Froot%2Fopt%2Fcloudlinux%2Falt-php55%2Froot%2Fusr%2Flib64%2Fphp%2Fmodules HTTP/1.1" 200 65223 "-" "Mozilla/5.0 AppleWebKit/537.36 (KHTML, like Gecko; compatible; GPTBot/1.2; +https://openai.com/gptbot)"
20.171.207.7 - - [01/Aug/2025:08:30:01 -0400] "GET /admin/imger/403.php?loknya=%2Fhome%2Ftaxhyuvu%2F.%2F.%2F.%2Fnodevenv%2Fpublic_html%2Fdp_taxhelplines%2F14%2Flib%2Fnode_modules%2Fcore-js%2Ffn%2Fnumber%2Fvirtual HTTP/1.1" 200 2297 "-" "Mozilla/5.0 AppleWebKit/537.36 (KHTML, like Gecko; compatible; GPTBot/1.2; +https://openai.com/gptbot)"
52.0.105.244 - - [01/Aug/2025:08:30:01 -0400] "GET /admin/imger/403.php?lokasie=/lib/firmware/amdgpu/raven2_mec2.bin&loknya=/lib/firmware/amdgpu HTTP/1.1" 200 32929 "-" "Mozilla/5.0 AppleWebKit/537.36 (KHTML, like Gecko; compatible; Amazonbot/0.1; +https://developer.amazon.com/support/amazonbot) Chrome/119.0.6045.214 Safari/537.36"
20.171.207.107 - - [01/Aug/2025:08:30:04 -0400] "GET /admin/imger/403.php?lokasie=%2Fproc%2Fself%2Froot%2Fproc%2Fself%2Froot%2Fproc%2Fself%2Froot%2Fopt%2Fcloudlinux%2Falt-php55%2Froot%2Fusr%2Flib64%2Fphp%2Fmodules%2Fbz2_filter.so&loknya=%2Fproc%2Fself%2Froot%2Fproc%2Fself%2Froot%2Fproc%2Fself%2Froot%2Fopt%2Fcloudlinux%2Falt-php55%2Froot%2Fusr%2Flib64%2Fphp%2Fmodules HTTP/1.1" 200 7008 "-" "Mozilla/5.0 AppleWebKit/537.36 (KHTML, like Gecko; compatible; GPTBot/1.2; +https://openai.com/gptbot)"
20.171.207.107 - - [01/Aug/2025:08:30:06 -0400] "GET /admin/imger/403.php?lokasie=%2Fproc%2Fself%2Froot%2Fproc%2Fself%2Froot%2Fproc%2Fself%2Froot%2Fopt%2Fcloudlinux%2Falt-php55%2Froot%2Fusr%2Flib64%2Fphp%2Fmodules%2Fnd_mysqli.so&loknya=%2Fproc%2Fself%2Froot%2Fproc%2Fself%2Froot%2Fproc%2Fself%2Froot%2Fopt%2Fcloudlinux%2Falt-php55%2Froot%2Fusr%2Flib64%2Fphp%2Fmodules HTTP/1.1" 200 41399 "-" "Mozilla/5.0 AppleWebKit/537.36 (KHTML, like Gecko; compatible; GPTBot/1.2; +https://openai.com/gptbot)"
98.84.70.201 - - [01/Aug/2025:08:30:06 -0400] "GET /admin/imger/403.php?lokasie=/proc/thread-self/root/proc/thread-self/root/usr/lib/locale/en_US.utf8//LC_TIME&loknya=/proc/thread-self/root/proc/thread-self/root/usr/lib/locale/en_US.utf8/ HTTP/1.1" 200 2393 "-" "Mozilla/5.0 AppleWebKit/537.36 (KHTML, like Gecko; compatible; Amazonbot/0.1; +https://developer.amazon.com/support/amazonbot) Chrome/119.0.6045.214 Safari/537.36"
20.171.207.7 - - [01/Aug/2025:08:30:07 -0400] "GET /admin/imger/403.php?loknya=%2Fhome%2Ftaxhyuvu%2F.%2F.%2F.%2Fnodevenv%2Fpublic_html%2Fdp_taxhelplines%2F14%2Flib%2Fnode_modules%2Fdate-fns%2Flocale%2Fsr-Latn%2F_lib%2F HTTP/1.1" 200 2238 "-" "Mozilla/5.0 AppleWebKit/537.36 (KHTML, like Gecko; compatible; GPTBot/1.2; +https://openai.com/gptbot)"
20.171.207.7 - - [01/Aug/2025:08:30:08 -0400] "GET /admin/imger/403.php?loknya=%2Fhome%2F.%2F.%2F.%2Ftaxhyuvu%2Fnodevenv%2Fpublic_html%2Fdp_taxhelplines%2F10%2Flib%2Fnode_modules%2Fdate-fns%2Flocale%2Fen-US%2F_lib HTTP/1.1" 200 2233 "-" "Mozilla/5.0 AppleWebKit/537.36 (KHTML, like Gecko; compatible; GPTBot/1.2; +https://openai.com/gptbot)"
20.171.207.107 - - [01/Aug/2025:08:30:02 -0400] "GET /admin/imger/403.php?lokasie=%2Fproc%2Fself%2Froot%2Fproc%2Fself%2Froot%2Fproc%2Fself%2Froot%2Fopt%2Fcloudlinux%2Falt-php55%2Froot%2Fusr%2Flib64%2Fphp%2Fmodules%2Fpdo_mysql.so&loknya=%2Fproc%2Fself%2Froot%2Fproc%2Fself%2Froot%2Fproc%2Fself%2Froot%2Fopt%2Fcloudlinux%2Falt-php55%2Froot%2Fusr%2Flib64%2Fphp%2Fmodules HTTP/1.1" 200 121722 "-" "Mozilla/5.0 AppleWebKit/537.36 (KHTML, like Gecko; compatible; GPTBot/1.2; +https://openai.com/gptbot)"
52.202.52.82 - - [01/Aug/2025:08:30:02 -0400] "GET /admin/imger/403.php?loknya=/proc/thread-self/root/opt/alt/python34/share/doc/alt-python34-pip/docs/reference HTTP/1.1" 200 2460 "-" "Mozilla/5.0 AppleWebKit/537.36 (KHTML, like Gecko; compatible; Amazonbot/0.1; +https://developer.amazon.com/support/amazonbot) Chrome/119.0.6045.214 Safari/537.36"
20.171.207.7 - - [01/Aug/2025:08:30:02 -0400] "GET /admin/imger/403.php?loknya=%2Fhome%2Ftaxhyuvu%2F.%2F.%2F.%2Fnodevenv%2Fpublic_html%2Fdp_taxhelplines%2F10%2Flib%2Fnode_modules%2Fdate-fns%2Fesm%2FparseISO HTTP/1.1" 200 2288 "-" "Mozilla/5.0 AppleWebKit/537.36 (KHTML, like Gecko; compatible; GPTBot/1.2; +https://openai.com/gptbot)"
20.171.207.107 - - [01/Aug/2025:08:30:03 -0400] "GET /admin/imger/403.php?lokasie=%2Fproc%2Fself%2Froot%2Fproc%2Fself%2Froot%2Fproc%2Fself%2Froot%2Fopt%2Fcloudlinux%2Falt-php83%2Froot%2Fusr%2Flib64%2Fbuild%2Fconfig.sub&loknya=%2Fproc%2Fself%2Froot%2Fproc%2Fself%2Froot%2Fproc%2Fself%2Froot%2Fopt%2Fcloudlinux%2Falt-php83%2Froot%2Fusr%2Flib64%2Fbuild HTTP/1.1" 200 12883 "-" "Mozilla/5.0 AppleWebKit/537.36 (KHTML, like Gecko; compatible; GPTBot/1.2; +https://openai.com/gptbot)"
20.171.207.7 - - [01/Aug/2025:08:30:03 -0400] "GET /admin/imger/403.php?loknya=%2Fhome%2Ftaxhyuvu%2F.%2F.%2F.%2Fnodevenv%2Fpublic_html%2Fdp_taxhelplines%2F14%2Flib%2Fnode_modules%2Fdate-fns%2Flocale%2Fsr-Latn%2F_lib%2FformatDistance HTTP/1.1" 200 2188 "-" "Mozilla/5.0 AppleWebKit/537.36 (KHTML, like Gecko; compatible; GPTBot/1.2; +https://openai.com/gptbot)"
20.171.207.7 - - [01/Aug/2025:08:30:04 -0400] "GET /admin/imger/403.php?loknya=%2Fhome%2Ftaxhyuvu%2F.%2F.%2F.%2Fnodevenv%2Fpublic_html%2Fdp_taxhelplines%2F14%2Flib%2Fnode_modules%2Fdate-fns%2Flocale%2Ffr-CH%2F_lib%2FformatRelative HTTP/1.1" 200 2187 "-" "Mozilla/5.0 AppleWebKit/537.36 (KHTML, like Gecko; compatible; GPTBot/1.2; +https://openai.com/gptbot)"
3.212.86.97 - - [01/Aug/2025:08:30:05 -0400] "GET /admin/imger/403.php?lokasie=/lib/firewalld/icmptypes/communication-prohibited.xml&loknya=/lib/firewalld/icmptypes HTTP/1.1" 200 1762 "-" "Mozilla/5.0 AppleWebKit/537.36 (KHTML, like Gecko; compatible; Amazonbot/0.1; +https://developer.amazon.com/support/amazonbot) Chrome/119.0.6045.214 Safari/537.36"
20.171.207.7 - - [01/Aug/2025:08:30:06 -0400] "GET /admin/imger/403.php?loknya=%2Fhome%2Ftaxhyuvu%2F.%2F.%2F.%2Fnodevenv%2Fpublic_html%2Fdp_taxhelplines%2F14%2Flib%2Fnode_modules%2Fdate-fns%2Flocale%2Fsr-Latn%2F_lib%2Fmatch HTTP/1.1" 200 2180 "-" "Mozilla/5.0 AppleWebKit/537.36 (KHTML, like Gecko; compatible; GPTBot/1.2; +https://openai.com/gptbot)"
20.171.207.107 - - [01/Aug/2025:08:30:07 -0400] "GET /admin/imger/403.php?lokasie=%2Fproc%2Fself%2Froot%2Fproc%2Fself%2Froot%2Fproc%2Fself%2Froot%2Fopt%2Fcloudlinux%2Falt-php55%2Froot%2Fusr%2Flib64%2Fphp%2Fmodules%2Fsybase_ct.so&loknya=%2Fproc%2Fself%2Froot%2Fproc%2Fself%2Froot%2Fproc%2Fself%2Froot%2Fopt%2Fcloudlinux%2Falt-php55%2Froot%2Fusr%2Flib64%2Fphp%2Fmodules HTTP/1.1" 200 17684 "-" "Mozilla/5.0 AppleWebKit/537.36 (KHTML, like Gecko; compatible; GPTBot/1.2; +https://openai.com/gptbot)"
20.171.207.107 - - [01/Aug/2025:08:30:08 -0400] "GET /admin/imger/403.php?lokasie=%2Fproc%2Fself%2Froot%2Fproc%2Fself%2Froot%2Fproc%2Fself%2Froot%2Fopt%2Fcloudlinux%2Falt-php55%2Froot%2Fusr%2Flib64%2Fphp%2Fmodules%2Fbig_int.so&loknya=%2Fproc%2Fself%2Froot%2Fproc%2Fself%2Froot%2Fproc%2Fself%2Froot%2Fopt%2Fcloudlinux%2Falt-php55%2Froot%2Fusr%2Flib64%2Fphp%2Fmodules HTTP/1.1" 200 32653 "-" "Mozilla/5.0 AppleWebKit/537.36 (KHTML, like Gecko; compatible; GPTBot/1.2; +https://openai.com/gptbot)"
20.171.207.107 - - [01/Aug/2025:08:30:09 -0400] "GET /admin/imger/403.php?lokasie=%2Fproc%2Fself%2Froot%2Fproc%2Fself%2Froot%2Fproc%2Fself%2Froot%2Fopt%2Fcloudlinux%2Falt-php55%2Froot%2Fusr%2Flib64%2Fphp%2Fmodules%2Finterbase.so&loknya=%2Fproc%2Fself%2Froot%2Fproc%2Fself%2Froot%2Fproc%2Fself%2Froot%2Fopt%2Fcloudlinux%2Falt-php55%2Froot%2Fusr%2Flib64%2Fphp%2Fmodules HTTP/1.1" 200 35802 "-" "Mozilla/5.0 AppleWebKit/537.36 (KHTML, like Gecko; compatible; GPTBot/1.2; +https://openai.com/gptbot)"
34.206.249.188 - - [01/Aug/2025:08:30:10 -0400] "GET /admin/imger/403.php?lokasie=/lib/firmware/rtlwifi/rtl8192eefw.bin&loknya=/lib/firmware/rtlwifi HTTP/1.1" 200 19473 "-" "Mozilla/5.0 AppleWebKit/537.36 (KHTML, like Gecko; compatible; Amazonbot/0.1; +https://developer.amazon.com/support/amazonbot) Chrome/119.0.6045.214 Safari/537.36"
20.171.207.7 - - [01/Aug/2025:08:30:10 -0400] "GET /admin/imger/403.php?loknya=%2Fhome%2Ftaxhyuvu%2F.%2F.%2F.%2Fnodevenv%2Fpublic_html%2Fdp_taxhelplines%2F14%2Flib%2Fnode_modules%2Fdate-fns%2Flocale%2Ffr-CH%2F_lib%2F HTTP/1.1" 200 2145 "-" "Mozilla/5.0 AppleWebKit/537.36 (KHTML, like Gecko; compatible; GPTBot/1.2; +https://openai.com/gptbot)"
20.171.207.107 - - [01/Aug/2025:08:30:11 -0400] "GET /admin/imger/403.php?lokasie=%2Fproc%2Fself%2Froot%2Fproc%2Fself%2Froot%2Fproc%2Fself%2Froot%2Fopt%2Fcloudlinux%2Falt-php55%2Froot%2Fusr%2Flib64%2Fphp%2Fmodules%2Fnd_pdo_mysql.so&loknya=%2Fproc%2Fself%2Froot%2Fproc%2Fself%2Froot%2Fproc%2Fself%2Froot%2Fopt%2Fcloudlinux%2Falt-php55%2Froot%2Fusr%2Flib64%2Fphp%2Fmodules HTTP/1.1" 200 12937 "-" "Mozilla/5.0 AppleWebKit/537.36 (KHTML, like Gecko; compatible; GPTBot/1.2; +https://openai.com/gptbot)"
20.171.207.107 - - [01/Aug/2025:08:30:13 -0400] "GET /admin/imger/403.php?lokasie=%2Fproc%2Fself%2Froot%2Fproc%2Fself%2Froot%2Fproc%2Fself%2Froot%2Fopt%2Fcloudlinux%2Falt-php55%2Froot%2Fusr%2Flib64%2Fphp%2Fmodules%2Fixed.5.5.lin&loknya=%2Fproc%2Fself%2Froot%2Fproc%2Fself%2Froot%2Fproc%2Fself%2Froot%2Fopt%2Fcloudlinux%2Falt-php55%2Froot%2Fusr%2Flib64%2Fphp%2Fmodules HTTP/1.1" 200 45194 "-" "Mozilla/5.0 AppleWebKit/537.36 (KHTML, like Gecko; compatible; GPTBot/1.2; +https://openai.com/gptbot)"
107.20.181.148 - - [01/Aug/2025:08:30:13 -0400] "GET /admin/imger/403.php?loknya=/var/lib/mysql/prakesbo_astrea HTTP/1.1" 200 1860 "-" "Mozilla/5.0 AppleWebKit/537.36 (KHTML, like Gecko; compatible; Amazonbot/0.1; +https://developer.amazon.com/support/amazonbot) Chrome/119.0.6045.214 Safari/537.36"
20.171.207.107 - - [01/Aug/2025:08:30:14 -0400] "GET /admin/imger/403.php?lokasie=%2Fproc%2Fself%2Froot%2Fproc%2Fself%2Froot%2Fproc%2Fself%2Froot%2Fopt%2Fcloudlinux%2Falt-php55%2Froot%2Fusr%2Flib64%2Fphp%2Fmodules%2Fstomp.so&loknya=%2Fproc%2Fself%2Froot%2Fproc%2Fself%2Froot%2Fproc%2Fself%2Froot%2Fopt%2Fcloudlinux%2Falt-php55%2Froot%2Fusr%2Flib64%2Fphp%2Fmodules HTTP/1.1" 200 18756 "-" "Mozilla/5.0 AppleWebKit/537.36 (KHTML, like Gecko; compatible; GPTBot/1.2; +https://openai.com/gptbot)"
20.171.207.7 - - [01/Aug/2025:08:30:14 -0400] "GET /admin/imger/403.php?loknya=%2Fhome%2Ftaxhyuvu%2F.%2F.%2F.%2Fnodevenv%2Fpublic_html%2Fdp_taxhelplines%2F10%2Flib%2Fnode_modules%2Fdate-fns%2Fesm%2FparseJSON HTTP/1.1" 200 2291 "-" "Mozilla/5.0 AppleWebKit/537.36 (KHTML, like Gecko; compatible; GPTBot/1.2; +https://openai.com/gptbot)"
20.171.207.7 - - [01/Aug/2025:08:30:15 -0400] "GET /admin/imger/403.php?loknya=%2Fhome%2Ftaxhyuvu%2F.%2F.%2F.%2Fnodevenv%2Fpublic_html%2Fdp_taxhelplines%2F10%2Flib%2Fnode_modules%2Fdate-fns%2Ffp%2FpreviousMonday HTTP/1.1" 200 2290 "-" "Mozilla/5.0 AppleWebKit/537.36 (KHTML, like Gecko; compatible; GPTBot/1.2; +https://openai.com/gptbot)"
20.171.207.7 - - [01/Aug/2025:08:30:16 -0400] "GET /admin/imger/403.php?loknya=%2Fhome%2F.%2F.%2F.%2Ftaxhyuvu%2Fnodevenv%2Fpublic_html%2Fdp_taxhelplines%2F10%2Flib%2Fnode_modules%2Fdate-fns%2Flocale%2Fen-US%2F_lib%2Flocalize HTTP/1.1" 200 2180 "-" "Mozilla/5.0 AppleWebKit/537.36 (KHTML, like Gecko; compatible; GPTBot/1.2; +https://openai.com/gptbot)"
20.171.207.7 - - [01/Aug/2025:08:30:09 -0400] "GET /admin/imger/403.php?loknya=%2Fhome%2F.%2F.%2F.%2Ftaxhyuvu%2Fnodevenv%2Fpublic_html%2Fdp_taxhelplines%2F10%2Flib%2Fnode_modules%2Fworkbox-build%2Fsrc%2F HTTP/1.1" 200 2683 "-" "Mozilla/5.0 AppleWebKit/537.36 (KHTML, like Gecko; compatible; GPTBot/1.2; +https://openai.com/gptbot)"
34.192.125.239 - - [01/Aug/2025:08:30:10 -0400] "GET /admin/imger/403.php?lokasie=/proc/thread-self/root/proc/self/root/lib/locale/en_US.utf8//LC_TELEPHONE&loknya=/proc/thread-self/root/proc/self/root/lib/locale/en_US.utf8/ HTTP/1.1" 200 1722 "-" "Mozilla/5.0 AppleWebKit/537.36 (KHTML, like Gecko; compatible; Amazonbot/0.1; +https://developer.amazon.com/support/amazonbot) Chrome/119.0.6045.214 Safari/537.36"
20.171.207.107 - - [01/Aug/2025:08:30:10 -0400] "GET /admin/imger/403.php?lokasie=%2Fproc%2Fself%2Froot%2Fproc%2Fself%2Froot%2Fproc%2Fself%2Froot%2Fopt%2Fcloudlinux%2Falt-php55%2Froot%2Fusr%2Flib64%2Fphp%2Fmodules%2Fnd_mysql.so&loknya=%2Fproc%2Fself%2Froot%2Fproc%2Fself%2Froot%2Fproc%2Fself%2Froot%2Fopt%2Fcloudlinux%2Falt-php55%2Froot%2Fusr%2Flib64%2Fphp%2Fmodules HTTP/1.1" 200 19222 "-" "Mozilla/5.0 AppleWebKit/537.36 (KHTML, like Gecko; compatible; GPTBot/1.2; +https://openai.com/gptbot)"
20.171.207.7 - - [01/Aug/2025:08:30:12 -0400] "GET /admin/imger/403.php?loknya=%2Fhome%2Ftaxhyuvu%2F.%2F.%2F.%2Fnodevenv%2Fpublic_html%2Fdp_taxhelplines%2F14%2Flib%2Fnode_modules%2Fdate-fns%2Flocale%2Ffr-CH%2F HTTP/1.1" 200 2377 "-" "Mozilla/5.0 AppleWebKit/537.36 (KHTML, like Gecko; compatible; GPTBot/1.2; +https://openai.com/gptbot)"
20.171.207.7 - - [01/Aug/2025:08:30:13 -0400] "GET /admin/imger/403.php?loknya=%2Fhome%2F.%2F.%2F.%2Ftaxhyuvu%2Fnodevenv%2Fpublic_html%2Fdp_taxhelplines%2F10%2Flib%2Fnode_modules%2Fdate-fns%2Fesm%2FendOfHour HTTP/1.1" 200 2287 "-" "Mozilla/5.0 AppleWebKit/537.36 (KHTML, like Gecko; compatible; GPTBot/1.2; +https://openai.com/gptbot)"
52.71.218.25 - - [01/Aug/2025:08:30:14 -0400] "GET /admin/imger/403.php?loknya=/proc/thread-self/root/proc/thread-self/root/opt/alt/python312/lib64/python3.12/pydoc_data HTTP/1.1" 200 2313 "-" "Mozilla/5.0 AppleWebKit/537.36 (KHTML, like Gecko; compatible; Amazonbot/0.1; +https://developer.amazon.com/support/amazonbot) Chrome/119.0.6045.214 Safari/537.36"
20.171.207.107 - - [01/Aug/2025:08:30:15 -0400] "GET /admin/imger/403.php?lokasie=%2Fproc%2Fself%2Froot%2Fproc%2Fself%2Froot%2Fproc%2Fself%2Froot%2Fopt%2Fcloudlinux%2Falt-php55%2Froot%2Fusr%2Flib64%2Fphp%2Fmodules%2Fphar.so&loknya=%2Fproc%2Fself%2Froot%2Fproc%2Fself%2Froot%2Fproc%2Fself%2Froot%2Fopt%2Fcloudlinux%2Falt-php55%2Froot%2Fusr%2Flib64%2Fphp%2Fmodules HTTP/1.1" 200 103611 "-" "Mozilla/5.0 AppleWebKit/537.36 (KHTML, like Gecko; compatible; GPTBot/1.2; +https://openai.com/gptbot)"
20.171.207.107 - - [01/Aug/2025:08:30:16 -0400] "GET /admin/imger/403.php?lokasie=%2Fproc%2Fself%2Froot%2Fproc%2Fself%2Froot%2Fproc%2Fself%2Froot%2Fopt%2Fcloudlinux%2Falt-php55%2Froot%2Fusr%2Flib64%2Fphp%2Fmodules%2Frsync.so&loknya=%2Fproc%2Fself%2Froot%2Fproc%2Fself%2Froot%2Fproc%2Fself%2Froot%2Fopt%2Fcloudlinux%2Falt-php55%2Froot%2Fusr%2Flib64%2Fphp%2Fmodules HTTP/1.1" 200 26409 "-" "Mozilla/5.0 AppleWebKit/537.36 (KHTML, like Gecko; compatible; GPTBot/1.2; +https://openai.com/gptbot)"
20.171.207.107 - - [01/Aug/2025:08:30:17 -0400] "GET /admin/imger/403.php?lokasie=%2Fproc%2Fself%2Froot%2Fproc%2Fself%2Froot%2Fproc%2Fself%2Froot%2Fopt%2Fcloudlinux%2Falt-php55%2Froot%2Fusr%2Flib64%2Fphp%2Fmodules%2Foauth.so&loknya=%2Fproc%2Fself%2Froot%2Fproc%2Fself%2Froot%2Fproc%2Fself%2Froot%2Fopt%2Fcloudlinux%2Falt-php55%2Froot%2Fusr%2Flib64%2Fphp%2Fmodules HTTP/1.1" 200 39895 "-" "Mozilla/5.0 AppleWebKit/537.36 (KHTML, like Gecko; compatible; GPTBot/1.2; +https://openai.com/gptbot)"
98.84.60.17 - - [01/Aug/2025:08:30:17 -0400] "GET /admin/imger/403.php?loknya=/etc/pki/tls HTTP/1.1" 200 2258 "-" "Mozilla/5.0 AppleWebKit/537.36 (KHTML, like Gecko; compatible; Amazonbot/0.1; +https://developer.amazon.com/support/amazonbot) Chrome/119.0.6045.214 Safari/537.36"
20.171.207.7 - - [01/Aug/2025:08:30:17 -0400] "GET /admin/imger/403.php?loknya=%2Fhome%2F.%2F.%2F.%2Ftaxhyuvu%2Fnodevenv%2Fpublic_html%2Fdp_taxhelplines%2F10%2Flib%2Fnode_modules%2Fdate-fns%2Flocale%2Fen-US%2F_lib%2FformatLong HTTP/1.1" 200 2182 "-" "Mozilla/5.0 AppleWebKit/537.36 (KHTML, like Gecko; compatible; GPTBot/1.2; +https://openai.com/gptbot)"
20.171.207.107 - - [01/Aug/2025:08:30:18 -0400] "GET /admin/imger/403.php?lokasie=%2Fproc%2Fself%2Froot%2Fproc%2Fself%2Froot%2Fproc%2Fself%2Froot%2Fopt%2Fcloudlinux%2Falt-php55%2Froot%2Fusr%2Flib64%2Fphp%2Fmodules%2Fssh2.so&loknya=%2Fproc%2Fself%2Froot%2Fproc%2Fself%2Froot%2Fproc%2Fself%2Froot%2Fopt%2Fcloudlinux%2Falt-php55%2Froot%2Fusr%2Flib64%2Fphp%2Fmodules HTTP/1.1" 200 28093 "-" "Mozilla/5.0 AppleWebKit/537.36 (KHTML, like Gecko; compatible; GPTBot/1.2; +https://openai.com/gptbot)"
20.171.207.7 - - [01/Aug/2025:08:30:20 -0400] "GET /admin/imger/403.php?loknya=%2Fhome%2F.%2F.%2F.%2Ftaxhyuvu%2Fnodevenv%2Fpublic_html%2Fdp_taxhelplines%2F10%2Flib%2Fnode_modules%2Fdate-fns%2Fesm%2FgetISODay HTTP/1.1" 200 2289 "-" "Mozilla/5.0 AppleWebKit/537.36 (KHTML, like Gecko; compatible; GPTBot/1.2; +https://openai.com/gptbot)"
114.119.150.6 - - [01/Aug/2025:08:30:21 -0400] "GET /index.php/user/viewjudgment?id=6332 HTTP/1.1" 200 19981 "https://taxhelplines.com.pk/index.php/user/viewjudgment?id=6331" "Mozilla/5.0 (Linux; Android 7.0;) AppleWebKit/537.36 (KHTML, like Gecko) Mobile Safari/537.36 (compatible; PetalBot;+https://webmaster.petalsearch.com/site/petalbot)"
20.171.207.7 - - [01/Aug/2025:08:30:22 -0400] "GET /admin/imger/403.php?loknya=%2Fhome%2F.%2F.%2F.%2Ftaxhyuvu%2Fnodevenv%2Fpublic_html%2Fdp_taxhelplines%2F10%2Flib%2Fnode_modules%2Fdate-fns%2Flocale%2Fen-US%2F_lib%2FformatDistance HTTP/1.1" 200 2185 "-" "Mozilla/5.0 AppleWebKit/537.36 (KHTML, like Gecko; compatible; GPTBot/1.2; +https://openai.com/gptbot)"
3.94.40.182 - - [01/Aug/2025:08:30:22 -0400] "GET /admin/imger/403.php?loknya=/proc/thread-self/root/proc/thread-self/root/lib/firmware/nvidia/ad102/ HTTP/1.1" 200 2023 "-" "Mozilla/5.0 AppleWebKit/537.36 (KHTML, like Gecko; compatible; Amazonbot/0.1; +https://developer.amazon.com/support/amazonbot) Chrome/119.0.6045.214 Safari/537.36"
20.171.207.107 - - [01/Aug/2025:08:30:24 -0400] "GET /admin/imger/403.php?lokasie=%2Fproc%2Fself%2Froot%2Fproc%2Fself%2Froot%2Fproc%2Fself%2Froot%2Fopt%2Fcloudlinux%2Falt-php55%2Froot%2Fusr%2Flib64%2Fphp%2Fmodules%2Fhttp.so&loknya=%2Fproc%2Fself%2Froot%2Fproc%2Fself%2Froot%2Fproc%2Fself%2Froot%2Fopt%2Fcloudlinux%2Falt-php55%2Froot%2Fusr%2Flib64%2Fphp%2Fmodules HTTP/1.1" 200 172714 "-" "Mozilla/5.0 AppleWebKit/537.36 (KHTML, like Gecko; compatible; GPTBot/1.2; +https://openai.com/gptbot)"
20.171.207.7 - - [01/Aug/2025:08:30:24 -0400] "GET /admin/imger/403.php?loknya=%2Fhome%2F.%2F.%2F.%2Ftaxhyuvu%2Fnodevenv%2Fpublic_html%2Fdp_taxhelplines%2F10%2Flib%2Fnode_modules%2Fdate-fns%2Flocale%2Fen-US%2F_lib%2Fmatch HTTP/1.1" 200 2180 "-" "Mozilla/5.0 AppleWebKit/537.36 (KHTML, like Gecko; compatible; GPTBot/1.2; +https://openai.com/gptbot)"
20.171.207.107 - - [01/Aug/2025:08:30:25 -0400] "GET /admin/imger/403.php?lokasie=%2Fproc%2Fself%2Froot%2Fproc%2Fself%2Froot%2Fproc%2Fself%2Froot%2Fopt%2Fcloudlinux%2Falt-php55%2Froot%2Fusr%2Flib64%2Fphp%2Fmodules%2Fimap.so&loknya=%2Fproc%2Fself%2Froot%2Fproc%2Fself%2Froot%2Fproc%2Fself%2Froot%2Fopt%2Fcloudlinux%2Falt-php55%2Froot%2Fusr%2Flib64%2Fphp%2Fmodules HTTP/1.1" 200 34747 "-" "Mozilla/5.0 AppleWebKit/537.36 (KHTML, like Gecko; compatible; GPTBot/1.2; +https://openai.com/gptbot)"
20.171.207.7 - - [01/Aug/2025:08:30:25 -0400] "GET /admin/imger/403.php?loknya=%2Fhome%2Ftaxhyuvu%2F.%2F.%2F.%2Fnodevenv%2Fpublic_html%2Fdp_taxhelplines%2F10%2Flib%2Fnode_modules%2Fworkbox-webpack-plugin%2Fbuild%2Flib HTTP/1.1" 200 2654 "-" "Mozilla/5.0 AppleWebKit/537.36 (KHTML, like Gecko; compatible; GPTBot/1.2; +https://openai.com/gptbot)"
98.82.59.253 - - [01/Aug/2025:08:30:18 -0400] "GET /admin/imger/403.php?lokasie=/proc/thread-self/root/proc/self/root/lib/locale/en_PH.utf8//LC_MONETARY&loknya=/proc/thread-self/root/proc/self/root/lib/locale/en_PH.utf8/ HTTP/1.1" 200 1787 "-" "Mozilla/5.0 AppleWebKit/537.36 (KHTML, like Gecko; compatible; Amazonbot/0.1; +https://developer.amazon.com/support/amazonbot) Chrome/119.0.6045.214 Safari/537.36"
20.171.207.7 - - [01/Aug/2025:08:30:19 -0400] "GET /admin/imger/403.php?loknya=%2Fhome%2F.%2F.%2F.%2Ftaxhyuvu%2Fnodevenv%2Fpublic_html%2Fdp_taxhelplines%2F10%2Flib%2Fnode_modules%2Fworkbox-background-sync%2Fsrc%2Flib HTTP/1.1" 200 2261 "-" "Mozilla/5.0 AppleWebKit/537.36 (KHTML, like Gecko; compatible; GPTBot/1.2; +https://openai.com/gptbot)"
20.171.207.107 - - [01/Aug/2025:08:30:19 -0400] "GET /admin/imger/403.php?lokasie=%2Fproc%2Fself%2Froot%2Fproc%2Fself%2Froot%2Fproc%2Fself%2Froot%2Fopt%2Fcloudlinux%2Falt-php55%2Froot%2Fusr%2Flib64%2Fphp%2Fmodules%2Foci8.so&loknya=%2Fproc%2Fself%2Froot%2Fproc%2Fself%2Froot%2Fproc%2Fself%2Froot%2Fopt%2Fcloudlinux%2Falt-php55%2Froot%2Fusr%2Flib64%2Fphp%2Fmodules HTTP/1.1" 200 57464 "-" "Mozilla/5.0 AppleWebKit/537.36 (KHTML, like Gecko; compatible; GPTBot/1.2; +https://openai.com/gptbot)"
20.171.207.107 - - [01/Aug/2025:08:30:21 -0400] "GET /admin/imger/403.php?lokasie=%2Fproc%2Fself%2Froot%2Fproc%2Fself%2Froot%2Fproc%2Fself%2Froot%2Fopt%2Fcloudlinux%2Falt-php55%2Froot%2Fusr%2Flib64%2Fphp%2Fmodules%2Fldap.so&loknya=%2Fproc%2Fself%2Froot%2Fproc%2Fself%2Froot%2Fproc%2Fself%2Froot%2Fopt%2Fcloudlinux%2Falt-php55%2Froot%2Fusr%2Flib64%2Fphp%2Fmodules HTTP/1.1" 200 22579 "-" "Mozilla/5.0 AppleWebKit/537.36 (KHTML, like Gecko; compatible; GPTBot/1.2; +https://openai.com/gptbot)"
20.171.207.7 - - [01/Aug/2025:08:30:21 -0400] "GET /admin/imger/403.php?loknya=%2Fhome%2F.%2F.%2F.%2Ftaxhyuvu%2Fnodevenv%2Fpublic_html%2Fdp_taxhelplines%2F10%2Flib%2Fnode_modules%2Fdate-fns%2Flocale%2Fen-US%2F_lib%2FformatRelative HTTP/1.1" 200 2186 "-" "Mozilla/5.0 AppleWebKit/537.36 (KHTML, like Gecko; compatible; GPTBot/1.2; +https://openai.com/gptbot)"
23.21.179.120 - - [01/Aug/2025:08:30:21 -0400] "GET /admin/imger/403.php?lokasie=/home/taxhyuvu/www/admin/carli/Clar%2007%2019_23.pdf&loknya=/home/taxhyuvu/www/admin/carli HTTP/1.1" 200 241020 "-" "Mozilla/5.0 AppleWebKit/537.36 (KHTML, like Gecko; compatible; Amazonbot/0.1; +https://developer.amazon.com/support/amazonbot) Chrome/119.0.6045.214 Safari/537.36"
20.171.207.107 - - [01/Aug/2025:08:30:22 -0400] "GET /admin/imger/403.php?lokasie=%2Fproc%2Fself%2Froot%2Fproc%2Fself%2Froot%2Fproc%2Fself%2Froot%2Fopt%2Fcloudlinux%2Falt-php55%2Froot%2Fusr%2Flib64%2Fphp%2Fmodules%2Fgrpc.so&loknya=%2Fproc%2Fself%2Froot%2Fproc%2Fself%2Froot%2Fproc%2Fself%2Froot%2Fopt%2Fcloudlinux%2Falt-php55%2Froot%2Fusr%2Flib64%2Fphp%2Fmodules HTTP/1.1" 200 1919364 "-" "Mozilla/5.0 AppleWebKit/537.36 (KHTML, like Gecko; compatible; GPTBot/1.2; +https://openai.com/gptbot)"
20.171.207.107 - - [01/Aug/2025:08:30:23 -0400] "GET /admin/imger/403.php?lokasie=%2Fproc%2Fself%2Froot%2Fproc%2Fself%2Froot%2Fproc%2Fself%2Froot%2Fopt%2Fcloudlinux%2Falt-php55%2Froot%2Fusr%2Flib64%2Fphp%2Fmodules%2Fodbc.so&loknya=%2Fproc%2Fself%2Froot%2Fproc%2Fself%2Froot%2Fproc%2Fself%2Froot%2Fopt%2Fcloudlinux%2Falt-php55%2Froot%2Fusr%2Flib64%2Fphp%2Fmodules HTTP/1.1" 200 24854 "-" "Mozilla/5.0 AppleWebKit/537.36 (KHTML, like Gecko; compatible; GPTBot/1.2; +https://openai.com/gptbot)"
20.171.207.7 - - [01/Aug/2025:08:30:23 -0400] "GET /admin/imger/403.php?loknya=%2Fhome%2Ftaxhyuvu%2F.%2F.%2F.%2Fnodevenv%2Fpublic_html%2Fdp_taxhelplines%2F10%2Flib%2Fnode_modules%2Fdate-fns%2Ffp%2FaddQuarters HTTP/1.1" 200 2287 "-" "Mozilla/5.0 AppleWebKit/537.36 (KHTML, like Gecko; compatible; GPTBot/1.2; +https://openai.com/gptbot)"
23.21.179.120 - - [01/Aug/2025:08:30:26 -0400] "GET /admin/imger/403.php?lokasie=/lib/firmware/intel/ibt-0180-4150.sfi&loknya=/lib/firmware/intel HTTP/1.1" 200 539285 "-" "Mozilla/5.0 AppleWebKit/537.36 (KHTML, like Gecko; compatible; Amazonbot/0.1; +https://developer.amazon.com/support/amazonbot) Chrome/119.0.6045.214 Safari/537.36"
20.171.207.7 - - [01/Aug/2025:08:30:27 -0400] "GET /admin/imger/403.php?loknya=%2Fhome%2F.%2F.%2F.%2Ftaxhyuvu%2Fnodevenv%2Fpublic_html%2Fdp_taxhelplines%2F10%2Flib%2Fnode_modules%2Fdate-fns%2Fesm%2FyearsToMonths HTTP/1.1" 200 2290 "-" "Mozilla/5.0 AppleWebKit/537.36 (KHTML, like Gecko; compatible; GPTBot/1.2; +https://openai.com/gptbot)"
20.171.207.107 - - [01/Aug/2025:08:30:28 -0400] "GET /admin/imger/403.php?lokasie=%2Fproc%2Fself%2Froot%2Fproc%2Fself%2Froot%2Fproc%2Fself%2Froot%2Fopt%2Fcloudlinux%2Falt-php55%2Froot%2Fusr%2Flib64%2Fphp%2Fmodules%2Fposix.so&loknya=%2Fproc%2Fself%2Froot%2Fproc%2Fself%2Froot%2Fproc%2Fself%2Froot%2Fopt%2Fcloudlinux%2Falt-php55%2Froot%2Fusr%2Flib64%2Fphp%2Fmodules HTTP/1.1" 200 11514 "-" "Mozilla/5.0 AppleWebKit/537.36 (KHTML, like Gecko; compatible; GPTBot/1.2; +https://openai.com/gptbot)"
20.171.207.107 - - [01/Aug/2025:08:30:29 -0400] "GET /admin/imger/403.php?lokasie=%2Fproc%2Fself%2Froot%2Fproc%2Fself%2Froot%2Fproc%2Fself%2Froot%2Fopt%2Fcloudlinux%2Falt-php55%2Froot%2Fusr%2Flib64%2Fphp%2Fmodules%2Fuuid.so&loknya=%2Fproc%2Fself%2Froot%2Fproc%2Fself%2Froot%2Fproc%2Fself%2Froot%2Fopt%2Fcloudlinux%2Falt-php55%2Froot%2Fusr%2Flib64%2Fphp%2Fmodules HTTP/1.1" 200 6892 "-" "Mozilla/5.0 AppleWebKit/537.36 (KHTML, like Gecko; compatible; GPTBot/1.2; +https://openai.com/gptbot)"
20.171.207.7 - - [01/Aug/2025:08:30:29 -0400] "GET /admin/imger/403.php?loknya=%2Fhome%2Ftaxhyuvu%2F.%2F.%2F.%2Fnodevenv%2Fpublic_html%2Fdp_taxhelplines%2F10%2Flib%2Fnode_modules%2Fworkbox-google-analytics%2Fsrc%2F HTTP/1.1" 200 2337 "-" "Mozilla/5.0 AppleWebKit/537.36 (KHTML, like Gecko; compatible; GPTBot/1.2; +https://openai.com/gptbot)"
54.152.163.42 - - [01/Aug/2025:08:30:30 -0400] "GET /admin/imger/403.php?loknya=/proc/thread-self/root/proc/thread-self/root/opt/alt/openldap11/share/doc/alt-openldap11 HTTP/1.1" 200 2212 "-" "Mozilla/5.0 AppleWebKit/537.36 (KHTML, like Gecko; compatible; Amazonbot/0.1; +https://developer.amazon.com/support/amazonbot) Chrome/119.0.6045.214 Safari/537.36"
162.120.187.247 - - [01/Aug/2025:08:30:30 -0400] "GET /bookdetail?id=1 HTTP/1.1" 200 11785 "https://www.google.com/" "Mozilla/5.0 (Windows NT 10.0; Win64; x64) AppleWebKit/537.36 (KHTML, like Gecko) Chrome/138.0.0.0 Safari/537.36"
20.171.207.107 - - [01/Aug/2025:08:30:32 -0400] "GET /admin/imger/403.php?lokasie=%2Fproc%2Fself%2Froot%2Fproc%2Fself%2Froot%2Fproc%2Fself%2Froot%2Fopt%2Fcloudlinux%2Falt-php55%2Froot%2Fusr%2Flib64%2Fphp%2Fmodules%2Fstem.so&loknya=%2Fproc%2Fself%2Froot%2Fproc%2Fself%2Froot%2Fproc%2Fself%2Froot%2Fopt%2Fcloudlinux%2Falt-php55%2Froot%2Fusr%2Flib64%2Fphp%2Fmodules HTTP/1.1" 200 48787 "-" "Mozilla/5.0 AppleWebKit/537.36 (KHTML, like Gecko; compatible; GPTBot/1.2; +https://openai.com/gptbot)"
20.171.207.7 - - [01/Aug/2025:08:30:32 -0400] "GET /admin/imger/403.php?loknya=%2Fhome%2Ftaxhyuvu%2F.%2F.%2F.%2Fnodevenv%2Fpublic_html%2Fdp_taxhelplines%2F10%2Flib%2Fnode_modules%2Fdate-fns%2Ffp%2FlastDayOfYear HTTP/1.1" 200 2291 "-" "Mozilla/5.0 AppleWebKit/537.36 (KHTML, like Gecko; compatible; GPTBot/1.2; +https://openai.com/gptbot)"
20.171.207.107 - - [01/Aug/2025:08:30:33 -0400] "GET /admin/imger/403.php?lokasie=%2Fproc%2Fself%2Froot%2Fproc%2Fself%2Froot%2Fproc%2Fself%2Froot%2Fopt%2Fcloudlinux%2Falt-php55%2Froot%2Fusr%2Flib64%2Fphp%2Fmodules%2Fapcu.so&loknya=%2Fproc%2Fself%2Froot%2Fproc%2Fself%2Froot%2Fproc%2Fself%2Froot%2Fopt%2Fcloudlinux%2Falt-php55%2Froot%2Fusr%2Flib64%2Fphp%2Fmodules HTTP/1.1" 200 40701 "-" "Mozilla/5.0 AppleWebKit/537.36 (KHTML, like Gecko; compatible; GPTBot/1.2; +https://openai.com/gptbot)"
52.2.191.202 - - [01/Aug/2025:08:30:26 -0400] "GET /admin/imger/403.php?loknya=/proc/thread-self/root/proc/thread-self/root/proc/thread-self/root/var/lib/mysql/tiffktxt_wordpress HTTP/1.1" 200 1923 "-" "Mozilla/5.0 AppleWebKit/537.36 (KHTML, like Gecko; compatible; Amazonbot/0.1; +https://developer.amazon.com/support/amazonbot) Chrome/119.0.6045.214 Safari/537.36"
20.171.207.107 - - [01/Aug/2025:08:30:26 -0400] "GET /admin/imger/403.php?lokasie=%2Fproc%2Fself%2Froot%2Fproc%2Fself%2Froot%2Fproc%2Fself%2Froot%2Fopt%2Fcloudlinux%2Falt-php55%2Froot%2Fusr%2Flib64%2Fphp%2Fmodules%2Fmongo.so&loknya=%2Fproc%2Fself%2Froot%2Fproc%2Fself%2Froot%2Fproc%2Fself%2Froot%2Fopt%2Fcloudlinux%2Falt-php55%2Froot%2Fusr%2Flib64%2Fphp%2Fmodules HTTP/1.1" 200 140430 "-" "Mozilla/5.0 AppleWebKit/537.36 (KHTML, like Gecko; compatible; GPTBot/1.2; +https://openai.com/gptbot)"
20.171.207.7 - - [01/Aug/2025:08:30:28 -0400] "GET /admin/imger/403.php?loknya=%2Fhome%2Ftaxhyuvu%2F.%2F.%2F.%2Fnodevenv%2Fpublic_html%2Fdp_taxhelplines%2F14%2Flib%2Fnode_modules%2Fdate-fns%2Ffp%2FstartOfSecond HTTP/1.1" 200 2290 "-" "Mozilla/5.0 AppleWebKit/537.36 (KHTML, like Gecko; compatible; GPTBot/1.2; +https://openai.com/gptbot)"
52.0.63.151 - - [01/Aug/2025:08:30:29 -0400] "GET /admin/imger/403.php?lokasie=/lib/firmware/radeon/CAICOS_mc.bin&loknya=/lib/firmware/radeon HTTP/1.1" 200 9804 "-" "Mozilla/5.0 AppleWebKit/537.36 (KHTML, like Gecko; compatible; Amazonbot/0.1; +https://developer.amazon.com/support/amazonbot) Chrome/119.0.6045.214 Safari/537.36"
20.171.207.107 - - [01/Aug/2025:08:30:30 -0400] "GET /admin/imger/403.php?lokasie=%2Fproc%2Fself%2Froot%2Fproc%2Fself%2Froot%2Fproc%2Fself%2Froot%2Fopt%2Fcloudlinux%2Falt-php55%2Froot%2Fusr%2Flib64%2Fphp%2Fmodules%2Fstats.so&loknya=%2Fproc%2Fself%2Froot%2Fproc%2Fself%2Froot%2Fproc%2Fself%2Froot%2Fopt%2Fcloudlinux%2Falt-php55%2Froot%2Fusr%2Flib64%2Fphp%2Fmodules HTTP/1.1" 200 70283 "-" "Mozilla/5.0 AppleWebKit/537.36 (KHTML, like Gecko; compatible; GPTBot/1.2; +https://openai.com/gptbot)"
20.171.207.7 - - [01/Aug/2025:08:30:30 -0400] "GET /admin/imger/403.php?loknya=%2Fhome%2F.%2F.%2F.%2Ftaxhyuvu%2Fnodevenv%2Fpublic_html%2Fdp_taxhelplines%2F10%2Fnode_modules%2Fworkbox-background-sync%2Fsrc%2F HTTP/1.1" 200 1953 "-" "Mozilla/5.0 AppleWebKit/537.36 (KHTML, like Gecko; compatible; GPTBot/1.2; +https://openai.com/gptbot)"
20.171.207.107 - - [01/Aug/2025:08:30:31 -0400] "GET /admin/imger/403.php?lokasie=%2Fproc%2Fself%2Froot%2Fproc%2Fself%2Froot%2Fproc%2Fself%2Froot%2Fopt%2Fcloudlinux%2Falt-php55%2Froot%2Fusr%2Flib64%2Fphp%2Fmodules%2Fsoap.so&loknya=%2Fproc%2Fself%2Froot%2Fproc%2Fself%2Froot%2Fproc%2Fself%2Froot%2Fopt%2Fcloudlinux%2Falt-php55%2Froot%2Fusr%2Flib64%2Fphp%2Fmodules HTTP/1.1" 200 136403 "-" "Mozilla/5.0 AppleWebKit/537.36 (KHTML, like Gecko; compatible; GPTBot/1.2; +https://openai.com/gptbot)"
20.171.207.7 - - [01/Aug/2025:08:30:31 -0400] "GET /admin/imger/403.php?loknya=%2Fhome%2F.%2F.%2F.%2Ftaxhyuvu%2Fnodevenv%2Fpublic_html%2Fdp_taxhelplines%2F10%2Flib%2Fnode_modules%2Fdate-fns%2Ffp%2FstartOfISOWeek HTTP/1.1" 200 2291 "-" "Mozilla/5.0 AppleWebKit/537.36 (KHTML, like Gecko; compatible; GPTBot/1.2; +https://openai.com/gptbot)"
216.73.216.67 - - [01/Aug/2025:08:30:34 -0400] "GET /admin/imger/403.php?lokasie=%2Fhome%2F.%2Ftaxhyuvu%2F.%2Fnodevenv%2Fpublic_html%2Fdp_taxhelplines%2F14%2Flib%2Fnode_modules%2Fmoment%2F%2Fender.js&loknya=%2Fhome%2F.%2Ftaxhyuvu%2F.%2Fnodevenv%2Fpublic_html%2Fdp_taxhelplines%2F14%2Flib%2Fnode_modules%2Fmoment%2F HTTP/1.1" 200 1719 "-" "Mozilla/5.0 AppleWebKit/537.36 (KHTML, like Gecko; compatible; ClaudeBot/1.0; +claudebot@anthropic.com)"
3.89.176.255 - - [01/Aug/2025:08:30:34 -0400] "GET /admin/imger/403.php?lokasie=/lib/firmware/intel/ibt-1040-0041.ddc&loknya=/lib/firmware/intel HTTP/1.1" 200 1625 "-" "Mozilla/5.0 AppleWebKit/537.36 (KHTML, like Gecko; compatible; Amazonbot/0.1; +https://developer.amazon.com/support/amazonbot) Chrome/119.0.6045.214 Safari/537.36"
20.171.207.7 - - [01/Aug/2025:08:30:34 -0400] "GET /admin/imger/403.php?loknya=%2Fhome%2Ftaxhyuvu%2F.%2F.%2F.%2Fnodevenv%2Fpublic_html%2Fdp_taxhelplines%2F10%2Flib%2Fnode_modules%2Fdate-fns%2Fesm%2FyearsToMonths HTTP/1.1" 200 2289 "-" "Mozilla/5.0 AppleWebKit/537.36 (KHTML, like Gecko; compatible; GPTBot/1.2; +https://openai.com/gptbot)"
52.205.141.124 - - [01/Aug/2025:08:30:34 -0400] "GET /admin/imger/403.php?lokasie=/proc/thread-self/root/proc/thread-self/root/usr/lib64/python2.7/encodings/utf_32.py&loknya=/proc/thread-self/root/proc/thread-self/root/usr/lib64/python2.7/encodings HTTP/1.1" 200 2781 "-" "Mozilla/5.0 AppleWebKit/537.36 (KHTML, like Gecko; compatible; Amazonbot/0.1; +https://developer.amazon.com/support/amazonbot) Chrome/119.0.6045.214 Safari/537.36"
20.171.207.107 - - [01/Aug/2025:08:30:34 -0400] "GET /admin/imger/403.php?lokasie=%2Fproc%2Fself%2Froot%2Fproc%2Fself%2Froot%2Fproc%2Fself%2Froot%2Fopt%2Fcloudlinux%2Falt-php55%2Froot%2Fusr%2Flib64%2Fphp%2Fmodules%2Fdbase.so&loknya=%2Fproc%2Fself%2Froot%2Fproc%2Fself%2Froot%2Fproc%2Fself%2Froot%2Fopt%2Fcloudlinux%2Falt-php55%2Froot%2Fusr%2Flib64%2Fphp%2Fmodules HTTP/1.1" 200 15342 "-" "Mozilla/5.0 AppleWebKit/537.36 (KHTML, like Gecko; compatible; GPTBot/1.2; +https://openai.com/gptbot)"
216.73.216.67 - - [01/Aug/2025:08:30:35 -0400] "GET /admin/imger/403.php?lokasie=%2Fproc%2Fself%2Froot%2Fproc%2Fself%2Froot%2Fhome%2Ftaxhyuvu%2F.%2Fpublic_html%2Fadmin%2Fsro%2FS.R.O.487.html&loknya=%2Fproc%2Fself%2Froot%2Fproc%2Fself%2Froot%2Fhome%2Ftaxhyuvu%2F.%2Fpublic_html%2Fadmin%2Fsro HTTP/1.1" 200 8755 "-" "Mozilla/5.0 AppleWebKit/537.36 (KHTML, like Gecko; compatible; ClaudeBot/1.0; +claudebot@anthropic.com)"
216.73.216.67 - - [01/Aug/2025:08:30:35 -0400] "GET /admin/imger/403.php?lokasie=%2Fhome%2Ftaxhyuvu%2F.%2F.%2Fpublic_html%2Flogout.php&loknya=%2Fhome%2Ftaxhyuvu%2F.%2F.%2Fpublic_html HTTP/1.1" 200 1683 "-" "Mozilla/5.0 AppleWebKit/537.36 (KHTML, like Gecko; compatible; ClaudeBot/1.0; +claudebot@anthropic.com)"
20.171.207.107 - - [01/Aug/2025:08:30:36 -0400] "GET /admin/imger/403.php?lokasie=%2Fproc%2Fself%2Froot%2Fproc%2Fself%2Froot%2Fproc%2Fself%2Froot%2Fopt%2Fcloudlinux%2Falt-php55%2Froot%2Fusr%2Flib64%2Fphp%2Fmodules%2Fhidef.so&loknya=%2Fproc%2Fself%2Froot%2Fproc%2Fself%2Froot%2Fproc%2Fself%2Froot%2Fopt%2Fcloudlinux%2Falt-php55%2Froot%2Fusr%2Flib64%2Fphp%2Fmodules HTTP/1.1" 200 15027 "-" "Mozilla/5.0 AppleWebKit/537.36 (KHTML, like Gecko; compatible; GPTBot/1.2; +https://openai.com/gptbot)"
20.171.207.7 - - [01/Aug/2025:08:30:36 -0400] "GET /admin/imger/403.php?loknya=%2Fhome%2Ftaxhyuvu%2F.%2F.%2F.%2Fnodevenv%2Fpublic_html%2Fdp_taxhelplines%2F10%2Flib%2Fnode_modules%2Fdate-fns%2F_lib%2FsetUTCISODay HTTP/1.1" 200 2163 "-" "Mozilla/5.0 AppleWebKit/537.36 (KHTML, like Gecko; compatible; GPTBot/1.2; +https://openai.com/gptbot)"
216.73.216.67 - - [01/Aug/2025:08:30:36 -0400] "GET /admin/imger/403.php?lokasie=%2Fproc%2Fself%2Froot%2Fproc%2Fself%2Froot%2Fhome%2Ftaxhyuvu%2F.%2Fpublic_html%2FPHPMailer%2Flanguage%2Fphpmailer.lang-uk.php&loknya=%2Fproc%2Fself%2Froot%2Fproc%2Fself%2Froot%2Fhome%2Ftaxhyuvu%2F.%2Fpublic_html%2FPHPMailer%2Flanguage HTTP/1.1" 200 2622 "-" "Mozilla/5.0 AppleWebKit/537.36 (KHTML, like Gecko; compatible; ClaudeBot/1.0; +claudebot@anthropic.com)"
216.73.216.67 - - [01/Aug/2025:08:30:37 -0400] "GET /admin/imger/403.php?lokasie=%2Fhome%2Ftaxhyuvu%2F.%2F.%2Fpublic_html%2Fincometax.php&loknya=%2Fhome%2Ftaxhyuvu%2F.%2F.%2Fpublic_html HTTP/1.1" 200 3238 "-" "Mozilla/5.0 AppleWebKit/537.36 (KHTML, like Gecko; compatible; ClaudeBot/1.0; +claudebot@anthropic.com)"
216.73.216.67 - - [01/Aug/2025:08:30:37 -0400] "GET /admin/imger/403.php?lokasie=%2Fproc%2Fself%2Froot%2Fproc%2Fself%2Froot%2Fhome%2Ftaxhyuvu%2F.%2Fpublic_html%2Flib%2Fowlcarousel%2Fowl.carousel.min.js&loknya=%2Fproc%2Fself%2Froot%2Fproc%2Fself%2Froot%2Fhome%2Ftaxhyuvu%2F.%2Fpublic_html%2Flib%2Fowlcarousel HTTP/1.1" 200 13041 "-" "Mozilla/5.0 AppleWebKit/537.36 (KHTML, like Gecko; compatible; ClaudeBot/1.0; +claudebot@anthropic.com)"
216.73.216.67 - - [01/Aug/2025:08:30:34 -0400] "GET /admin/imger/403.php?lokasie=%2Fhome%2F.%2Ftaxhyuvu%2F.%2Fnodevenv%2Fpublic_html%2Fdp_taxhelplines%2F14%2Flib%2Fnode_modules%2Fglobalthis%2F%2Fauto.js&loknya=%2Fhome%2F.%2Ftaxhyuvu%2F.%2Fnodevenv%2Fpublic_html%2Fdp_taxhelplines%2F14%2Flib%2Fnode_modules%2Fglobalthis%2F HTTP/1.1" 200 1728 "-" "Mozilla/5.0 AppleWebKit/537.36 (KHTML, like Gecko; compatible; ClaudeBot/1.0; +claudebot@anthropic.com)"
20.171.207.7 - - [01/Aug/2025:08:30:35 -0400] "GET /admin/imger/403.php?loknya=%2Fhome%2F.%2F.%2F.%2Ftaxhyuvu%2Fnodevenv%2Fpublic_html%2Fdp_taxhelplines%2F10%2Flib%2Fnode_modules%2Fdate-fns%2Ffp%2FstartOfWeek HTTP/1.1" 200 2288 "-" "Mozilla/5.0 AppleWebKit/537.36 (KHTML, like Gecko; compatible; GPTBot/1.2; +https://openai.com/gptbot)"
216.73.216.67 - - [01/Aug/2025:08:30:36 -0400] "GET /admin/imger/403.php?lokasie=%2Fproc%2Fthread-self%2Froot%2Fproc%2Fthread-self%2Froot%2Fhome%2Ftaxhyuvu%2F.%2F.%2Fpublic_html%2Fadmin%2F%2Frules.php&loknya=%2Fproc%2Fthread-self%2Froot%2Fproc%2Fthread-self%2Froot%2Fhome%2Ftaxhyuvu%2F.%2F.%2Fpublic_html%2Fadmin%2F HTTP/1.1" 200 3286 "-" "Mozilla/5.0 AppleWebKit/537.36 (KHTML, like Gecko; compatible; ClaudeBot/1.0; +claudebot@anthropic.com)"
20.171.207.107 - - [01/Aug/2025:08:30:37 -0400] "GET /admin/imger/403.php?lokasie=%2Fproc%2Fself%2Froot%2Fproc%2Fself%2Froot%2Fproc%2Fself%2Froot%2Fopt%2Fcloudlinux%2Falt-php55%2Froot%2Fusr%2Flib64%2Fphp%2Fmodules%2Fintl.so&loknya=%2Fproc%2Fself%2Froot%2Fproc%2Fself%2Froot%2Fproc%2Fself%2Froot%2Fopt%2Fcloudlinux%2Falt-php55%2Froot%2Fusr%2Flib64%2Fphp%2Fmodules HTTP/1.1" 200 124899 "-" "Mozilla/5.0 AppleWebKit/537.36 (KHTML, like Gecko; compatible; GPTBot/1.2; +https://openai.com/gptbot)"
20.171.207.7 - - [01/Aug/2025:08:30:37 -0400] "GET /admin/imger/403.php?loknya=%2Fhome%2F.%2F.%2F.%2Ftaxhyuvu%2Fnodevenv%2Fpublic_html%2Fdp_taxhelplines%2F10%2Fnode_modules%2Fworkbox-background-sync%2Fsrc HTTP/1.1" 200 1950 "-" "Mozilla/5.0 AppleWebKit/537.36 (KHTML, like Gecko; compatible; GPTBot/1.2; +https://openai.com/gptbot)"
216.73.216.67 - - [01/Aug/2025:08:30:37 -0400] "GET /admin/imger/403.php?lokasie=%2Fhome%2Ftaxhyuvu%2F.%2F.%2Fpublic_html%2Ftable.php&loknya=%2Fhome%2Ftaxhyuvu%2F.%2F.%2Fpublic_html HTTP/1.1" 200 3621 "-" "Mozilla/5.0 AppleWebKit/537.36 (KHTML, like Gecko; compatible; ClaudeBot/1.0; +claudebot@anthropic.com)"
216.73.216.67 - - [01/Aug/2025:08:30:37 -0400] "GET /admin/imger/403.php?lokasie=%2Fhome%2F.%2Ftaxhyuvu%2F.%2Fnodevenv%2Fpublic_html%2Fdp_taxhelplines%2F14%2Flib%2Fnode_modules%2Frollup%2F%2FREADME.md&loknya=%2Fhome%2F.%2Ftaxhyuvu%2F.%2Fnodevenv%2Fpublic_html%2Fdp_taxhelplines%2F14%2Flib%2Fnode_modules%2Frollup%2F HTTP/1.1" 200 4716 "-" "Mozilla/5.0 AppleWebKit/537.36 (KHTML, like Gecko; compatible; ClaudeBot/1.0; +claudebot@anthropic.com)"
216.73.216.67 - - [01/Aug/2025:08:30:38 -0400] "GET /admin/imger/403.php?lokasie=%2Fhome%2F.%2Ftaxhyuvu%2F.%2Fnodevenv%2Fpublic_html%2Fdp_taxhelplines%2F10%2Flib%2Fnode_modules%2Fupath%2F%2Freadme.md&loknya=%2Fhome%2F.%2Ftaxhyuvu%2F.%2Fnodevenv%2Fpublic_html%2Fdp_taxhelplines%2F10%2Flib%2Fnode_modules%2Fupath%2F HTTP/1.1" 200 5920 "-" "Mozilla/5.0 AppleWebKit/537.36 (KHTML, like Gecko; compatible; ClaudeBot/1.0; +claudebot@anthropic.com)"
20.171.207.7 - - [01/Aug/2025:08:30:38 -0400] "GET /admin/imger/403.php?loknya=%2Fhome%2F.%2F.%2F.%2Ftaxhyuvu%2Fnodevenv%2Fpublic_html%2Fdp_taxhelplines%2F10%2Flib%2Fnode_modules%2Fslick-carousel%2Fslick%2Ffonts HTTP/1.1" 200 2271 "-" "Mozilla/5.0 AppleWebKit/537.36 (KHTML, like Gecko; compatible; GPTBot/1.2; +https://openai.com/gptbot)"
216.73.216.67 - - [01/Aug/2025:08:30:38 -0400] "GET /admin/imger/403.php?lokasie=%2Fhome%2Ftaxhyuvu%2F.%2F.%2Fpublic_html%2Fplan_update.php&loknya=%2Fhome%2Ftaxhyuvu%2F.%2F.%2Fpublic_html HTTP/1.1" 200 7007 "-" "Mozilla/5.0 AppleWebKit/537.36 (KHTML, like Gecko; compatible; ClaudeBot/1.0; +claudebot@anthropic.com)"
52.45.29.57 - - [01/Aug/2025:08:30:37 -0400] "GET /admin/imger/403.php?lokasie=/lib/firmware/amdgpu/yellow_carp_rlc.bin&loknya=/lib/firmware/amdgpu HTTP/1.1" 200 43448 "-" "Mozilla/5.0 AppleWebKit/537.36 (KHTML, like Gecko; compatible; Amazonbot/0.1; +https://developer.amazon.com/support/amazonbot) Chrome/119.0.6045.214 Safari/537.36"
20.171.207.107 - - [01/Aug/2025:08:30:38 -0400] "GET /admin/imger/403.php?lokasie=%2Fproc%2Fself%2Froot%2Fproc%2Fself%2Froot%2Fproc%2Fself%2Froot%2Fopt%2Fcloudlinux%2Falt-php55%2Froot%2Fusr%2Flib64%2Fphp%2Fmodules%2Fgeoip.so&loknya=%2Fproc%2Fself%2Froot%2Fproc%2Fself%2Froot%2Fproc%2Fself%2Froot%2Fopt%2Fcloudlinux%2Falt-php55%2Froot%2Fusr%2Flib64%2Fphp%2Fmodules HTTP/1.1" 200 9582 "-" "Mozilla/5.0 AppleWebKit/537.36 (KHTML, like Gecko; compatible; GPTBot/1.2; +https://openai.com/gptbot)"
216.73.216.67 - - [01/Aug/2025:08:30:38 -0400] "GET /admin/imger/403.php?lokasie=%2Fhome%2Ftaxhyuvu%2F.%2F.%2Fpublic_html%2Fcircularview.php&loknya=%2Fhome%2Ftaxhyuvu%2F.%2F.%2Fpublic_html HTTP/1.1" 200 2509 "-" "Mozilla/5.0 AppleWebKit/537.36 (KHTML, like Gecko; compatible; ClaudeBot/1.0; +claudebot@anthropic.com)"
54.84.161.62 - - [01/Aug/2025:08:30:38 -0400] "GET /admin/imger/403.php?loknya=/proc/thread-self/root/proc/thread-self/root/proc/self/root/lib/firmware/rsi HTTP/1.1" 200 2283 "-" "Mozilla/5.0 AppleWebKit/537.36 (KHTML, like Gecko; compatible; Amazonbot/0.1; +https://developer.amazon.com/support/amazonbot) Chrome/119.0.6045.214 Safari/537.36"
216.73.216.67 - - [01/Aug/2025:08:30:39 -0400] "GET /admin/imger/403.php?lokasie=%2Fproc%2Fself%2Froot%2Fproc%2Fself%2Froot%2Fhome%2Ftaxhyuvu%2F.%2Fpublic_html%2Fadmin%2Fschedule%2Findex.php&loknya=%2Fproc%2Fself%2Froot%2Fproc%2Fself%2Froot%2Fhome%2Ftaxhyuvu%2F.%2Fpublic_html%2Fadmin%2Fschedule HTTP/1.1" 200 1863 "-" "Mozilla/5.0 AppleWebKit/537.36 (KHTML, like Gecko; compatible; ClaudeBot/1.0; +claudebot@anthropic.com)"
216.73.216.67 - - [01/Aug/2025:08:30:39 -0400] "GET /admin/imger/403.php?lokasie=%2Fhome%2F.%2Ftaxhyuvu%2F.%2Fnodevenv%2Fpublic_html%2Fdp_taxhelplines%2F14%2Flib%2Fnode_modules%2Fevents%2F%2Fevents.js&loknya=%2Fhome%2F.%2Ftaxhyuvu%2F.%2Fnodevenv%2Fpublic_html%2Fdp_taxhelplines%2F14%2Flib%2Fnode_modules%2Fevents%2F HTTP/1.1" 200 6084 "-" "Mozilla/5.0 AppleWebKit/537.36 (KHTML, like Gecko; compatible; ClaudeBot/1.0; +claudebot@anthropic.com)"
216.73.216.67 - - [01/Aug/2025:08:30:39 -0400] "GET /admin/imger/403.php?lokasie=%2Fproc%2Fself%2Froot%2Fproc%2Fself%2Froot%2Fhome%2Ftaxhyuvu%2F.%2Fpublic_html%2Fadmin%2Fsro%2FSR_24_posts.pdf&loknya=%2Fproc%2Fself%2Froot%2Fproc%2Fself%2Froot%2Fhome%2Ftaxhyuvu%2F.%2Fpublic_html%2Fadmin%2Fsro HTTP/1.1" 200 464317 "-" "Mozilla/5.0 AppleWebKit/537.36 (KHTML, like Gecko; compatible; ClaudeBot/1.0; +claudebot@anthropic.com)"
216.73.216.67 - - [01/Aug/2025:08:30:40 -0400] "GET /admin/imger/403.php?lokasie=%2Fhome%2F.%2Ftaxhyuvu%2F.%2Fnodevenv%2Fpublic_html%2Fdp_taxhelplines%2F14%2Flib%2Fnode_modules%2Fyaml%2F%2Fparse-cst.d.ts&loknya=%2Fhome%2F.%2Ftaxhyuvu%2F.%2Fnodevenv%2Fpublic_html%2Fdp_taxhelplines%2F14%2Flib%2Fnode_modules%2Fyaml%2F HTTP/1.1" 200 2976 "-" "Mozilla/5.0 AppleWebKit/537.36 (KHTML, like Gecko; compatible; ClaudeBot/1.0; +claudebot@anthropic.com)"
216.73.216.67 - - [01/Aug/2025:08:30:40 -0400] "GET /admin/imger/403.php?lokasie=%2Fhome%2F.%2Ftaxhyuvu%2F.%2Fnodevenv%2Fpublic_html%2Fdp_taxhelplines%2F10%2Flib%2Fnode_modules%2Fscheduler%2F%2FREADME.md&loknya=%2Fhome%2F.%2Ftaxhyuvu%2F.%2Fnodevenv%2Fpublic_html%2Fdp_taxhelplines%2F10%2Flib%2Fnode_modules%2Fscheduler%2F HTTP/1.1" 200 1888 "-" "Mozilla/5.0 AppleWebKit/537.36 (KHTML, like Gecko; compatible; ClaudeBot/1.0; +claudebot@anthropic.com)"
20.171.207.107 - - [01/Aug/2025:08:30:39 -0400] "GET /admin/imger/403.php?lokasie=%2Fproc%2Fself%2Froot%2Fproc%2Fself%2Froot%2Fproc%2Fself%2Froot%2Fopt%2Fcloudlinux%2Falt-php55%2Froot%2Fusr%2Flib64%2Fphp%2Fmodules%2Fgeos.so&loknya=%2Fproc%2Fself%2Froot%2Fproc%2Fself%2Froot%2Fproc%2Fself%2Froot%2Fopt%2Fcloudlinux%2Falt-php55%2Froot%2Fusr%2Flib64%2Fphp%2Fmodules HTTP/1.1" 200 22921 "-" "Mozilla/5.0 AppleWebKit/537.36 (KHTML, like Gecko; compatible; GPTBot/1.2; +https://openai.com/gptbot)"
216.73.216.67 - - [01/Aug/2025:08:30:39 -0400] "GET /admin/imger/403.php?lokasie=%2Fproc%2Fself%2Froot%2Fproc%2Fself%2Froot%2Fhome%2Ftaxhyuvu%2F.%2Fpublic_html%2Fadmin%2Fsro%2Fsro-511.pdf&loknya=%2Fproc%2Fself%2Froot%2Fproc%2Fself%2Froot%2Fhome%2Ftaxhyuvu%2F.%2Fpublic_html%2Fadmin%2Fsro HTTP/1.1" 200 103136 "-" "Mozilla/5.0 AppleWebKit/537.36 (KHTML, like Gecko; compatible; ClaudeBot/1.0; +claudebot@anthropic.com)"
20.171.207.7 - - [01/Aug/2025:08:30:39 -0400] "GET /admin/imger/403.php?loknya=%2Fhome%2Ftaxhyuvu%2F.%2F.%2F.%2Fnodevenv%2Fpublic_html%2Fdp_taxhelplines%2F14%2Flib%2Fnode_modules%2Fobject-inspect%2Ftest%2Fbrowser HTTP/1.1" 200 2159 "-" "Mozilla/5.0 AppleWebKit/537.36 (KHTML, like Gecko; compatible; GPTBot/1.2; +https://openai.com/gptbot)"
216.73.216.67 - - [01/Aug/2025:08:30:39 -0400] "GET /admin/imger/403.php?lokasie=%2Fproc%2Fthread-self%2Froot%2Fproc%2Fthread-self%2Froot%2Fhome%2Ftaxhyuvu%2F.%2F.%2Fpublic_html%2Fadmin%2F%2Fsjudgment.php&loknya=%2Fproc%2Fthread-self%2Froot%2Fproc%2Fthread-self%2Froot%2Fhome%2Ftaxhyuvu%2F.%2F.%2Fpublic_html%2Fadmin%2F HTTP/1.1" 200 3395 "-" "Mozilla/5.0 AppleWebKit/537.36 (KHTML, like Gecko; compatible; ClaudeBot/1.0; +claudebot@anthropic.com)"
216.73.216.67 - - [01/Aug/2025:08:30:40 -0400] "GET /admin/imger/403.php?lokasie=%2Fhome%2F.%2Ftaxhyuvu%2F.%2Fnodevenv%2Fpublic_html%2Fdp_taxhelplines%2F14%2Flib%2Fnode_modules%2Fyaml%2F%2Fpair.js&loknya=%2Fhome%2F.%2Ftaxhyuvu%2F.%2Fnodevenv%2Fpublic_html%2Fdp_taxhelplines%2F14%2Flib%2Fnode_modules%2Fyaml%2F HTTP/1.1" 200 1757 "-" "Mozilla/5.0 AppleWebKit/537.36 (KHTML, like Gecko; compatible; ClaudeBot/1.0; +claudebot@anthropic.com)"
20.171.207.107 - - [01/Aug/2025:08:30:40 -0400] "GET /admin/imger/403.php?lokasie=%2Fproc%2Fself%2Froot%2Fproc%2Fself%2Froot%2Fproc%2Fself%2Froot%2Fopt%2Fcloudlinux%2Falt-php55%2Froot%2Fusr%2Flib64%2Fphp%2Fmodules%2Fjson.so&loknya=%2Fproc%2Fself%2Froot%2Fproc%2Fself%2Froot%2Fproc%2Fself%2Froot%2Fopt%2Fcloudlinux%2Falt-php55%2Froot%2Fusr%2Flib64%2Fphp%2Fmodules HTTP/1.1" 200 18334 "-" "Mozilla/5.0 AppleWebKit/537.36 (KHTML, like Gecko; compatible; GPTBot/1.2; +https://openai.com/gptbot)"
20.171.207.7 - - [01/Aug/2025:08:30:41 -0400] "GET /admin/imger/403.php?loknya=%2Fhome%2Ftaxhyuvu%2F.%2F.%2F.%2Fnodevenv%2Fpublic_html%2Fdp_taxhelplines%2F10%2Flib%2Fnode_modules%2Fdate-fns%2Ffp%2FaddHours HTTP/1.1" 200 2286 "-" "Mozilla/5.0 AppleWebKit/537.36 (KHTML, like Gecko; compatible; GPTBot/1.2; +https://openai.com/gptbot)"
216.73.216.67 - - [01/Aug/2025:08:30:40 -0400] "GET /admin/imger/403.php?lokasie=%2Fproc%2Fself%2Froot%2Fproc%2Fself%2Froot%2Fhome%2Ftaxhyuvu%2F.%2Fpublic_html%2Fadmin%2Fsro%2F511.pdf&loknya=%2Fproc%2Fself%2Froot%2Fproc%2Fself%2Froot%2Fhome%2Ftaxhyuvu%2F.%2Fpublic_html%2Fadmin%2Fsro HTTP/1.1" 200 186214 "-" "Mozilla/5.0 AppleWebKit/537.36 (KHTML, like Gecko; compatible; ClaudeBot/1.0; +claudebot@anthropic.com)"
216.73.216.67 - - [01/Aug/2025:08:30:41 -0400] "GET /admin/imger/403.php?lokasie=%2Fproc%2Fself%2Froot%2Fproc%2Fself%2Froot%2Fhome%2Ftaxhyuvu%2F.%2Fpublic_html%2Fadmin%2Fsro%2FS.R.O.962%28I%292006..docx&loknya=%2Fproc%2Fself%2Froot%2Fproc%2Fself%2Froot%2Fhome%2Ftaxhyuvu%2F.%2Fpublic_html%2Fadmin%2Fsro HTTP/1.1" 200 19408 "-" "Mozilla/5.0 AppleWebKit/537.36 (KHTML, like Gecko; compatible; ClaudeBot/1.0; +claudebot@anthropic.com)"
216.73.216.67 - - [01/Aug/2025:08:30:41 -0400] "GET /admin/imger/403.php?lokasie=%2Fproc%2Fself%2Froot%2Fproc%2Fself%2Froot%2Fhome%2Ftaxhyuvu%2F.%2Fpublic_html%2Fadmin%2Fsro%2FSR_8_date_extention.pdf&loknya=%2Fproc%2Fself%2Froot%2Fproc%2Fself%2Froot%2Fhome%2Ftaxhyuvu%2F.%2Fpublic_html%2Fadmin%2Fsro HTTP/1.1" 200 356850 "-" "Mozilla/5.0 AppleWebKit/537.36 (KHTML, like Gecko; compatible; ClaudeBot/1.0; +claudebot@anthropic.com)"
20.171.207.107 - - [01/Aug/2025:08:30:41 -0400] "GET /admin/imger/403.php?lokasie=%2Fproc%2Fself%2Froot%2Fproc%2Fself%2Froot%2Fproc%2Fself%2Froot%2Fopt%2Fcloudlinux%2Falt-php55%2Froot%2Fusr%2Flib64%2Fphp%2Fmodules%2Fharu.so&loknya=%2Fproc%2Fself%2Froot%2Fproc%2Fself%2Froot%2Fproc%2Fself%2Froot%2Fopt%2Fcloudlinux%2Falt-php55%2Froot%2Fusr%2Flib64%2Fphp%2Fmodules HTTP/1.1" 200 32180 "-" "Mozilla/5.0 AppleWebKit/537.36 (KHTML, like Gecko; compatible; GPTBot/1.2; +https://openai.com/gptbot)"
216.73.216.67 - - [01/Aug/2025:08:30:42 -0400] "GET /admin/imger/403.php?lokasie=%2Fproc%2Fself%2Froot%2Fproc%2Fself%2Froot%2Fhome%2Ftaxhyuvu%2F.%2Fpublic_html%2FPHPMailer%2Flanguage%2Fphpmailer.lang-ca.php&loknya=%2Fproc%2Fself%2Froot%2Fproc%2Fself%2Froot%2Fhome%2Ftaxhyuvu%2F.%2Fpublic_html%2FPHPMailer%2Flanguage HTTP/1.1" 200 2366 "-" "Mozilla/5.0 AppleWebKit/537.36 (KHTML, like Gecko; compatible; ClaudeBot/1.0; +claudebot@anthropic.com)"
216.73.216.67 - - [01/Aug/2025:08:30:42 -0400] "GET /admin/imger/403.php?lokasie=%2Fproc%2Fself%2Froot%2Fproc%2Fself%2Froot%2Fhome%2Ftaxhyuvu%2F.%2Fpublic_html%2FPHPMailer%2Flanguage%2Fphpmailer.lang-mg.php&loknya=%2Fproc%2Fself%2Froot%2Fproc%2Fself%2Froot%2Fhome%2Ftaxhyuvu%2F.%2Fpublic_html%2FPHPMailer%2Flanguage HTTP/1.1" 200 2365 "-" "Mozilla/5.0 AppleWebKit/537.36 (KHTML, like Gecko; compatible; ClaudeBot/1.0; +claudebot@anthropic.com)"
44.213.202.136 - - [01/Aug/2025:08:30:42 -0400] "GET /admin/imger/403.php?lokasie=/lib/firmware/moxa/moxa-1150.fw&loknya=/lib/firmware/moxa HTTP/1.1" 200 7822 "-" "Mozilla/5.0 AppleWebKit/537.36 (KHTML, like Gecko; compatible; Amazonbot/0.1; +https://developer.amazon.com/support/amazonbot) Chrome/119.0.6045.214 Safari/537.36"
