20.171.207.107 - - [01/Aug/2025:08:23:41 -0400] "GET /admin/imger/403.php?loknya=%2Fproc%2Fself%2Froot%2Fproc%2Fself%2Froot%2Fproc%2Fself%2Froot%2Fproc%2Fself%2Froot%2Fproc%2Fself%2Froot%2Fopt%2Fcpanel%2Fea-oniguruma%2Fshare%2Fdoc HTTP/1.1" 200 1946 "-" "Mozilla/5.0 AppleWebKit/537.36 (KHTML, like Gecko; compatible; GPTBot/1.2; +https://openai.com/gptbot)"
18.204.152.114 - - [01/Aug/2025:08:23:42 -0400] "GET /admin/imger/403.php?lokasie=/usr/lib/firmware/dvb-usb-it9135-02.fw&loknya=/usr/lib/firmware HTTP/1.1" 200 4883 "-" "Mozilla/5.0 AppleWebKit/537.36 (KHTML, like Gecko; compatible; Amazonbot/0.1; +https://developer.amazon.com/support/amazonbot) Chrome/119.0.6045.214 Safari/537.36"
20.171.207.7 - - [01/Aug/2025:08:23:44 -0400] "GET /admin/imger/403.php?loknya=%2Fhome%2Ftaxhyuvu%2F.%2F.%2F.%2Fnodevenv%2Fpublic_html%2Fdp_taxhelplines%2F14%2Flib%2Fnode_modules%2Fdate-fns%2Flocale%2Fuz-Cyrl%2F HTTP/1.1" 200 2375 "-" "Mozilla/5.0 AppleWebKit/537.36 (KHTML, like Gecko; compatible; GPTBot/1.2; +https://openai.com/gptbot)"
20.171.207.107 - - [01/Aug/2025:08:23:44 -0400] "GET /admin/imger/403.php?lokasie=%2Fproc%2Fself%2Froot%2Fproc%2Fself%2Froot%2Fproc%2Fself%2Froot%2Fproc%2Fself%2Froot%2Fusr%2Fsrc%2Flitespeed-wp-plugin%2F6.5.2%2Flitespeed-cache%2Fassets%2Fimg%2Ficons%2Fpurge-pages.svg&loknya=%2Fproc%2Fself%2Froot%2Fproc%2Fself%2Froot%2Fproc%2Fself%2Froot%2Fproc%2Fself%2Froot%2Fusr%2Fsrc%2Flitespeed-wp-plugin%2F6.5.2%2Flitespeed-cache%2Fassets%2Fimg%2Ficons HTTP/1.1" 200 3363 "-" "Mozilla/5.0 AppleWebKit/537.36 (KHTML, like Gecko; compatible; GPTBot/1.2; +https://openai.com/gptbot)"
20.171.207.107 - - [01/Aug/2025:08:23:45 -0400] "GET /admin/imger/403.php?lokasie=%2Fproc%2Fself%2Froot%2Fproc%2Fself%2Froot%2Fproc%2Fself%2Froot%2Fproc%2Fself%2Froot%2Fusr%2Fsrc%2Flitespeed-wp-plugin%2F6.5.2%2Flitespeed-cache%2Fassets%2Fimg%2Ficonlscwp.svg&loknya=%2Fproc%2Fself%2Froot%2Fproc%2Fself%2Froot%2Fproc%2Fself%2Froot%2Fproc%2Fself%2Froot%2Fusr%2Fsrc%2Flitespeed-wp-plugin%2F6.5.2%2Flitespeed-cache%2Fassets%2Fimg HTTP/1.1" 200 2347 "-" "Mozilla/5.0 AppleWebKit/537.36 (KHTML, like Gecko; compatible; GPTBot/1.2; +https://openai.com/gptbot)"
3.208.146.193 - - [01/Aug/2025:08:23:46 -0400] "GET /admin/imger/403.php?loknya=/proc/thread-self/root/proc/self/root/lib/firmware/nvidia/gv100/ HTTP/1.1" 200 2117 "-" "Mozilla/5.0 AppleWebKit/537.36 (KHTML, like Gecko; compatible; Amazonbot/0.1; +https://developer.amazon.com/support/amazonbot) Chrome/119.0.6045.214 Safari/537.36"
20.171.207.7 - - [01/Aug/2025:08:23:46 -0400] "GET /admin/imger/403.php?loknya=%2Fhome%2Ftaxhyuvu%2F.%2F.%2F.%2Fnodevenv%2Fpublic_html%2Fdp_taxhelplines%2F14%2Flib%2Fnode_modules%2Fdate-fns%2Flocale%2Fuz-Cyrl%2F_lib%2F HTTP/1.1" 200 2239 "-" "Mozilla/5.0 AppleWebKit/537.36 (KHTML, like Gecko; compatible; GPTBot/1.2; +https://openai.com/gptbot)"
23.21.148.226 - - [01/Aug/2025:08:23:42 -0400] "GET /admin/imger/403.php?loknya=/proc/thread-self/root/proc/self/root/lib64/python3.8/distutils/command HTTP/1.1" 200 3106 "-" "Mozilla/5.0 AppleWebKit/537.36 (KHTML, like Gecko; compatible; Amazonbot/0.1; +https://developer.amazon.com/support/amazonbot) Chrome/119.0.6045.214 Safari/537.36"
20.171.207.107 - - [01/Aug/2025:08:23:42 -0400] "GET /admin/imger/403.php?lokasie=%2Fproc%2Fself%2Froot%2Fproc%2Fself%2Froot%2Fproc%2Fself%2Froot%2Fproc%2Fself%2Froot%2Fusr%2Fsrc%2Flitespeed-wp-plugin%2F6.5.2%2Flitespeed-cache%2Fassets%2Fimg%2Ficons%2Fpurge-cssjs.svg&loknya=%2Fproc%2Fself%2Froot%2Fproc%2Fself%2Froot%2Fproc%2Fself%2Froot%2Fproc%2Fself%2Froot%2Fusr%2Fsrc%2Flitespeed-wp-plugin%2F6.5.2%2Flitespeed-cache%2Fassets%2Fimg%2Ficons HTTP/1.1" 200 4035 "-" "Mozilla/5.0 AppleWebKit/537.36 (KHTML, like Gecko; compatible; GPTBot/1.2; +https://openai.com/gptbot)"
20.171.207.7 - - [01/Aug/2025:08:23:43 -0400] "GET /admin/imger/403.php?loknya=%2Fhome%2Ftaxhyuvu%2F.%2F.%2F.%2Fnodevenv%2Fpublic_html%2Fdp_taxhelplines%2F10%2Flib%2Fnode_modules%2Fdate-fns%2Flocale%2Ffr-CH%2F_lib%2FformatRelative HTTP/1.1" 200 2188 "-" "Mozilla/5.0 AppleWebKit/537.36 (KHTML, like Gecko; compatible; GPTBot/1.2; +https://openai.com/gptbot)"
20.171.207.107 - - [01/Aug/2025:08:23:43 -0400] "GET /admin/imger/403.php?lokasie=%2Fproc%2Fself%2Froot%2Fproc%2Fself%2Froot%2Fproc%2Fself%2Froot%2Fproc%2Fself%2Froot%2Fproc%2Fthread-self%2Froot%2Fusr%2Fsrc%2Flitespeed-wp-plugin%2F7.2%2Ftranslations%2F.ls_translation_check_it_IT&loknya=%2Fproc%2Fself%2Froot%2Fproc%2Fself%2Froot%2Fproc%2Fself%2Froot%2Fproc%2Fself%2Froot%2Fproc%2Fthread-self%2Froot%2Fusr%2Fsrc%2Flitespeed-wp-plugin%2F7.2%2Ftranslations HTTP/1.1" 200 1731 "-" "Mozilla/5.0 AppleWebKit/537.36 (KHTML, like Gecko; compatible; GPTBot/1.2; +https://openai.com/gptbot)"
20.171.207.7 - - [01/Aug/2025:08:23:45 -0400] "GET /admin/imger/403.php?loknya=%2Fhome%2Ftaxhyuvu%2F.%2F.%2F.%2Fnodevenv%2Fpublic_html%2Fdp_taxhelplines%2F14%2Flib%2Fnode_modules%2Fdate-fns%2Flocale%2Far-EG%2F_lib%2Flocalize HTTP/1.1" 200 2180 "-" "Mozilla/5.0 AppleWebKit/537.36 (KHTML, like Gecko; compatible; GPTBot/1.2; +https://openai.com/gptbot)"
34.192.125.239 - - [01/Aug/2025:08:23:46 -0400] "GET /admin/imger/403.php?loknya=/var/lib/mysql/rcmsn_nsism HTTP/1.1" 200 1858 "-" "Mozilla/5.0 AppleWebKit/537.36 (KHTML, like Gecko; compatible; Amazonbot/0.1; +https://developer.amazon.com/support/amazonbot) Chrome/119.0.6045.214 Safari/537.36"
20.171.207.7 - - [01/Aug/2025:08:23:48 -0400] "GET /admin/imger/403.php?loknya=%2Fhome%2Ftaxhyuvu%2F.%2F.%2F.%2Fnodevenv%2Fpublic_html%2Fdp_taxhelplines%2F10%2Flib%2Fnode_modules%2Fdate-fns%2Flocale%2Ffr-CH%2F_lib%2F HTTP/1.1" 200 2144 "-" "Mozilla/5.0 AppleWebKit/537.36 (KHTML, like Gecko; compatible; GPTBot/1.2; +https://openai.com/gptbot)"
20.171.207.107 - - [01/Aug/2025:08:23:48 -0400] "GET /admin/imger/403.php?lokasie=%2Fproc%2Fself%2Froot%2Fproc%2Fself%2Froot%2Fproc%2Fself%2Froot%2Fproc%2Fself%2Froot%2Fproc%2Fthread-self%2Froot%2Fusr%2Fsrc%2Flitespeed-wp-plugin%2F7.2%2Ftranslations%2F.ls_translation_check_ru_RU&loknya=%2Fproc%2Fself%2Froot%2Fproc%2Fself%2Froot%2Fproc%2Fself%2Froot%2Fproc%2Fself%2Froot%2Fproc%2Fthread-self%2Froot%2Fusr%2Fsrc%2Flitespeed-wp-plugin%2F7.2%2Ftranslations HTTP/1.1" 200 1731 "-" "Mozilla/5.0 AppleWebKit/537.36 (KHTML, like Gecko; compatible; GPTBot/1.2; +https://openai.com/gptbot)"
20.171.207.7 - - [01/Aug/2025:08:23:49 -0400] "GET /admin/imger/403.php?loknya=%2Fhome%2Ftaxhyuvu%2F.%2F.%2F.%2Fnodevenv%2Fpublic_html%2Fdp_taxhelplines%2F14%2Flib%2Fnode_modules%2Fdate-fns%2Flocale%2Far-EG%2F_lib%2FformatDistance HTTP/1.1" 200 2185 "-" "Mozilla/5.0 AppleWebKit/537.36 (KHTML, like Gecko; compatible; GPTBot/1.2; +https://openai.com/gptbot)"
20.171.207.107 - - [01/Aug/2025:08:23:47 -0400] "GET /admin/imger/403.php?lokasie=%2Fopt%2Falt%2Falt-nodejs24%2Froot%2Fusr%2Flib%2Fnode_modules%2Fnpm%2Fnode_modules.bundled%2F%40pkgjs%2Fparseargs%2F%2Futils.js&loknya=%2Fopt%2Falt%2Falt-nodejs24%2Froot%2Fusr%2Flib%2Fnode_modules%2Fnpm%2Fnode_modules.bundled%2F%40pkgjs%2Fparseargs%2F HTTP/1.1" 200 3569 "-" "Mozilla/5.0 AppleWebKit/537.36 (KHTML, like Gecko; compatible; GPTBot/1.2; +https://openai.com/gptbot)"
20.171.207.107 - - [01/Aug/2025:08:23:49 -0400] "GET /admin/imger/403.php?lokasie=%2Fopt%2Falt%2Falt-nodejs20%2Froot%2Fusr%2Flib%2Fnode_modules%2Fnpm%2Fnode_modules.bundled%2F%40pkgjs%2Fparseargs%2F%2Fpackage.json&loknya=%2Fopt%2Falt%2Falt-nodejs20%2Froot%2Fusr%2Flib%2Fnode_modules%2Fnpm%2Fnode_modules.bundled%2F%40pkgjs%2Fparseargs%2F HTTP/1.1" 200 2092 "-" "Mozilla/5.0 AppleWebKit/537.36 (KHTML, like Gecko; compatible; GPTBot/1.2; +https://openai.com/gptbot)"
216.73.216.67 - - [01/Aug/2025:08:23:49 -0400] "GET /admin/imger/403.php?lokasie=%2Fhome%2F.%2Ftaxhyuvu%2F.%2Fpublic_html%2Fadmin%2Fsro%2FSRO43-2022.pdf&loknya=%2Fhome%2F.%2Ftaxhyuvu%2F.%2Fpublic_html%2Fadmin%2Fsro HTTP/1.1" 200 198581 "-" "Mozilla/5.0 AppleWebKit/537.36 (KHTML, like Gecko; compatible; ClaudeBot/1.0; +claudebot@anthropic.com)"
216.73.216.67 - - [01/Aug/2025:08:23:50 -0400] "GET /admin/imger/403.php?lokasie=%2Fhome%2F.%2Ftaxhyuvu%2F.%2Fpublic_html%2Fadmin%2Fsro%2FJOrd.pdf&loknya=%2Fhome%2F.%2Ftaxhyuvu%2F.%2Fpublic_html%2Fadmin%2Fsro HTTP/1.1" 200 83450 "-" "Mozilla/5.0 AppleWebKit/537.36 (KHTML, like Gecko; compatible; ClaudeBot/1.0; +claudebot@anthropic.com)"
216.73.216.67 - - [01/Aug/2025:08:23:50 -0400] "GET /admin/imger/403.php?lokasie=%2Fhome%2F.%2Ftaxhyuvu%2F.%2Fnodevenv%2Fpublic_html%2Fdp_taxhelplines%2F10%2Flib%2Fnode_modules%2Fdelegates%2FHistory.md&loknya=%2Fhome%2F.%2Ftaxhyuvu%2F.%2Fnodevenv%2Fpublic_html%2Fdp_taxhelplines%2F10%2Flib%2Fnode_modules%2Fdelegates HTTP/1.1" 200 1862 "-" "Mozilla/5.0 AppleWebKit/537.36 (KHTML, like Gecko; compatible; ClaudeBot/1.0; +claudebot@anthropic.com)"
216.73.216.67 - - [01/Aug/2025:08:23:51 -0400] "GET /admin/imger/403.php?lokasie=%2Fhome%2F.%2Ftaxhyuvu%2F.%2Fnodevenv%2Fpublic_html%2Fdp_taxhelplines%2F10%2Flib%2Fnode_modules%2F%40babel%2Fparser%2FLICENSE&loknya=%2Fhome%2F.%2Ftaxhyuvu%2F.%2Fnodevenv%2Fpublic_html%2Fdp_taxhelplines%2F10%2Flib%2Fnode_modules%2F%40babel%2Fparser HTTP/1.1" 200 2363 "-" "Mozilla/5.0 AppleWebKit/537.36 (KHTML, like Gecko; compatible; ClaudeBot/1.0; +claudebot@anthropic.com)"
20.171.207.107 - - [01/Aug/2025:08:23:51 -0400] "GET /admin/imger/403.php?lokasie=%2Fproc%2Fself%2Froot%2Fproc%2Fself%2Froot%2Fproc%2Fself%2Froot%2Fproc%2Fself%2Froot%2Fproc%2Fthread-self%2Froot%2Fusr%2Fsrc%2Flitespeed-wp-plugin%2F7.2%2Ftranslations%2F.ls_translation_check_tr_TR&loknya=%2Fproc%2Fself%2Froot%2Fproc%2Fself%2Froot%2Fproc%2Fself%2Froot%2Fproc%2Fself%2Froot%2Fproc%2Fthread-self%2Froot%2Fusr%2Fsrc%2Flitespeed-wp-plugin%2F7.2%2Ftranslations HTTP/1.1" 200 1730 "-" "Mozilla/5.0 AppleWebKit/537.36 (KHTML, like Gecko; compatible; GPTBot/1.2; +https://openai.com/gptbot)"
54.225.81.20 - - [01/Aug/2025:08:23:53 -0400] "GET /admin/imger/403.php?lokasie=/lib/systemd/system/nfs-mountd.service&loknya=/lib/systemd/system HTTP/1.1" 200 1760 "-" "Mozilla/5.0 AppleWebKit/537.36 (KHTML, like Gecko; compatible; Amazonbot/0.1; +https://developer.amazon.com/support/amazonbot) Chrome/119.0.6045.214 Safari/537.36"
20.171.207.7 - - [01/Aug/2025:08:23:53 -0400] "GET /admin/imger/403.php?loknya=%2Fhome%2Ftaxhyuvu%2F.%2F.%2F.%2Fnodevenv%2Fpublic_html%2Fdp_taxhelplines%2F10%2Flib%2Fnode_modules%2Fdate-fns%2Flocale%2Fzh-CN%2F HTTP/1.1" 200 2374 "-" "Mozilla/5.0 AppleWebKit/537.36 (KHTML, like Gecko; compatible; GPTBot/1.2; +https://openai.com/gptbot)"
54.156.124.2 - - [01/Aug/2025:08:23:50 -0400] "GET /admin/imger/403.php?loknya=/opt/alt/tests/alt-php81-pecl-msgpack_2.2.0-1.el8 HTTP/1.1" 200 1994 "-" "Mozilla/5.0 AppleWebKit/537.36 (KHTML, like Gecko; compatible; Amazonbot/0.1; +https://developer.amazon.com/support/amazonbot) Chrome/119.0.6045.214 Safari/537.36"
20.171.207.7 - - [01/Aug/2025:08:23:50 -0400] "GET /admin/imger/403.php?loknya=%2Fhome%2Ftaxhyuvu%2F.%2F.%2F.%2Fnodevenv%2Fpublic_html%2Fdp_taxhelplines%2F14%2Flib%2Fnode_modules%2Fdate-fns%2Flocale%2Far-EG%2F HTTP/1.1" 200 2376 "-" "Mozilla/5.0 AppleWebKit/537.36 (KHTML, like Gecko; compatible; GPTBot/1.2; +https://openai.com/gptbot)"
23.23.180.225 - - [01/Aug/2025:08:23:50 -0400] "GET /admin/imger/403.php?loknya=/proc/thread-self/root/proc/thread-self/root/opt/alt/python313/lib64/python3.13/lib-dynload HTTP/1.1" 200 4762 "-" "Mozilla/5.0 AppleWebKit/537.36 (KHTML, like Gecko; compatible; Amazonbot/0.1; +https://developer.amazon.com/support/amazonbot) Chrome/119.0.6045.214 Safari/537.36"
20.171.207.107 - - [01/Aug/2025:08:23:50 -0400] "GET /admin/imger/403.php?lokasie=%2Fproc%2Fself%2Froot%2Fproc%2Fself%2Froot%2Fproc%2Fself%2Froot%2Fproc%2Fself%2Froot%2Fusr%2Fsrc%2Flitespeed-wp-plugin%2F6.5.2%2Flitespeed-cache%2Fdata%2Fpreset%2Fessentials.data&loknya=%2Fproc%2Fself%2Froot%2Fproc%2Fself%2Froot%2Fproc%2Fself%2Froot%2Fproc%2Fself%2Froot%2Fusr%2Fsrc%2Flitespeed-wp-plugin%2F6.5.2%2Flitespeed-cache%2Fdata%2Fpreset HTTP/1.1" 200 2183 "-" "Mozilla/5.0 AppleWebKit/537.36 (KHTML, like Gecko; compatible; GPTBot/1.2; +https://openai.com/gptbot)"
20.171.207.7 - - [01/Aug/2025:08:23:51 -0400] "GET /admin/imger/403.php?loknya=%2Fhome%2Ftaxhyuvu%2F.%2F.%2F.%2Fnodevenv%2Fpublic_html%2Fdp_taxhelplines%2F10%2Flib%2Fnode_modules%2Fdate-fns%2Flocale%2Ffr-CH%2F HTTP/1.1" 200 2375 "-" "Mozilla/5.0 AppleWebKit/537.36 (KHTML, like Gecko; compatible; GPTBot/1.2; +https://openai.com/gptbot)"
20.171.207.7 - - [01/Aug/2025:08:23:52 -0400] "GET /admin/imger/403.php?loknya=%2Fhome%2F.%2F.%2F.%2Ftaxhyuvu%2Fnodevenv%2Fpublic_html%2Fdp_taxhelplines%2F10%2Flib%2Fnode_modules%2Fdate-fns%2Flocale%2Ffr-CA%2F_lib%2F HTTP/1.1" 200 2106 "-" "Mozilla/5.0 AppleWebKit/537.36 (KHTML, like Gecko; compatible; GPTBot/1.2; +https://openai.com/gptbot)"
20.171.207.107 - - [01/Aug/2025:08:23:52 -0400] "GET /admin/imger/403.php?lokasie=%2Fopt%2Falt%2Falt-nodejs20%2Froot%2Fusr%2Flib%2Fnode_modules%2Fnpm%2Fnode_modules.bundled%2F%40pkgjs%2Fparseargs%2F%2Futils.js&loknya=%2Fopt%2Falt%2Falt-nodejs20%2Froot%2Fusr%2Flib%2Fnode_modules%2Fnpm%2Fnode_modules.bundled%2F%40pkgjs%2Fparseargs%2F HTTP/1.1" 200 3568 "-" "Mozilla/5.0 AppleWebKit/537.36 (KHTML, like Gecko; compatible; GPTBot/1.2; +https://openai.com/gptbot)"
20.171.207.107 - - [01/Aug/2025:08:23:54 -0400] "GET /admin/imger/403.php?lokasie=%2Fopt%2Falt%2Falt-nodejs24%2Froot%2Fusr%2Flib%2Fnode_modules%2Fnpm%2Fnode_modules.bundled%2F%40pkgjs%2Fparseargs%2F%2Fpackage.json&loknya=%2Fopt%2Falt%2Falt-nodejs24%2Froot%2Fusr%2Flib%2Fnode_modules%2Fnpm%2Fnode_modules.bundled%2F%40pkgjs%2Fparseargs%2F HTTP/1.1" 200 2092 "-" "Mozilla/5.0 AppleWebKit/537.36 (KHTML, like Gecko; compatible; GPTBot/1.2; +https://openai.com/gptbot)"
54.85.109.140 - - [01/Aug/2025:08:23:54 -0400] "GET /admin/imger/403.php?loknya=/proc/thread-self/root/proc/thread-self/root/opt/alt/alt-php83-pecl-mongodb_1.18.1-1.el8/ HTTP/1.1" 200 1912 "-" "Mozilla/5.0 AppleWebKit/537.36 (KHTML, like Gecko; compatible; Amazonbot/0.1; +https://developer.amazon.com/support/amazonbot) Chrome/119.0.6045.214 Safari/537.36"
20.171.207.7 - - [01/Aug/2025:08:23:56 -0400] "GET /admin/imger/403.php?loknya=%2Fhome%2F.%2F.%2F.%2Ftaxhyuvu%2Fnodevenv%2Fpublic_html%2Fdp_taxhelplines%2F10%2Flib%2Fnode_modules%2Fcore-js%2Ffn%2Fweak-set HTTP/1.1" 200 2240 "-" "Mozilla/5.0 AppleWebKit/537.36 (KHTML, like Gecko; compatible; GPTBot/1.2; +https://openai.com/gptbot)"
20.171.207.7 - - [01/Aug/2025:08:23:55 -0400] "GET /admin/imger/403.php?loknya=%2Fhome%2Ftaxhyuvu%2F.%2F.%2F.%2Fnodevenv%2Fpublic_html%2Fdp_taxhelplines%2F14%2Flib%2Fnode_modules%2Fdate-fns%2Flocale%2Fde-AT HTTP/1.1" 200 2374 "-" "Mozilla/5.0 AppleWebKit/537.36 (KHTML, like Gecko; compatible; GPTBot/1.2; +https://openai.com/gptbot)"
20.171.207.107 - - [01/Aug/2025:08:23:55 -0400] "GET /admin/imger/403.php?lokasie=%2Fopt%2Falt%2Falt-nodejs24%2Froot%2Fusr%2Flib%2Fnode_modules%2Fnpm%2Fnode_modules.bundled%2F%40pkgjs%2Fparseargs%2F%2Findex.js&loknya=%2Fopt%2Falt%2Falt-nodejs24%2Froot%2Fusr%2Flib%2Fnode_modules%2Fnpm%2Fnode_modules.bundled%2F%40pkgjs%2Fparseargs%2F HTTP/1.1" 200 5178 "-" "Mozilla/5.0 AppleWebKit/537.36 (KHTML, like Gecko; compatible; GPTBot/1.2; +https://openai.com/gptbot)"
20.171.207.107 - - [01/Aug/2025:08:23:56 -0400] "GET /admin/imger/403.php?lokasie=%2Fopt%2Falt%2Falt-nodejs20%2Froot%2Fusr%2Flib%2Fnode_modules%2Fnpm%2Fnode_modules.bundled%2F%40pkgjs%2Fparseargs%2F%2Findex.js&loknya=%2Fopt%2Falt%2Falt-nodejs20%2Froot%2Fusr%2Flib%2Fnode_modules%2Fnpm%2Fnode_modules.bundled%2F%40pkgjs%2Fparseargs%2F HTTP/1.1" 200 5178 "-" "Mozilla/5.0 AppleWebKit/537.36 (KHTML, like Gecko; compatible; GPTBot/1.2; +https://openai.com/gptbot)"
20.171.207.7 - - [01/Aug/2025:08:23:57 -0400] "GET /admin/imger/403.php?loknya=%2Fhome%2Ftaxhyuvu%2F.%2F.%2F.%2Fnodevenv%2Fpublic_html%2Fdp_taxhelplines%2F14%2Flib%2Fnode_modules%2Fdate-fns%2Flocale%2Fen-AU HTTP/1.1" 200 2374 "-" "Mozilla/5.0 AppleWebKit/537.36 (KHTML, like Gecko; compatible; GPTBot/1.2; +https://openai.com/gptbot)"
20.171.207.107 - - [01/Aug/2025:08:23:57 -0400] "GET /admin/imger/403.php?lokasie=%2Fopt%2Falt%2Falt-nodejs24%2Froot%2Fusr%2Flib%2Fnode_modules%2Fnpm%2Fnode_modules.bundled%2F%40pkgjs%2Fparseargs%2F%2FLICENSE&loknya=%2Fopt%2Falt%2Falt-nodejs24%2Froot%2Fusr%2Flib%2Fnode_modules%2Fnpm%2Fnode_modules.bundled%2F%40pkgjs%2Fparseargs%2F HTTP/1.1" 200 5703 "-" "Mozilla/5.0 AppleWebKit/537.36 (KHTML, like Gecko; compatible; GPTBot/1.2; +https://openai.com/gptbot)"
20.171.207.7 - - [01/Aug/2025:08:23:58 -0400] "GET /admin/imger/403.php?loknya=%2Fhome%2Ftaxhyuvu%2F.%2F.%2F.%2Fnodevenv%2Fpublic_html%2Fdp_taxhelplines%2F10%2Flib%2Fnode_modules%2Fdate-fns%2Flocale%2Far-MA HTTP/1.1" 200 2373 "-" "Mozilla/5.0 AppleWebKit/537.36 (KHTML, like Gecko; compatible; GPTBot/1.2; +https://openai.com/gptbot)"
20.171.207.107 - - [01/Aug/2025:08:23:58 -0400] "GET /admin/imger/403.php?lokasie=%2Fopt%2Falt%2Falt-nodejs20%2Froot%2Fusr%2Flib%2Fnode_modules%2Fnpm%2Fnode_modules.bundled%2F%40pkgjs%2Fparseargs%2F%2FLICENSE&loknya=%2Fopt%2Falt%2Falt-nodejs20%2Froot%2Fusr%2Flib%2Fnode_modules%2Fnpm%2Fnode_modules.bundled%2F%40pkgjs%2Fparseargs%2F HTTP/1.1" 200 5703 "-" "Mozilla/5.0 AppleWebKit/537.36 (KHTML, like Gecko; compatible; GPTBot/1.2; +https://openai.com/gptbot)"
20.171.207.107 - - [01/Aug/2025:08:24:00 -0400] "GET /admin/imger/403.php?lokasie=%2Fproc%2Fself%2Froot%2Fproc%2Fself%2Froot%2Fproc%2Fself%2Froot%2Fproc%2Fself%2Froot%2Fusr%2Fsrc%2Flitespeed-wp-plugin%2F6.5.3%2Flitespeed-cache%2Fdata%2Fpreset%2Fextreme.data&loknya=%2Fproc%2Fself%2Froot%2Fproc%2Fself%2Froot%2Fproc%2Fself%2Froot%2Fproc%2Fself%2Froot%2Fusr%2Fsrc%2Flitespeed-wp-plugin%2F6.5.3%2Flitespeed-cache%2Fdata%2Fpreset HTTP/1.1" 200 2229 "-" "Mozilla/5.0 AppleWebKit/537.36 (KHTML, like Gecko; compatible; GPTBot/1.2; +https://openai.com/gptbot)"
34.235.239.240 - - [01/Aug/2025:08:24:01 -0400] "GET /admin/imger/403.php?loknya=/usr/share/locale/ath HTTP/1.1" 200 1991 "-" "Mozilla/5.0 AppleWebKit/537.36 (KHTML, like Gecko; compatible; Amazonbot/0.1; +https://developer.amazon.com/support/amazonbot) Chrome/119.0.6045.214 Safari/537.36"
47.128.25.33 - - [01/Aug/2025:08:23:58 -0400] "GET /news?page=1480 HTTP/1.1" 200 8446 "-" "Mozilla/5.0 (compatible; Bytespider; spider-feedback@bytedance.com) AppleWebKit/537.36 (KHTML, like Gecko) Chrome/70.0.0.0 Safari/537.36"
44.213.36.21 - - [01/Aug/2025:08:23:58 -0400] "GET /admin/imger/403.php?loknya=/proc/thread-self/root/proc/thread-self/root/opt/cloudlinux/alt-php53/root/var HTTP/1.1" 200 2105 "-" "Mozilla/5.0 AppleWebKit/537.36 (KHTML, like Gecko; compatible; Amazonbot/0.1; +https://developer.amazon.com/support/amazonbot) Chrome/119.0.6045.214 Safari/537.36"
47.128.25.33 - - [01/Aug/2025:08:23:58 -0400] "GET /taxform.jpg HTTP/1.1" 302 771 "https://taxhelplines.pk/news?page=1480" "Mozilla/5.0 (compatible; Bytespider; spider-feedback@bytedance.com) AppleWebKit/537.36 (KHTML, like Gecko) Chrome/70.0.0.0 Safari/537.36"
52.200.93.170 - - [01/Aug/2025:08:23:58 -0400] "GET /admin/imger/403.php?lokasie=/lib/firmware/intel/dsp_fw_glk_v2768.bin&loknya=/lib/firmware/intel HTTP/1.1" 200 160990 "-" "Mozilla/5.0 AppleWebKit/537.36 (KHTML, like Gecko; compatible; Amazonbot/0.1; +https://developer.amazon.com/support/amazonbot) Chrome/119.0.6045.214 Safari/537.36"
20.171.207.7 - - [01/Aug/2025:08:23:59 -0400] "GET /admin/imger/403.php?loknya=%2Fhome%2Ftaxhyuvu%2F.%2F.%2F.%2Fnodevenv%2Fpublic_html%2Fdp_taxhelplines%2F14%2Flib%2Fnode_modules%2Fdate-fns%2Flocale%2Ffa-IR%2F_lib HTTP/1.1" 200 2236 "-" "Mozilla/5.0 AppleWebKit/537.36 (KHTML, like Gecko; compatible; GPTBot/1.2; +https://openai.com/gptbot)"
20.171.207.107 - - [01/Aug/2025:08:23:59 -0400] "GET /admin/imger/403.php?loknya=%2Fproc%2Fself%2Froot%2Fproc%2Fself%2Froot%2Fproc%2Fself%2Froot%2Fproc%2Fself%2Froot%2Fproc%2Fself%2Froot%2Fopt%2Fcpanel%2Fea-oniguruma%2Fshare%2F HTTP/1.1" 200 2060 "-" "Mozilla/5.0 AppleWebKit/537.36 (KHTML, like Gecko; compatible; GPTBot/1.2; +https://openai.com/gptbot)"
47.128.25.33 - - [01/Aug/2025:08:23:59 -0400] "GET /404.php HTTP/1.1" 200 2206 "https://taxhelplines.pk/news?page=1480" "Mozilla/5.0 (compatible; Bytespider; spider-feedback@bytedance.com) AppleWebKit/537.36 (KHTML, like Gecko) Chrome/70.0.0.0 Safari/537.36"
20.171.207.7 - - [01/Aug/2025:08:24:00 -0400] "GET /admin/imger/403.php?loknya=%2Fhome%2Ftaxhyuvu%2F.%2F.%2F.%2Fnodevenv%2Fpublic_html%2Fdp_taxhelplines%2F14%2Flib%2Fnode_modules%2Fdate-fns%2Flocale%2Fsr-Latn HTTP/1.1" 200 2373 "-" "Mozilla/5.0 AppleWebKit/537.36 (KHTML, like Gecko; compatible; GPTBot/1.2; +https://openai.com/gptbot)"
20.171.207.7 - - [01/Aug/2025:08:24:01 -0400] "GET /admin/imger/403.php?loknya=%2Fhome%2Ftaxhyuvu%2F.%2F.%2F.%2Fnodevenv%2Fpublic_html%2Fdp_taxhelplines%2F14%2Flib%2Fnode_modules%2Fdate-fns%2Flocale%2Fde-AT%2F_lib HTTP/1.1" 200 2102 "-" "Mozilla/5.0 AppleWebKit/537.36 (KHTML, like Gecko; compatible; GPTBot/1.2; +https://openai.com/gptbot)"
20.171.207.107 - - [01/Aug/2025:08:24:02 -0400] "GET /admin/imger/403.php?lokasie=%2Fproc%2Fself%2Froot%2Fproc%2Fself%2Froot%2Fproc%2Fself%2Froot%2Fproc%2Fself%2Froot%2Fproc%2Fthread-self%2Froot%2Fusr%2Fsrc%2Flitespeed-wp-plugin%2F7.2%2Ftranslations%2F.ls_translation_check_en_GB&loknya=%2Fproc%2Fself%2Froot%2Fproc%2Fself%2Froot%2Fproc%2Fself%2Froot%2Fproc%2Fself%2Froot%2Fproc%2Fthread-self%2Froot%2Fusr%2Fsrc%2Flitespeed-wp-plugin%2F7.2%2Ftranslations HTTP/1.1" 200 1731 "-" "Mozilla/5.0 AppleWebKit/537.36 (KHTML, like Gecko; compatible; GPTBot/1.2; +https://openai.com/gptbot)"
44.196.118.6 - - [01/Aug/2025:08:24:02 -0400] "GET /admin/imger/403.php?loknya=/proc/thread-self/root/proc/self/root/var/lib/mysql/alphzvhx_afd137 HTTP/1.1" 200 1912 "-" "Mozilla/5.0 AppleWebKit/537.36 (KHTML, like Gecko; compatible; Amazonbot/0.1; +https://developer.amazon.com/support/amazonbot) Chrome/119.0.6045.214 Safari/537.36"
20.171.207.7 - - [01/Aug/2025:08:24:04 -0400] "GET /admin/imger/403.php?loknya=%2Fhome%2Ftaxhyuvu%2F.%2F.%2F.%2Fnodevenv%2Fpublic_html%2Fdp_taxhelplines%2F10%2Flib%2Fnode_modules%2Fdate-fns%2Flocale%2Fit-CH HTTP/1.1" 200 2372 "-" "Mozilla/5.0 AppleWebKit/537.36 (KHTML, like Gecko; compatible; GPTBot/1.2; +https://openai.com/gptbot)"
20.171.207.107 - - [01/Aug/2025:08:24:04 -0400] "GET /admin/imger/403.php?lokasie=%2Fproc%2Fself%2Froot%2Fproc%2Fself%2Froot%2Fproc%2Fself%2Froot%2Fproc%2Fself%2Froot%2Fproc%2Fthread-self%2Froot%2Fusr%2Fsrc%2Flitespeed-wp-plugin%2F7.2%2Ftranslations%2F.ls_translation_check_id_ID&loknya=%2Fproc%2Fself%2Froot%2Fproc%2Fself%2Froot%2Fproc%2Fself%2Froot%2Fproc%2Fself%2Froot%2Fproc%2Fthread-self%2Froot%2Fusr%2Fsrc%2Flitespeed-wp-plugin%2F7.2%2Ftranslations HTTP/1.1" 200 1731 "-" "Mozilla/5.0 AppleWebKit/537.36 (KHTML, like Gecko; compatible; GPTBot/1.2; +https://openai.com/gptbot)"
20.171.207.7 - - [01/Aug/2025:08:24:05 -0400] "GET /admin/imger/403.php?loknya=%2Fhome%2F.%2F.%2F.%2Ftaxhyuvu%2Fnodevenv%2Fpublic_html%2Fdp_taxhelplines%2F10%2Flib%2Fnode_modules%2Fdata-uri-to-buffer%2Fdist%2F HTTP/1.1" 200 2088 "-" "Mozilla/5.0 AppleWebKit/537.36 (KHTML, like Gecko; compatible; GPTBot/1.2; +https://openai.com/gptbot)"
20.171.207.7 - - [01/Aug/2025:08:24:06 -0400] "GET /admin/imger/403.php?lokasie=%2Fhome%2Ftaxhyuvu%2F.%2F.%2F.%2Fnodevenv%2Fpublic_html%2Fdp_taxhelplines%2F10%2Flib%2Fnode_modules%2Fdate-fns%2Flocale%2Ffr-CH%2F%2Fpackage.json&loknya=%2Fhome%2Ftaxhyuvu%2F.%2F.%2F.%2Fnodevenv%2Fpublic_html%2Fdp_taxhelplines%2F10%2Flib%2Fnode_modules%2Fdate-fns%2Flocale%2Ffr-CH%2F HTTP/1.1" 200 1785 "-" "Mozilla/5.0 AppleWebKit/537.36 (KHTML, like Gecko; compatible; GPTBot/1.2; +https://openai.com/gptbot)"
20.171.207.107 - - [01/Aug/2025:08:24:06 -0400] "GET /admin/imger/403.php?lokasie=%2Fproc%2Fself%2Froot%2Fproc%2Fself%2Froot%2Fproc%2Fself%2Froot%2Fproc%2Fself%2Froot%2Fusr%2Fsrc%2Flitespeed-wp-plugin%2F6.4.1%2Flitespeed-cache%2Fdata%2Fpreset%2Fessentials.data&loknya=%2Fproc%2Fself%2Froot%2Fproc%2Fself%2Froot%2Fproc%2Fself%2Froot%2Fproc%2Fself%2Froot%2Fusr%2Fsrc%2Flitespeed-wp-plugin%2F6.4.1%2Flitespeed-cache%2Fdata%2Fpreset HTTP/1.1" 200 2183 "-" "Mozilla/5.0 AppleWebKit/537.36 (KHTML, like Gecko; compatible; GPTBot/1.2; +https://openai.com/gptbot)"
20.171.207.7 - - [01/Aug/2025:08:24:07 -0400] "GET /admin/imger/403.php?loknya=%2Fhome%2Ftaxhyuvu%2F.%2F.%2F.%2Fnodevenv%2Fpublic_html%2Fdp_taxhelplines%2F14%2Flib%2Fnode_modules%2Fdate-fns%2Flocale%2Fen-AU%2F_lib HTTP/1.1" 200 2103 "-" "Mozilla/5.0 AppleWebKit/537.36 (KHTML, like Gecko; compatible; GPTBot/1.2; +https://openai.com/gptbot)"
20.171.207.107 - - [01/Aug/2025:08:24:07 -0400] "GET /admin/imger/403.php?lokasie=%2Fproc%2Fself%2Froot%2Fproc%2Fself%2Froot%2Fproc%2Fself%2Froot%2Fproc%2Fself%2Froot%2Fusr%2Fsrc%2Flitespeed-wp-plugin%2F6.5.2%2Flitespeed-cache%2Fassets%2Fjs%2Fcomponent.crawler.js&loknya=%2Fproc%2Fself%2Froot%2Fproc%2Fself%2Froot%2Fproc%2Fself%2Froot%2Fproc%2Fself%2Froot%2Fusr%2Fsrc%2Flitespeed-wp-plugin%2F6.5.2%2Flitespeed-cache%2Fassets%2Fjs HTTP/1.1" 200 2661 "-" "Mozilla/5.0 AppleWebKit/537.36 (KHTML, like Gecko; compatible; GPTBot/1.2; +https://openai.com/gptbot)"
20.171.207.7 - - [01/Aug/2025:08:24:08 -0400] "GET /admin/imger/403.php?loknya=%2Fhome%2Ftaxhyuvu%2F.%2F.%2F.%2Fnodevenv%2Fpublic_html%2Fdp_taxhelplines%2F10%2Flib%2Fnode_modules%2Fcore-js%2Ffn%2Fjson HTTP/1.1" 200 2203 "-" "Mozilla/5.0 AppleWebKit/537.36 (KHTML, like Gecko; compatible; GPTBot/1.2; +https://openai.com/gptbot)"
20.171.207.107 - - [01/Aug/2025:08:24:09 -0400] "GET /admin/imger/403.php?lokasie=%2Fproc%2Fself%2Froot%2Fproc%2Fself%2Froot%2Fproc%2Fself%2Froot%2Fproc%2Fself%2Froot%2Fproc%2Fthread-self%2Froot%2Fusr%2Fsrc%2Flitespeed-wp-plugin%2F7.2%2Ftranslations%2Ffr_FR.zip&loknya=%2Fproc%2Fself%2Froot%2Fproc%2Fself%2Froot%2Fproc%2Fself%2Froot%2Fproc%2Fself%2Froot%2Fproc%2Fthread-self%2Froot%2Fusr%2Fsrc%2Flitespeed-wp-plugin%2F7.2%2Ftranslations HTTP/1.1" 200 121456 "-" "Mozilla/5.0 AppleWebKit/537.36 (KHTML, like Gecko; compatible; GPTBot/1.2; +https://openai.com/gptbot)"
20.171.207.7 - - [01/Aug/2025:08:24:03 -0400] "GET /admin/imger/403.php?lokasie=%2Fhome%2Ftaxhyuvu%2F.%2F.%2F.%2Fnodevenv%2Fpublic_html%2Fdp_taxhelplines%2F14%2Flib%2Fnode_modules%2Fdate-fns%2Flocale%2Far-EG%2F%2Findex.d.ts&loknya=%2Fhome%2Ftaxhyuvu%2F.%2F.%2F.%2Fnodevenv%2Fpublic_html%2Fdp_taxhelplines%2F14%2Flib%2Fnode_modules%2Fdate-fns%2Flocale%2Far-EG%2F HTTP/1.1" 200 1823 "-" "Mozilla/5.0 AppleWebKit/537.36 (KHTML, like Gecko; compatible; GPTBot/1.2; +https://openai.com/gptbot)"
20.171.207.107 - - [01/Aug/2025:08:24:03 -0400] "GET /admin/imger/403.php?lokasie=%2Fproc%2Fself%2Froot%2Fproc%2Fself%2Froot%2Fproc%2Fself%2Froot%2Fproc%2Fself%2Froot%2Fusr%2Fsrc%2Flitespeed-wp-plugin%2F6.5.2%2Flitespeed-cache%2Fdata%2Fpreset%2Faggressive.data&loknya=%2Fproc%2Fself%2Froot%2Fproc%2Fself%2Froot%2Fproc%2Fself%2Froot%2Fproc%2Fself%2Froot%2Fusr%2Fsrc%2Flitespeed-wp-plugin%2F6.5.2%2Flitespeed-cache%2Fdata%2Fpreset HTTP/1.1" 200 2178 "-" "Mozilla/5.0 AppleWebKit/537.36 (KHTML, like Gecko; compatible; GPTBot/1.2; +https://openai.com/gptbot)"
20.171.207.107 - - [01/Aug/2025:08:24:05 -0400] "GET /admin/imger/403.php?lokasie=%2Fproc%2Fself%2Froot%2Fproc%2Fself%2Froot%2Fproc%2Fself%2Froot%2Fproc%2Fself%2Froot%2Fproc%2Fthread-self%2Froot%2Fusr%2Fsrc%2Flitespeed-wp-plugin%2F7.2%2Ftranslations%2F.ls_translation_check_es_ES&loknya=%2Fproc%2Fself%2Froot%2Fproc%2Fself%2Froot%2Fproc%2Fself%2Froot%2Fproc%2Fself%2Froot%2Fproc%2Fthread-self%2Froot%2Fusr%2Fsrc%2Flitespeed-wp-plugin%2F7.2%2Ftranslations HTTP/1.1" 200 1731 "-" "Mozilla/5.0 AppleWebKit/537.36 (KHTML, like Gecko; compatible; GPTBot/1.2; +https://openai.com/gptbot)"
3.230.224.6 - - [01/Aug/2025:08:24:06 -0400] "GET /admin/imger/403.php?loknya=/proc/self/root/opt/alt/openssl11/etc/pki/tls HTTP/1.1" 200 2404 "-" "Mozilla/5.0 AppleWebKit/537.36 (KHTML, like Gecko; compatible; Amazonbot/0.1; +https://developer.amazon.com/support/amazonbot) Chrome/119.0.6045.214 Safari/537.36"
54.243.63.52 - - [01/Aug/2025:08:24:06 -0400] "GET /admin/imger/403.php?lokasie=/lib/firmware/keyspan/usa19qi.fw&loknya=/lib/firmware/keyspan HTTP/1.1" 200 4040 "-" "Mozilla/5.0 AppleWebKit/537.36 (KHTML, like Gecko; compatible; Amazonbot/0.1; +https://developer.amazon.com/support/amazonbot) Chrome/119.0.6045.214 Safari/537.36"
20.171.207.7 - - [01/Aug/2025:08:24:09 -0400] "GET /admin/imger/403.php?loknya=%2Fhome%2Ftaxhyuvu%2F.%2F.%2F.%2Fnodevenv%2Fpublic_html%2Fdp_taxhelplines%2F14%2Flib%2Fnode_modules%2Ffs-extra%2Flib%2Fcopy HTTP/1.1" 200 2197 "-" "Mozilla/5.0 AppleWebKit/537.36 (KHTML, like Gecko; compatible; GPTBot/1.2; +https://openai.com/gptbot)"
20.171.207.7 - - [01/Aug/2025:08:24:11 -0400] "GET /admin/imger/403.php?loknya=%2Fhome%2Ftaxhyuvu%2F.%2F.%2F.%2Fnodevenv%2Fpublic_html%2Fdp_taxhelplines%2F14%2Flib%2Fnode_modules%2Fdate-fns%2Flocale%2Ffa-IR%2F_lib%2Fmatch HTTP/1.1" 200 2180 "-" "Mozilla/5.0 AppleWebKit/537.36 (KHTML, like Gecko; compatible; GPTBot/1.2; +https://openai.com/gptbot)"
20.171.207.107 - - [01/Aug/2025:08:24:11 -0400] "GET /admin/imger/403.php?lokasie=%2Fproc%2Fself%2Froot%2Fproc%2Fself%2Froot%2Fproc%2Fself%2Froot%2Fproc%2Fself%2Froot%2Fusr%2Fsrc%2Flitespeed-wp-plugin%2F6.4.1%2Flitespeed-cache%2Fdata%2Fpreset%2Fextreme.data&loknya=%2Fproc%2Fself%2Froot%2Fproc%2Fself%2Froot%2Fproc%2Fself%2Froot%2Fproc%2Fself%2Froot%2Fusr%2Fsrc%2Flitespeed-wp-plugin%2F6.4.1%2Flitespeed-cache%2Fdata%2Fpreset HTTP/1.1" 200 2230 "-" "Mozilla/5.0 AppleWebKit/537.36 (KHTML, like Gecko; compatible; GPTBot/1.2; +https://openai.com/gptbot)"
216.73.216.67 - - [01/Aug/2025:08:24:11 -0400] "GET /admin/imger/403.php?lokasie=%2Fhome%2F.%2Ftaxhyuvu%2F.%2Fpublic_html%2Fadmin%2Fsro%2F296__2002.pdf&loknya=%2Fhome%2F.%2Ftaxhyuvu%2F.%2Fpublic_html%2Fadmin%2Fsro HTTP/1.1" 200 100909 "-" "Mozilla/5.0 AppleWebKit/537.36 (KHTML, like Gecko; compatible; ClaudeBot/1.0; +claudebot@anthropic.com)"
216.73.216.67 - - [01/Aug/2025:08:24:12 -0400] "GET /admin/imger/403.php?lokasie=%2Fhome%2F.%2Ftaxhyuvu%2F.%2Fpublic_html%2Fadmin%2Fsro%2F588%28I%292022.pdf&loknya=%2Fhome%2F.%2Ftaxhyuvu%2F.%2Fpublic_html%2Fadmin%2Fsro HTTP/1.1" 200 378179 "-" "Mozilla/5.0 AppleWebKit/537.36 (KHTML, like Gecko; compatible; ClaudeBot/1.0; +claudebot@anthropic.com)"
216.73.216.67 - - [01/Aug/2025:08:24:12 -0400] "GET /admin/imger/403.php?lokasie=%2Fhome%2F.%2Ftaxhyuvu%2F.%2Fpublic_html%2Fadmin%2Fsro%2F2010SRO1040.PDF&loknya=%2Fhome%2F.%2Ftaxhyuvu%2F.%2Fpublic_html%2Fadmin%2Fsro HTTP/1.1" 200 80700 "-" "Mozilla/5.0 AppleWebKit/537.36 (KHTML, like Gecko; compatible; ClaudeBot/1.0; +claudebot@anthropic.com)"
20.171.207.7 - - [01/Aug/2025:08:24:13 -0400] "GET /admin/imger/403.php?loknya=%2Fhome%2Ftaxhyuvu%2F.%2F.%2F.%2Fnodevenv%2Fpublic_html%2Fdp_taxhelplines%2F14%2Flib%2Fnode_modules%2Fdate-fns%2Flocale%2Fde-AT%2F_lib%2Flocalize HTTP/1.1" 200 2181 "-" "Mozilla/5.0 AppleWebKit/537.36 (KHTML, like Gecko; compatible; GPTBot/1.2; +https://openai.com/gptbot)"
20.171.207.107 - - [01/Aug/2025:08:24:13 -0400] "GET /admin/imger/403.php?lokasie=%2Fproc%2Fself%2Froot%2Fproc%2Fself%2Froot%2Fproc%2Fself%2Froot%2Fproc%2Fself%2Froot%2Fusr%2Fsrc%2Flitespeed-wp-plugin%2F6.5.2%2Flitespeed-cache%2Fdata%2Fpreset%2Fextreme.data&loknya=%2Fproc%2Fself%2Froot%2Fproc%2Fself%2Froot%2Fproc%2Fself%2Froot%2Fproc%2Fself%2Froot%2Fusr%2Fsrc%2Flitespeed-wp-plugin%2F6.5.2%2Flitespeed-cache%2Fdata%2Fpreset HTTP/1.1" 200 2230 "-" "Mozilla/5.0 AppleWebKit/537.36 (KHTML, like Gecko; compatible; GPTBot/1.2; +https://openai.com/gptbot)"
18.206.47.187 - - [01/Aug/2025:08:24:13 -0400] "GET /admin/imger/403.php?lokasie=/lib/firmware/cirrus/cs35l41-dsp1-spk-prot-104331e1-spkid1-l0.bin&loknya=/lib/firmware/cirrus HTTP/1.1" 200 4209 "-" "Mozilla/5.0 AppleWebKit/537.36 (KHTML, like Gecko; compatible; Amazonbot/0.1; +https://developer.amazon.com/support/amazonbot) Chrome/119.0.6045.214 Safari/537.36"
20.171.207.7 - - [01/Aug/2025:08:24:14 -0400] "GET /admin/imger/403.php?loknya=%2Fhome%2Ftaxhyuvu%2F.%2F.%2F.%2Fnodevenv%2Fpublic_html%2Fdp_taxhelplines%2F14%2Flib%2Fnode_modules%2Fdate-fns%2Flocale%2Ffa-IR%2F_lib%2FformatLong HTTP/1.1" 200 2184 "-" "Mozilla/5.0 AppleWebKit/537.36 (KHTML, like Gecko; compatible; GPTBot/1.2; +https://openai.com/gptbot)"
20.171.207.107 - - [01/Aug/2025:08:24:14 -0400] "GET /admin/imger/403.php?lokasie=%2Fproc%2Fself%2Froot%2Fproc%2Fself%2Froot%2Fproc%2Fself%2Froot%2Fproc%2Fself%2Froot%2Fusr%2Fsrc%2Flitespeed-wp-plugin%2F6.5.2%2Flitespeed-cache%2Fassets%2Fjs%2Fwebfontloader.js&loknya=%2Fproc%2Fself%2Froot%2Fproc%2Fself%2Froot%2Fproc%2Fself%2Froot%2Fproc%2Fself%2Froot%2Fusr%2Fsrc%2Flitespeed-wp-plugin%2F6.5.2%2Flitespeed-cache%2Fassets%2Fjs HTTP/1.1" 200 6888 "-" "Mozilla/5.0 AppleWebKit/537.36 (KHTML, like Gecko; compatible; GPTBot/1.2; +https://openai.com/gptbot)"
20.171.207.7 - - [01/Aug/2025:08:24:15 -0400] "GET /admin/imger/403.php?loknya=%2Fhome%2Ftaxhyuvu%2F.%2F.%2F.%2Fnodevenv%2Fpublic_html%2Fdp_taxhelplines%2F14%2Flib%2Fnode_modules%2Fdate-fns%2Flocale%2Ffa-IR%2F_lib%2FformatRelative HTTP/1.1" 200 2187 "-" "Mozilla/5.0 AppleWebKit/537.36 (KHTML, like Gecko; compatible; GPTBot/1.2; +https://openai.com/gptbot)"
20.171.207.107 - - [01/Aug/2025:08:24:16 -0400] "GET /admin/imger/403.php?lokasie=%2Fproc%2Fself%2Froot%2Fproc%2Fself%2Froot%2Fproc%2Fself%2Froot%2Fproc%2Fself%2Froot%2Fusr%2Fsrc%2Flitespeed-wp-plugin%2F6.5.4%2Flitespeed-cache%2Fdata%2Fpreset%2Fextreme.data&loknya=%2Fproc%2Fself%2Froot%2Fproc%2Fself%2Froot%2Fproc%2Fself%2Froot%2Fproc%2Fself%2Froot%2Fusr%2Fsrc%2Flitespeed-wp-plugin%2F6.5.4%2Flitespeed-cache%2Fdata%2Fpreset HTTP/1.1" 200 2230 "-" "Mozilla/5.0 AppleWebKit/537.36 (KHTML, like Gecko; compatible; GPTBot/1.2; +https://openai.com/gptbot)"
18.232.12.157 - - [01/Aug/2025:08:24:09 -0400] "GET /admin/imger/403.php?lokasie=/lib/systemd/system/alt-php74-newrelic-daemon.service&loknya=/lib/systemd/system HTTP/1.1" 200 1815 "-" "Mozilla/5.0 AppleWebKit/537.36 (KHTML, like Gecko; compatible; Amazonbot/0.1; +https://developer.amazon.com/support/amazonbot) Chrome/119.0.6045.214 Safari/537.36"
20.171.207.107 - - [01/Aug/2025:08:24:10 -0400] "GET /admin/imger/403.php?lokasie=%2Fproc%2Fself%2Froot%2Fproc%2Fself%2Froot%2Fproc%2Fself%2Froot%2Fproc%2Fself%2Froot%2Fusr%2Fsrc%2Flitespeed-wp-plugin%2F6.5.2%2Flitespeed-cache%2Fassets%2Fimg%2Ficons%2Fsuccess_icon.svg&loknya=%2Fproc%2Fself%2Froot%2Fproc%2Fself%2Froot%2Fproc%2Fself%2Froot%2Fproc%2Fself%2Froot%2Fusr%2Fsrc%2Flitespeed-wp-plugin%2F6.5.2%2Flitespeed-cache%2Fassets%2Fimg%2Ficons HTTP/1.1" 200 3056 "-" "Mozilla/5.0 AppleWebKit/537.36 (KHTML, like Gecko; compatible; GPTBot/1.2; +https://openai.com/gptbot)"
100.28.49.152 - - [01/Aug/2025:08:24:10 -0400] "GET /admin/imger/403.php?loknya=/proc/thread-self/root/proc/thread-self/root/usr/lib/python3.6/site-packages/firewall/config HTTP/1.1" 200 2257 "-" "Mozilla/5.0 AppleWebKit/537.36 (KHTML, like Gecko; compatible; Amazonbot/0.1; +https://developer.amazon.com/support/amazonbot) Chrome/119.0.6045.214 Safari/537.36"
216.73.216.67 - - [01/Aug/2025:08:24:11 -0400] "GET /admin/imger/403.php?loknya=%2Fhome%2F.%2Ftaxhyuvu%2F.%2Fnodevenv%2Fpublic_html%2Fdp_taxhelplines%2F10%2Flib%2Fnode_modules%2F%40emotion%2Fweak-memoize HTTP/1.1" 200 2403 "-" "Mozilla/5.0 AppleWebKit/537.36 (KHTML, like Gecko; compatible; ClaudeBot/1.0; +claudebot@anthropic.com)"
20.171.207.7 - - [01/Aug/2025:08:24:12 -0400] "GET /admin/imger/403.php?loknya=%2Fhome%2Ftaxhyuvu%2F.%2F.%2F.%2Fnodevenv%2Fpublic_html%2Fdp_taxhelplines%2F14%2Flib%2Fnode_modules%2Fdate-fns%2Flocale%2Ffa-IR%2F_lib%2Flocalize HTTP/1.1" 200 2182 "-" "Mozilla/5.0 AppleWebKit/537.36 (KHTML, like Gecko; compatible; GPTBot/1.2; +https://openai.com/gptbot)"
20.171.207.107 - - [01/Aug/2025:08:24:12 -0400] "GET /admin/imger/403.php?lokasie=%2Fproc%2Fself%2Froot%2Fproc%2Fself%2Froot%2Fproc%2Fself%2Froot%2Fproc%2Fself%2Froot%2Fproc%2Fthread-self%2Froot%2Fusr%2Fsrc%2Flitespeed-wp-plugin%2F7.2%2Ftranslations%2F.ls_translation_check_en_CA&loknya=%2Fproc%2Fself%2Froot%2Fproc%2Fself%2Froot%2Fproc%2Fself%2Froot%2Fproc%2Fself%2Froot%2Fproc%2Fthread-self%2Froot%2Fusr%2Fsrc%2Flitespeed-wp-plugin%2F7.2%2Ftranslations HTTP/1.1" 200 1731 "-" "Mozilla/5.0 AppleWebKit/537.36 (KHTML, like Gecko; compatible; GPTBot/1.2; +https://openai.com/gptbot)"
3.89.176.255 - - [01/Aug/2025:08:24:14 -0400] "GET /admin/imger/403.php?loknya=/proc/thread-self/root/proc/thread-self/root/usr/share/locale/ar_DZ/LC_MESSAGES HTTP/1.1" 200 1921 "-" "Mozilla/5.0 AppleWebKit/537.36 (KHTML, like Gecko; compatible; Amazonbot/0.1; +https://developer.amazon.com/support/amazonbot) Chrome/119.0.6045.214 Safari/537.36"
20.171.207.7 - - [01/Aug/2025:08:24:16 -0400] "GET /admin/imger/403.php?loknya=%2Fhome%2Ftaxhyuvu%2F.%2F.%2F.%2Fnodevenv%2Fpublic_html%2Fdp_taxhelplines%2F14%2Flib%2Fnode_modules%2Fdate-fns%2Flocale%2Ffa-IR%2F_lib%2FformatDistance HTTP/1.1" 200 2187 "-" "Mozilla/5.0 AppleWebKit/537.36 (KHTML, like Gecko; compatible; GPTBot/1.2; +https://openai.com/gptbot)"
54.80.73.122 - - [01/Aug/2025:08:24:18 -0400] "GET /admin/imger/403.php?loknya=/proc/thread-self/root/proc/thread-self/root/opt/cpanel/ea-brotli/lib/pkgconfig HTTP/1.1" 200 2187 "-" "Mozilla/5.0 AppleWebKit/537.36 (KHTML, like Gecko; compatible; Amazonbot/0.1; +https://developer.amazon.com/support/amazonbot) Chrome/119.0.6045.214 Safari/537.36"
20.171.207.7 - - [01/Aug/2025:08:24:20 -0400] "GET /admin/imger/403.php?loknya=%2Fhome%2F.%2F.%2F.%2Ftaxhyuvu%2Fnodevenv%2Fpublic_html%2Fdp_taxhelplines%2F10%2Flib%2Fnode_modules%2Fcore-js%2Ffn%2Ffunction HTTP/1.1" 200 2405 "-" "Mozilla/5.0 AppleWebKit/537.36 (KHTML, like Gecko; compatible; GPTBot/1.2; +https://openai.com/gptbot)"
20.171.207.107 - - [01/Aug/2025:08:24:17 -0400] "GET /admin/imger/403.php?lokasie=%2Fproc%2Fself%2Froot%2Fproc%2Fself%2Froot%2Fproc%2Fself%2Froot%2Fproc%2Fself%2Froot%2Fproc%2Fthread-self%2Froot%2Fusr%2Fsrc%2Flitespeed-wp-plugin%2F7.2%2Ftranslations%2F.ls_translation_check_fr_FR&loknya=%2Fproc%2Fself%2Froot%2Fproc%2Fself%2Froot%2Fproc%2Fself%2Froot%2Fproc%2Fself%2Froot%2Fproc%2Fthread-self%2Froot%2Fusr%2Fsrc%2Flitespeed-wp-plugin%2F7.2%2Ftranslations HTTP/1.1" 200 1731 "-" "Mozilla/5.0 AppleWebKit/537.36 (KHTML, like Gecko; compatible; GPTBot/1.2; +https://openai.com/gptbot)"
20.171.207.7 - - [01/Aug/2025:08:24:17 -0400] "GET /admin/imger/403.php?loknya=%2Fhome%2Ftaxhyuvu%2F.%2F.%2F.%2Fnodevenv%2Fpublic_html%2Fdp_taxhelplines%2F10%2Flib%2Fnode_modules%2Fdate-fns%2Flocale%2Far-MA%2F_lib HTTP/1.1" 200 2234 "-" "Mozilla/5.0 AppleWebKit/537.36 (KHTML, like Gecko; compatible; GPTBot/1.2; +https://openai.com/gptbot)"
18.215.112.101 - - [01/Aug/2025:08:24:18 -0400] "GET /admin/imger/403.php?lokasie=/lib/locale/en_PH/LC_NAME&loknya=/lib/locale/en_PH HTTP/1.1" 200 1666 "-" "Mozilla/5.0 AppleWebKit/537.36 (KHTML, like Gecko; compatible; Amazonbot/0.1; +https://developer.amazon.com/support/amazonbot) Chrome/119.0.6045.214 Safari/537.36"
20.171.207.107 - - [01/Aug/2025:08:24:18 -0400] "GET /admin/imger/403.php?lokasie=%2Fproc%2Fself%2Froot%2Fproc%2Fself%2Froot%2Fproc%2Fself%2Froot%2Fproc%2Fthread-self%2Froot%2Fusr%2Fsrc%2Flitespeed-wp-plugin%2Flscwp_versions_v2&loknya=%2Fproc%2Fself%2Froot%2Fproc%2Fself%2Froot%2Fproc%2Fself%2Froot%2Fproc%2Fthread-self%2Froot%2Fusr%2Fsrc%2Flitespeed-wp-plugin HTTP/1.1" 200 2041 "-" "Mozilla/5.0 AppleWebKit/537.36 (KHTML, like Gecko; compatible; GPTBot/1.2; +https://openai.com/gptbot)"
20.171.207.7 - - [01/Aug/2025:08:24:19 -0400] "GET /admin/imger/403.php?loknya=%2Fhome%2Ftaxhyuvu%2F.%2F.%2F.%2Fnodevenv%2Fpublic_html%2Fdp_taxhelplines%2F14%2Flib%2Fnode_modules%2Fdate-fns%2Flocale%2Fen-AU%2F_lib%2FformatLong HTTP/1.1" 200 2182 "-" "Mozilla/5.0 AppleWebKit/537.36 (KHTML, like Gecko; compatible; GPTBot/1.2; +https://openai.com/gptbot)"
20.171.207.107 - - [01/Aug/2025:08:24:19 -0400] "GET /admin/imger/403.php?lokasie=%2Fproc%2Fself%2Froot%2Fproc%2Fself%2Froot%2Fproc%2Fself%2Froot%2Fproc%2Fself%2Froot%2Fusr%2Fsrc%2Flitespeed-wp-plugin%2F6.5.3%2Flitespeed-cache%2Fdata%2Fpreset%2Fessentials.data&loknya=%2Fproc%2Fself%2Froot%2Fproc%2Fself%2Froot%2Fproc%2Fself%2Froot%2Fproc%2Fself%2Froot%2Fusr%2Fsrc%2Flitespeed-wp-plugin%2F6.5.3%2Flitespeed-cache%2Fdata%2Fpreset HTTP/1.1" 200 2182 "-" "Mozilla/5.0 AppleWebKit/537.36 (KHTML, like Gecko; compatible; GPTBot/1.2; +https://openai.com/gptbot)"
44.193.115.232 - - [01/Aug/2025:08:24:22 -0400] "GET /admin/imger/403.php?lokasie=/lib/firewalld/helpers/ftp.xml&loknya=/lib/firewalld/helpers HTTP/1.1" 200 1699 "-" "Mozilla/5.0 AppleWebKit/537.36 (KHTML, like Gecko; compatible; Amazonbot/0.1; +https://developer.amazon.com/support/amazonbot) Chrome/119.0.6045.214 Safari/537.36"
44.212.145.46 - - [01/Aug/2025:08:24:22 -0400] "GET /admin/imger/403.php?loknya=/proc/thread-self/root/proc/thread-self/root/opt/hc_python/lib64/python3.12/site-packages/pydantic_core/__pycache__ HTTP/1.1" 200 2191 "-" "Mozilla/5.0 AppleWebKit/537.36 (KHTML, like Gecko; compatible; Amazonbot/0.1; +https://developer.amazon.com/support/amazonbot) Chrome/119.0.6045.214 Safari/537.36"
20.171.207.7 - - [01/Aug/2025:08:24:22 -0400] "GET /admin/imger/403.php?loknya=%2Fhome%2Ftaxhyuvu%2F.%2F.%2F.%2Fnodevenv%2Fpublic_html%2Fdp_taxhelplines%2F14%2Flib%2Fnode_modules%2Fcore-js%2Ffn%2Fweak-set HTTP/1.1" 200 2239 "-" "Mozilla/5.0 AppleWebKit/537.36 (KHTML, like Gecko; compatible; GPTBot/1.2; +https://openai.com/gptbot)"
20.171.207.107 - - [01/Aug/2025:08:24:20 -0400] "GET /admin/imger/403.php?lokasie=%2Fproc%2Fself%2Froot%2Fproc%2Fself%2Froot%2Fproc%2Fself%2Froot%2Fproc%2Fself%2Froot%2Fproc%2Fthread-self%2Froot%2Fusr%2Fsrc%2Flitespeed-wp-plugin%2F7.2%2Ftranslations%2Fru_RU.zip&loknya=%2Fproc%2Fself%2Froot%2Fproc%2Fself%2Froot%2Fproc%2Fself%2Froot%2Fproc%2Fself%2Froot%2Fproc%2Fthread-self%2Froot%2Fusr%2Fsrc%2Flitespeed-wp-plugin%2F7.2%2Ftranslations HTTP/1.1" 200 155109 "-" "Mozilla/5.0 AppleWebKit/537.36 (KHTML, like Gecko; compatible; GPTBot/1.2; +https://openai.com/gptbot)"
20.171.207.7 - - [01/Aug/2025:08:24:21 -0400] "GET /admin/imger/403.php?loknya=%2Fhome%2Ftaxhyuvu%2F.%2F.%2F.%2Fnodevenv%2Fpublic_html%2Fdp_taxhelplines%2F10%2Flib%2Fnode_modules%2Fcore-js%2Ffn%2Fweak-map HTTP/1.1" 200 2240 "-" "Mozilla/5.0 AppleWebKit/537.36 (KHTML, like Gecko; compatible; GPTBot/1.2; +https://openai.com/gptbot)"
20.171.207.107 - - [01/Aug/2025:08:24:21 -0400] "GET /admin/imger/403.php?lokasie=%2Fproc%2Fself%2Froot%2Fproc%2Fself%2Froot%2Fproc%2Fself%2Froot%2Fproc%2Fself%2Froot%2Fusr%2Fsrc%2Flitespeed-wp-plugin%2F6.5.4%2Flitespeed-cache%2Fdata%2Fpreset%2Fessentials.data&loknya=%2Fproc%2Fself%2Froot%2Fproc%2Fself%2Froot%2Fproc%2Fself%2Froot%2Fproc%2Fself%2Froot%2Fusr%2Fsrc%2Flitespeed-wp-plugin%2F6.5.4%2Flitespeed-cache%2Fdata%2Fpreset HTTP/1.1" 200 2183 "-" "Mozilla/5.0 AppleWebKit/537.36 (KHTML, like Gecko; compatible; GPTBot/1.2; +https://openai.com/gptbot)"
20.171.207.107 - - [01/Aug/2025:08:24:23 -0400] "GET /admin/imger/403.php?lokasie=%2Fproc%2Fself%2Froot%2Fproc%2Fself%2Froot%2Fproc%2Fself%2Froot%2Fproc%2Fself%2Froot%2Fusr%2Fsrc%2Flitespeed-wp-plugin%2F6.5.2%2Flitespeed-cache%2Fassets%2Fimg%2Ficons%2Fpurge-opcache.svg&loknya=%2Fproc%2Fself%2Froot%2Fproc%2Fself%2Froot%2Fproc%2Fself%2Froot%2Fproc%2Fself%2Froot%2Fusr%2Fsrc%2Flitespeed-wp-plugin%2F6.5.2%2Flitespeed-cache%2Fassets%2Fimg%2Ficons HTTP/1.1" 200 3082 "-" "Mozilla/5.0 AppleWebKit/537.36 (KHTML, like Gecko; compatible; GPTBot/1.2; +https://openai.com/gptbot)"
20.171.207.7 - - [01/Aug/2025:08:24:23 -0400] "GET /admin/imger/403.php?loknya=%2Fhome%2F.%2F.%2F.%2Ftaxhyuvu%2Fnodevenv%2Fpublic_html%2Fdp_taxhelplines%2F10%2Flib%2Fnode_modules%2Fcore-js%2Flibrary%2Ffn%2Fweak-map HTTP/1.1" 200 2253 "-" "Mozilla/5.0 AppleWebKit/537.36 (KHTML, like Gecko; compatible; GPTBot/1.2; +https://openai.com/gptbot)"
20.171.207.107 - - [01/Aug/2025:08:24:24 -0400] "GET /admin/imger/403.php?lokasie=%2Fproc%2Fself%2Froot%2Fproc%2Fself%2Froot%2Fproc%2Fself%2Froot%2Fproc%2Fself%2Froot%2Fusr%2Fsrc%2Flitespeed-wp-plugin%2F6.5.2%2Flitespeed-cache%2Fdata%2Fpreset%2Fadvanced.data&loknya=%2Fproc%2Fself%2Froot%2Fproc%2Fself%2Froot%2Fproc%2Fself%2Froot%2Fproc%2Fself%2Froot%2Fusr%2Fsrc%2Flitespeed-wp-plugin%2F6.5.2%2Flitespeed-cache%2Fdata%2Fpreset HTTP/1.1" 200 2174 "-" "Mozilla/5.0 AppleWebKit/537.36 (KHTML, like Gecko; compatible; GPTBot/1.2; +https://openai.com/gptbot)"
20.171.207.7 - - [01/Aug/2025:08:24:24 -0400] "GET /admin/imger/403.php?loknya=%2Fhome%2F.%2F.%2F.%2Ftaxhyuvu%2Fnodevenv%2Fpublic_html%2Fdp_taxhelplines%2F10%2Flib%2Fnode_modules%2Fcore-js%2Ffn%2Fsystem HTTP/1.1" 200 2202 "-" "Mozilla/5.0 AppleWebKit/537.36 (KHTML, like Gecko; compatible; GPTBot/1.2; +https://openai.com/gptbot)"
20.171.207.7 - - [01/Aug/2025:08:24:26 -0400] "GET /admin/imger/403.php?loknya=%2Fhome%2Ftaxhyuvu%2F.%2F.%2F.%2Fnodevenv%2Fpublic_html%2Fdp_taxhelplines%2F10%2Flib%2Fnode_modules%2Ffs-extra%2Flib%2Ffs HTTP/1.1" 200 2154 "-" "Mozilla/5.0 AppleWebKit/537.36 (KHTML, like Gecko; compatible; GPTBot/1.2; +https://openai.com/gptbot)"
20.171.207.7 - - [01/Aug/2025:08:24:27 -0400] "GET /admin/imger/403.php?loknya=%2Fhome%2Ftaxhyuvu%2F.%2F.%2F.%2Fnodevenv%2Fpublic_html%2Fdp_taxhelplines%2F10%2Flib%2Fnode_modules%2Fdate-fns%2Flocale%2Far-MA%2F_lib%2Fmatch HTTP/1.1" 200 2181 "-" "Mozilla/5.0 AppleWebKit/537.36 (KHTML, like Gecko; compatible; GPTBot/1.2; +https://openai.com/gptbot)"
20.171.207.107 - - [01/Aug/2025:08:24:25 -0400] "GET /admin/imger/403.php?lokasie=%2Fproc%2Fself%2Froot%2Fproc%2Fself%2Froot%2Fproc%2Fself%2Froot%2Fproc%2Fself%2Froot%2Fusr%2Fsrc%2Flitespeed-wp-plugin%2F6.5.2%2Flitespeed-cache%2Fassets%2Fimg%2Ficons%2Fpurge-front.svg&loknya=%2Fproc%2Fself%2Froot%2Fproc%2Fself%2Froot%2Fproc%2Fself%2Froot%2Fproc%2Fself%2Froot%2Fusr%2Fsrc%2Flitespeed-wp-plugin%2F6.5.2%2Flitespeed-cache%2Fassets%2Fimg%2Ficons HTTP/1.1" 200 2895 "-" "Mozilla/5.0 AppleWebKit/537.36 (KHTML, like Gecko; compatible; GPTBot/1.2; +https://openai.com/gptbot)"
34.234.206.30 - - [01/Aug/2025:08:24:26 -0400] "GET /admin/imger/403.php?loknya=/usr/share/locale/my HTTP/1.1" 200 1984 "-" "Mozilla/5.0 AppleWebKit/537.36 (KHTML, like Gecko; compatible; Amazonbot/0.1; +https://developer.amazon.com/support/amazonbot) Chrome/119.0.6045.214 Safari/537.36"
20.171.207.107 - - [01/Aug/2025:08:24:26 -0400] "GET /admin/imger/403.php?lokasie=%2Fproc%2Fself%2Froot%2Fproc%2Fself%2Froot%2Fproc%2Fself%2Froot%2Fproc%2Fself%2Froot%2Fusr%2Fsrc%2Flitespeed-wp-plugin%2F6.5.2%2Flitespeed-cache%2Fdata%2Fpreset%2Fbasic.data&loknya=%2Fproc%2Fself%2Froot%2Fproc%2Fself%2Froot%2Fproc%2Fself%2Froot%2Fproc%2Fself%2Froot%2Fusr%2Fsrc%2Flitespeed-wp-plugin%2F6.5.2%2Flitespeed-cache%2Fdata%2Fpreset HTTP/1.1" 200 2179 "-" "Mozilla/5.0 AppleWebKit/537.36 (KHTML, like Gecko; compatible; GPTBot/1.2; +https://openai.com/gptbot)"
54.197.178.107 - - [01/Aug/2025:08:24:27 -0400] "GET /admin/imger/403.php?loknya=/proc/self/root/proc/thread-self/root/opt/alt/openssl/share HTTP/1.1" 200 2085 "-" "Mozilla/5.0 AppleWebKit/537.36 (KHTML, like Gecko; compatible; Amazonbot/0.1; +https://developer.amazon.com/support/amazonbot) Chrome/119.0.6045.214 Safari/537.36"
216.244.66.236 - - [01/Aug/2025:08:24:28 -0400] "GET /robots.txt HTTP/1.1" 302 771 "-" "Mozilla/5.0 (compatible; DotBot/1.2; +https://opensiteexplorer.org/dotbot; help@moz.com)"
20.171.207.7 - - [01/Aug/2025:08:24:29 -0400] "GET /admin/imger/403.php?loknya=%2Fhome%2Ftaxhyuvu%2F.%2F.%2F.%2Fnodevenv%2Fpublic_html%2Fdp_taxhelplines%2F10%2Flib%2Fnode_modules%2Fcore-js%2Flibrary%2Ffn%2Fweak-map HTTP/1.1" 200 2254 "-" "Mozilla/5.0 AppleWebKit/537.36 (KHTML, like Gecko; compatible; GPTBot/1.2; +https://openai.com/gptbot)"
3.230.224.6 - - [01/Aug/2025:08:24:30 -0400] "GET /admin/imger/403.php?loknya=/opt/alt/alt-nodejs20/root/lib/node_modules/npm/man/man7x HTTP/1.1" 200 1902 "-" "Mozilla/5.0 AppleWebKit/537.36 (KHTML, like Gecko; compatible; Amazonbot/0.1; +https://developer.amazon.com/support/amazonbot) Chrome/119.0.6045.214 Safari/537.36"
20.171.207.7 - - [01/Aug/2025:08:24:30 -0400] "GET /admin/imger/403.php?loknya=%2Fhome%2Ftaxhyuvu%2F.%2F.%2F.%2Fnodevenv%2Fpublic_html%2Fdp_taxhelplines%2F10%2Flib%2Fnode_modules%2Fdate-fns%2Flocale%2Fit-CH%2F_lib HTTP/1.1" 200 2103 "-" "Mozilla/5.0 AppleWebKit/537.36 (KHTML, like Gecko; compatible; GPTBot/1.2; +https://openai.com/gptbot)"
54.235.191.179 - - [01/Aug/2025:08:24:31 -0400] "GET /admin/imger/403.php?loknya=/usr/share/autoconf/autotest HTTP/1.1" 200 2149 "-" "Mozilla/5.0 AppleWebKit/537.36 (KHTML, like Gecko; compatible; Amazonbot/0.1; +https://developer.amazon.com/support/amazonbot) Chrome/119.0.6045.214 Safari/537.36"
20.171.207.107 - - [01/Aug/2025:08:24:31 -0400] "GET /admin/imger/403.php?lokasie=%2Fproc%2Fself%2Froot%2Fproc%2Fself%2Froot%2Fproc%2Fself%2Froot%2Fproc%2Fself%2Froot%2Fopt%2Falt%2Flibc-client11%2Fshare%2Fdoc%2Falt-php-libc-client11%2Fimaprc.txt&loknya=%2Fproc%2Fself%2Froot%2Fproc%2Fself%2Froot%2Fproc%2Fself%2Froot%2Fproc%2Fself%2Froot%2Fopt%2Falt%2Flibc-client11%2Fshare%2Fdoc%2Falt-php-libc-client11 HTTP/1.1" 200 10430 "-" "Mozilla/5.0 AppleWebKit/537.36 (KHTML, like Gecko; compatible; GPTBot/1.2; +https://openai.com/gptbot)"
20.171.207.107 - - [01/Aug/2025:08:24:27 -0400] "GET /admin/imger/403.php?lokasie=%2Fproc%2Fself%2Froot%2Fproc%2Fself%2Froot%2Fproc%2Fself%2Froot%2Fproc%2Fself%2Froot%2Fopt%2Falt%2Flibc-client11%2Fshare%2Fdoc%2Falt-php-libc-client11%2Fformats.txt&loknya=%2Fproc%2Fself%2Froot%2Fproc%2Fself%2Froot%2Fproc%2Fself%2Froot%2Fproc%2Fself%2Froot%2Fopt%2Falt%2Flibc-client11%2Fshare%2Fdoc%2Falt-php-libc-client11 HTTP/1.1" 200 5293 "-" "Mozilla/5.0 AppleWebKit/537.36 (KHTML, like Gecko; compatible; GPTBot/1.2; +https://openai.com/gptbot)"
216.244.66.236 - - [01/Aug/2025:08:24:28 -0400] "GET /404.php HTTP/1.1" 200 2206 "-" "Mozilla/5.0 (compatible; DotBot/1.2; +https://opensiteexplorer.org/dotbot; help@moz.com)"
20.171.207.7 - - [01/Aug/2025:08:24:28 -0400] "GET /admin/imger/403.php?loknya=%2Fhome%2Ftaxhyuvu%2F.%2F.%2F.%2Fnodevenv%2Fpublic_html%2Fdp_taxhelplines%2F10%2Flib%2Fnode_modules%2Fdate-fns%2Flocale%2Far-MA%2F_lib%2FformatLong HTTP/1.1" 200 2183 "-" "Mozilla/5.0 AppleWebKit/537.36 (KHTML, like Gecko; compatible; GPTBot/1.2; +https://openai.com/gptbot)"
