216.73.216.67 - - [01/Aug/2025:08:35:07 -0400] "GET /admin/imger/403.php?lokasie=%2Fproc%2Fself%2Froot%2Fproc%2Fself%2Froot%2Fhome%2Ftaxhyuvu%2F.%2Fpublic_html%2F%2Ferror_log&loknya=%2Fproc%2Fself%2Froot%2Fproc%2Fself%2Froot%2Fhome%2Ftaxhyuvu%2F.%2Fpublic_html%2F HTTP/1.1" 200 11026 "-" "Mozilla/5.0 AppleWebKit/537.36 (KHTML, like Gecko; compatible; ClaudeBot/1.0; +claudebot@anthropic.com)"
216.73.216.67 - - [01/Aug/2025:08:35:07 -0400] "GET /admin/imger/403.php?lokasie=%2Fproc%2Fself%2Froot%2Fproc%2Fself%2Froot%2Fhome%2Ftaxhyuvu%2F.%2Fpublic_html%2Fadmin%2Fimger%2FF68viVsbAAAk7uy.jpeg&loknya=%2Fproc%2Fself%2Froot%2Fproc%2Fself%2Froot%2Fhome%2Ftaxhyuvu%2F.%2Fpublic_html%2Fadmin%2Fimger HTTP/1.1" 200 50964 "-" "Mozilla/5.0 AppleWebKit/537.36 (KHTML, like Gecko; compatible; ClaudeBot/1.0; +claudebot@anthropic.com)"
216.73.216.67 - - [01/Aug/2025:08:35:07 -0400] "GET /admin/imger/403.php?lokasie=%2Fproc%2Fself%2Froot%2Fproc%2Fself%2Froot%2Fhome%2Ftaxhyuvu%2F.%2Fpublic_html%2Fadmin%2Fsro%2F354.pdf&loknya=%2Fproc%2Fself%2Froot%2Fproc%2Fself%2Froot%2Fhome%2Ftaxhyuvu%2F.%2Fpublic_html%2Fadmin%2Fsro HTTP/1.1" 200 530942 "-" "Mozilla/5.0 AppleWebKit/537.36 (KHTML, like Gecko; compatible; ClaudeBot/1.0; +claudebot@anthropic.com)"
216.73.216.67 - - [01/Aug/2025:08:35:08 -0400] "GET /admin/imger/403.php?lokasie=%2Fproc%2Fself%2Froot%2Fproc%2Fself%2Froot%2Fhome%2Ftaxhyuvu%2F.%2Fpublic_html%2Fadmin%2Fsro%2F09-09-2024.pdf&loknya=%2Fproc%2Fself%2Froot%2Fproc%2Fself%2Froot%2Fhome%2Ftaxhyuvu%2F.%2Fpublic_html%2Fadmin%2Fsro HTTP/1.1" 200 146042 "-" "Mozilla/5.0 AppleWebKit/537.36 (KHTML, like Gecko; compatible; ClaudeBot/1.0; +claudebot@anthropic.com)"
20.171.207.7 - - [01/Aug/2025:08:35:07 -0400] "GET /admin/imger/403.php?loknya=%2Fhome%2Ftaxhyuvu%2F.%2F.%2F.%2Fnodevenv%2Fpublic_html%2Fdp_taxhelplines%2F14%2Flib%2Fnode_modules%2Fworkbox-range-requests%2Fsrc%2Futils HTTP/1.1" 200 2241 "-" "Mozilla/5.0 AppleWebKit/537.36 (KHTML, like Gecko; compatible; GPTBot/1.2; +https://openai.com/gptbot)"
216.73.216.67 - - [01/Aug/2025:08:35:07 -0400] "GET /admin/imger/403.php?lokasie=%2Fproc%2Fself%2Froot%2Fproc%2Fself%2Froot%2Fhome%2Ftaxhyuvu%2F.%2Fpublic_html%2Fadmin%2Fsro%2FSRO779%281%292018.pdf&loknya=%2Fproc%2Fself%2Froot%2Fproc%2Fself%2Froot%2Fhome%2Ftaxhyuvu%2F.%2Fpublic_html%2Fadmin%2Fsro HTTP/1.1" 200 131380 "-" "Mozilla/5.0 AppleWebKit/537.36 (KHTML, like Gecko; compatible; ClaudeBot/1.0; +claudebot@anthropic.com)"
216.73.216.67 - - [01/Aug/2025:08:35:07 -0400] "GET /admin/imger/403.php?lokasie=%2Fproc%2Fself%2Froot%2Fproc%2Fself%2Froot%2Fhome%2Ftaxhyuvu%2F.%2Fpublic_html%2Fadmin%2Fcircular%2F05+of+2005.htm&loknya=%2Fproc%2Fself%2Froot%2Fproc%2Fself%2Froot%2Fhome%2Ftaxhyuvu%2F.%2Fpublic_html%2Fadmin%2Fcircular HTTP/1.1" 200 3678 "-" "Mozilla/5.0 AppleWebKit/537.36 (KHTML, like Gecko; compatible; ClaudeBot/1.0; +claudebot@anthropic.com)"
216.73.216.67 - - [01/Aug/2025:08:35:07 -0400] "GET /admin/imger/403.php?lokasie=%2Fproc%2Fself%2Froot%2Fproc%2Fself%2Froot%2Fhome%2Ftaxhyuvu%2F.%2Fpublic_html%2Fadmin%2Fsro%2F354%28I%292022.pdf&loknya=%2Fproc%2Fself%2Froot%2Fproc%2Fself%2Froot%2Fhome%2Ftaxhyuvu%2F.%2Fpublic_html%2Fadmin%2Fsro HTTP/1.1" 200 473687 "-" "Mozilla/5.0 AppleWebKit/537.36 (KHTML, like Gecko; compatible; ClaudeBot/1.0; +claudebot@anthropic.com)"
98.83.10.183 - - [01/Aug/2025:08:35:07 -0400] "GET /admin/imger/403.php?loknya=/proc/thread-self/root/proc/thread-self/root/usr/share/locale/bin/LC_MESSAGES HTTP/1.1" 200 1916 "-" "Mozilla/5.0 AppleWebKit/537.36 (KHTML, like Gecko; compatible; Amazonbot/0.1; +https://developer.amazon.com/support/amazonbot) Chrome/119.0.6045.214 Safari/537.36"
216.73.216.67 - - [01/Aug/2025:08:35:07 -0400] "GET /admin/imger/403.php?lokasie=%2Fproc%2Fself%2Froot%2Fproc%2Fself%2Froot%2Fhome%2Ftaxhyuvu%2F.%2Fpublic_html%2Fadmin%2Fsro%2F1005_2004.pdf&loknya=%2Fproc%2Fself%2Froot%2Fproc%2Fself%2Froot%2Fhome%2Ftaxhyuvu%2F.%2Fpublic_html%2Fadmin%2Fsro HTTP/1.1" 200 69835 "-" "Mozilla/5.0 AppleWebKit/537.36 (KHTML, like Gecko; compatible; ClaudeBot/1.0; +claudebot@anthropic.com)"
216.73.216.67 - - [01/Aug/2025:08:35:07 -0400] "GET /admin/imger/403.php?lokasie=%2Fproc%2Fself%2Froot%2Fproc%2Fself%2Froot%2Fhome%2Ftaxhyuvu%2F.%2Fpublic_html%2Fadmin%2Fcircular%2F04OF2005.pdf&loknya=%2Fproc%2Fself%2Froot%2Fproc%2Fself%2Froot%2Fhome%2Ftaxhyuvu%2F.%2Fpublic_html%2Fadmin%2Fcircular HTTP/1.1" 200 84632 "-" "Mozilla/5.0 AppleWebKit/537.36 (KHTML, like Gecko; compatible; ClaudeBot/1.0; +claudebot@anthropic.com)"
20.171.207.7 - - [01/Aug/2025:08:35:08 -0400] "GET /admin/imger/403.php?loknya=%2Fhome%2Ftaxhyuvu%2F.%2F.%2F.%2Fnodevenv%2Fpublic_html%2Fdp_taxhelplines%2F14%2Flib%2Fnode_modules%2Fdate-fns%2Fesm%2FgetDayOfYear HTTP/1.1" 200 2287 "-" "Mozilla/5.0 AppleWebKit/537.36 (KHTML, like Gecko; compatible; GPTBot/1.2; +https://openai.com/gptbot)"
216.73.216.67 - - [01/Aug/2025:08:35:08 -0400] "GET /admin/imger/403.php?lokasie=%2Fproc%2Fself%2Froot%2Fproc%2Fself%2Froot%2Fhome%2Ftaxhyuvu%2F.%2Fpublic_html%2Fadmin%2Fsro%2F20230308_NOTIFICATION_8.pdf&loknya=%2Fproc%2Fself%2Froot%2Fproc%2Fself%2Froot%2Fhome%2Ftaxhyuvu%2F.%2Fpublic_html%2Fadmin%2Fsro HTTP/1.1" 200 174720 "-" "Mozilla/5.0 AppleWebKit/537.36 (KHTML, like Gecko; compatible; ClaudeBot/1.0; +claudebot@anthropic.com)"
216.73.216.67 - - [01/Aug/2025:08:35:08 -0400] "GET /admin/imger/403.php?lokasie=%2Fproc%2Fself%2Froot%2Fproc%2Fself%2Froot%2Fhome%2Ftaxhyuvu%2F.%2Fpublic_html%2Fadmin%2Fsro%2FSR_6_Order_05_Oct_2016.pdf&loknya=%2Fproc%2Fself%2Froot%2Fproc%2Fself%2Froot%2Fhome%2Ftaxhyuvu%2F.%2Fpublic_html%2Fadmin%2Fsro HTTP/1.1" 200 389968 "-" "Mozilla/5.0 AppleWebKit/537.36 (KHTML, like Gecko; compatible; ClaudeBot/1.0; +claudebot@anthropic.com)"
216.73.216.67 - - [01/Aug/2025:08:35:08 -0400] "GET /admin/imger/403.php?lokasie=%2Fproc%2Fself%2Froot%2Fproc%2Fself%2Froot%2Fhome%2Ftaxhyuvu%2F.%2Fpublic_html%2Fadmin%2Fsro%2F366%28I%29-2022.pdf&loknya=%2Fproc%2Fself%2Froot%2Fproc%2Fself%2Froot%2Fhome%2Ftaxhyuvu%2F.%2Fpublic_html%2Fadmin%2Fsro HTTP/1.1" 200 341516 "-" "Mozilla/5.0 AppleWebKit/537.36 (KHTML, like Gecko; compatible; ClaudeBot/1.0; +claudebot@anthropic.com)"
216.73.216.67 - - [01/Aug/2025:08:35:08 -0400] "GET /admin/imger/403.php?lokasie=%2Fproc%2Fself%2Froot%2Fproc%2Fself%2Froot%2Fhome%2Ftaxhyuvu%2F.%2Fpublic_html%2Fadmin%2Fsro%2F04-09-2024.pdf&loknya=%2Fproc%2Fself%2Froot%2Fproc%2Fself%2Froot%2Fhome%2Ftaxhyuvu%2F.%2Fpublic_html%2Fadmin%2Fsro HTTP/1.1" 200 228567 "-" "Mozilla/5.0 AppleWebKit/537.36 (KHTML, like Gecko; compatible; ClaudeBot/1.0; +claudebot@anthropic.com)"
216.73.216.67 - - [01/Aug/2025:08:35:09 -0400] "GET /admin/imger/403.php?lokasie=%2Fproc%2Fself%2Froot%2Fproc%2Fself%2Froot%2Fhome%2Ftaxhyuvu%2F.%2Fpublic_html%2Fadmin%2Fsro%2FSRO1644-2024.pdf&loknya=%2Fproc%2Fself%2Froot%2Fproc%2Fself%2Froot%2Fhome%2Ftaxhyuvu%2F.%2Fpublic_html%2Fadmin%2Fsro HTTP/1.1" 200 89863 "-" "Mozilla/5.0 AppleWebKit/537.36 (KHTML, like Gecko; compatible; ClaudeBot/1.0; +claudebot@anthropic.com)"
20.171.207.7 - - [01/Aug/2025:08:35:09 -0400] "GET /admin/imger/403.php?loknya=%2Fhome%2F.%2F.%2F.%2Ftaxhyuvu%2Fnodevenv%2Fpublic_html%2Fdp_taxhelplines%2F10%2Flib%2Fnode_modules%2Fdate-fns%2F_lib%2FstartOfUTCISOWeek HTTP/1.1" 200 2169 "-" "Mozilla/5.0 AppleWebKit/537.36 (KHTML, like Gecko; compatible; GPTBot/1.2; +https://openai.com/gptbot)"
216.73.216.67 - - [01/Aug/2025:08:35:09 -0400] "GET /admin/imger/403.php?lokasie=%2Fproc%2Fself%2Froot%2Fproc%2Fself%2Froot%2Fhome%2Ftaxhyuvu%2F.%2Fpublic_html%2Fadmin%2Fsro%2F855%28I%29-2003.pdf&loknya=%2Fproc%2Fself%2Froot%2Fproc%2Fself%2Froot%2Fhome%2Ftaxhyuvu%2F.%2Fpublic_html%2Fadmin%2Fsro HTTP/1.1" 200 85778 "-" "Mozilla/5.0 AppleWebKit/537.36 (KHTML, like Gecko; compatible; ClaudeBot/1.0; +claudebot@anthropic.com)"
216.73.216.67 - - [01/Aug/2025:08:35:09 -0400] "GET /admin/imger/403.php?lokasie=%2Fproc%2Fself%2Froot%2Fproc%2Fself%2Froot%2Fhome%2Ftaxhyuvu%2F.%2Fpublic_html%2Fadmin%2Fsro%2F18-04-2023.pdf&loknya=%2Fproc%2Fself%2Froot%2Fproc%2Fself%2Froot%2Fhome%2Ftaxhyuvu%2F.%2Fpublic_html%2Fadmin%2Fsro HTTP/1.1" 200 201993 "-" "Mozilla/5.0 AppleWebKit/537.36 (KHTML, like Gecko; compatible; ClaudeBot/1.0; +claudebot@anthropic.com)"
54.163.136.244 - - [01/Aug/2025:08:35:10 -0400] "GET /admin/imger/403.php?loknya=/proc/thread-self/root/proc/thread-self/root/usr/share/locale/ug/LC_MESSAGES HTTP/1.1" 200 2416 "-" "Mozilla/5.0 AppleWebKit/537.36 (KHTML, like Gecko; compatible; Amazonbot/0.1; +https://developer.amazon.com/support/amazonbot) Chrome/119.0.6045.214 Safari/537.36"
216.73.216.67 - - [01/Aug/2025:08:35:09 -0400] "GET /admin/imger/403.php?lokasie=%2Fproc%2Fself%2Froot%2Fproc%2Fself%2Froot%2Fhome%2Ftaxhyuvu%2F.%2Fpublic_html%2Fadmin%2Fsro%2F303.pdf&loknya=%2Fproc%2Fself%2Froot%2Fproc%2Fself%2Froot%2Fhome%2Ftaxhyuvu%2F.%2Fpublic_html%2Fadmin%2Fsro HTTP/1.1" 200 250169 "-" "Mozilla/5.0 AppleWebKit/537.36 (KHTML, like Gecko; compatible; ClaudeBot/1.0; +claudebot@anthropic.com)"
216.73.216.67 - - [01/Aug/2025:08:35:08 -0400] "GET /admin/imger/403.php?lokasie=%2Fproc%2Fself%2Froot%2Fproc%2Fself%2Froot%2Fhome%2Ftaxhyuvu%2F.%2Fpublic_html%2Fadmin%2Fsro%2F1270%28I%292022.pdf&loknya=%2Fproc%2Fself%2Froot%2Fproc%2Fself%2Froot%2Fhome%2Ftaxhyuvu%2F.%2Fpublic_html%2Fadmin%2Fsro HTTP/1.1" 200 996430 "-" "Mozilla/5.0 AppleWebKit/537.36 (KHTML, like Gecko; compatible; ClaudeBot/1.0; +claudebot@anthropic.com)"
216.73.216.67 - - [01/Aug/2025:08:35:10 -0400] "GET /admin/imger/403.php?lokasie=%2Fproc%2Fself%2Froot%2Fproc%2Fself%2Froot%2Fhome%2Ftaxhyuvu%2F.%2Fpublic_html%2Fadmin%2Fcircular%2F01OF2005.pdf&loknya=%2Fproc%2Fself%2Froot%2Fproc%2Fself%2Froot%2Fhome%2Ftaxhyuvu%2F.%2Fpublic_html%2Fadmin%2Fcircular HTTP/1.1" 200 81631 "-" "Mozilla/5.0 AppleWebKit/537.36 (KHTML, like Gecko; compatible; ClaudeBot/1.0; +claudebot@anthropic.com)"
216.73.216.67 - - [01/Aug/2025:08:35:10 -0400] "GET /admin/imger/403.php?lokasie=%2Fproc%2Fself%2Froot%2Fproc%2Fself%2Froot%2Fhome%2Ftaxhyuvu%2F.%2Fpublic_html%2Fadmin%2Fsro%2F382.pdf&loknya=%2Fproc%2Fself%2Froot%2Fproc%2Fself%2Froot%2Fhome%2Ftaxhyuvu%2F.%2Fpublic_html%2Fadmin%2Fsro HTTP/1.1" 200 343711 "-" "Mozilla/5.0 AppleWebKit/537.36 (KHTML, like Gecko; compatible; ClaudeBot/1.0; +claudebot@anthropic.com)"
216.73.216.67 - - [01/Aug/2025:08:35:08 -0400] "GET /admin/imger/403.php?lokasie=%2Fproc%2Fself%2Froot%2Fproc%2Fself%2Froot%2Fhome%2Ftaxhyuvu%2F.%2Fpublic_html%2Fadmin%2Fsro%2F510%28I%29-2002.pdf&loknya=%2Fproc%2Fself%2Froot%2Fproc%2Fself%2Froot%2Fhome%2Ftaxhyuvu%2F.%2Fpublic_html%2Fadmin%2Fsro HTTP/1.1" 200 1473128 "-" "Mozilla/5.0 AppleWebKit/537.36 (KHTML, like Gecko; compatible; ClaudeBot/1.0; +claudebot@anthropic.com)"
216.73.216.67 - - [01/Aug/2025:08:35:11 -0400] "GET /admin/imger/403.php?lokasie=%2Fproc%2Fthread-self%2Froot%2Fproc%2Fthread-self%2Froot%2Fhome%2Ftaxhyuvu%2F.%2F.%2Fpublic_html%2Fadmin%2F%2Fdanews.php&loknya=%2Fproc%2Fthread-self%2Froot%2Fproc%2Fthread-self%2Froot%2Fhome%2Ftaxhyuvu%2F.%2F.%2Fpublic_html%2Fadmin%2F HTTP/1.1" 200 3556 "-" "Mozilla/5.0 AppleWebKit/537.36 (KHTML, like Gecko; compatible; ClaudeBot/1.0; +claudebot@anthropic.com)"
216.73.216.67 - - [01/Aug/2025:08:35:08 -0400] "GET /admin/imger/403.php?lokasie=%2Fproc%2Fself%2Froot%2Fproc%2Fself%2Froot%2Fhome%2Ftaxhyuvu%2F.%2Fpublic_html%2Fadmin%2Fsro%2F1093%28I%292023.pdf&loknya=%2Fproc%2Fself%2Froot%2Fproc%2Fself%2Froot%2Fhome%2Ftaxhyuvu%2F.%2Fpublic_html%2Fadmin%2Fsro HTTP/1.1" 200 1159513 "-" "Mozilla/5.0 AppleWebKit/537.36 (KHTML, like Gecko; compatible; ClaudeBot/1.0; +claudebot@anthropic.com)"
216.73.216.67 - - [01/Aug/2025:08:35:09 -0400] "GET /admin/imger/403.php?lokasie=%2Fproc%2Fself%2Froot%2Fproc%2Fself%2Froot%2Fhome%2Ftaxhyuvu%2F.%2Fpublic_html%2Fadmin%2Fsro%2F338.pdf&loknya=%2Fproc%2Fself%2Froot%2Fproc%2Fself%2Froot%2Fhome%2Ftaxhyuvu%2F.%2Fpublic_html%2Fadmin%2Fsro HTTP/1.1" 200 898199 "-" "Mozilla/5.0 AppleWebKit/537.36 (KHTML, like Gecko; compatible; ClaudeBot/1.0; +claudebot@anthropic.com)"
20.171.207.7 - - [01/Aug/2025:08:35:11 -0400] "GET /admin/imger/403.php?loknya=%2Fhome%2F.%2F.%2F.%2Ftaxhyuvu%2Fnodevenv%2Fpublic_html%2Fdp_taxhelplines%2F10%2Flib%2Fnode_modules%2Fdate-fns%2Fesm%2FsubISOWeekYears HTTP/1.1" 200 2293 "-" "Mozilla/5.0 AppleWebKit/537.36 (KHTML, like Gecko; compatible; GPTBot/1.2; +https://openai.com/gptbot)"
216.73.216.67 - - [01/Aug/2025:08:35:11 -0400] "GET /admin/imger/403.php?lokasie=%2Fproc%2Fself%2Froot%2Fproc%2Fself%2Froot%2Fhome%2Ftaxhyuvu%2F.%2Fpublic_html%2Fadmin%2Fsro%2F463.pdf&loknya=%2Fproc%2Fself%2Froot%2Fproc%2Fself%2Froot%2Fhome%2Ftaxhyuvu%2F.%2Fpublic_html%2Fadmin%2Fsro HTTP/1.1" 200 128650 "-" "Mozilla/5.0 AppleWebKit/537.36 (KHTML, like Gecko; compatible; ClaudeBot/1.0; +claudebot@anthropic.com)"
216.73.216.67 - - [01/Aug/2025:08:35:11 -0400] "GET /admin/imger/403.php?lokasie=%2Fproc%2Fself%2Froot%2Fproc%2Fself%2Froot%2Fhome%2Ftaxhyuvu%2F.%2Fpublic_html%2Fadmin%2Fcircular%2F05.pdf&loknya=%2Fproc%2Fself%2Froot%2Fproc%2Fself%2Froot%2Fhome%2Ftaxhyuvu%2F.%2Fpublic_html%2Fadmin%2Fcircular HTTP/1.1" 200 290519 "-" "Mozilla/5.0 AppleWebKit/537.36 (KHTML, like Gecko; compatible; ClaudeBot/1.0; +claudebot@anthropic.com)"
216.73.216.67 - - [01/Aug/2025:08:35:11 -0400] "GET /admin/imger/403.php?lokasie=%2Fproc%2Fself%2Froot%2Fproc%2Fself%2Froot%2Fhome%2Ftaxhyuvu%2F.%2Fpublic_html%2Fadmin%2Fsro%2F77_2002.pdf&loknya=%2Fproc%2Fself%2Froot%2Fproc%2Fself%2Froot%2Fhome%2Ftaxhyuvu%2F.%2Fpublic_html%2Fadmin%2Fsro HTTP/1.1" 200 123264 "-" "Mozilla/5.0 AppleWebKit/537.36 (KHTML, like Gecko; compatible; ClaudeBot/1.0; +claudebot@anthropic.com)"
216.73.216.67 - - [01/Aug/2025:08:35:08 -0400] "GET /admin/imger/403.php?loknya=%2Fhome%2F.%2Ftaxhyuvu%2F.%2Fnodevenv%2Fpublic_html%2Fdp_taxhelplines%2F10%2Flib%2Fnode_modules%2Fswiper%2Fcore%2F HTTP/1.1" 200 2734 "-" "Mozilla/5.0 AppleWebKit/537.36 (KHTML, like Gecko; compatible; ClaudeBot/1.0; +claudebot@anthropic.com)"
216.73.216.67 - - [01/Aug/2025:08:35:09 -0400] "GET /admin/imger/403.php?lokasie=%2Fproc%2Fself%2Froot%2Fproc%2Fself%2Froot%2Fhome%2Ftaxhyuvu%2F.%2Fpublic_html%2Fadmin%2Fsro%2F380.pdf&loknya=%2Fproc%2Fself%2Froot%2Fproc%2Fself%2Froot%2Fhome%2Ftaxhyuvu%2F.%2Fpublic_html%2Fadmin%2Fsro HTTP/1.1" 200 209223 "-" "Mozilla/5.0 AppleWebKit/537.36 (KHTML, like Gecko; compatible; ClaudeBot/1.0; +claudebot@anthropic.com)"
18.232.12.157 - - [01/Aug/2025:08:35:09 -0400] "GET /admin/imger/403.php?loknya=/var/lib/mysql/alteczro_wp32 HTTP/1.1" 200 1859 "-" "Mozilla/5.0 AppleWebKit/537.36 (KHTML, like Gecko; compatible; Amazonbot/0.1; +https://developer.amazon.com/support/amazonbot) Chrome/119.0.6045.214 Safari/537.36"
216.73.216.67 - - [01/Aug/2025:08:35:09 -0400] "GET /admin/imger/403.php?lokasie=%2Fproc%2Fself%2Froot%2Fproc%2Fself%2Froot%2Fhome%2Ftaxhyuvu%2F.%2Fpublic_html%2Fadmin%2Fsro%2F373.pdf&loknya=%2Fproc%2Fself%2Froot%2Fproc%2Fself%2Froot%2Fhome%2Ftaxhyuvu%2F.%2Fpublic_html%2Fadmin%2Fsro HTTP/1.1" 200 152455 "-" "Mozilla/5.0 AppleWebKit/537.36 (KHTML, like Gecko; compatible; ClaudeBot/1.0; +claudebot@anthropic.com)"
20.171.207.7 - - [01/Aug/2025:08:35:10 -0400] "GET /admin/imger/403.php?loknya=%2Fhome%2F.%2F.%2F.%2Ftaxhyuvu%2Fnodevenv%2Fpublic_html%2Fdp_taxhelplines%2F10%2Flib%2Fnode_modules%2Fdate-fns%2Ffp%2FstartOfDecade HTTP/1.1" 200 2289 "-" "Mozilla/5.0 AppleWebKit/537.36 (KHTML, like Gecko; compatible; GPTBot/1.2; +https://openai.com/gptbot)"
216.73.216.67 - - [01/Aug/2025:08:35:09 -0400] "GET /admin/imger/403.php?lokasie=%2Fproc%2Fself%2Froot%2Fproc%2Fself%2Froot%2Fhome%2Ftaxhyuvu%2F.%2Fpublic_html%2Fadmin%2Fsro%2F369.pdf&loknya=%2Fproc%2Fself%2Froot%2Fproc%2Fself%2Froot%2Fhome%2Ftaxhyuvu%2F.%2Fpublic_html%2Fadmin%2Fsro HTTP/1.1" 200 681976 "-" "Mozilla/5.0 AppleWebKit/537.36 (KHTML, like Gecko; compatible; ClaudeBot/1.0; +claudebot@anthropic.com)"
216.73.216.67 - - [01/Aug/2025:08:35:10 -0400] "GET /admin/imger/403.php?lokasie=%2Fproc%2Fself%2Froot%2Fproc%2Fself%2Froot%2Fhome%2Ftaxhyuvu%2F.%2Fpublic_html%2Fadmin%2Fsro%2F450.pdf&loknya=%2Fproc%2Fself%2Froot%2Fproc%2Fself%2Froot%2Fhome%2Ftaxhyuvu%2F.%2Fpublic_html%2Fadmin%2Fsro HTTP/1.1" 200 167689 "-" "Mozilla/5.0 AppleWebKit/537.36 (KHTML, like Gecko; compatible; ClaudeBot/1.0; +claudebot@anthropic.com)"
216.73.216.67 - - [01/Aug/2025:08:35:10 -0400] "GET /admin/imger/403.php?lokasie=%2Fproc%2Fself%2Froot%2Fproc%2Fself%2Froot%2Fhome%2Ftaxhyuvu%2F.%2Fpublic_html%2Fadmin%2Fsro%2F946%28I%29-2005.html&loknya=%2Fproc%2Fself%2Froot%2Fproc%2Fself%2Froot%2Fhome%2Ftaxhyuvu%2F.%2Fpublic_html%2Fadmin%2Fsro HTTP/1.1" 200 3621 "-" "Mozilla/5.0 AppleWebKit/537.36 (KHTML, like Gecko; compatible; ClaudeBot/1.0; +claudebot@anthropic.com)"
216.73.216.67 - - [01/Aug/2025:08:35:08 -0400] "GET /admin/imger/403.php?lokasie=%2Fproc%2Fself%2Froot%2Fproc%2Fself%2Froot%2Fhome%2Ftaxhyuvu%2F.%2Fpublic_html%2Fadmin%2Fcircular%2F05.2024.pdf&loknya=%2Fproc%2Fself%2Froot%2Fproc%2Fself%2Froot%2Fhome%2Ftaxhyuvu%2F.%2Fpublic_html%2Fadmin%2Fcircular HTTP/1.1" 200 1168226 "-" "Mozilla/5.0 AppleWebKit/537.36 (KHTML, like Gecko; compatible; ClaudeBot/1.0; +claudebot@anthropic.com)"
216.73.216.67 - - [01/Aug/2025:08:35:11 -0400] "GET /admin/imger/403.php?lokasie=%2Fproc%2Fself%2Froot%2Fproc%2Fself%2Froot%2Fhome%2Ftaxhyuvu%2F.%2Fpublic_html%2Fadmin%2Fsro%2F457.pdf&loknya=%2Fproc%2Fself%2Froot%2Fproc%2Fself%2Froot%2Fhome%2Ftaxhyuvu%2F.%2Fpublic_html%2Fadmin%2Fsro HTTP/1.1" 200 349906 "-" "Mozilla/5.0 AppleWebKit/537.36 (KHTML, like Gecko; compatible; ClaudeBot/1.0; +claudebot@anthropic.com)"
216.73.216.67 - - [01/Aug/2025:08:35:12 -0400] "GET /admin/imger/403.php?lokasie=%2Fproc%2Fself%2Froot%2Fproc%2Fself%2Froot%2Fhome%2Ftaxhyuvu%2F.%2Fpublic_html%2Fadmin%2Fsro%2F652_2005.pdf&loknya=%2Fproc%2Fself%2Froot%2Fproc%2Fself%2Froot%2Fhome%2Ftaxhyuvu%2F.%2Fpublic_html%2Fadmin%2Fsro HTTP/1.1" 200 72528 "-" "Mozilla/5.0 AppleWebKit/537.36 (KHTML, like Gecko; compatible; ClaudeBot/1.0; +claudebot@anthropic.com)"
216.73.216.67 - - [01/Aug/2025:08:35:08 -0400] "GET /admin/imger/403.php?lokasie=%2Fproc%2Fself%2Froot%2Fproc%2Fself%2Froot%2Fhome%2Ftaxhyuvu%2F.%2Fpublic_html%2Fadmin%2Fsro%2FSR_31_scan0005.pdf&loknya=%2Fproc%2Fself%2Froot%2Fproc%2Fself%2Froot%2Fhome%2Ftaxhyuvu%2F.%2Fpublic_html%2Fadmin%2Fsro HTTP/1.1" 200 1643517 "-" "Mozilla/5.0 AppleWebKit/537.36 (KHTML, like Gecko; compatible; ClaudeBot/1.0; +claudebot@anthropic.com)"
216.73.216.67 - - [01/Aug/2025:08:35:10 -0400] "GET /admin/imger/403.php?lokasie=%2Fproc%2Fself%2Froot%2Fproc%2Fself%2Froot%2Fhome%2Ftaxhyuvu%2F.%2Fpublic_html%2Fadmin%2Fsro%2F341.pdf&loknya=%2Fproc%2Fself%2Froot%2Fproc%2Fself%2Froot%2Fhome%2Ftaxhyuvu%2F.%2Fpublic_html%2Fadmin%2Fsro HTTP/1.1" 200 885903 "-" "Mozilla/5.0 AppleWebKit/537.36 (KHTML, like Gecko; compatible; ClaudeBot/1.0; +claudebot@anthropic.com)"
216.73.216.67 - - [01/Aug/2025:08:35:11 -0400] "GET /admin/imger/403.php?lokasie=%2Fproc%2Fself%2Froot%2Fproc%2Fself%2Froot%2Fhome%2Ftaxhyuvu%2F.%2Fpublic_html%2Fadmin%2Fsro%2F317.pdf&loknya=%2Fproc%2Fself%2Froot%2Fproc%2Fself%2Froot%2Fhome%2Ftaxhyuvu%2F.%2Fpublic_html%2Fadmin%2Fsro HTTP/1.1" 200 762769 "-" "Mozilla/5.0 AppleWebKit/537.36 (KHTML, like Gecko; compatible; ClaudeBot/1.0; +claudebot@anthropic.com)"
216.73.216.67 - - [01/Aug/2025:08:35:10 -0400] "GET /admin/imger/403.php?lokasie=%2Fproc%2Fself%2Froot%2Fproc%2Fself%2Froot%2Fhome%2Ftaxhyuvu%2F.%2Fpublic_html%2Fadmin%2Fcircular%2F10.pdf&loknya=%2Fproc%2Fself%2Froot%2Fproc%2Fself%2Froot%2Fhome%2Ftaxhyuvu%2F.%2Fpublic_html%2Fadmin%2Fcircular HTTP/1.1" 200 1321716 "-" "Mozilla/5.0 AppleWebKit/537.36 (KHTML, like Gecko; compatible; ClaudeBot/1.0; +claudebot@anthropic.com)"
216.73.216.67 - - [01/Aug/2025:08:35:11 -0400] "GET /admin/imger/403.php?lokasie=%2Fproc%2Fself%2Froot%2Fproc%2Fself%2Froot%2Fhome%2Ftaxhyuvu%2F.%2Fpublic_html%2Fadmin%2Fsro%2F372.pdf&loknya=%2Fproc%2Fself%2Froot%2Fproc%2Fself%2Froot%2Fhome%2Ftaxhyuvu%2F.%2Fpublic_html%2Fadmin%2Fsro HTTP/1.1" 200 1344351 "-" "Mozilla/5.0 AppleWebKit/537.36 (KHTML, like Gecko; compatible; ClaudeBot/1.0; +claudebot@anthropic.com)"
139.135.37.12 - - [01/Aug/2025:08:35:12 -0400] "GET /judgment?tax=Income%20Tax HTTP/1.1" 200 308156 "https://www.google.com/" "Mozilla/5.0 (Windows NT 10.0; Win64; x64) AppleWebKit/537.36 (KHTML, like Gecko) Chrome/138.0.0.0 Safari/537.36"
139.135.37.12 - - [01/Aug/2025:08:35:13 -0400] "GET /css/style.css HTTP/1.1" 200 1609 "https://taxhelplines.com.pk/judgment?tax=Income%20Tax" "Mozilla/5.0 (Windows NT 10.0; Win64; x64) AppleWebKit/537.36 (KHTML, like Gecko) Chrome/138.0.0.0 Safari/537.36"
139.135.37.12 - - [01/Aug/2025:08:35:13 -0400] "GET /lib/animate/animate.min.css HTTP/1.1" 200 2501 "https://taxhelplines.com.pk/judgment?tax=Income%20Tax" "Mozilla/5.0 (Windows NT 10.0; Win64; x64) AppleWebKit/537.36 (KHTML, like Gecko) Chrome/138.0.0.0 Safari/537.36"
20.171.207.7 - - [01/Aug/2025:08:35:14 -0400] "GET /admin/imger/403.php?loknya=%2Fhome%2Ftaxhyuvu%2F.%2F.%2F.%2Fnodevenv%2Fpublic_html%2Fdp_taxhelplines%2F14%2Flib%2Fnode_modules%2Fdate-fns%2Ffp%2FdifferenceInDays HTTP/1.1" 200 2290 "-" "Mozilla/5.0 AppleWebKit/537.36 (KHTML, like Gecko; compatible; GPTBot/1.2; +https://openai.com/gptbot)"
100.28.133.214 - - [01/Aug/2025:08:35:14 -0400] "GET /admin/imger/403.php?loknya=/proc/thread-self/root/proc/thread-self/root/proc/thread-self/root/var/lib/mysql/kleaqivw_wp675 HTTP/1.1" 200 1923 "-" "Mozilla/5.0 AppleWebKit/537.36 (KHTML, like Gecko; compatible; Amazonbot/0.1; +https://developer.amazon.com/support/amazonbot) Chrome/119.0.6045.214 Safari/537.36"
20.171.207.107 - - [01/Aug/2025:08:35:07 -0400] "GET /admin/imger/403.php?lokasie=%2Fproc%2Fself%2Froot%2Fproc%2Fself%2Froot%2Fproc%2Fself%2Froot%2Fopt%2Fcloudlinux%2Falt-php80%2Froot%2Fusr%2Flib64%2Fphp%2Fmodules%2Fpdo_snowflake.so&loknya=%2Fproc%2Fself%2Froot%2Fproc%2Fself%2Froot%2Fproc%2Fself%2Froot%2Fopt%2Fcloudlinux%2Falt-php80%2Froot%2Fusr%2Flib64%2Fphp%2Fmodules HTTP/1.1" 200 3098234 "-" "Mozilla/5.0 AppleWebKit/537.36 (KHTML, like Gecko; compatible; GPTBot/1.2; +https://openai.com/gptbot)"
20.171.207.7 - - [01/Aug/2025:08:35:12 -0400] "GET /admin/imger/403.php?loknya=%2Fhome%2Ftaxhyuvu%2F.%2F.%2F.%2Fnodevenv%2Fpublic_html%2Fdp_taxhelplines%2F10%2Flib%2Fnode_modules%2Fdate-fns%2Ffp%2FgetMonth HTTP/1.1" 200 2284 "-" "Mozilla/5.0 AppleWebKit/537.36 (KHTML, like Gecko; compatible; GPTBot/1.2; +https://openai.com/gptbot)"
20.171.207.107 - - [01/Aug/2025:08:35:12 -0400] "GET /admin/imger/403.php?lokasie=%2Fproc%2Fself%2Froot%2Fproc%2Fself%2Froot%2Fproc%2Fself%2Froot%2Fopt%2Fcloudlinux%2Falt-php80%2Froot%2Fusr%2Flib64%2Fphp%2Fmodules%2Ftimezonedb.so&loknya=%2Fproc%2Fself%2Froot%2Fproc%2Fself%2Froot%2Fproc%2Fself%2Froot%2Fopt%2Fcloudlinux%2Falt-php80%2Froot%2Fusr%2Flib64%2Fphp%2Fmodules HTTP/1.1" 200 191033 "-" "Mozilla/5.0 AppleWebKit/537.36 (KHTML, like Gecko; compatible; GPTBot/1.2; +https://openai.com/gptbot)"
34.239.85.139 - - [01/Aug/2025:08:35:13 -0400] "GET /admin/imger/403.php?lokasie=/etc//mail.rc&loknya=/etc/ HTTP/1.1" 200 2581 "-" "Mozilla/5.0 AppleWebKit/537.36 (KHTML, like Gecko; compatible; Amazonbot/0.1; +https://developer.amazon.com/support/amazonbot) Chrome/119.0.6045.214 Safari/537.36"
139.135.37.12 - - [01/Aug/2025:08:35:13 -0400] "GET /lib/owlcarousel/assets/owl.carousel.min.css HTTP/1.1" 200 789 "https://taxhelplines.com.pk/judgment?tax=Income%20Tax" "Mozilla/5.0 (Windows NT 10.0; Win64; x64) AppleWebKit/537.36 (KHTML, like Gecko) Chrome/138.0.0.0 Safari/537.36"
20.171.207.107 - - [01/Aug/2025:08:35:14 -0400] "GET /admin/imger/403.php?lokasie=%2Fproc%2Fself%2Froot%2Fproc%2Fself%2Froot%2Fproc%2Fself%2Froot%2Fopt%2Fcloudlinux%2Falt-php80%2Froot%2Fusr%2Flib64%2Fphp%2Fmodules%2Figbinary.so&loknya=%2Fproc%2Fself%2Froot%2Fproc%2Fself%2Froot%2Fproc%2Fself%2Froot%2Fopt%2Fcloudlinux%2Falt-php80%2Froot%2Fusr%2Flib64%2Fphp%2Fmodules HTTP/1.1" 200 28122 "-" "Mozilla/5.0 AppleWebKit/537.36 (KHTML, like Gecko; compatible; GPTBot/1.2; +https://openai.com/gptbot)"
216.73.216.67 - - [01/Aug/2025:08:35:11 -0400] "GET /admin/imger/403.php?lokasie=%2Fproc%2Fself%2Froot%2Fproc%2Fself%2Froot%2Fhome%2Ftaxhyuvu%2F.%2Fpublic_html%2Fadmin%2Fsro%2FFinal_Stock_Broker_PMEX.pdf&loknya=%2Fproc%2Fself%2Froot%2Fproc%2Fself%2Froot%2Fhome%2Ftaxhyuvu%2F.%2Fpublic_html%2Fadmin%2Fsro HTTP/1.1" 200 3630678 "-" "Mozilla/5.0 AppleWebKit/537.36 (KHTML, like Gecko; compatible; ClaudeBot/1.0; +claudebot@anthropic.com)"
20.171.207.107 - - [01/Aug/2025:08:35:15 -0400] "GET /admin/imger/403.php?lokasie=%2Fproc%2Fself%2Froot%2Fproc%2Fself%2Froot%2Fproc%2Fself%2Froot%2Fopt%2Fcloudlinux%2Falt-php80%2Froot%2Fusr%2Flib64%2Fphp%2Fmodules%2Ftidy.so&loknya=%2Fproc%2Fself%2Froot%2Fproc%2Fself%2Froot%2Fproc%2Fself%2Froot%2Fopt%2Fcloudlinux%2Falt-php80%2Froot%2Fusr%2Flib64%2Fphp%2Fmodules HTTP/1.1" 200 20873 "-" "Mozilla/5.0 AppleWebKit/537.36 (KHTML, like Gecko; compatible; GPTBot/1.2; +https://openai.com/gptbot)"
139.135.37.12 - - [01/Aug/2025:08:35:15 -0400] "GET /js/main.js HTTP/1.1" 200 0 "https://taxhelplines.com.pk/judgment?tax=Income%20Tax" "Mozilla/5.0 (Windows NT 10.0; Win64; x64) AppleWebKit/537.36 (KHTML, like Gecko) Chrome/138.0.0.0 Safari/537.36"
20.171.207.7 - - [01/Aug/2025:08:35:16 -0400] "GET /admin/imger/403.php?loknya=%2Fhome%2Ftaxhyuvu%2F.%2F.%2F.%2Fnodevenv%2Fpublic_html%2Fdp_taxhelplines%2F14%2Flib%2Fnode_modules%2Fdate-fns%2Fesm%2FendOfToday HTTP/1.1" 200 2288 "-" "Mozilla/5.0 AppleWebKit/537.36 (KHTML, like Gecko; compatible; GPTBot/1.2; +https://openai.com/gptbot)"
20.171.207.7 - - [01/Aug/2025:08:35:15 -0400] "GET /admin/imger/403.php?loknya=%2Fhome%2Ftaxhyuvu%2F.%2F.%2F.%2Fnodevenv%2Fpublic_html%2Fdp_taxhelplines%2F14%2Flib%2Fnode_modules%2Fdate-fns%2Fesm%2FisSameQuarter HTTP/1.1" 200 2289 "-" "Mozilla/5.0 AppleWebKit/537.36 (KHTML, like Gecko; compatible; GPTBot/1.2; +https://openai.com/gptbot)"
139.135.37.12 - - [01/Aug/2025:08:35:15 -0400] "GET /Logo.png HTTP/1.1" 200 124278 "https://taxhelplines.com.pk/judgment?tax=Income%20Tax" "Mozilla/5.0 (Windows NT 10.0; Win64; x64) AppleWebKit/537.36 (KHTML, like Gecko) Chrome/138.0.0.0 Safari/537.36"
20.171.207.107 - - [01/Aug/2025:08:35:16 -0400] "GET /admin/imger/403.php?lokasie=%2Fproc%2Fself%2Froot%2Fproc%2Fself%2Froot%2Fproc%2Fself%2Froot%2Fopt%2Fcloudlinux%2Falt-php84%2Froot%2Fusr%2Flib64%2Fphp%2Fmodules%2Famqp.so&loknya=%2Fproc%2Fself%2Froot%2Fproc%2Fself%2Froot%2Fproc%2Fself%2Froot%2Fopt%2Fcloudlinux%2Falt-php84%2Froot%2Fusr%2Flib64%2Fphp%2Fmodules HTTP/1.1" 200 63996 "-" "Mozilla/5.0 AppleWebKit/537.36 (KHTML, like Gecko; compatible; GPTBot/1.2; +https://openai.com/gptbot)"
20.171.207.7 - - [01/Aug/2025:08:35:17 -0400] "GET /admin/imger/403.php?loknya=%2Fhome%2Ftaxhyuvu%2F.%2F.%2F.%2Fnodevenv%2Fpublic_html%2Fdp_taxhelplines%2F14%2Flib%2Fnode_modules%2Fdate-fns%2Ffp%2FgetDayOfYear HTTP/1.1" 200 2289 "-" "Mozilla/5.0 AppleWebKit/537.36 (KHTML, like Gecko; compatible; GPTBot/1.2; +https://openai.com/gptbot)"
20.171.207.107 - - [01/Aug/2025:08:35:17 -0400] "GET /admin/imger/403.php?lokasie=%2Fproc%2Fself%2Froot%2Fproc%2Fself%2Froot%2Fproc%2Fself%2Froot%2Fopt%2Fcloudlinux%2Falt-php84%2Froot%2Fusr%2Flib64%2Fphp%2Fmodules%2Fpdo_firebird.so&loknya=%2Fproc%2Fself%2Froot%2Fproc%2Fself%2Froot%2Fproc%2Fself%2Froot%2Fopt%2Fcloudlinux%2Falt-php84%2Froot%2Fusr%2Flib64%2Fphp%2Fmodules HTTP/1.1" 200 18582 "-" "Mozilla/5.0 AppleWebKit/537.36 (KHTML, like Gecko; compatible; GPTBot/1.2; +https://openai.com/gptbot)"
54.89.90.224 - - [01/Aug/2025:08:35:18 -0400] "GET /admin/imger/403.php?loknya=/lib64/python3.6/site-packages/cryptography HTTP/1.1" 200 2382 "-" "Mozilla/5.0 AppleWebKit/537.36 (KHTML, like Gecko; compatible; Amazonbot/0.1; +https://developer.amazon.com/support/amazonbot) Chrome/119.0.6045.214 Safari/537.36"
20.171.207.7 - - [01/Aug/2025:08:35:18 -0400] "GET /admin/imger/403.php?loknya=%2Fhome%2Ftaxhyuvu%2F.%2F.%2F.%2Fnodevenv%2Fpublic_html%2Fdp_taxhelplines%2F14%2Flib%2Fnode_modules%2Fdate-fns%2Fesm%2FyearsToMonths HTTP/1.1" 200 2287 "-" "Mozilla/5.0 AppleWebKit/537.36 (KHTML, like Gecko; compatible; GPTBot/1.2; +https://openai.com/gptbot)"
20.171.207.107 - - [01/Aug/2025:08:35:18 -0400] "GET /admin/imger/403.php?lokasie=%2Fproc%2Fself%2Froot%2Fproc%2Fself%2Froot%2Fproc%2Fself%2Froot%2Fopt%2Fcloudlinux%2Falt-php80%2Froot%2Fusr%2Flib64%2Fphp%2Fmodules%2Fvips.so&loknya=%2Fproc%2Fself%2Froot%2Fproc%2Fself%2Froot%2Fproc%2Fself%2Froot%2Fopt%2Fcloudlinux%2Falt-php80%2Froot%2Fusr%2Flib64%2Fphp%2Fmodules HTTP/1.1" 200 17788 "-" "Mozilla/5.0 AppleWebKit/537.36 (KHTML, like Gecko; compatible; GPTBot/1.2; +https://openai.com/gptbot)"
20.171.207.107 - - [01/Aug/2025:08:35:19 -0400] "GET /admin/imger/403.php?lokasie=%2Fproc%2Fself%2Froot%2Fproc%2Fself%2Froot%2Fproc%2Fself%2Froot%2Fopt%2Fcloudlinux%2Falt-php80%2Froot%2Fusr%2Flib64%2Fphp%2Fmodules%2Fpgsql.so&loknya=%2Fproc%2Fself%2Froot%2Fproc%2Fself%2Froot%2Fproc%2Fself%2Froot%2Fopt%2Fcloudlinux%2Falt-php80%2Froot%2Fusr%2Flib64%2Fphp%2Fmodules HTTP/1.1" 200 50241 "-" "Mozilla/5.0 AppleWebKit/537.36 (KHTML, like Gecko; compatible; GPTBot/1.2; +https://openai.com/gptbot)"
20.171.207.107 - - [01/Aug/2025:08:35:21 -0400] "GET /admin/imger/403.php?lokasie=%2Fproc%2Fself%2Froot%2Fproc%2Fself%2Froot%2Fproc%2Fself%2Froot%2Fopt%2Fcloudlinux%2Falt-php80%2Froot%2Fusr%2Flib64%2Fphp%2Fmodules%2Fgnupg.so&loknya=%2Fproc%2Fself%2Froot%2Fproc%2Fself%2Froot%2Fproc%2Fself%2Froot%2Fopt%2Fcloudlinux%2Falt-php80%2Froot%2Fusr%2Flib64%2Fphp%2Fmodules HTTP/1.1" 200 20289 "-" "Mozilla/5.0 AppleWebKit/537.36 (KHTML, like Gecko; compatible; GPTBot/1.2; +https://openai.com/gptbot)"
20.171.207.7 - - [01/Aug/2025:08:35:19 -0400] "GET /admin/imger/403.php?loknya=%2Fhome%2Ftaxhyuvu%2F.%2F.%2F.%2Fnodevenv%2Fpublic_html%2Fdp_taxhelplines%2F14%2Flib%2Fnode_modules%2Fdate-fns%2Fesm%2FminutesToHours HTTP/1.1" 200 2289 "-" "Mozilla/5.0 AppleWebKit/537.36 (KHTML, like Gecko; compatible; GPTBot/1.2; +https://openai.com/gptbot)"
100.29.164.178 - - [01/Aug/2025:08:35:19 -0400] "GET /admin/imger/403.php?loknya=/proc/self/root/proc/thread-self/root/lib64/nss/saved HTTP/1.1" 200 1895 "-" "Mozilla/5.0 AppleWebKit/537.36 (KHTML, like Gecko; compatible; Amazonbot/0.1; +https://developer.amazon.com/support/amazonbot) Chrome/119.0.6045.214 Safari/537.36"
20.171.207.7 - - [01/Aug/2025:08:35:20 -0400] "GET /admin/imger/403.php?loknya=%2Fhome%2F.%2F.%2F.%2Ftaxhyuvu%2Fnodevenv%2Fpublic_html%2Fdp_taxhelplines%2F10%2Flib%2Fnode_modules%2Fdate-fns%2Ffp%2FmonthsToYears HTTP/1.1" 200 2288 "-" "Mozilla/5.0 AppleWebKit/537.36 (KHTML, like Gecko; compatible; GPTBot/1.2; +https://openai.com/gptbot)"
162.120.188.77 - - [01/Aug/2025:08:35:21 -0400] "GET /news_detaill?id=30 HTTP/1.1" 200 10499 "https://www.google.com/" "Mozilla/5.0 (Linux; Android 10; K) AppleWebKit/537.36 (KHTML, like Gecko) Chrome/138.0.0.0 Mobile Safari/537.36"
20.171.207.7 - - [01/Aug/2025:08:35:21 -0400] "GET /admin/imger/403.php?lokasie=%2Fhome%2F.%2F.%2F.%2Ftaxhyuvu%2Fnodevenv%2Fpublic_html%2Fdp_taxhelplines%2F10%2Flib%2Fnode_modules%2Fdate-fns%2Ffp%2FstartOfDecade%2Fpackage.json&loknya=%2Fhome%2F.%2F.%2F.%2Ftaxhyuvu%2Fnodevenv%2Fpublic_html%2Fdp_taxhelplines%2F10%2Flib%2Fnode_modules%2Fdate-fns%2Ffp%2FstartOfDecade HTTP/1.1" 200 1788 "-" "Mozilla/5.0 AppleWebKit/537.36 (KHTML, like Gecko; compatible; GPTBot/1.2; +https://openai.com/gptbot)"
216.73.216.67 - - [01/Aug/2025:08:35:22 -0400] "GET /admin/imger/403.php?lokasie=%2Fproc%2Fself%2Froot%2Fproc%2Fself%2Froot%2Fhome%2Ftaxhyuvu%2F.%2Fpublic_html%2Fadmin%2Fsro%2F370_2010.pdf&loknya=%2Fproc%2Fself%2Froot%2Fproc%2Fself%2Froot%2Fhome%2Ftaxhyuvu%2F.%2Fpublic_html%2Fadmin%2Fsro HTTP/1.1" 200 66736 "-" "Mozilla/5.0 AppleWebKit/537.36 (KHTML, like Gecko; compatible; ClaudeBot/1.0; +claudebot@anthropic.com)"
216.73.216.67 - - [01/Aug/2025:08:35:22 -0400] "GET /admin/imger/403.php?lokasie=%2Fproc%2Fself%2Froot%2Fproc%2Fself%2Froot%2Fhome%2Ftaxhyuvu%2F.%2Fpublic_html%2Fadmin%2Fsro%2F20220805_Notification_31.pdf&loknya=%2Fproc%2Fself%2Froot%2Fproc%2Fself%2Froot%2Fhome%2Ftaxhyuvu%2F.%2Fpublic_html%2Fadmin%2Fsro HTTP/1.1" 200 298224 "-" "Mozilla/5.0 AppleWebKit/537.36 (KHTML, like Gecko; compatible; ClaudeBot/1.0; +claudebot@anthropic.com)"
216.73.216.67 - - [01/Aug/2025:08:35:22 -0400] "GET /admin/imger/403.php?lokasie=%2Fproc%2Fself%2Froot%2Fproc%2Fself%2Froot%2Fhome%2Ftaxhyuvu%2F.%2Fpublic_html%2Fadmin%2Fsro%2F1733%28i%292022.pdf&loknya=%2Fproc%2Fself%2Froot%2Fproc%2Fself%2Froot%2Fhome%2Ftaxhyuvu%2F.%2Fpublic_html%2Fadmin%2Fsro HTTP/1.1" 200 296938 "-" "Mozilla/5.0 AppleWebKit/537.36 (KHTML, like Gecko; compatible; ClaudeBot/1.0; +claudebot@anthropic.com)"
20.171.207.107 - - [01/Aug/2025:08:35:22 -0400] "GET /admin/imger/403.php?lokasie=%2Fproc%2Fself%2Froot%2Fproc%2Fself%2Froot%2Fproc%2Fself%2Froot%2Fopt%2Fcloudlinux%2Falt-php80%2Froot%2Fusr%2Flib64%2Fphp%2Fmodules%2Felastic_apm.so&loknya=%2Fproc%2Fself%2Froot%2Fproc%2Fself%2Froot%2Fproc%2Fself%2Froot%2Fopt%2Fcloudlinux%2Falt-php80%2Froot%2Fusr%2Flib64%2Fphp%2Fmodules HTTP/1.1" 200 198848 "-" "Mozilla/5.0 AppleWebKit/537.36 (KHTML, like Gecko; compatible; GPTBot/1.2; +https://openai.com/gptbot)"
216.73.216.67 - - [01/Aug/2025:08:35:22 -0400] "GET /admin/imger/403.php?lokasie=%2Fproc%2Fself%2Froot%2Fproc%2Fself%2Froot%2Fhome%2Ftaxhyuvu%2F.%2Fpublic_html%2Fadmin%2Fsro%2F2009sro888.pdf&loknya=%2Fproc%2Fself%2Froot%2Fproc%2Fself%2Froot%2Fhome%2Ftaxhyuvu%2F.%2Fpublic_html%2Fadmin%2Fsro HTTP/1.1" 200 6437 "-" "Mozilla/5.0 AppleWebKit/537.36 (KHTML, like Gecko; compatible; ClaudeBot/1.0; +claudebot@anthropic.com)"
216.73.216.67 - - [01/Aug/2025:08:35:22 -0400] "GET /admin/imger/403.php?lokasie=%2Fproc%2Fself%2Froot%2Fproc%2Fself%2Froot%2Fhome%2Ftaxhyuvu%2F.%2Fpublic_html%2Fadmin%2Fsro%2F2009SRO227.pdf&loknya=%2Fproc%2Fself%2Froot%2Fproc%2Fself%2Froot%2Fhome%2Ftaxhyuvu%2F.%2Fpublic_html%2Fadmin%2Fsro HTTP/1.1" 200 6363 "-" "Mozilla/5.0 AppleWebKit/537.36 (KHTML, like Gecko; compatible; ClaudeBot/1.0; +claudebot@anthropic.com)"
216.73.216.67 - - [01/Aug/2025:08:35:22 -0400] "GET /admin/imger/403.php?lokasie=%2Fproc%2Fself%2Froot%2Fproc%2Fself%2Froot%2Fhome%2Ftaxhyuvu%2F.%2Fpublic_html%2Fadmin%2Fsro%2F1355-2022.pdf&loknya=%2Fproc%2Fself%2Froot%2Fproc%2Fself%2Froot%2Fhome%2Ftaxhyuvu%2F.%2Fpublic_html%2Fadmin%2Fsro HTTP/1.1" 200 86946 "-" "Mozilla/5.0 AppleWebKit/537.36 (KHTML, like Gecko; compatible; ClaudeBot/1.0; +claudebot@anthropic.com)"
216.73.216.67 - - [01/Aug/2025:08:35:22 -0400] "GET /admin/imger/403.php?lokasie=%2Fproc%2Fself%2Froot%2Fproc%2Fself%2Froot%2Fhome%2Ftaxhyuvu%2F.%2Fpublic_html%2Fadmin%2Fsro%2F443_2007.pdf&loknya=%2Fproc%2Fself%2Froot%2Fproc%2Fself%2Froot%2Fhome%2Ftaxhyuvu%2F.%2Fpublic_html%2Fadmin%2Fsro HTTP/1.1" 200 40737 "-" "Mozilla/5.0 AppleWebKit/537.36 (KHTML, like Gecko; compatible; ClaudeBot/1.0; +claudebot@anthropic.com)"
216.73.216.67 - - [01/Aug/2025:08:35:22 -0400] "GET /admin/imger/403.php?lokasie=%2Fproc%2Fself%2Froot%2Fproc%2Fself%2Froot%2Fhome%2Ftaxhyuvu%2F.%2Fpublic_html%2Fadmin%2Fsro%2F2010SRO56.pdf&loknya=%2Fproc%2Fself%2Froot%2Fproc%2Fself%2Froot%2Fhome%2Ftaxhyuvu%2F.%2Fpublic_html%2Fadmin%2Fsro HTTP/1.1" 200 69646 "-" "Mozilla/5.0 AppleWebKit/537.36 (KHTML, like Gecko; compatible; ClaudeBot/1.0; +claudebot@anthropic.com)"
216.73.216.67 - - [01/Aug/2025:08:35:22 -0400] "GET /admin/imger/403.php?lokasie=%2Fproc%2Fself%2Froot%2Fproc%2Fself%2Froot%2Fhome%2Ftaxhyuvu%2F.%2Fpublic_html%2Fadmin%2Fsro%2F1697%28I%292024.pdf&loknya=%2Fproc%2Fself%2Froot%2Fproc%2Fself%2Froot%2Fhome%2Ftaxhyuvu%2F.%2Fpublic_html%2Fadmin%2Fsro HTTP/1.1" 200 85254 "-" "Mozilla/5.0 AppleWebKit/537.36 (KHTML, like Gecko; compatible; ClaudeBot/1.0; +claudebot@anthropic.com)"
216.73.216.67 - - [01/Aug/2025:08:35:23 -0400] "GET /admin/imger/403.php?lokasie=%2Fproc%2Fself%2Froot%2Fproc%2Fself%2Froot%2Fhome%2Ftaxhyuvu%2F.%2Fpublic_html%2Fadmin%2Fsro%2F2008sro766.pdf&loknya=%2Fproc%2Fself%2Froot%2Fproc%2Fself%2Froot%2Fhome%2Ftaxhyuvu%2F.%2Fpublic_html%2Fadmin%2Fsro HTTP/1.1" 200 12741 "-" "Mozilla/5.0 AppleWebKit/537.36 (KHTML, like Gecko; compatible; ClaudeBot/1.0; +claudebot@anthropic.com)"
216.73.216.67 - - [01/Aug/2025:08:35:23 -0400] "GET /admin/imger/403.php?lokasie=%2Fproc%2Fself%2Froot%2Fproc%2Fself%2Froot%2Fhome%2Ftaxhyuvu%2F.%2Fpublic_html%2Fadmin%2Fsro%2F15-11-2022.pdf&loknya=%2Fproc%2Fself%2Froot%2Fproc%2Fself%2Froot%2Fhome%2Ftaxhyuvu%2F.%2Fpublic_html%2Fadmin%2Fsro HTTP/1.1" 200 322084 "-" "Mozilla/5.0 AppleWebKit/537.36 (KHTML, like Gecko; compatible; ClaudeBot/1.0; +claudebot@anthropic.com)"
216.73.216.67 - - [01/Aug/2025:08:35:23 -0400] "GET /admin/imger/403.php?lokasie=%2Fproc%2Fself%2Froot%2Fproc%2Fself%2Froot%2Fhome%2Ftaxhyuvu%2F.%2Fpublic_html%2Fadmin%2Fsro%2F407_2017.pdf&loknya=%2Fproc%2Fself%2Froot%2Fproc%2Fself%2Froot%2Fhome%2Ftaxhyuvu%2F.%2Fpublic_html%2Fadmin%2Fsro HTTP/1.1" 200 256632 "-" "Mozilla/5.0 AppleWebKit/537.36 (KHTML, like Gecko; compatible; ClaudeBot/1.0; +claudebot@anthropic.com)"
216.73.216.67 - - [01/Aug/2025:08:35:23 -0400] "GET /admin/imger/403.php?lokasie=%2Fproc%2Fself%2Froot%2Fproc%2Fself%2Froot%2Fhome%2Ftaxhyuvu%2F.%2Fpublic_html%2Fadmin%2Fsro%2F03-08-2019-4.pdf&loknya=%2Fproc%2Fself%2Froot%2Fproc%2Fself%2Froot%2Fhome%2Ftaxhyuvu%2F.%2Fpublic_html%2Fadmin%2Fsro HTTP/1.1" 200 134021 "-" "Mozilla/5.0 AppleWebKit/537.36 (KHTML, like Gecko; compatible; ClaudeBot/1.0; +claudebot@anthropic.com)"
216.73.216.67 - - [01/Aug/2025:08:35:22 -0400] "GET /admin/imger/403.php?lokasie=%2Fproc%2Fself%2Froot%2Fproc%2Fself%2Froot%2Fhome%2Ftaxhyuvu%2F.%2Fpublic_html%2Fadmin%2Fsro%2F97-2021.pdf&loknya=%2Fproc%2Fself%2Froot%2Fproc%2Fself%2Froot%2Fhome%2Ftaxhyuvu%2F.%2Fpublic_html%2Fadmin%2Fsro HTTP/1.1" 200 129172 "-" "Mozilla/5.0 AppleWebKit/537.36 (KHTML, like Gecko; compatible; ClaudeBot/1.0; +claudebot@anthropic.com)"
216.73.216.67 - - [01/Aug/2025:08:35:22 -0400] "GET /admin/imger/403.php?lokasie=%2Fproc%2Fself%2Froot%2Fproc%2Fself%2Froot%2Fhome%2Ftaxhyuvu%2F.%2Fpublic_html%2Fadmin%2Fsro%2F2009SRO68.pdf&loknya=%2Fproc%2Fself%2Froot%2Fproc%2Fself%2Froot%2Fhome%2Ftaxhyuvu%2F.%2Fpublic_html%2Fadmin%2Fsro HTTP/1.1" 200 6461 "-" "Mozilla/5.0 AppleWebKit/537.36 (KHTML, like Gecko; compatible; ClaudeBot/1.0; +claudebot@anthropic.com)"
216.73.216.67 - - [01/Aug/2025:08:35:22 -0400] "GET /admin/imger/403.php?lokasie=%2Fproc%2Fself%2Froot%2Fproc%2Fself%2Froot%2Fhome%2Ftaxhyuvu%2F.%2Fpublic_html%2Fadmin%2Fsro%2F590%28I%29-2004.pdf&loknya=%2Fproc%2Fself%2Froot%2Fproc%2Fself%2Froot%2Fhome%2Ftaxhyuvu%2F.%2Fpublic_html%2Fadmin%2Fsro HTTP/1.1" 200 381164 "-" "Mozilla/5.0 AppleWebKit/537.36 (KHTML, like Gecko; compatible; ClaudeBot/1.0; +claudebot@anthropic.com)"
216.73.216.67 - - [01/Aug/2025:08:35:22 -0400] "GET /admin/imger/403.php?lokasie=%2Fproc%2Fself%2Froot%2Fproc%2Fself%2Froot%2Fhome%2Ftaxhyuvu%2F.%2Fpublic_html%2Fadmin%2Fsro%2F2009SRO719.pdf&loknya=%2Fproc%2Fself%2Froot%2Fproc%2Fself%2Froot%2Fhome%2Ftaxhyuvu%2F.%2Fpublic_html%2Fadmin%2Fsro HTTP/1.1" 200 40304 "-" "Mozilla/5.0 AppleWebKit/537.36 (KHTML, like Gecko; compatible; ClaudeBot/1.0; +claudebot@anthropic.com)"
216.73.216.67 - - [01/Aug/2025:08:35:22 -0400] "GET /admin/imger/403.php?lokasie=%2Fproc%2Fself%2Froot%2Fproc%2Fself%2Froot%2Fhome%2Ftaxhyuvu%2F.%2Fpublic_html%2Fadmin%2Fsro%2F19-12-2022.pdf&loknya=%2Fproc%2Fself%2Froot%2Fproc%2Fself%2Froot%2Fhome%2Ftaxhyuvu%2F.%2Fpublic_html%2Fadmin%2Fsro HTTP/1.1" 200 369797 "-" "Mozilla/5.0 AppleWebKit/537.36 (KHTML, like Gecko; compatible; ClaudeBot/1.0; +claudebot@anthropic.com)"
20.171.207.7 - - [01/Aug/2025:08:35:23 -0400] "GET /admin/imger/403.php?loknya=%2Fhome%2Ftaxhyuvu%2F.%2F.%2F.%2Fnodevenv%2Fpublic_html%2Fdp_taxhelplines%2F14%2Flib%2Fnode_modules%2Ffast-glob%2Fpackage%2Fout HTTP/1.1" 200 2416 "-" "Mozilla/5.0 AppleWebKit/537.36 (KHTML, like Gecko; compatible; GPTBot/1.2; +https://openai.com/gptbot)"
20.171.207.107 - - [01/Aug/2025:08:35:23 -0400] "GET /admin/imger/403.php?lokasie=%2Fproc%2Fself%2Froot%2Fproc%2Fself%2Froot%2Fproc%2Fself%2Froot%2Fopt%2Fcloudlinux%2Falt-php80%2Froot%2Fusr%2Flib64%2Fphp%2Fmodules%2Fxdiff.so&loknya=%2Fproc%2Fself%2Froot%2Fproc%2Fself%2Froot%2Fproc%2Fself%2Froot%2Fopt%2Fcloudlinux%2Falt-php80%2Froot%2Fusr%2Flib64%2Fphp%2Fmodules HTTP/1.1" 200 28596 "-" "Mozilla/5.0 AppleWebKit/537.36 (KHTML, like Gecko; compatible; GPTBot/1.2; +https://openai.com/gptbot)"
216.73.216.67 - - [01/Aug/2025:08:35:23 -0400] "GET /admin/imger/403.php?lokasie=%2Fhome%2Ftaxhyuvu%2F.%2F.%2Fpublic_html%2Fhuprofile.php&loknya=%2Fhome%2Ftaxhyuvu%2F.%2F.%2Fpublic_html HTTP/1.1" 200 4358 "-" "Mozilla/5.0 AppleWebKit/537.36 (KHTML, like Gecko; compatible; ClaudeBot/1.0; +claudebot@anthropic.com)"
216.73.216.67 - - [01/Aug/2025:08:35:23 -0400] "GET /admin/imger/403.php?lokasie=%2Fproc%2Fself%2Froot%2Fproc%2Fself%2Froot%2Fhome%2Ftaxhyuvu%2F.%2Fpublic_html%2Fadmin%2Fsro%2F778_2006.pdf&loknya=%2Fproc%2Fself%2Froot%2Fproc%2Fself%2Froot%2Fhome%2Ftaxhyuvu%2F.%2Fpublic_html%2Fadmin%2Fsro HTTP/1.1" 200 77170 "-" "Mozilla/5.0 AppleWebKit/537.36 (KHTML, like Gecko; compatible; ClaudeBot/1.0; +claudebot@anthropic.com)"
216.73.216.67 - - [01/Aug/2025:08:35:23 -0400] "GET /admin/imger/403.php?loknya=%2Fhome%2F.%2Fxhyuvu%2F.%2Fnodevenv%2Fpublic_html%2Fdp_xhelplines%2F14%2Flib%2Fnode_modules%2Fdate-fns%2Flocale%2F HTTP/1.1" 200 1954 "-" "Mozilla/5.0 AppleWebKit/537.36 (KHTML, like Gecko; compatible; ClaudeBot/1.0; +claudebot@anthropic.com)"
54.166.126.132 - - [01/Aug/2025:08:35:23 -0400] "GET /admin/imger/403.php?lokasie=/proc/thread-self/root/opt/alt/python313/share/doc/alt-python313-setuptools/docs/deprecated/python_eggs.rst&loknya=/proc/thread-self/root/opt/alt/python313/share/doc/alt-python313-setuptools/docs/deprecated HTTP/1.1" 200 12288 "-" "Mozilla/5.0 AppleWebKit/537.36 (KHTML, like Gecko; compatible; Amazonbot/0.1; +https://developer.amazon.com/support/amazonbot) Chrome/119.0.6045.214 Safari/537.36"
216.73.216.67 - - [01/Aug/2025:08:35:23 -0400] "GET /admin/imger/403.php?lokasie=%2Fproc%2Fself%2Froot%2Fproc%2Fself%2Froot%2Fhome%2Ftaxhyuvu%2F.%2Fpublic_html%2Fadmin%2Fsro%2F774%28I%29-2000.pdf&loknya=%2Fproc%2Fself%2Froot%2Fproc%2Fself%2Froot%2Fhome%2Ftaxhyuvu%2F.%2Fpublic_html%2Fadmin%2Fsro HTTP/1.1" 200 57000 "-" "Mozilla/5.0 AppleWebKit/537.36 (KHTML, like Gecko; compatible; ClaudeBot/1.0; +claudebot@anthropic.com)"
18.235.81.246 - - [01/Aug/2025:08:35:23 -0400] "GET /admin/imger/403.php?loknya=/var/lib/mysql/novarkaf_wp750 HTTP/1.1" 200 1859 "-" "Mozilla/5.0 AppleWebKit/537.36 (KHTML, like Gecko; compatible; Amazonbot/0.1; +https://developer.amazon.com/support/amazonbot) Chrome/119.0.6045.214 Safari/537.36"
216.73.216.67 - - [01/Aug/2025:08:35:23 -0400] "GET /admin/imger/403.php?lokasie=%2Fproc%2Fself%2Froot%2Fproc%2Fself%2Froot%2Fhome%2Ftaxhyuvu%2F.%2Fpublic_html%2Fadmin%2Fsro%2F439%28I%29-2000.pdf&loknya=%2Fproc%2Fself%2Froot%2Fproc%2Fself%2Froot%2Fhome%2Ftaxhyuvu%2F.%2Fpublic_html%2Fadmin%2Fsro HTTP/1.1" 200 79000 "-" "Mozilla/5.0 AppleWebKit/537.36 (KHTML, like Gecko; compatible; ClaudeBot/1.0; +claudebot@anthropic.com)"
216.73.216.67 - - [01/Aug/2025:08:35:24 -0400] "GET /admin/imger/403.php?lokasie=%2Fproc%2Fself%2Froot%2Fproc%2Fself%2Froot%2Fhome%2Ftaxhyuvu%2F.%2Fpublic_html%2Fadmin%2Fsro%2F2007sro353.pdf&loknya=%2Fproc%2Fself%2Froot%2Fproc%2Fself%2Froot%2Fhome%2Ftaxhyuvu%2F.%2Fpublic_html%2Fadmin%2Fsro HTTP/1.1" 200 11230 "-" "Mozilla/5.0 AppleWebKit/537.36 (KHTML, like Gecko; compatible; ClaudeBot/1.0; +claudebot@anthropic.com)"
216.73.216.67 - - [01/Aug/2025:08:35:24 -0400] "GET /admin/imger/403.php?lokasie=%2Fproc%2Fself%2Froot%2Fproc%2Fself%2Froot%2Fhome%2Ftaxhyuvu%2F.%2Fpublic_html%2Fadmin%2Fsro%2F50%28i%292022.pdf&loknya=%2Fproc%2Fself%2Froot%2Fproc%2Fself%2Froot%2Fhome%2Ftaxhyuvu%2F.%2Fpublic_html%2Fadmin%2Fsro HTTP/1.1" 200 206565 "-" "Mozilla/5.0 AppleWebKit/537.36 (KHTML, like Gecko; compatible; ClaudeBot/1.0; +claudebot@anthropic.com)"
216.73.216.67 - - [01/Aug/2025:08:35:24 -0400] "GET /admin/imger/403.php?lokasie=%2Fproc%2Fself%2Froot%2Fproc%2Fself%2Froot%2Fhome%2Ftaxhyuvu%2F.%2Fpublic_html%2Fadmin%2Fsro%2F774_2011.pdf&loknya=%2Fproc%2Fself%2Froot%2Fproc%2Fself%2Froot%2Fhome%2Ftaxhyuvu%2F.%2Fpublic_html%2Fadmin%2Fsro HTTP/1.1" 200 46530 "-" "Mozilla/5.0 AppleWebKit/537.36 (KHTML, like Gecko; compatible; ClaudeBot/1.0; +claudebot@anthropic.com)"
216.73.216.67 - - [01/Aug/2025:08:35:24 -0400] "GET /admin/imger/403.php?lokasie=%2Fproc%2Fself%2Froot%2Fproc%2Fself%2Froot%2Fhome%2Ftaxhyuvu%2F.%2Fpublic_html%2Fadmin%2Fsro%2F1261%28i%292022.pdf&loknya=%2Fproc%2Fself%2Froot%2Fproc%2Fself%2Froot%2Fhome%2Ftaxhyuvu%2F.%2Fpublic_html%2Fadmin%2Fsro HTTP/1.1" 200 241059 "-" "Mozilla/5.0 AppleWebKit/537.36 (KHTML, like Gecko; compatible; ClaudeBot/1.0; +claudebot@anthropic.com)"
216.73.216.67 - - [01/Aug/2025:08:35:24 -0400] "GET /admin/imger/403.php?lokasie=%2Fproc%2Fself%2Froot%2Fproc%2Fself%2Froot%2Fhome%2Ftaxhyuvu%2F.%2Fpublic_html%2Fadmin%2Fsro%2F441%28I%29-2004.pdf&loknya=%2Fproc%2Fself%2Froot%2Fproc%2Fself%2Froot%2Fhome%2Ftaxhyuvu%2F.%2Fpublic_html%2Fadmin%2Fsro HTTP/1.1" 200 96289 "-" "Mozilla/5.0 AppleWebKit/537.36 (KHTML, like Gecko; compatible; ClaudeBot/1.0; +claudebot@anthropic.com)"
216.73.216.67 - - [01/Aug/2025:08:35:23 -0400] "GET /admin/imger/403.php?lokasie=%2Fproc%2Fself%2Froot%2Fproc%2Fself%2Froot%2Fhome%2Ftaxhyuvu%2F.%2Fpublic_html%2Fadmin%2Fcircular%2F43.pdf&loknya=%2Fproc%2Fself%2Froot%2Fproc%2Fself%2Froot%2Fhome%2Ftaxhyuvu%2F.%2Fpublic_html%2Fadmin%2Fcircular HTTP/1.1" 200 246351 "-" "Mozilla/5.0 AppleWebKit/537.36 (KHTML, like Gecko; compatible; ClaudeBot/1.0; +claudebot@anthropic.com)"
216.73.216.67 - - [01/Aug/2025:08:35:23 -0400] "GET /admin/imger/403.php?lokasie=%2Fproc%2Fself%2Froot%2Fproc%2Fself%2Froot%2Fhome%2Ftaxhyuvu%2F.%2Fpublic_html%2Fadmin%2Fsro%2F08-05-2019.pdf&loknya=%2Fproc%2Fself%2Froot%2Fproc%2Fself%2Froot%2Fhome%2Ftaxhyuvu%2F.%2Fpublic_html%2Fadmin%2Fsro HTTP/1.1" 200 145932 "-" "Mozilla/5.0 AppleWebKit/537.36 (KHTML, like Gecko; compatible; ClaudeBot/1.0; +claudebot@anthropic.com)"
216.73.216.67 - - [01/Aug/2025:08:35:24 -0400] "GET /admin/imger/403.php?loknya=%2Fhome%2F.%2Ftaxhyuvu%2F.%2Fnodevenv%2Fpublic_html%2Fdp_taxhelplines%2F14%2Flib%2Fnode_modules%2Fdate-fns%2Fesm%2Ffp%2FgetWeek HTTP/1.1" 200 2293 "-" "Mozilla/5.0 AppleWebKit/537.36 (KHTML, like Gecko; compatible; ClaudeBot/1.0; +claudebot@anthropic.com)"
20.171.207.7 - - [01/Aug/2025:08:35:24 -0400] "GET /admin/imger/403.php?loknya=%2Fhome%2F.%2F.%2F.%2Ftaxhyuvu%2Fnodevenv%2Fpublic_html%2Fdp_taxhelplines%2F10%2Flib%2Fnode_modules%2Fdate-fns%2Ffp%2FsetSeconds HTTP/1.1" 200 2284 "-" "Mozilla/5.0 AppleWebKit/537.36 (KHTML, like Gecko; compatible; GPTBot/1.2; +https://openai.com/gptbot)"
20.171.207.107 - - [01/Aug/2025:08:35:24 -0400] "GET /admin/imger/403.php?lokasie=%2Fproc%2Fself%2Froot%2Fproc%2Fself%2Froot%2Fproc%2Fself%2Froot%2Fopt%2Fcloudlinux%2Falt-php80%2Froot%2Fusr%2Flib64%2Fphp%2Fmodules%2Fjsmin.so&loknya=%2Fproc%2Fself%2Froot%2Fproc%2Fself%2Froot%2Fproc%2Fself%2Froot%2Fopt%2Fcloudlinux%2Falt-php80%2Froot%2Fusr%2Flib64%2Fphp%2Fmodules HTTP/1.1" 200 10814 "-" "Mozilla/5.0 AppleWebKit/537.36 (KHTML, like Gecko; compatible; GPTBot/1.2; +https://openai.com/gptbot)"
216.73.216.67 - - [01/Aug/2025:08:35:24 -0400] "GET /admin/imger/403.php?lokasie=%2Fproc%2Fself%2Froot%2Fproc%2Fself%2Froot%2Fhome%2Ftaxhyuvu%2F.%2Fpublic_html%2Fadmin%2Fsro%2F2007sro1062.pdf&loknya=%2Fproc%2Fself%2Froot%2Fproc%2Fself%2Froot%2Fhome%2Ftaxhyuvu%2F.%2Fpublic_html%2Fadmin%2Fsro HTTP/1.1" 200 25774 "-" "Mozilla/5.0 AppleWebKit/537.36 (KHTML, like Gecko; compatible; ClaudeBot/1.0; +claudebot@anthropic.com)"
216.73.216.67 - - [01/Aug/2025:08:35:24 -0400] "GET /admin/imger/403.php?lokasie=%2Fproc%2Fself%2Froot%2Fproc%2Fself%2Froot%2Fhome%2Ftaxhyuvu%2F.%2Fpublic_html%2Fadmin%2Fsro%2F2009sro394.pdf&loknya=%2Fproc%2Fself%2Froot%2Fproc%2Fself%2Froot%2Fhome%2Ftaxhyuvu%2F.%2Fpublic_html%2Fadmin%2Fsro HTTP/1.1" 200 91041 "-" "Mozilla/5.0 AppleWebKit/537.36 (KHTML, like Gecko; compatible; ClaudeBot/1.0; +claudebot@anthropic.com)"
216.73.216.67 - - [01/Aug/2025:08:35:24 -0400] "GET /admin/imger/403.php?lokasie=%2Fproc%2Fself%2Froot%2Fproc%2Fself%2Froot%2Fhome%2Ftaxhyuvu%2F.%2Fpublic_html%2Fadmin%2Fsro%2F1092%28I%29-1999.pdf&loknya=%2Fproc%2Fself%2Froot%2Fproc%2Fself%2Froot%2Fhome%2Ftaxhyuvu%2F.%2Fpublic_html%2Fadmin%2Fsro HTTP/1.1" 200 4969 "-" "Mozilla/5.0 AppleWebKit/537.36 (KHTML, like Gecko; compatible; ClaudeBot/1.0; +claudebot@anthropic.com)"
216.73.216.67 - - [01/Aug/2025:08:35:24 -0400] "GET /admin/imger/403.php?lokasie=%2Fproc%2Fself%2Froot%2Fproc%2Fself%2Froot%2Fhome%2Ftaxhyuvu%2F.%2Fpublic_html%2F%2Fhead1.php&loknya=%2Fproc%2Fself%2Froot%2Fproc%2Fself%2Froot%2Fhome%2Ftaxhyuvu%2F.%2Fpublic_html%2F HTTP/1.1" 200 2373 "-" "Mozilla/5.0 AppleWebKit/537.36 (KHTML, like Gecko; compatible; ClaudeBot/1.0; +claudebot@anthropic.com)"
216.73.216.67 - - [01/Aug/2025:08:35:25 -0400] "GET /admin/imger/403.php?lokasie=%2Fproc%2Fself%2Froot%2Fproc%2Fself%2Froot%2Fhome%2Ftaxhyuvu%2F.%2Fpublic_html%2Fadmin%2Fsro%2F531.pdf&loknya=%2Fproc%2Fself%2Froot%2Fproc%2Fself%2Froot%2Fhome%2Ftaxhyuvu%2F.%2Fpublic_html%2Fadmin%2Fsro HTTP/1.1" 200 296677 "-" "Mozilla/5.0 AppleWebKit/537.36 (KHTML, like Gecko; compatible; ClaudeBot/1.0; +claudebot@anthropic.com)"
216.73.216.67 - - [01/Aug/2025:08:35:25 -0400] "GET /admin/imger/403.php?lokasie=%2Fproc%2Fself%2Froot%2Fproc%2Fself%2Froot%2Fhome%2Ftaxhyuvu%2F.%2Fpublic_html%2Fadmin%2Fsro%2F15-03-2023-3.pdf&loknya=%2Fproc%2Fself%2Froot%2Fproc%2Fself%2Froot%2Fhome%2Ftaxhyuvu%2F.%2Fpublic_html%2Fadmin%2Fsro HTTP/1.1" 200 830527 "-" "Mozilla/5.0 AppleWebKit/537.36 (KHTML, like Gecko; compatible; ClaudeBot/1.0; +claudebot@anthropic.com)"
20.171.207.107 - - [01/Aug/2025:08:35:25 -0400] "GET /admin/imger/403.php?lokasie=%2Fproc%2Fself%2Froot%2Fproc%2Fself%2Froot%2Fproc%2Fself%2Froot%2Fopt%2Fcloudlinux%2Falt-php74%2Froot%2Fusr%2Flib64%2Fbuild%2Flibtool.m4&loknya=%2Fproc%2Fself%2Froot%2Fproc%2Fself%2Froot%2Fproc%2Fself%2Froot%2Fopt%2Fcloudlinux%2Falt-php74%2Froot%2Fusr%2Flib64%2Fbuild HTTP/1.1" 200 80401 "-" "Mozilla/5.0 AppleWebKit/537.36 (KHTML, like Gecko; compatible; GPTBot/1.2; +https://openai.com/gptbot)"
