216.73.216.126 - - [16/Dec/2025:07:05:41 -0500] "GET /admin/imger/403.php?loknya=%2Fopt%2Falt%2Falt-nodejs8%2Froot%2Fusr%2Flib%2Fnode_modules%2Fnpm%2Fnode_modules%2Funique-filename%2F HTTP/1.1" 200 2333 "-" "Mozilla/5.0 AppleWebKit/537.36 (KHTML, like Gecko; compatible; ClaudeBot/1.0; +claudebot@anthropic.com)"
74.7.227.172 - - [16/Dec/2025:07:05:41 -0500] "GET /admin/imger/403.php?loknya=/opt/alt/alt-nodejs20/root/lib/node_modules/npm/node_modules.bundled/libnpmaccess/lib HTTP/1.1" 200 2123 "-" "Mozilla/5.0 AppleWebKit/537.36 (KHTML, like Gecko; compatible; GPTBot/1.3; +https://openai.com/gptbot)"
216.73.216.126 - - [16/Dec/2025:07:05:42 -0500] "GET /admin/imger/403.php?loknya=%2Fopt%2Falt%2Falt-nodejs8%2Froot%2Fusr%2Fnode_modules%2Fnpm%2Fnode_modules%2Fcore-util-is%2F HTTP/1.1" 200 1917 "-" "Mozilla/5.0 AppleWebKit/537.36 (KHTML, like Gecko; compatible; ClaudeBot/1.0; +claudebot@anthropic.com)"
216.73.216.126 - - [16/Dec/2025:07:05:42 -0500] "GET /admin/imger/403.php?lokasie=%2Fopt%2Falt%2Falt-nodejs8%2Froot%2Fusr%2Flib%2Fnode_modules%2Fnpm%2Fnode_modules%2Fyargs%2Flocales%2Ffr.json&loknya=%2Fopt%2Falt%2Falt-nodejs8%2Froot%2Fusr%2Flib%2Fnode_modules%2Fnpm%2Fnode_modules%2Fyargs%2Flocales HTTP/1.1" 200 2284 "-" "Mozilla/5.0 AppleWebKit/537.36 (KHTML, like Gecko; compatible; ClaudeBot/1.0; +claudebot@anthropic.com)"
74.7.241.57 - - [16/Dec/2025:07:05:42 -0500] "GET /admin/imger/403.php?loknya=/proc/self/root/opt/alt/alt-nodejs11/root/lib/node_modules/npm/node_modules.bundled/sshpk/lib HTTP/1.1" 200 2747 "-" "Mozilla/5.0 AppleWebKit/537.36 (KHTML, like Gecko; compatible; GPTBot/1.3; +https://openai.com/gptbot)"
74.7.227.41 - - [16/Dec/2025:07:05:42 -0500] "GET /admin/imger/403.php?loknya=/proc/self/root/opt/alt/alt-nodejs20/root/usr/lib/node_modules/npm/node_modules/mkdirp/lib HTTP/1.1" 200 2355 "-" "Mozilla/5.0 AppleWebKit/537.36 (KHTML, like Gecko; compatible; GPTBot/1.3; +https://openai.com/gptbot)"
216.73.216.126 - - [16/Dec/2025:07:05:42 -0500] "GET /admin/imger/403.php?lokasie=%2Fopt%2Falt%2Falt-nodejs8%2Froot%2Fusr%2Flib%2Fnode_modules%2Fnpm%2Fnode_modules%2Fcacache%2Flocales%2Fes.json&loknya=%2Fopt%2Falt%2Falt-nodejs8%2Froot%2Fusr%2Flib%2Fnode_modules%2Fnpm%2Fnode_modules%2Fcacache%2Flocales HTTP/1.1" 200 1964 "-" "Mozilla/5.0 AppleWebKit/537.36 (KHTML, like Gecko; compatible; ClaudeBot/1.0; +claudebot@anthropic.com)"
74.7.243.248 - - [16/Dec/2025:07:05:42 -0500] "GET /admin/imger/403.php?loknya=/proc/thread-self/root/proc/self/root/proc/thread-self/root/proc/thread-self/root/opt/alt/ruby32/include/ruby/internal/intern/ HTTP/1.1" 200 3561 "-" "Mozilla/5.0 AppleWebKit/537.36 (KHTML, like Gecko; compatible; GPTBot/1.3; +https://openai.com/gptbot)"
216.73.216.126 - - [16/Dec/2025:07:05:42 -0500] "GET /admin/imger/403.php?lokasie=%2Fopt%2Falt%2Falt-nodejs8%2Froot%2Fusr%2Flib%2Fnode_modules%2Fnpm%2Fnode_modules%2Fyargs%2Flocales%2Fnl.json&loknya=%2Fopt%2Falt%2Falt-nodejs8%2Froot%2Fusr%2Flib%2Fnode_modules%2Fnpm%2Fnode_modules%2Fyargs%2Flocales HTTP/1.1" 200 2363 "-" "Mozilla/5.0 AppleWebKit/537.36 (KHTML, like Gecko; compatible; ClaudeBot/1.0; +claudebot@anthropic.com)"
74.7.227.41 - - [16/Dec/2025:07:05:42 -0500] "GET /admin/imger/403.php?loknya=/proc/self/root/proc/thread-self/root/opt/alt/alt-nodejs8/root/lib/node_modules/npm/node_modules/concat-stream/node_modules HTTP/1.1" 200 2156 "-" "Mozilla/5.0 AppleWebKit/537.36 (KHTML, like Gecko; compatible; GPTBot/1.3; +https://openai.com/gptbot)"
216.73.216.126 - - [16/Dec/2025:07:05:43 -0500] "GET /admin/imger/403.php?lokasie=%2Fopt%2Falt%2Falt-nodejs8%2Froot%2Fusr%2Flib%2Fnode_modules%2Fnpm%2Fnode_modules%2Flibnpx%2Flocales%2Fzh_CN.json&loknya=%2Fopt%2Falt%2Falt-nodejs8%2Froot%2Fusr%2Flib%2Fnode_modules%2Fnpm%2Fnode_modules%2Flibnpx%2Flocales HTTP/1.1" 200 2946 "-" "Mozilla/5.0 AppleWebKit/537.36 (KHTML, like Gecko; compatible; ClaudeBot/1.0; +claudebot@anthropic.com)"
74.7.241.19 - - [16/Dec/2025:07:05:43 -0500] "GET /admin/imger/403.php?loknya=/proc/self/root/proc/thread-self/root/proc/lve HTTP/1.1" 200 2510 "-" "Mozilla/5.0 AppleWebKit/537.36 (KHTML, like Gecko; compatible; GPTBot/1.3; +https://openai.com/gptbot)"
216.73.216.126 - - [16/Dec/2025:07:05:43 -0500] "GET /admin/imger/403.php?loknya=%2Fopt%2Falt%2Falt-nodejs8%2Froot%2Fusr%2Flib%2Fnode_modules%2Fnpm%2Fnode_modules%2Fpacote%2Fnode_modules%2Fminipass HTTP/1.1" 200 2267 "-" "Mozilla/5.0 AppleWebKit/537.36 (KHTML, like Gecko; compatible; ClaudeBot/1.0; +claudebot@anthropic.com)"
216.73.216.126 - - [16/Dec/2025:07:05:43 -0500] "GET /admin/imger/403.php?lokasie=%2Fopt%2Falt%2Falt-nodejs8%2Froot%2Fusr%2Flib%2Fnode_modules%2Fnpm%2Fnode_modules%2Flibnpx%2Flocales%2Fes.json&loknya=%2Fopt%2Falt%2Falt-nodejs8%2Froot%2Fusr%2Flib%2Fnode_modules%2Fnpm%2Fnode_modules%2Flibnpx%2Flocales HTTP/1.1" 200 2708 "-" "Mozilla/5.0 AppleWebKit/537.36 (KHTML, like Gecko; compatible; ClaudeBot/1.0; +claudebot@anthropic.com)"
74.7.243.248 - - [16/Dec/2025:07:05:43 -0500] "GET /admin/imger/403.php?loknya=/proc/thread-self/root/proc/self/root/proc/thread-self/root/proc/thread-self/root/opt/alt/ruby32/include/ruby/al HTTP/1.1" 200 1962 "-" "Mozilla/5.0 AppleWebKit/537.36 (KHTML, like Gecko; compatible; GPTBot/1.3; +https://openai.com/gptbot)"
216.73.216.126 - - [16/Dec/2025:07:05:43 -0500] "GET /admin/imger/403.php?lokasie=%2Fopt%2Falt%2Falt-nodejs8%2Froot%2Fusr%2Flib%2Fnode_modules%2Fnpm%2Fnode_modules%2Fyargs%2Flocales%2Fid.json&loknya=%2Fopt%2Falt%2Falt-nodejs8%2Froot%2Fusr%2Flib%2Fnode_modules%2Fnpm%2Fnode_modules%2Fyargs%2Flocales HTTP/1.1" 200 2370 "-" "Mozilla/5.0 AppleWebKit/537.36 (KHTML, like Gecko; compatible; ClaudeBot/1.0; +claudebot@anthropic.com)"
74.7.242.62 - - [16/Dec/2025:07:05:43 -0500] "GET /admin/imger/403.php?lokasie=/opt/alt/alt-nodejs24/root/lib/node_modules/npm/node_modules/normalize-package-data/lib/safe_format.js&loknya=/opt/alt/alt-nodejs24/root/lib/node_modules/npm/node_modules/normalize-package-data/lib HTTP/1.1" 200 1839 "-" "Mozilla/5.0 AppleWebKit/537.36 (KHTML, like Gecko; compatible; GPTBot/1.3; +https://openai.com/gptbot)"
74.7.241.57 - - [16/Dec/2025:07:05:43 -0500] "GET /admin/imger/403.php?loknya=/proc/self/root/opt/alt/alt-nodejs11/root/lib/node_modules/npm/node_modules.bundled/buffer-from HTTP/1.1" 200 2268 "-" "Mozilla/5.0 AppleWebKit/537.36 (KHTML, like Gecko; compatible; GPTBot/1.3; +https://openai.com/gptbot)"
216.73.216.126 - - [16/Dec/2025:07:05:43 -0500] "GET /admin/imger/403.php?lokasie=%2Fopt%2Falt%2Falt-nodejs8%2Froot%2Fusr%2Flib%2Fnode_modules%2Fnpm%2Fnode_modules%2Fyargs%2Flocales%2Fpirate.json&loknya=%2Fopt%2Falt%2Falt-nodejs8%2Froot%2Fusr%2Flib%2Fnode_modules%2Fnpm%2Fnode_modules%2Fyargs%2Flocales HTTP/1.1" 200 1921 "-" "Mozilla/5.0 AppleWebKit/537.36 (KHTML, like Gecko; compatible; ClaudeBot/1.0; +claudebot@anthropic.com)"
74.7.227.41 - - [16/Dec/2025:07:05:43 -0500] "GET /admin/imger/403.php?loknya=/proc/self/root/proc/thread-self/root/opt/alt/alt-nodejs12/root/lib/node_modules/npm/node_modules/mute-stream/coverage/ HTTP/1.1" 200 2253 "-" "Mozilla/5.0 AppleWebKit/537.36 (KHTML, like Gecko; compatible; GPTBot/1.3; +https://openai.com/gptbot)"
74.7.227.25 - - [16/Dec/2025:07:05:43 -0500] "GET /admin/imger/403.php?loknya=/proc/thread-self/root/proc/self/root/opt/alt/alt-nodejs24/root/lib/node_modules/npm/node_modules.bundled/tar/node_modules/fs-/node_modules/ HTTP/1.1" 200 2001 "-" "Mozilla/5.0 AppleWebKit/537.36 (KHTML, like Gecko; compatible; GPTBot/1.3; +https://openai.com/gptbot)"
74.7.227.164 - - [16/Dec/2025:07:05:43 -0500] "GET /admin/imger/403.php?loknya=/home/taxhyuvu/nodevenv/public_html/dp_taxhelplines/14/lib/node_modules/next/dist/compiled/debug HTTP/1.1" 200 2252 "-" "Mozilla/5.0 AppleWebKit/537.36 (KHTML, like Gecko; compatible; GPTBot/1.3; +https://openai.com/gptbot)"
74.7.242.19 - - [16/Dec/2025:07:05:43 -0500] "GET /news_detaill?id=761 HTTP/1.1" 200 10341 "-" "Mozilla/5.0 AppleWebKit/537.36 (KHTML, like Gecko; compatible; GPTBot/1.3; +https://openai.com/gptbot)"
3.221.244.28 - - [16/Dec/2025:07:05:43 -0500] "GET /admin/imger/403.php?loknya=/proc/self/root/proc/self/root/proc/self/root/home/././taxhyuvu/.npm/_cacache/content-v2/sha512/93/20 HTTP/1.1" 200 2236 "-" "Mozilla/5.0 AppleWebKit/537.36 (KHTML, like Gecko; compatible; Amazonbot/0.1; +https://developer.amazon.com/support/amazonbot) Chrome/119.0.6045.214 Safari/537.36"
74.7.227.172 - - [16/Dec/2025:07:05:43 -0500] "GET /admin/imger/403.php?loknya=/opt/alt/alt-nodejs20/root/lib/node_modules/npm/node_modules.bundled/socks/docs/examples/ HTTP/1.1" 200 2250 "-" "Mozilla/5.0 AppleWebKit/537.36 (KHTML, like Gecko; compatible; GPTBot/1.3; +https://openai.com/gptbot)"
216.73.216.126 - - [16/Dec/2025:07:05:43 -0500] "GET /admin/imger/403.php?lokasie=%2Fopt%2Falt%2Falt-nodejs8%2Froot%2Fusr%2Flib%2Fnode_modules%2Fnpm%2Fnode_modules%2Fyargs%2Flocales%2Fru.json&loknya=%2Fopt%2Falt%2Falt-nodejs8%2Froot%2Fusr%2Flib%2Fnode_modules%2Fnpm%2Fnode_modules%2Fyargs%2Flocales HTTP/1.1" 200 2617 "-" "Mozilla/5.0 AppleWebKit/537.36 (KHTML, like Gecko; compatible; ClaudeBot/1.0; +claudebot@anthropic.com)"
216.73.216.126 - - [16/Dec/2025:07:05:43 -0500] "GET /admin/imger/403.php?loknya=%2Fopt%2Falt%2Falt-nodejs8%2Froot%2Fusr%2Flib%2Fnode_modules%2Fnpm%2Fnode_modules%2Ftar%2Fnode_modules%2Fminipass HTTP/1.1" 200 2269 "-" "Mozilla/5.0 AppleWebKit/537.36 (KHTML, like Gecko; compatible; ClaudeBot/1.0; +claudebot@anthropic.com)"
216.73.216.126 - - [16/Dec/2025:07:05:43 -0500] "GET /admin/imger/403.php?lokasie=%2Fopt%2Falt%2Falt-nodejs8%2Froot%2Fusr%2Flib%2Fnode_modules%2Fnpm%2Fnode_modules%2Fyargs%2Flocales%2Fbe.json&loknya=%2Fopt%2Falt%2Falt-nodejs8%2Froot%2Fusr%2Flib%2Fnode_modules%2Fnpm%2Fnode_modules%2Fyargs%2Flocales HTTP/1.1" 200 2593 "-" "Mozilla/5.0 AppleWebKit/537.36 (KHTML, like Gecko; compatible; ClaudeBot/1.0; +claudebot@anthropic.com)"
74.7.227.164 - - [16/Dec/2025:07:05:43 -0500] "GET /admin/imger/403.php?loknya=/home/taxhyuvu/nodevenv/public_html/dp_taxhelplines/14/lib/node_modules/next/dist/compiled/nanoid HTTP/1.1" 200 2253 "-" "Mozilla/5.0 AppleWebKit/537.36 (KHTML, like Gecko; compatible; GPTBot/1.3; +https://openai.com/gptbot)"
100.27.153.9 - - [16/Dec/2025:07:05:44 -0500] "GET /admin/imger/403.php?loknya=/proc/thread-self/root/proc/self/root/proc/thread-self/root/proc/self/root/usr/share/locale/bs/ HTTP/1.1" 200 2077 "-" "Mozilla/5.0 AppleWebKit/537.36 (KHTML, like Gecko; compatible; Amazonbot/0.1; +https://developer.amazon.com/support/amazonbot) Chrome/119.0.6045.214 Safari/537.36"
74.7.243.248 - - [16/Dec/2025:07:05:44 -0500] "GET /admin/imger/403.php?loknya=/proc/thread-self/root/proc/self/root/proc/thread-self/root/proc/thread-self/root/opt/cpanel/ea-php71/root/lib64/tls HTTP/1.1" 200 1956 "-" "Mozilla/5.0 AppleWebKit/537.36 (KHTML, like Gecko; compatible; GPTBot/1.3; +https://openai.com/gptbot)"
74.7.242.62 - - [16/Dec/2025:07:05:44 -0500] "GET /admin/imger/403.php?lokasie=/opt/alt/alt-nodejs10/root/lib/node_modules/npm/node_modules/normalize-package-data/lib/make_warning.js&loknya=/opt/alt/alt-nodejs10/root/lib/node_modules/npm/node_modules/normalize-package-data/lib HTTP/1.1" 200 1990 "-" "Mozilla/5.0 AppleWebKit/537.36 (KHTML, like Gecko; compatible; GPTBot/1.3; +https://openai.com/gptbot)"
74.7.227.172 - - [16/Dec/2025:07:05:44 -0500] "GET /admin/imger/403.php?loknya=/proc/self/root/opt/alt/alt-nodejs22/root/lib/node_modules/npm/node_modules.bundled/eastasianwidth HTTP/1.1" 200 2190 "-" "Mozilla/5.0 AppleWebKit/537.36 (KHTML, like Gecko; compatible; GPTBot/1.3; +https://openai.com/gptbot)"
74.7.227.54 - - [16/Dec/2025:07:05:43 -0500] "GET /admin/imger/403.php?loknya=/proc/self/root/lib64/qt5/qml/Qt/labs/qmlmodels HTTP/1.1" 200 2204 "-" "Mozilla/5.0 AppleWebKit/537.36 (KHTML, like Gecko; compatible; GPTBot/1.3; +https://openai.com/gptbot)"
216.73.216.126 - - [16/Dec/2025:07:05:43 -0500] "GET /admin/imger/403.php?loknya=%2Fopt%2Falt%2Falt-nodejs8%2Froot%2Fusr%2Flib%2Fnode_modules%2Fnpm%2Fnode_modules%2Fyargs%2F HTTP/1.1" 200 2534 "-" "Mozilla/5.0 AppleWebKit/537.36 (KHTML, like Gecko; compatible; ClaudeBot/1.0; +claudebot@anthropic.com)"
216.73.216.126 - - [16/Dec/2025:07:05:43 -0500] "GET /admin/imger/403.php?lokasie=%2Fopt%2Falt%2Falt-nodejs8%2Froot%2Fusr%2Flib%2Fnode_modules%2Fnpm%2Fnode_modules%2Flibnpx%2Flocales%2Fid.json&loknya=%2Fopt%2Falt%2Falt-nodejs8%2Froot%2Fusr%2Flib%2Fnode_modules%2Fnpm%2Fnode_modules%2Flibnpx%2Flocales HTTP/1.1" 200 2770 "-" "Mozilla/5.0 AppleWebKit/537.36 (KHTML, like Gecko; compatible; ClaudeBot/1.0; +claudebot@anthropic.com)"
74.7.241.19 - - [16/Dec/2025:07:05:43 -0500] "GET /admin/imger/403.php?loknya=/proc/self/root/proc/thread-self/root/proc/sys HTTP/1.1" 200 2345 "-" "Mozilla/5.0 AppleWebKit/537.36 (KHTML, like Gecko; compatible; GPTBot/1.3; +https://openai.com/gptbot)"
216.73.216.126 - - [16/Dec/2025:07:05:44 -0500] "GET /admin/imger/403.php?lokasie=%2Fopt%2Falt%2Falt-nodejs8%2Froot%2Fusr%2Flib%2Fnode_modules%2Fnpm%2Fnode_modules%2Fyargs%2Flocales%2Fpl.json&loknya=%2Fopt%2Falt%2Falt-nodejs8%2Froot%2Fusr%2Flib%2Fnode_modules%2Fnpm%2Fnode_modules%2Fyargs%2Flocales HTTP/1.1" 200 2484 "-" "Mozilla/5.0 AppleWebKit/537.36 (KHTML, like Gecko; compatible; ClaudeBot/1.0; +claudebot@anthropic.com)"
74.7.242.19 - - [16/Dec/2025:07:05:44 -0500] "GET /news_detaill?id=843 HTTP/1.1" 200 9385 "-" "Mozilla/5.0 AppleWebKit/537.36 (KHTML, like Gecko; compatible; GPTBot/1.3; +https://openai.com/gptbot)"
216.73.216.126 - - [16/Dec/2025:07:05:44 -0500] "GET /admin/imger/403.php?loknya=%2Fopt%2Falt%2Falt-nodejs8%2Froot%2Fusr%2Flib%2Fnode_modules%2Fnpm%2Fnode_modules%2Fwhich%2F HTTP/1.1" 200 2367 "-" "Mozilla/5.0 AppleWebKit/537.36 (KHTML, like Gecko; compatible; ClaudeBot/1.0; +claudebot@anthropic.com)"
216.73.216.126 - - [16/Dec/2025:07:05:44 -0500] "GET /admin/imger/403.php?lokasie=%2Fopt%2Falt%2Falt-nodejs8%2Froot%2Fusr%2Flib%2Fnode_modules%2Fnpm%2Fnode_modules%2Flibnpx%2Flocales%2Fru.json&loknya=%2Fopt%2Falt%2Falt-nodejs8%2Froot%2Fusr%2Flib%2Fnode_modules%2Fnpm%2Fnode_modules%2Flibnpx%2Flocales HTTP/1.1" 200 2988 "-" "Mozilla/5.0 AppleWebKit/537.36 (KHTML, like Gecko; compatible; ClaudeBot/1.0; +claudebot@anthropic.com)"
216.73.216.126 - - [16/Dec/2025:07:05:44 -0500] "GET /admin/imger/403.php?loknya=%2Fopt%2Falt%2Falt-nodejs8%2Froot%2Fusr%2Flib%2Fnode_modules%2Fnpm%2Fnode_modules%2Fyargs%2Fnode_modules%2Fy18n HTTP/1.1" 200 2261 "-" "Mozilla/5.0 AppleWebKit/537.36 (KHTML, like Gecko; compatible; ClaudeBot/1.0; +claudebot@anthropic.com)"
74.7.241.57 - - [16/Dec/2025:07:05:44 -0500] "GET /admin/imger/403.php?loknya=/proc/self/root/opt/alt/alt-nodejs11/root/lib/node_modules/npm/node_modules.bundled/agent-base HTTP/1.1" 200 2357 "-" "Mozilla/5.0 AppleWebKit/537.36 (KHTML, like Gecko; compatible; GPTBot/1.3; +https://openai.com/gptbot)"
74.7.227.41 - - [16/Dec/2025:07:05:44 -0500] "GET /admin/imger/403.php?loknya=/proc/self/root/proc/thread-self/root/opt/alt/alt-nodejs12/root/lib/node_modules/npm/node_modules/mute-stream/coverage/lcov-report/__root__ HTTP/1.1" 200 2245 "-" "Mozilla/5.0 AppleWebKit/537.36 (KHTML, like Gecko; compatible; GPTBot/1.3; +https://openai.com/gptbot)"
74.7.227.25 - - [16/Dec/2025:07:05:44 -0500] "GET /admin/imger/403.php?loknya=/proc/thread-self/root/proc/self/root/opt/alt/alt-nodejs14/root/lib/npm/sorted-union-stream HTTP/1.1" 200 1948 "-" "Mozilla/5.0 AppleWebKit/537.36 (KHTML, like Gecko; compatible; GPTBot/1.3; +https://openai.com/gptbot)"
216.73.216.126 - - [16/Dec/2025:07:05:44 -0500] "GET /admin/imger/403.php?lokasie=%2Fopt%2Falt%2Falt-nodejs8%2Froot%2Fusr%2Flib%2Fnode_modules%2Fnpm%2Fnode_modules%2Fyargs%2Flocales%2Fit.json&loknya=%2Fopt%2Falt%2Falt-nodejs8%2Froot%2Fusr%2Flib%2Fnode_modules%2Fnpm%2Fnode_modules%2Fyargs%2Flocales HTTP/1.1" 200 2343 "-" "Mozilla/5.0 AppleWebKit/537.36 (KHTML, like Gecko; compatible; ClaudeBot/1.0; +claudebot@anthropic.com)"
74.7.227.54 - - [16/Dec/2025:07:05:44 -0500] "GET /admin/imger/403.php?loknya=/proc/self/root/lib64/qt5/qml/Qt/labs/settings HTTP/1.1" 200 2203 "-" "Mozilla/5.0 AppleWebKit/537.36 (KHTML, like Gecko; compatible; GPTBot/1.3; +https://openai.com/gptbot)"
216.73.216.126 - - [16/Dec/2025:07:05:44 -0500] "GET /admin/imger/403.php?loknya=%2Fopt%2Falt%2Falt-nodejs8%2Froot%2Fusr%2Flib%2Fnode_modules%2Fnpm%2Fnode_modules%2Fgauge%2Fnode_modules%2Faproba HTTP/1.1" 200 2264 "-" "Mozilla/5.0 AppleWebKit/537.36 (KHTML, like Gecko; compatible; ClaudeBot/1.0; +claudebot@anthropic.com)"
74.7.227.164 - - [16/Dec/2025:07:05:44 -0500] "GET /admin/imger/403.php?loknya=/home/taxhyuvu/nodevenv/public_html/dp_taxhelplines/14/lib/node_modules/next/dist/compiled/cookie HTTP/1.1" 200 2254 "-" "Mozilla/5.0 AppleWebKit/537.36 (KHTML, like Gecko; compatible; GPTBot/1.3; +https://openai.com/gptbot)"
3.208.156.9 - - [16/Dec/2025:07:05:44 -0500] "GET /admin/imger/403.php?loknya=/proc/self/root/proc/self/root/proc/thread-self/root/usr/share/perl5/vendor_perl/Test2/API HTTP/1.1" 200 2267 "-" "Mozilla/5.0 AppleWebKit/537.36 (KHTML, like Gecko; compatible; Amazonbot/0.1; +https://developer.amazon.com/support/amazonbot) Chrome/119.0.6045.214 Safari/537.36"
216.73.216.126 - - [16/Dec/2025:07:05:44 -0500] "GET /admin/imger/403.php?lokasie=%2Fopt%2Falt%2Falt-nodejs8%2Froot%2Fusr%2Flib%2Fnode_modules%2Fnpm%2Fnode_modules%2Fyargs%2Flocales%2Fde.json&loknya=%2Fopt%2Falt%2Falt-nodejs8%2Froot%2Fusr%2Flib%2Fnode_modules%2Fnpm%2Fnode_modules%2Fyargs%2Flocales HTTP/1.1" 200 2327 "-" "Mozilla/5.0 AppleWebKit/537.36 (KHTML, like Gecko; compatible; ClaudeBot/1.0; +claudebot@anthropic.com)"
74.7.242.19 - - [16/Dec/2025:07:05:44 -0500] "GET /news_detaill?id=527 HTTP/1.1" 200 9680 "-" "Mozilla/5.0 AppleWebKit/537.36 (KHTML, like Gecko; compatible; GPTBot/1.3; +https://openai.com/gptbot)"
216.73.216.126 - - [16/Dec/2025:07:05:44 -0500] "GET /admin/imger/403.php?lokasie=%2Fopt%2Falt%2Falt-nodejs8%2Froot%2Fusr%2Flib%2Fnode_modules%2Fnpm%2Fnode_modules%2Flibnpx%2Flocales%2Fca.json&loknya=%2Fopt%2Falt%2Falt-nodejs8%2Froot%2Fusr%2Flib%2Fnode_modules%2Fnpm%2Fnode_modules%2Flibnpx%2Flocales HTTP/1.1" 200 2762 "-" "Mozilla/5.0 AppleWebKit/537.36 (KHTML, like Gecko; compatible; ClaudeBot/1.0; +claudebot@anthropic.com)"
74.7.227.172 - - [16/Dec/2025:07:05:44 -0500] "GET /admin/imger/403.php?loknya=/opt/alt/alt-nodejs11/root/usr/lib/node_modules/npm/node_modules.bundled/agentkeepalive HTTP/1.1" 200 2380 "-" "Mozilla/5.0 AppleWebKit/537.36 (KHTML, like Gecko; compatible; GPTBot/1.3; +https://openai.com/gptbot)"
74.7.241.57 - - [16/Dec/2025:07:05:45 -0500] "GET /admin/imger/403.php?loknya=/proc/self/root/opt/alt/alt-nodejs11/root/lib/npm/.bundled/rc HTTP/1.1" 200 1920 "-" "Mozilla/5.0 AppleWebKit/537.36 (KHTML, like Gecko; compatible; GPTBot/1.3; +https://openai.com/gptbot)"
216.73.216.126 - - [16/Dec/2025:07:05:45 -0500] "GET /admin/imger/403.php?lokasie=%2Fopt%2Falt%2Falt-nodejs8%2Froot%2Fusr%2Flib%2Fnode_modules%2Fnpm%2Fnode_modules%2Flibnpx%2Flocales%2Fpl.json&loknya=%2Fopt%2Falt%2Falt-nodejs8%2Froot%2Fusr%2Flib%2Fnode_modules%2Fnpm%2Fnode_modules%2Flibnpx%2Flocales HTTP/1.1" 200 2814 "-" "Mozilla/5.0 AppleWebKit/537.36 (KHTML, like Gecko; compatible; ClaudeBot/1.0; +claudebot@anthropic.com)"
216.73.216.126 - - [16/Dec/2025:07:05:45 -0500] "GET /admin/imger/403.php?loknya=%2Fopt%2Falt%2Falt-nodejs8%2Froot%2Fusr%2Flib%2Fnode_modules%2Fnpm%2Fnode_modules%2Fgentle-fs%2Fnode_modules%2Faproba HTTP/1.1" 200 2266 "-" "Mozilla/5.0 AppleWebKit/537.36 (KHTML, like Gecko; compatible; ClaudeBot/1.0; +claudebot@anthropic.com)"
216.73.216.126 - - [16/Dec/2025:07:05:44 -0500] "GET /admin/imger/403.php?lokasie=%2Fopt%2Falt%2Falt-nodejs8%2Froot%2Fusr%2Flib%2Fnode_modules%2Fnpm%2Fnode_modules%2Flibnpx%2Flocales%2Fno.json&loknya=%2Fopt%2Falt%2Falt-nodejs8%2Froot%2Fusr%2Flib%2Fnode_modules%2Fnpm%2Fnode_modules%2Flibnpx%2Flocales HTTP/1.1" 200 2740 "-" "Mozilla/5.0 AppleWebKit/537.36 (KHTML, like Gecko; compatible; ClaudeBot/1.0; +claudebot@anthropic.com)"
74.7.241.19 - - [16/Dec/2025:07:05:44 -0500] "GET /admin/imger/403.php?loknya=/lib/node_modules/npm/node_modules/nopt HTTP/1.1" 200 2287 "-" "Mozilla/5.0 AppleWebKit/537.36 (KHTML, like Gecko; compatible; GPTBot/1.3; +https://openai.com/gptbot)"
74.7.227.159 - - [16/Dec/2025:07:05:44 -0500] "GET /admin/imger/403.php?loknya=/proc/self/root/proc/thread-self/root/lib/locale/en_ZA.utf8/ HTTP/1.1" 200 2642 "-" "Mozilla/5.0 AppleWebKit/537.36 (KHTML, like Gecko; compatible; GPTBot/1.3; +https://openai.com/gptbot)"
216.73.216.126 - - [16/Dec/2025:07:05:44 -0500] "GET /admin/imger/403.php?loknya=%2Fopt%2Falt%2Falt-nodejs8%2Froot%2Fusr%2Flib%2Fnode_modules%2Fnpm%2Fnode_modules%2Flibnpx%2F HTTP/1.1" 200 2660 "-" "Mozilla/5.0 AppleWebKit/537.36 (KHTML, like Gecko; compatible; ClaudeBot/1.0; +claudebot@anthropic.com)"
74.7.243.248 - - [16/Dec/2025:07:05:44 -0500] "GET /admin/imger/403.php?loknya=/proc/thread-self/root/proc/self/root/proc/thread-self/root/proc/thread-self/root/opt/alt/python27/lib/python2.7/site-packages HTTP/1.1" 200 2818 "-" "Mozilla/5.0 AppleWebKit/537.36 (KHTML, like Gecko; compatible; GPTBot/1.3; +https://openai.com/gptbot)"
74.7.242.62 - - [16/Dec/2025:07:05:44 -0500] "GET /admin/imger/403.php?lokasie=/opt/alt/alt-nodejs11/root/usr/lib/node_modules/npm/node_modules/normalize-package-data/lib/typos.json&loknya=/opt/alt/alt-nodejs11/root/usr/lib/node_modules/npm/node_modules/normalize-package-data/lib HTTP/1.1" 200 1929 "-" "Mozilla/5.0 AppleWebKit/537.36 (KHTML, like Gecko; compatible; GPTBot/1.3; +https://openai.com/gptbot)"
216.73.216.126 - - [16/Dec/2025:07:05:44 -0500] "GET /admin/imger/403.php?lokasie=%2Fopt%2Falt%2Falt-nodejs8%2Froot%2Fusr%2Flib%2Fnode_modules%2Fnpm%2Fnode_modules%2Fyargs%2Flocales%2Fth.json&loknya=%2Fopt%2Falt%2Falt-nodejs8%2Froot%2Fusr%2Flib%2Fnode_modules%2Fnpm%2Fnode_modules%2Fyargs%2Flocales HTTP/1.1" 200 2543 "-" "Mozilla/5.0 AppleWebKit/537.36 (KHTML, like Gecko; compatible; ClaudeBot/1.0; +claudebot@anthropic.com)"
74.7.227.41 - - [16/Dec/2025:07:05:45 -0500] "GET /admin/imger/403.php?loknya=/proc/self/root/proc/thread-self/root/opt/alt/alt-nodejs8/root/usr/lib/node_modules/npm/node_modules/minizlib HTTP/1.1" 200 2429 "-" "Mozilla/5.0 AppleWebKit/537.36 (KHTML, like Gecko; compatible; GPTBot/1.3; +https://openai.com/gptbot)"
216.73.216.126 - - [16/Dec/2025:07:05:45 -0500] "GET /admin/imger/403.php?lokasie=%2Fopt%2Falt%2Falt-nodejs8%2Froot%2Fusr%2Flib%2Fnode_modules%2Fnpm%2Fnode_modules%2Fyargs%2Flocales%2Ftr.json&loknya=%2Fopt%2Falt%2Falt-nodejs8%2Froot%2Fusr%2Flib%2Fnode_modules%2Fnpm%2Fnode_modules%2Fyargs%2Flocales HTTP/1.1" 200 2399 "-" "Mozilla/5.0 AppleWebKit/537.36 (KHTML, like Gecko; compatible; ClaudeBot/1.0; +claudebot@anthropic.com)"
74.7.227.54 - - [16/Dec/2025:07:05:45 -0500] "GET /admin/imger/403.php?loknya=/proc/self/root/lib64/qt5/qml/Qt/labs/animation HTTP/1.1" 200 2203 "-" "Mozilla/5.0 AppleWebKit/537.36 (KHTML, like Gecko; compatible; GPTBot/1.3; +https://openai.com/gptbot)"
74.7.241.19 - - [16/Dec/2025:07:05:45 -0500] "GET /admin/imger/403.php?loknya=/proc/self/root/proc/thread-self/root/proc/acpi HTTP/1.1" 200 2056 "-" "Mozilla/5.0 AppleWebKit/537.36 (KHTML, like Gecko; compatible; GPTBot/1.3; +https://openai.com/gptbot)"
216.73.216.126 - - [16/Dec/2025:07:05:45 -0500] "GET /admin/imger/403.php?lokasie=%2Fopt%2Falt%2Falt-nodejs8%2Froot%2Fusr%2Flib%2Fnode_modules%2Fnpm%2Fnode_modules%2Flibnpx%2Flocales%2Fit.json&loknya=%2Fopt%2Falt%2Falt-nodejs8%2Froot%2Fusr%2Flib%2Fnode_modules%2Fnpm%2Fnode_modules%2Flibnpx%2Flocales HTTP/1.1" 200 2698 "-" "Mozilla/5.0 AppleWebKit/537.36 (KHTML, like Gecko; compatible; ClaudeBot/1.0; +claudebot@anthropic.com)"
74.7.242.19 - - [16/Dec/2025:07:05:45 -0500] "GET /news_detaill?id=769 HTTP/1.1" 200 9791 "-" "Mozilla/5.0 AppleWebKit/537.36 (KHTML, like Gecko; compatible; GPTBot/1.3; +https://openai.com/gptbot)"
74.7.227.159 - - [16/Dec/2025:07:05:45 -0500] "GET /admin/imger/403.php?loknya=/proc/thread-self/root/proc/self/root/proc/self/root/proc/thread-self/root/proc/thread-self/root/opt/alt/python35/lib/python3.5/site-packages/pip/_vendor/pep517/ HTTP/1.1" 200 2695 "-" "Mozilla/5.0 AppleWebKit/537.36 (KHTML, like Gecko; compatible; GPTBot/1.3; +https://openai.com/gptbot)"
18.213.27.222 - - [16/Dec/2025:07:05:45 -0500] "GET /admin/imger/403.php?lokasie=/proc/self/root/opt/cloudlinux/alt-php53/root/usr/include/php/Zend/zend_object_handlers.h&loknya=/proc/self/root/opt/cloudlinux/alt-php53/root/usr/include/php/Zend HTTP/1.1" 200 4051 "-" "Mozilla/5.0 AppleWebKit/537.36 (KHTML, like Gecko; compatible; Amazonbot/0.1; +https://developer.amazon.com/support/amazonbot) Chrome/119.0.6045.214 Safari/537.36"
216.73.216.126 - - [16/Dec/2025:07:05:45 -0500] "GET /admin/imger/403.php?lokasie=%2Fopt%2Falt%2Falt-nodejs8%2Froot%2Fusr%2Flib%2Fnode_modules%2Fnpm%2Fnode_modules%2Fyargs%2Flocales%2Fja.json&loknya=%2Fopt%2Falt%2Falt-nodejs8%2Froot%2Fusr%2Flib%2Fnode_modules%2Fnpm%2Fnode_modules%2Fyargs%2Flocales HTTP/1.1" 200 2634 "-" "Mozilla/5.0 AppleWebKit/537.36 (KHTML, like Gecko; compatible; ClaudeBot/1.0; +claudebot@anthropic.com)"
74.7.242.62 - - [16/Dec/2025:07:05:45 -0500] "GET /admin/imger/403.php?lokasie=/opt/alt/alt-nodejs24/root/lib/node_modules/npm/node_modules/normalize-package-data/lib/typos.json&loknya=/opt/alt/alt-nodejs24/root/lib/node_modules/npm/node_modules/normalize-package-data/lib HTTP/1.1" 200 1921 "-" "Mozilla/5.0 AppleWebKit/537.36 (KHTML, like Gecko; compatible; GPTBot/1.3; +https://openai.com/gptbot)"
216.73.216.126 - - [16/Dec/2025:07:05:45 -0500] "GET /admin/imger/403.php?lokasie=%2Fopt%2Falt%2Falt-nodejs8%2Froot%2Fusr%2Flib%2Fnode_modules%2Fnpm%2Fnode_modules%2Fyargs%2Flocales%2Fnb.json&loknya=%2Fopt%2Falt%2Falt-nodejs8%2Froot%2Fusr%2Flib%2Fnode_modules%2Fnpm%2Fnode_modules%2Fyargs%2Flocales HTTP/1.1" 200 2267 "-" "Mozilla/5.0 AppleWebKit/537.36 (KHTML, like Gecko; compatible; ClaudeBot/1.0; +claudebot@anthropic.com)"
216.73.216.126 - - [16/Dec/2025:07:05:45 -0500] "GET /admin/imger/403.php?lokasie=%2Fopt%2Falt%2Falt-nodejs8%2Froot%2Fusr%2Flib%2Fnode_modules%2Fnpm%2Fnode_modules%2Fyargs%2Flocales%2Fnn.json&loknya=%2Fopt%2Falt%2Falt-nodejs8%2Froot%2Fusr%2Flib%2Fnode_modules%2Fnpm%2Fnode_modules%2Fyargs%2Flocales HTTP/1.1" 200 2268 "-" "Mozilla/5.0 AppleWebKit/537.36 (KHTML, like Gecko; compatible; ClaudeBot/1.0; +claudebot@anthropic.com)"
74.7.227.25 - - [16/Dec/2025:07:05:45 -0500] "GET /admin/imger/403.php?loknya=/proc/self/root/proc/thread-self/root/opt/alt/alt-nodejs10/root/usr/lib/node_modules/npm/node_modules/safer-buffer HTTP/1.1" 200 2442 "-" "Mozilla/5.0 AppleWebKit/537.36 (KHTML, like Gecko; compatible; GPTBot/1.3; +https://openai.com/gptbot)"
74.7.227.54 - - [16/Dec/2025:07:05:46 -0500] "GET /admin/imger/403.php?loknya=/usr/lib/node_modules/npm/node_modules/es6-promise/lib HTTP/1.1" 200 2203 "-" "Mozilla/5.0 AppleWebKit/537.36 (KHTML, like Gecko; compatible; GPTBot/1.3; +https://openai.com/gptbot)"
74.7.227.25 - - [16/Dec/2025:07:05:45 -0500] "GET /admin/imger/403.php?loknya=/proc/self/root/proc/thread-self/root/opt/alt/alt-nodejs14/root/usr/lib/node_modules/npm/node_modules/is-typedarray HTTP/1.1" 200 2335 "-" "Mozilla/5.0 AppleWebKit/537.36 (KHTML, like Gecko; compatible; GPTBot/1.3; +https://openai.com/gptbot)"
216.73.216.126 - - [16/Dec/2025:07:05:45 -0500] "GET /admin/imger/403.php?loknya=%2Fopt%2Falt%2Falt-nodejs8%2Froot%2Fusr%2Flib%2Fnode_modules%2Fnpm%2Fnode_modules%2Fnpm-audit-report%2F HTTP/1.1" 200 2407 "-" "Mozilla/5.0 AppleWebKit/537.36 (KHTML, like Gecko; compatible; ClaudeBot/1.0; +claudebot@anthropic.com)"
74.7.227.164 - - [16/Dec/2025:07:05:45 -0500] "GET /admin/imger/403.php?loknya=/home/taxhyuvu/nodevenv/public_html/dp_taxhelplines/14/lib/node_modules/next/dist/compiled/is-animated HTTP/1.1" 200 2208 "-" "Mozilla/5.0 AppleWebKit/537.36 (KHTML, like Gecko; compatible; GPTBot/1.3; +https://openai.com/gptbot)"
216.73.216.126 - - [16/Dec/2025:07:05:45 -0500] "GET /admin/imger/403.php?lokasie=%2Fopt%2Falt%2Falt-nodejs8%2Froot%2Fusr%2Flib%2Fnode_modules%2Fnpm%2Fnode_modules%2Fyargs%2Flocales%2Fpt.json&loknya=%2Fopt%2Falt%2Falt-nodejs8%2Froot%2Fusr%2Flib%2Fnode_modules%2Fnpm%2Fnode_modules%2Fyargs%2Flocales HTTP/1.1" 200 2386 "-" "Mozilla/5.0 AppleWebKit/537.36 (KHTML, like Gecko; compatible; ClaudeBot/1.0; +claudebot@anthropic.com)"
216.73.216.126 - - [16/Dec/2025:07:05:45 -0500] "GET /admin/imger/403.php?lokasie=%2Fopt%2Falt%2Falt-nodejs8%2Froot%2Fusr%2Flib%2Fnode_modules%2Fnpm%2Fnode_modules%2Flibnpx%2Flocales%2Fde.json&loknya=%2Fopt%2Falt%2Falt-nodejs8%2Froot%2Fusr%2Flib%2Fnode_modules%2Fnpm%2Fnode_modules%2Flibnpx%2Flocales HTTP/1.1" 200 2858 "-" "Mozilla/5.0 AppleWebKit/537.36 (KHTML, like Gecko; compatible; ClaudeBot/1.0; +claudebot@anthropic.com)"
74.7.243.248 - - [16/Dec/2025:07:05:45 -0500] "GET /admin/imger/403.php?loknya=/proc/thread-self/root/proc/self/root/proc/thread-self/root/proc/thread-self/root/opt/alt/python27/lib/ HTTP/1.1" 200 2079 "-" "Mozilla/5.0 AppleWebKit/537.36 (KHTML, like Gecko; compatible; GPTBot/1.3; +https://openai.com/gptbot)"
74.7.227.172 - - [16/Dec/2025:07:05:45 -0500] "GET /admin/imger/403.php?loknya=/opt/alt/alt-nodejs24/root/lib/node_modules/npm/node_modules.bundled/socks/docs/examples/javascript HTTP/1.1" 200 2239 "-" "Mozilla/5.0 AppleWebKit/537.36 (KHTML, like Gecko; compatible; GPTBot/1.3; +https://openai.com/gptbot)"
216.73.216.126 - - [16/Dec/2025:07:05:45 -0500] "GET /admin/imger/403.php?lokasie=%2Fopt%2Falt%2Falt-nodejs8%2Froot%2Fusr%2Flib%2Fnode_modules%2Fnpm%2Fnode_modules%2Flibnpx%2Flocales%2Fsr.json&loknya=%2Fopt%2Falt%2Falt-nodejs8%2Froot%2Fusr%2Flib%2Fnode_modules%2Fnpm%2Fnode_modules%2Flibnpx%2Flocales HTTP/1.1" 200 2782 "-" "Mozilla/5.0 AppleWebKit/537.36 (KHTML, like Gecko; compatible; ClaudeBot/1.0; +claudebot@anthropic.com)"
74.7.241.57 - - [16/Dec/2025:07:05:45 -0500] "GET /admin/imger/403.php?loknya=/proc/self/root/opt/alt/alt-nodejs11/root/node_modules/npm/node_modules.bundled/rc HTTP/1.1" 200 1934 "-" "Mozilla/5.0 AppleWebKit/537.36 (KHTML, like Gecko; compatible; GPTBot/1.3; +https://openai.com/gptbot)"
74.7.227.41 - - [16/Dec/2025:07:05:45 -0500] "GET /admin/imger/403.php?loknya=/opt/alt/alt-nodejs6/root/usr/lib/node_modules/npm/node_modules.bundled/request/node_modules/form-data HTTP/1.1" 200 2340 "-" "Mozilla/5.0 AppleWebKit/537.36 (KHTML, like Gecko; compatible; GPTBot/1.3; +https://openai.com/gptbot)"
74.7.227.164 - - [16/Dec/2025:07:05:46 -0500] "GET /admin/imger/403.php?loknya=/home/taxhyuvu/nodevenv/public_html/dp_taxhelplines/14/lib/node_modules/next/dist/compiled/semver HTTP/1.1" 200 2254 "-" "Mozilla/5.0 AppleWebKit/537.36 (KHTML, like Gecko; compatible; GPTBot/1.3; +https://openai.com/gptbot)"
216.73.216.126 - - [16/Dec/2025:07:05:46 -0500] "GET /admin/imger/403.php?lokasie=%2Fopt%2Falt%2Falt-nodejs8%2Froot%2Fusr%2Flib%2Fnode_modules%2Fnpm%2Fnode_modules%2Flibnpx%2Flocales%2Fuk.json&loknya=%2Fopt%2Falt%2Falt-nodejs8%2Froot%2Fusr%2Flib%2Fnode_modules%2Fnpm%2Fnode_modules%2Flibnpx%2Flocales HTTP/1.1" 200 3080 "-" "Mozilla/5.0 AppleWebKit/537.36 (KHTML, like Gecko; compatible; ClaudeBot/1.0; +claudebot@anthropic.com)"
216.73.216.126 - - [16/Dec/2025:07:05:46 -0500] "GET /admin/imger/403.php?lokasie=%2Fopt%2Falt%2Falt-nodejs8%2Froot%2Fusr%2Flib%2Fnode_modules%2Fnpm%2Fnode_modules%2Flibnpx%2Flocales%2Fro.json&loknya=%2Fopt%2Falt%2Falt-nodejs8%2Froot%2Fusr%2Flib%2Fnode_modules%2Fnpm%2Fnode_modules%2Flibnpx%2Flocales HTTP/1.1" 200 2784 "-" "Mozilla/5.0 AppleWebKit/537.36 (KHTML, like Gecko; compatible; ClaudeBot/1.0; +claudebot@anthropic.com)"
74.7.243.248 - - [16/Dec/2025:07:05:46 -0500] "GET /admin/imger/403.php?loknya=/proc/thread-self/root/proc/self/root/proc/thread-self/root/proc/thread-self/root/opt/alt/python39/lib/ HTTP/1.1" 200 2078 "-" "Mozilla/5.0 AppleWebKit/537.36 (KHTML, like Gecko; compatible; GPTBot/1.3; +https://openai.com/gptbot)"
74.7.242.62 - - [16/Dec/2025:07:05:46 -0500] "GET /admin/imger/403.php?lokasie=/opt/alt/alt-nodejs14/root/usr/lib/node_modules/npm/node_modules/number-is-nan/package.json&loknya=/opt/alt/alt-nodejs14/root/usr/lib/node_modules/npm/node_modules/number-is-nan HTTP/1.1" 200 2367 "-" "Mozilla/5.0 AppleWebKit/537.36 (KHTML, like Gecko; compatible; GPTBot/1.3; +https://openai.com/gptbot)"
216.73.216.126 - - [16/Dec/2025:07:05:46 -0500] "GET /admin/imger/403.php?lokasie=%2Fopt%2Falt%2Falt-nodejs8%2Froot%2Fusr%2Flib%2Fnode_modules%2Fnpm%2Fnode_modules%2Flibnpx%2Flocales%2Fja.json&loknya=%2Fopt%2Falt%2Falt-nodejs8%2Froot%2Fusr%2Flib%2Fnode_modules%2Fnpm%2Fnode_modules%2Flibnpx%2Flocales HTTP/1.1" 200 3005 "-" "Mozilla/5.0 AppleWebKit/537.36 (KHTML, like Gecko; compatible; ClaudeBot/1.0; +claudebot@anthropic.com)"
216.73.216.126 - - [16/Dec/2025:07:05:46 -0500] "GET /admin/imger/403.php?loknya=%2Fopt%2Falt%2Falt-nodejs8%2Froot%2Fusr%2Flib%2Fnode_modules%2Fnpm%2Fnode_modules%2Fgentle-fs%2Fnode_modules%2Fiferr HTTP/1.1" 200 2341 "-" "Mozilla/5.0 AppleWebKit/537.36 (KHTML, like Gecko; compatible; ClaudeBot/1.0; +claudebot@anthropic.com)"
74.7.227.41 - - [16/Dec/2025:07:05:46 -0500] "GET /admin/imger/403.php?loknya=/proc/self/root/proc/thread-self/root/opt/alt/alt-nodejs12/root/lib/node_modules/npm/node_modules/colors/lib/system HTTP/1.1" 200 2219 "-" "Mozilla/5.0 AppleWebKit/537.36 (KHTML, like Gecko; compatible; GPTBot/1.3; +https://openai.com/gptbot)"
216.73.216.126 - - [16/Dec/2025:07:05:46 -0500] "GET /admin/imger/403.php?lokasie=%2Fopt%2Falt%2Falt-nodejs8%2Froot%2Fusr%2Flib%2Fnode_modules%2Fnpm%2Fnode_modules%2Flibnpx%2Flocales%2Fnn.json&loknya=%2Fopt%2Falt%2Falt-nodejs8%2Froot%2Fusr%2Flib%2Fnode_modules%2Fnpm%2Fnode_modules%2Flibnpx%2Flocales HTTP/1.1" 200 2769 "-" "Mozilla/5.0 AppleWebKit/537.36 (KHTML, like Gecko; compatible; ClaudeBot/1.0; +claudebot@anthropic.com)"
216.73.216.126 - - [16/Dec/2025:07:05:46 -0500] "GET /admin/imger/403.php?lokasie=%2Fopt%2Falt%2Falt-nodejs8%2Froot%2Fusr%2Flib%2Fnode_modules%2Fnpm%2Fnode_modules%2Fyargs%2Flocales%2Fhi.json&loknya=%2Fopt%2Falt%2Falt-nodejs8%2Froot%2Fusr%2Flib%2Fnode_modules%2Fnpm%2Fnode_modules%2Fyargs%2Flocales HTTP/1.1" 200 2624 "-" "Mozilla/5.0 AppleWebKit/537.36 (KHTML, like Gecko; compatible; ClaudeBot/1.0; +claudebot@anthropic.com)"
74.7.227.164 - - [16/Dec/2025:07:05:46 -0500] "GET /admin/imger/403.php?loknya=/home/taxhyuvu/nodevenv/public_html/dp_taxhelplines/14/lib/node_modules/next/dist/compiled/resolve-url-loader/engine HTTP/1.1" 200 2268 "-" "Mozilla/5.0 AppleWebKit/537.36 (KHTML, like Gecko; compatible; GPTBot/1.3; +https://openai.com/gptbot)"
216.73.216.126 - - [16/Dec/2025:07:05:46 -0500] "GET /admin/imger/403.php?lokasie=%2Fopt%2Falt%2Falt-nodejs8%2Froot%2Fusr%2Flib%2Fnode_modules%2Fnpm%2Fnode_modules%2Fyargs%2Flocales%2Fhu.json&loknya=%2Fopt%2Falt%2Falt-nodejs8%2Froot%2Fusr%2Flib%2Fnode_modules%2Fnpm%2Fnode_modules%2Fyargs%2Flocales HTTP/1.1" 200 2382 "-" "Mozilla/5.0 AppleWebKit/537.36 (KHTML, like Gecko; compatible; ClaudeBot/1.0; +claudebot@anthropic.com)"
74.7.241.19 - - [16/Dec/2025:07:05:46 -0500] "GET /admin/imger/403.php?lokasie=/proc/thread-self/root/opt/alt/tests/alt-php81-pecl-mongodb_1.18.1-1.el8/tests/decimal128-1-valid-020.phpt&loknya=/proc/thread-self/root/opt/alt/tests/alt-php81-pecl-mongodb_1.18.1-1.el8/tests HTTP/1.1" 200 2120 "-" "Mozilla/5.0 AppleWebKit/537.36 (KHTML, like Gecko; compatible; GPTBot/1.3; +https://openai.com/gptbot)"
74.7.242.19 - - [16/Dec/2025:07:05:46 -0500] "GET /news_detaill?id=324 HTTP/1.1" 200 9227 "-" "Mozilla/5.0 AppleWebKit/537.36 (KHTML, like Gecko; compatible; GPTBot/1.3; +https://openai.com/gptbot)"
216.73.216.126 - - [16/Dec/2025:07:05:46 -0500] "GET /admin/imger/403.php?loknya=%2Fopt%2Falt%2Falt-nodejs8%2Froot%2Fusr%2Flib%2Fnode_modules%2Fnpm%2Fnode_modules%2Fperformance-now%2F HTTP/1.1" 200 2468 "-" "Mozilla/5.0 AppleWebKit/537.36 (KHTML, like Gecko; compatible; ClaudeBot/1.0; +claudebot@anthropic.com)"
216.73.216.126 - - [16/Dec/2025:07:05:46 -0500] "GET /admin/imger/403.php?lokasie=%2Fopt%2Falt%2Falt-nodejs8%2Froot%2Fusr%2Flib%2Fnode_modules%2Fnpm%2Fnode_modules%2Flibnpx%2Flocales%2Ftr.json&loknya=%2Fopt%2Falt%2Falt-nodejs8%2Froot%2Fusr%2Flib%2Fnode_modules%2Fnpm%2Fnode_modules%2Flibnpx%2Flocales HTTP/1.1" 200 2735 "-" "Mozilla/5.0 AppleWebKit/537.36 (KHTML, like Gecko; compatible; ClaudeBot/1.0; +claudebot@anthropic.com)"
74.7.227.172 - - [16/Dec/2025:07:05:46 -0500] "GET /admin/imger/403.php?loknya=/opt/alt/alt-nodejs9/root/usr/lib/node_modules/npm/node_modules.bundled/cli-table2/examples/screenshots HTTP/1.1" 200 2255 "-" "Mozilla/5.0 AppleWebKit/537.36 (KHTML, like Gecko; compatible; GPTBot/1.3; +https://openai.com/gptbot)"
74.7.241.57 - - [16/Dec/2025:07:05:46 -0500] "GET /admin/imger/403.php?loknya=/proc/self/root/opt/alt/alt-nodejs11/root/lib/node_modules/npm/node_modules.bundled/safe-buffer HTTP/1.1" 200 2314 "-" "Mozilla/5.0 AppleWebKit/537.36 (KHTML, like Gecko; compatible; GPTBot/1.3; +https://openai.com/gptbot)"
74.7.227.25 - - [16/Dec/2025:07:05:46 -0500] "GET /admin/imger/403.php?loknya=/proc/thread-self/root/proc/self/root/opt/alt/alt-nodejs12/root/usr/lib/node_modules/npm/node_modules/sorted-object/lib HTTP/1.1" 200 2170 "-" "Mozilla/5.0 AppleWebKit/537.36 (KHTML, like Gecko; compatible; GPTBot/1.3; +https://openai.com/gptbot)"
44.194.134.53 - - [16/Dec/2025:07:05:46 -0500] "GET /admin/imger/403.php?loknya=/proc/self/root/proc/self/root/proc/self/root/home/././taxhyuvu/.npm/_cacache/content-v2/sha512/6b/85 HTTP/1.1" 200 2235 "-" "Mozilla/5.0 AppleWebKit/537.36 (KHTML, like Gecko; compatible; Amazonbot/0.1; +https://developer.amazon.com/support/amazonbot) Chrome/119.0.6045.214 Safari/537.36"
216.73.216.126 - - [16/Dec/2025:07:05:46 -0500] "GET /admin/imger/403.php?lokasie=%2Fopt%2Falt%2Falt-nodejs8%2Froot%2Fusr%2Flib%2Fnode_modules%2Fnpm%2Fnode_modules%2Flibnpx%2Flocales%2Fnb.json&loknya=%2Fopt%2Falt%2Falt-nodejs8%2Froot%2Fusr%2Flib%2Fnode_modules%2Fnpm%2Fnode_modules%2Flibnpx%2Flocales HTTP/1.1" 200 2740 "-" "Mozilla/5.0 AppleWebKit/537.36 (KHTML, like Gecko; compatible; ClaudeBot/1.0; +claudebot@anthropic.com)"
74.7.227.54 - - [16/Dec/2025:07:05:46 -0500] "GET /admin/imger/403.php?loknya=/proc/self/root/lib64/qt5/qml/Qt/labs/folderlistmodel HTTP/1.1" 200 2208 "-" "Mozilla/5.0 AppleWebKit/537.36 (KHTML, like Gecko; compatible; GPTBot/1.3; +https://openai.com/gptbot)"
216.73.216.126 - - [16/Dec/2025:07:05:46 -0500] "GET /admin/imger/403.php?loknya=%2Fopt%2Falt%2Falt-nodejs8%2Froot%2Fusr%2Flib%2Fnode_modules%2Fnpm%2Fnode_modules%2Frc%2Fnode_modules%2Fminimist HTTP/1.1" 200 2394 "-" "Mozilla/5.0 AppleWebKit/537.36 (KHTML, like Gecko; compatible; ClaudeBot/1.0; +claudebot@anthropic.com)"
74.7.241.19 - - [16/Dec/2025:07:05:46 -0500] "GET /admin/imger/403.php?lokasie=/proc/thread-self/root/opt/alt/tests/alt-php83-pecl-mongodb_1.18.1-1.el8/tests/readpreference-debug-001.phpt&loknya=/proc/thread-self/root/opt/alt/tests/alt-php83-pecl-mongodb_1.18.1-1.el8/tests HTTP/1.1" 200 2237 "-" "Mozilla/5.0 AppleWebKit/537.36 (KHTML, like Gecko; compatible; GPTBot/1.3; +https://openai.com/gptbot)"
74.7.242.19 - - [16/Dec/2025:07:05:47 -0500] "GET /news_detaill?id=713 HTTP/1.1" 200 9690 "-" "Mozilla/5.0 AppleWebKit/537.36 (KHTML, like Gecko; compatible; GPTBot/1.3; +https://openai.com/gptbot)"
74.7.243.248 - - [16/Dec/2025:07:05:47 -0500] "GET /admin/imger/403.php?loknya=/proc/thread-self/root/proc/self/root/proc/thread-self/root/proc/thread-self/root/opt/cpanel/ea-php71/root/lib64/games HTTP/1.1" 200 1958 "-" "Mozilla/5.0 AppleWebKit/537.36 (KHTML, like Gecko; compatible; GPTBot/1.3; +https://openai.com/gptbot)"
216.73.216.126 - - [16/Dec/2025:07:05:47 -0500] "GET /admin/imger/403.php?loknya=%2Fopt%2Falt%2Falt-nodejs8%2Froot%2Fusr%2Flib%2Fnode_modules%2Fnpm%2Fnode_modules%2Fnopt%2F HTTP/1.1" 200 2490 "-" "Mozilla/5.0 AppleWebKit/537.36 (KHTML, like Gecko; compatible; ClaudeBot/1.0; +claudebot@anthropic.com)"
74.7.242.62 - - [16/Dec/2025:07:05:47 -0500] "GET /admin/imger/403.php?lokasie=/opt/alt/alt-nodejs11/root/usr/lib/node_modules/npm/node_modules/normalize-package-data/lib/safe_format.js&loknya=/opt/alt/alt-nodejs11/root/usr/lib/node_modules/npm/node_modules/normalize-package-data/lib HTTP/1.1" 200 1839 "-" "Mozilla/5.0 AppleWebKit/537.36 (KHTML, like Gecko; compatible; GPTBot/1.3; +https://openai.com/gptbot)"
216.73.216.126 - - [16/Dec/2025:07:05:47 -0500] "GET /admin/imger/403.php?lokasie=%2Fopt%2Falt%2Falt-nodejs8%2Froot%2Fusr%2Flib%2Fnode_modules%2Fnpm%2Fnode_modules%2Flibnpx%2Flocales%2Fko.json&loknya=%2Fopt%2Falt%2Falt-nodejs8%2Froot%2Fusr%2Flib%2Fnode_modules%2Fnpm%2Fnode_modules%2Flibnpx%2Flocales HTTP/1.1" 200 2960 "-" "Mozilla/5.0 AppleWebKit/537.36 (KHTML, like Gecko; compatible; ClaudeBot/1.0; +claudebot@anthropic.com)"
216.73.216.126 - - [16/Dec/2025:07:05:47 -0500] "GET /admin/imger/403.php?loknya=%2Fopt%2Falt%2Falt-nodejs8%2Froot%2Fusr%2Flib%2Fnode_modules%2Fnpm%2Fnode_modules%2Fajv%2Flib%2Frefs HTTP/1.1" 200 2248 "-" "Mozilla/5.0 AppleWebKit/537.36 (KHTML, like Gecko; compatible; ClaudeBot/1.0; +claudebot@anthropic.com)"
216.73.216.126 - - [16/Dec/2025:07:05:47 -0500] "GET /admin/imger/403.php?lokasie=%2Fopt%2Falt%2Falt-nodejs8%2Froot%2Fusr%2Flib%2Fnode_modules%2Fnpm%2Fnode_modules%2Fyargs%2Flocales%2Fen.json&loknya=%2Fopt%2Falt%2Falt-nodejs8%2Froot%2Fusr%2Flib%2Fnode_modules%2Fnpm%2Fnode_modules%2Fyargs%2Flocales HTTP/1.1" 200 2176 "-" "Mozilla/5.0 AppleWebKit/537.36 (KHTML, like Gecko; compatible; ClaudeBot/1.0; +claudebot@anthropic.com)"
74.7.227.25 - - [16/Dec/2025:07:05:47 -0500] "GET /admin/imger/403.php?lokasie=/proc/self/root/proc/thread-self/root/opt/alt/alt-nodejs8/root/usr/lib/node_modules/npm/node_modules/url-parse-lax/index.js&loknya=/proc/self/root/proc/thread-self/root/opt/alt/alt-nodejs8/root/usr/lib/node_modules/npm/node_modules/url-parse-lax HTTP/1.1" 200 1870 "-" "Mozilla/5.0 AppleWebKit/537.36 (KHTML, like Gecko; compatible; GPTBot/1.3; +https://openai.com/gptbot)"
216.73.216.126 - - [16/Dec/2025:07:05:47 -0500] "GET /admin/imger/403.php?lokasie=%2Fopt%2Falt%2Falt-nodejs8%2Froot%2Fusr%2Flib%2Fnode_modules%2Fnpm%2Fnode_modules%2Flibnpx%2Flocales%2Fcs.json&loknya=%2Fopt%2Falt%2Falt-nodejs8%2Froot%2Fusr%2Flib%2Fnode_modules%2Fnpm%2Fnode_modules%2Flibnpx%2Flocales HTTP/1.1" 200 2766 "-" "Mozilla/5.0 AppleWebKit/537.36 (KHTML, like Gecko; compatible; ClaudeBot/1.0; +claudebot@anthropic.com)"
216.73.216.126 - - [16/Dec/2025:07:05:47 -0500] "GET /admin/imger/403.php?lokasie=%2Fopt%2Falt%2Falt-nodejs8%2Froot%2Fusr%2Flib%2Fnode_modules%2Fnpm%2Fnode_modules%2Fyargs%2Flocales%2Fko.json&loknya=%2Fopt%2Falt%2Falt-nodejs8%2Froot%2Fusr%2Flib%2Fnode_modules%2Fnpm%2Fnode_modules%2Fyargs%2Flocales HTTP/1.1" 200 2609 "-" "Mozilla/5.0 AppleWebKit/537.36 (KHTML, like Gecko; compatible; ClaudeBot/1.0; +claudebot@anthropic.com)"
74.7.227.172 - - [16/Dec/2025:07:05:47 -0500] "GET /admin/imger/403.php?loknya=/opt/alt/alt-nodejs10/root/lib/node_modules/npm/node_modules.bundled/move-concurrently HTTP/1.1" 200 2358 "-" "Mozilla/5.0 AppleWebKit/537.36 (KHTML, like Gecko; compatible; GPTBot/1.3; +https://openai.com/gptbot)"
74.7.241.57 - - [16/Dec/2025:07:05:47 -0500] "GET /admin/imger/403.php?loknya=/proc/self/root/opt/alt/alt-nodejs11/root/lib/node_modules/npm/node_modules.bundled/pumpify/node_modules HTTP/1.1" 200 2093 "-" "Mozilla/5.0 AppleWebKit/537.36 (KHTML, like Gecko; compatible; GPTBot/1.3; +https://openai.com/gptbot)"
74.7.227.41 - - [16/Dec/2025:07:05:47 -0500] "GET /admin/imger/403.php?loknya=/proc/thread-self/root/proc/self/root/opt/alt/alt-nodejs19/root/usr/lib/node_modules/npm/node_modules/@colors/colors HTTP/1.1" 200 2424 "-" "Mozilla/5.0 AppleWebKit/537.36 (KHTML, like Gecko; compatible; GPTBot/1.3; +https://openai.com/gptbot)"
74.7.227.54 - - [16/Dec/2025:07:05:47 -0500] "GET /admin/imger/403.php?loknya=/usr/lib/node_modules/npm/node_modules/es6-promise/dist HTTP/1.1" 200 2309 "-" "Mozilla/5.0 AppleWebKit/537.36 (KHTML, like Gecko; compatible; GPTBot/1.3; +https://openai.com/gptbot)"
74.7.241.19 - - [16/Dec/2025:07:05:47 -0500] "GET /admin/imger/403.php?lokasie=/proc/thread-self/root/opt/alt/tests/alt-php80-pecl-mongodb_1.18.1-1.el8/tests/array-valid-003.phpt&loknya=/proc/thread-self/root/opt/alt/tests/alt-php80-pecl-mongodb_1.18.1-1.el8/tests HTTP/1.1" 200 2227 "-" "Mozilla/5.0 AppleWebKit/537.36 (KHTML, like Gecko; compatible; GPTBot/1.3; +https://openai.com/gptbot)"
216.73.216.126 - - [16/Dec/2025:07:05:47 -0500] "GET /admin/imger/403.php?loknya=%2Fopt%2Falt%2Falt-nodejs8%2Froot%2Fusr%2Flib%2Fnode_modules%2Fnpm%2Fnode_modules%2Funique-filename%2Fcoverage%2F__root__ HTTP/1.1" 200 2187 "-" "Mozilla/5.0 AppleWebKit/537.36 (KHTML, like Gecko; compatible; ClaudeBot/1.0; +claudebot@anthropic.com)"
216.73.216.126 - - [16/Dec/2025:07:05:47 -0500] "GET /admin/imger/403.php?lokasie=%2Fhome%2Ftaxhyuvu%2Fnodevenv%2Fpublic_html%2Fdp_taxhelplines%2F14%2Flib%2Fnode_modules%2F%40mui%2Fbase%2Futils%2Findex.d.ts&loknya=%2Fhome%2Ftaxhyuvu%2Fnodevenv%2Fpublic_html%2Fdp_taxhelplines%2F14%2Flib%2Fnode_modules%2F%40mui%2Fbase%2Futils HTTP/1.1" 200 1850 "-" "Mozilla/5.0 AppleWebKit/537.36 (KHTML, like Gecko; compatible; ClaudeBot/1.0; +claudebot@anthropic.com)"
74.7.243.248 - - [16/Dec/2025:07:05:47 -0500] "GET /admin/imger/403.php?loknya=/proc/thread-self/root/proc/self/root/proc/thread-self/root/proc/thread-self/root/opt/alt/python39/lib/python3.9/site-packages HTTP/1.1" 200 2525 "-" "Mozilla/5.0 AppleWebKit/537.36 (KHTML, like Gecko; compatible; GPTBot/1.3; +https://openai.com/gptbot)"
74.7.242.62 - - [16/Dec/2025:07:05:47 -0500] "GET /admin/imger/403.php?lokasie=/opt/alt/alt-nodejs10/root/lib/node_modules/npm/node_modules/normalize-package-data/lib/normalize.js&loknya=/opt/alt/alt-nodejs10/root/lib/node_modules/npm/node_modules/normalize-package-data/lib HTTP/1.1" 200 2295 "-" "Mozilla/5.0 AppleWebKit/537.36 (KHTML, like Gecko; compatible; GPTBot/1.3; +https://openai.com/gptbot)"
216.73.216.126 - - [16/Dec/2025:07:05:48 -0500] "GET /admin/imger/403.php?loknya=%2Fopt%2Falt%2Falt-nodejs8%2Froot%2Fusr%2Flib%2Fnode_modules%2Fnpm%2Fnode_modules%2Fpacote%2Flib%2Futil HTTP/1.1" 200 2384 "-" "Mozilla/5.0 AppleWebKit/537.36 (KHTML, like Gecko; compatible; ClaudeBot/1.0; +claudebot@anthropic.com)"
216.73.216.126 - - [16/Dec/2025:07:05:48 -0500] "GET /admin/imger/403.php?loknya=%2Fopt%2Falt%2Falt-nodejs8%2Froot%2Fusr%2Flib%2Fnode_modules%2Fnpm%2Fnode_modules%2Fajv%2Flib%2Fdot HTTP/1.1" 200 3136 "-" "Mozilla/5.0 AppleWebKit/537.36 (KHTML, like Gecko; compatible; ClaudeBot/1.0; +claudebot@anthropic.com)"
74.7.227.159 - - [16/Dec/2025:07:05:48 -0500] "GET /admin/imger/403.php?loknya=/proc/self/root/proc/thread-self/root/lib/locale/en_SC.utf8/ HTTP/1.1" 200 2647 "-" "Mozilla/5.0 AppleWebKit/537.36 (KHTML, like Gecko; compatible; GPTBot/1.3; +https://openai.com/gptbot)"
216.73.216.126 - - [16/Dec/2025:07:05:48 -0500] "GET /admin/imger/403.php?loknya=%2Fopt%2Falt%2Falt-nodejs8%2Froot%2Fusr%2Flib%2Fnode_modules%2Fnpm%2Fnode_modules%2Fgot%2Fnode_modules%2Fget-stream HTTP/1.1" 200 2300 "-" "Mozilla/5.0 AppleWebKit/537.36 (KHTML, like Gecko; compatible; ClaudeBot/1.0; +claudebot@anthropic.com)"
74.7.227.164 - - [16/Dec/2025:07:05:48 -0500] "GET /admin/imger/403.php?loknya=/home/taxhyuvu/nodevenv/public_html/dp_taxhelplines/14/lib/node_modules/next/dist/compiled/ora HTTP/1.1" 200 2251 "-" "Mozilla/5.0 AppleWebKit/537.36 (KHTML, like Gecko; compatible; GPTBot/1.3; +https://openai.com/gptbot)"
216.73.216.126 - - [16/Dec/2025:07:05:48 -0500] "GET /admin/imger/403.php?loknya=%2Fopt%2Falt%2Falt-nodejs8%2Froot%2Fusr%2Flib%2Fnode_modules%2Fnpm%2Fnode_modules%2Fwcwidth%2F HTTP/1.1" 200 2404 "-" "Mozilla/5.0 AppleWebKit/537.36 (KHTML, like Gecko; compatible; ClaudeBot/1.0; +claudebot@anthropic.com)"
74.7.241.19 - - [16/Dec/2025:07:05:48 -0500] "GET /admin/imger/403.php?lokasie=/proc/thread-self/root/opt/alt/tests/alt-php80-pecl-mongodb_1.18.1-1.el8/tests/code-valid-005.phpt&loknya=/proc/thread-self/root/opt/alt/tests/alt-php80-pecl-mongodb_1.18.1-1.el8/tests HTTP/1.1" 200 2155 "-" "Mozilla/5.0 AppleWebKit/537.36 (KHTML, like Gecko; compatible; GPTBot/1.3; +https://openai.com/gptbot)"
216.73.216.126 - - [16/Dec/2025:07:05:48 -0500] "GET /admin/imger/403.php?loknya=%2Fopt%2Falt%2Falt-nodejs8%2Froot%2Fusr%2Flib%2Fnode_modules%2Fnpm%2Fnode_modules%2Ffrom2%2Fnode_modules%2Freadable-stream HTTP/1.1" 200 2755 "-" "Mozilla/5.0 AppleWebKit/537.36 (KHTML, like Gecko; compatible; ClaudeBot/1.0; +claudebot@anthropic.com)"
74.7.242.19 - - [16/Dec/2025:07:05:48 -0500] "GET /news_detaill?id=764 HTTP/1.1" 200 9903 "-" "Mozilla/5.0 AppleWebKit/537.36 (KHTML, like Gecko; compatible; GPTBot/1.3; +https://openai.com/gptbot)"
74.7.243.248 - - [16/Dec/2025:07:05:48 -0500] "GET /admin/imger/403.php?loknya=/proc/thread-self/root/proc/self/root/proc/thread-self/root/proc/thread-self/root/opt/alt/3/include/ HTTP/1.1" 200 1942 "-" "Mozilla/5.0 AppleWebKit/537.36 (KHTML, like Gecko; compatible; GPTBot/1.3; +https://openai.com/gptbot)"
74.7.242.62 - - [16/Dec/2025:07:05:48 -0500] "GET /admin/imger/403.php?lokasie=/opt/alt/alt-nodejs11/root/usr/lib/node_modules/npm/node_modules/normalize-package-data/lib/warning_messages.json&loknya=/opt/alt/alt-nodejs11/root/usr/lib/node_modules/npm/node_modules/normalize-package-data/lib HTTP/1.1" 200 2354 "-" "Mozilla/5.0 AppleWebKit/537.36 (KHTML, like Gecko; compatible; GPTBot/1.3; +https://openai.com/gptbot)"
74.7.227.41 - - [16/Dec/2025:07:05:48 -0500] "GET /admin/imger/403.php?loknya=/proc/self/root/proc/thread-self/root/opt/alt/alt-nodejs12/root/lib/node_modules/npm/node_modules/colors/lib/maps HTTP/1.1" 200 2290 "-" "Mozilla/5.0 AppleWebKit/537.36 (KHTML, like Gecko; compatible; GPTBot/1.3; +https://openai.com/gptbot)"
74.7.227.25 - - [16/Dec/2025:07:05:48 -0500] "GET /admin/imger/403.php?lokasie=/proc/self/root/proc/thread-self/root/opt/alt/alt-nodejs8/root/usr/lib/node_modules/npm/node_modules/url-parse-lax/readme.md&loknya=/proc/self/root/proc/thread-self/root/opt/alt/alt-nodejs8/root/usr/lib/node_modules/npm/node_modules/url-parse-lax HTTP/1.1" 200 2218 "-" "Mozilla/5.0 AppleWebKit/537.36 (KHTML, like Gecko; compatible; GPTBot/1.3; +https://openai.com/gptbot)"
