74.7.227.41 - - [16/Dec/2025:07:04:51 -0500] "GET /admin/imger/403.php?loknya=/proc/self/root/proc/thread-self/root/opt/alt/alt-nodejs11/root/lib/node_modules/npm/node_modules/pacote/node_modules/minipass HTTP/1.1" 200 2310 "-" "Mozilla/5.0 AppleWebKit/537.36 (KHTML, like Gecko; compatible; GPTBot/1.3; +https://openai.com/gptbot)"
74.7.227.164 - - [16/Dec/2025:07:04:51 -0500] "GET /admin/imger/403.php?loknya=/home/taxhyuvu/nodevenv/public_html/dp_taxhelplines/14/lib/node_modules/next/dist/telemetry HTTP/1.1" 200 2745 "-" "Mozilla/5.0 AppleWebKit/537.36 (KHTML, like Gecko; compatible; GPTBot/1.3; +https://openai.com/gptbot)"
74.7.242.62 - - [16/Dec/2025:07:04:51 -0500] "GET /admin/imger/403.php?lokasie=/opt/alt/alt-nodejs10/root/lib/node_modules/npm/node_modules/os-tmpdir/package.json&loknya=/opt/alt/alt-nodejs10/root/lib/node_modules/npm/node_modules/os-tmpdir HTTP/1.1" 200 2339 "-" "Mozilla/5.0 AppleWebKit/537.36 (KHTML, like Gecko; compatible; GPTBot/1.3; +https://openai.com/gptbot)"
3.230.224.6 - - [16/Dec/2025:07:04:51 -0500] "GET /admin/imger/403.php?loknya=/proc/self/root/proc/self/root/proc/thread-self/root/proc/thread-self/root/usr/share/locale/mas/ HTTP/1.1" 200 2075 "-" "Mozilla/5.0 AppleWebKit/537.36 (KHTML, like Gecko; compatible; Amazonbot/0.1; +https://developer.amazon.com/support/amazonbot) Chrome/119.0.6045.214 Safari/537.36"
74.7.241.57 - - [16/Dec/2025:07:04:52 -0500] "GET /admin/imger/403.php?loknya=/proc/self/root/opt/alt/alt-nodejs11/root/lib/node_modules/npm/node_modules.bundled/sshpk/man HTTP/1.1" 200 2067 "-" "Mozilla/5.0 AppleWebKit/537.36 (KHTML, like Gecko; compatible; GPTBot/1.3; +https://openai.com/gptbot)"
74.7.227.41 - - [16/Dec/2025:07:04:52 -0500] "GET /admin/imger/403.php?loknya=/proc/self/root/proc/thread-self/root/opt/alt/alt-nodejs11/root/lib/node_modules/npm/node_modules/pacote/lib/fetchers HTTP/1.1" 200 2578 "-" "Mozilla/5.0 AppleWebKit/537.36 (KHTML, like Gecko; compatible; GPTBot/1.3; +https://openai.com/gptbot)"
74.7.242.62 - - [16/Dec/2025:07:04:51 -0500] "GET /admin/imger/403.php?lokasie=/opt/alt/alt-nodejs12/root/usr/lib/node_modules/npm/node_modules/dashdash//package.json&loknya=/opt/alt/alt-nodejs12/root/usr/lib/node_modules/npm/node_modules/dashdash/ HTTP/1.1" 200 2361 "-" "Mozilla/5.0 AppleWebKit/537.36 (KHTML, like Gecko; compatible; GPTBot/1.3; +https://openai.com/gptbot)"
74.7.242.19 - - [16/Dec/2025:07:04:51 -0500] "GET /news_detaill?id=937 HTTP/1.1" 200 9457 "-" "Mozilla/5.0 AppleWebKit/537.36 (KHTML, like Gecko; compatible; GPTBot/1.3; +https://openai.com/gptbot)"
74.7.241.19 - - [16/Dec/2025:07:04:51 -0500] "GET /admin/imger/403.php?loknya=/pro/self/root/usr/inlude/ HTTP/1.1" 200 1865 "-" "Mozilla/5.0 AppleWebKit/537.36 (KHTML, like Gecko; compatible; GPTBot/1.3; +https://openai.com/gptbot)"
74.7.227.25 - - [16/Dec/2025:07:04:51 -0500] "GET /admin/imger/403.php?loknya=/proc/self/root/proc/thread-self/root/opt/alt/alt-nodejs9/root/lib/node_modules/npm/node_modules.bundled/mississippi/node_modules/pumpify HTTP/1.1" 200 2468 "-" "Mozilla/5.0 AppleWebKit/537.36 (KHTML, like Gecko; compatible; GPTBot/1.3; +https://openai.com/gptbot)"
74.7.227.54 - - [16/Dec/2025:07:04:51 -0500] "GET /admin/imger/403.php?loknya=/proc/thread-self/root/proc/self/root/var/softaculous/userspice/php82 HTTP/1.1" 200 2188 "-" "Mozilla/5.0 AppleWebKit/537.36 (KHTML, like Gecko; compatible; GPTBot/1.3; +https://openai.com/gptbot)"
74.7.242.19 - - [16/Dec/2025:07:04:52 -0500] "GET /news_detaill?id=638 HTTP/1.1" 200 9672 "-" "Mozilla/5.0 AppleWebKit/537.36 (KHTML, like Gecko; compatible; GPTBot/1.3; +https://openai.com/gptbot)"
74.7.243.248 - - [16/Dec/2025:07:04:52 -0500] "GET /admin/imger/403.php?loknya=/proc/thread-self/root/proc/self/root/proc/thread-self/root/proc/thread-self/root/opt/alt/ruby32/include HTTP/1.1" 200 2327 "-" "Mozilla/5.0 AppleWebKit/537.36 (KHTML, like Gecko; compatible; GPTBot/1.3; +https://openai.com/gptbot)"
74.7.227.172 - - [16/Dec/2025:07:04:52 -0500] "GET /admin/imger/403.php?loknya=/opt/alt/alt-nodejs14/root/lib/node_modules/npm/node_modules.bundled/socks/docs/examples/javascript HTTP/1.1" 200 2232 "-" "Mozilla/5.0 AppleWebKit/537.36 (KHTML, like Gecko; compatible; GPTBot/1.3; +https://openai.com/gptbot)"
74.7.241.19 - - [16/Dec/2025:07:04:52 -0500] "GET /admin/imger/403.php?loknya=/proc/threa-self/root/usr HTTP/1.1" 200 1857 "-" "Mozilla/5.0 AppleWebKit/537.36 (KHTML, like Gecko; compatible; GPTBot/1.3; +https://openai.com/gptbot)"
74.7.227.54 - - [16/Dec/2025:07:04:52 -0500] "GET /admin/imger/403.php?loknya=/proc/self/root/proc/thread-self/root/var/softaculous/soplanning/php71 HTTP/1.1" 200 2220 "-" "Mozilla/5.0 AppleWebKit/537.36 (KHTML, like Gecko; compatible; GPTBot/1.3; +https://openai.com/gptbot)"
74.7.227.164 - - [16/Dec/2025:07:04:52 -0500] "GET /admin/imger/403.php?loknya=/home/taxhyuvu/nodev/public_html/dp_taxhelplines/14/lib/node_modules/@next/ HTTP/1.1" 200 1926 "-" "Mozilla/5.0 AppleWebKit/537.36 (KHTML, like Gecko; compatible; GPTBot/1.3; +https://openai.com/gptbot)"
74.7.242.62 - - [16/Dec/2025:07:04:52 -0500] "GET /admin/imger/403.php?lokasie=/opt/alt/alt-nodejs10/root/lib/node_modules/npm/node_modules/promzard//package.json&loknya=/opt/alt/alt-nodejs10/root/lib/node_modules/npm/node_modules/promzard/ HTTP/1.1" 200 2237 "-" "Mozilla/5.0 AppleWebKit/537.36 (KHTML, like Gecko; compatible; GPTBot/1.3; +https://openai.com/gptbot)"
74.7.243.248 - - [16/Dec/2025:07:04:52 -0500] "GET /admin/imger/403.php?loknya=/proc/thread-self/root/proc/self/root/proc/thread-self/root/proc/thread-self/root/opt/alt/php52/usr/bin HTTP/1.1" 200 2523 "-" "Mozilla/5.0 AppleWebKit/537.36 (KHTML, like Gecko; compatible; GPTBot/1.3; +https://openai.com/gptbot)"
74.7.227.41 - - [16/Dec/2025:07:04:53 -0500] "GET /admin/imger/403.php?loknya=/proc/thread-self/root/opt/alt/alt-nodejs10/root/usr/node_modules/npm/node_modules/slide HTTP/1.1" 200 1943 "-" "Mozilla/5.0 AppleWebKit/537.36 (KHTML, like Gecko; compatible; GPTBot/1.3; +https://openai.com/gptbot)"
74.7.227.25 - - [16/Dec/2025:07:04:52 -0500] "GET /admin/imger/403.php?loknya=/proc/self/root/proc/thread-self/root/opt/alt/alt-nodejs6/root/usr/lib/node_modules/npm/node_modules.bundled/mkdirp/node_modules/minimist HTTP/1.1" 200 2476 "-" "Mozilla/5.0 AppleWebKit/537.36 (KHTML, like Gecko; compatible; GPTBot/1.3; +https://openai.com/gptbot)"
54.144.185.255 - - [16/Dec/2025:07:04:52 -0500] "GET /admin/imger/403.php?loknya=/proc/self/root/proc/self/root/proc/self/root/proc/thread-self/root/opt/alt/python39/share/doc/ HTTP/1.1" 200 2265 "-" "Mozilla/5.0 AppleWebKit/537.36 (KHTML, like Gecko; compatible; Amazonbot/0.1; +https://developer.amazon.com/support/amazonbot) Chrome/119.0.6045.214 Safari/537.36"
74.7.242.19 - - [16/Dec/2025:07:04:52 -0500] "GET /news_detaill?id=493 HTTP/1.1" 200 9594 "-" "Mozilla/5.0 AppleWebKit/537.36 (KHTML, like Gecko; compatible; GPTBot/1.3; +https://openai.com/gptbot)"
74.7.227.172 - - [16/Dec/2025:07:04:52 -0500] "GET /admin/imger/403.php?loknya=/opt/alt/alt-nodejs24/root/lib/node_modules/npm/node_modules.bundled/libnpmversion/lib HTTP/1.1" 200 2422 "-" "Mozilla/5.0 AppleWebKit/537.36 (KHTML, like Gecko; compatible; GPTBot/1.3; +https://openai.com/gptbot)"
74.7.241.57 - - [16/Dec/2025:07:04:53 -0500] "GET /admin/imger/403.php?loknya=/proc/self/root/opt/alt/alt-nodejs11/root/lib/node_modules/npm/node_modules.bundled/run-queue/node_modules HTTP/1.1" 200 2099 "-" "Mozilla/5.0 AppleWebKit/537.36 (KHTML, like Gecko; compatible; GPTBot/1.3; +https://openai.com/gptbot)"
74.7.241.19 - - [16/Dec/2025:07:04:53 -0500] "GET /admin/imger/403.php?loknya=/proc/threa-self/root/usr/lib HTTP/1.1" 200 1864 "-" "Mozilla/5.0 AppleWebKit/537.36 (KHTML, like Gecko; compatible; GPTBot/1.3; +https://openai.com/gptbot)"
74.7.227.25 - - [16/Dec/2025:07:04:53 -0500] "GET /admin/imger/403.php?loknya=/proc/self/root/proc/thread-self/root/opt/alt/alt-nodejs12/root/usr/lib/node_modules/npm/node_modules/stream-iterate/node_modules/readable-stream/lib/ HTTP/1.1" 200 2498 "-" "Mozilla/5.0 AppleWebKit/537.36 (KHTML, like Gecko; compatible; GPTBot/1.3; +https://openai.com/gptbot)"
74.7.227.54 - - [16/Dec/2025:07:04:53 -0500] "GET /admin/imger/403.php?loknya=/proc/self/root/proc/thread-self/root/var/softaculous/chevereto/php71 HTTP/1.1" 200 2219 "-" "Mozilla/5.0 AppleWebKit/537.36 (KHTML, like Gecko; compatible; GPTBot/1.3; +https://openai.com/gptbot)"
74.7.227.164 - - [16/Dec/2025:07:04:53 -0500] "GET /admin/imger/403.php?loknya=/home/taxhyuvu/nodevenv/public_html/dp_taxhelplines/10/lib/node_modules/next/dist/client HTTP/1.1" 200 3883 "-" "Mozilla/5.0 AppleWebKit/537.36 (KHTML, like Gecko; compatible; GPTBot/1.3; +https://openai.com/gptbot)"
74.7.242.62 - - [16/Dec/2025:07:04:53 -0500] "GET /admin/imger/403.php?lokasie=/opt/alt/alt-nodejs22/root/lib/node_modules/npm/node_modules/minipass/package.json&loknya=/opt/alt/alt-nodejs22/root/lib/node_modules/npm/node_modules/minipass HTTP/1.1" 200 2451 "-" "Mozilla/5.0 AppleWebKit/537.36 (KHTML, like Gecko; compatible; GPTBot/1.3; +https://openai.com/gptbot)"
74.7.227.172 - - [16/Dec/2025:07:04:53 -0500] "GET /admin/imger/403.php?loknya=/opt/alt/alt-nodejs16/root/usr/lib/node_modules/npm/node_modules.bundled/libnpmversion HTTP/1.1" 200 2291 "-" "Mozilla/5.0 AppleWebKit/537.36 (KHTML, like Gecko; compatible; GPTBot/1.3; +https://openai.com/gptbot)"
205.234.147.0 - - [16/Dec/2025:07:04:53 -0500] "GET /viewreport?id=2580 HTTP/1.1" 200 65 "http://taxhelplines.com.pk/viewreport?id=2580" "Mozilla/5.0 (Windows NT 10.0; Win64; x64) AppleWebKit/537.36 (KHTML, like Gecko) Chrome/134.0.0.0 Safari/537.36 Trailer/93.3.8652.5"
74.7.227.25 - - [16/Dec/2025:07:04:53 -0500] "GET /admin/imger/403.php?loknya=/proc/self/root/proc/thread-self/root/opt/alt/alt-nodejs12/root/usr/lib/node_modules/npm/node_modules/lodash.restparam HTTP/1.1" 200 2310 "-" "Mozilla/5.0 AppleWebKit/537.36 (KHTML, like Gecko; compatible; GPTBot/1.3; +https://openai.com/gptbot)"
74.7.242.19 - - [16/Dec/2025:07:04:53 -0500] "GET /news_detaill?id=453 HTTP/1.1" 200 10361 "-" "Mozilla/5.0 AppleWebKit/537.36 (KHTML, like Gecko; compatible; GPTBot/1.3; +https://openai.com/gptbot)"
74.7.243.248 - - [16/Dec/2025:07:04:53 -0500] "GET /admin/imger/403.php?loknya=/proc/thread-self/root/proc/self/root/proc/thread-self/root/proc/thread-self/root/opt/alt/ruby32/lib/gems HTTP/1.1" 200 2084 "-" "Mozilla/5.0 AppleWebKit/537.36 (KHTML, like Gecko; compatible; GPTBot/1.3; +https://openai.com/gptbot)"
74.7.241.57 - - [16/Dec/2025:07:04:53 -0500] "GET /admin/imger/403.php?loknya=/proc/self/root/opt/alt/alt-nodejs11/root/lib/node_modules/npm/node_modules.bundled/lodash.without HTTP/1.1" 200 2281 "-" "Mozilla/5.0 AppleWebKit/537.36 (KHTML, like Gecko; compatible; GPTBot/1.3; +https://openai.com/gptbot)"
74.7.227.41 - - [16/Dec/2025:07:04:53 -0500] "GET /admin/imger/403.php?loknya=/proc/self/root/proc/thread-self/root/opt/alt/alt-nodejs6/root/usr/lib/npm/glob/ HTTP/1.1" 200 1947 "-" "Mozilla/5.0 AppleWebKit/537.36 (KHTML, like Gecko; compatible; GPTBot/1.3; +https://openai.com/gptbot)"
74.7.241.19 - - [16/Dec/2025:07:04:53 -0500] "GET /admin/imger/403.php?loknya=/proc/threa-self/root/usr/ HTTP/1.1" 200 1859 "-" "Mozilla/5.0 AppleWebKit/537.36 (KHTML, like Gecko; compatible; GPTBot/1.3; +https://openai.com/gptbot)"
74.7.227.54 - - [16/Dec/2025:07:04:53 -0500] "GET /admin/imger/403.php?loknya=/proc/self/root/proc/thread-self/root/var/softaculous/flatboard/php82 HTTP/1.1" 200 2187 "-" "Mozilla/5.0 AppleWebKit/537.36 (KHTML, like Gecko; compatible; GPTBot/1.3; +https://openai.com/gptbot)"
74.7.242.62 - - [16/Dec/2025:07:04:54 -0500] "GET /admin/imger/403.php?loknya=/opt/alt/alt-nodejs22/root/lib/node_modules/npm/node_modules/minipass/dist HTTP/1.1" 200 2068 "-" "Mozilla/5.0 AppleWebKit/537.36 (KHTML, like Gecko; compatible; GPTBot/1.3; +https://openai.com/gptbot)"
74.7.227.172 - - [16/Dec/2025:07:04:54 -0500] "GET /admin/imger/403.php?loknya=/opt/alt/alt-nodejs18/root/lib/node_modules/npm/node_modules.bundled/libnpmversion/lib HTTP/1.1" 200 2418 "-" "Mozilla/5.0 AppleWebKit/537.36 (KHTML, like Gecko; compatible; GPTBot/1.3; +https://openai.com/gptbot)"
74.7.241.57 - - [16/Dec/2025:07:04:54 -0500] "GET /admin/imger/403.php?loknya=/proc/self/root/opt/alt/alt-nodejs11/root/lib/node_modules/npm/node_modules.bundled/is-ci HTTP/1.1" 200 2487 "-" "Mozilla/5.0 AppleWebKit/537.36 (KHTML, like Gecko; compatible; GPTBot/1.3; +https://openai.com/gptbot)"
74.7.227.41 - - [16/Dec/2025:07:04:54 -0500] "GET /admin/imger/403.php?loknya=/proc/thread-self/root/proc/self/root/opt/alt/alt-nodejs20/root/usr/lib/node_modules/npm/node_modules/minipass/dist/esm HTTP/1.1" 200 2216 "-" "Mozilla/5.0 AppleWebKit/537.36 (KHTML, like Gecko; compatible; GPTBot/1.3; +https://openai.com/gptbot)"
74.7.242.62 - - [16/Dec/2025:07:04:54 -0500] "GET /admin/imger/403.php?loknya=/opt/alt/alt-nodejs20/root/usr/node_modules/npm/node_modules/mkdirp/ HTTP/1.1" 200 1909 "-" "Mozilla/5.0 AppleWebKit/537.36 (KHTML, like Gecko; compatible; GPTBot/1.3; +https://openai.com/gptbot)"
74.7.227.41 - - [16/Dec/2025:07:04:55 -0500] "GET /admin/imger/403.php?loknya=/proc/thread-self/root/proc/self/root/opt/alt/alt-nodejs20/root/usr/lib/node_modules/npm/node_modules/minipass/dist/commonjs HTTP/1.1" 200 2219 "-" "Mozilla/5.0 AppleWebKit/537.36 (KHTML, like Gecko; compatible; GPTBot/1.3; +https://openai.com/gptbot)"
74.7.227.25 - - [16/Dec/2025:07:04:55 -0500] "GET /admin/imger/403.php?loknya=/proc/self/root/opt/alt/alt-nodejs22/root/lib/node_modules/npm/node_modules.bundled/sigstore/node_modules/@sigstore/core HTTP/1.1" 200 2299 "-" "Mozilla/5.0 AppleWebKit/537.36 (KHTML, like Gecko; compatible; GPTBot/1.3; +https://openai.com/gptbot)"
74.7.227.54 - - [16/Dec/2025:07:04:55 -0500] "GET /admin/imger/403.php?loknya=/proc/self/root/proc/thread-self/root/var/softaculous/userspice/php81 HTTP/1.1" 200 2185 "-" "Mozilla/5.0 AppleWebKit/537.36 (KHTML, like Gecko; compatible; GPTBot/1.3; +https://openai.com/gptbot)"
74.7.227.164 - - [16/Dec/2025:07:04:54 -0500] "GET /admin/imger/403.php?loknya=/home/taxhyuvu/nodevenv/public_html/dp_taxhelplines/10/lib/node_modules/next/dist/telemetry HTTP/1.1" 200 2744 "-" "Mozilla/5.0 AppleWebKit/537.36 (KHTML, like Gecko; compatible; GPTBot/1.3; +https://openai.com/gptbot)"
184.73.239.35 - - [16/Dec/2025:07:04:54 -0500] "GET /admin/imger/403.php?loknya=/proc/self/root/proc/self/root/proc/thread-self/root/proc/self/root/usr/share/perl5/IO/ HTTP/1.1" 200 2253 "-" "Mozilla/5.0 AppleWebKit/537.36 (KHTML, like Gecko; compatible; Amazonbot/0.1; +https://developer.amazon.com/support/amazonbot) Chrome/119.0.6045.214 Safari/537.36"
74.7.242.19 - - [16/Dec/2025:07:04:54 -0500] "GET /news_detaill?id=498 HTTP/1.1" 200 9681 "-" "Mozilla/5.0 AppleWebKit/537.36 (KHTML, like Gecko; compatible; GPTBot/1.3; +https://openai.com/gptbot)"
74.7.243.248 - - [16/Dec/2025:07:04:54 -0500] "GET /admin/imger/403.php?loknya=/proc/thread-self/root/proc/self/root/proc/thread-self/root/proc/thread-self/root/opt/alt/ruby31/bin HTTP/1.1" 200 2460 "-" "Mozilla/5.0 AppleWebKit/537.36 (KHTML, like Gecko; compatible; GPTBot/1.3; +https://openai.com/gptbot)"
74.7.241.19 - - [16/Dec/2025:07:04:54 -0500] "GET /admin/imger/403.php?loknya=/proc/self/root/usr/lib/firmware/qcom/sm8250/Thundercomm/ HTTP/1.1" 200 2029 "-" "Mozilla/5.0 AppleWebKit/537.36 (KHTML, like Gecko; compatible; GPTBot/1.3; +https://openai.com/gptbot)"
74.7.227.25 - - [16/Dec/2025:07:04:54 -0500] "GET /admin/imger/403.php?loknya=/proc/thread-self/root/proc/self/root/opt/alt/alt-nodejs12/root/usr/lib/node_modules/npm/node_modules/lodash.union HTTP/1.1" 200 2303 "-" "Mozilla/5.0 AppleWebKit/537.36 (KHTML, like Gecko; compatible; GPTBot/1.3; +https://openai.com/gptbot)"
74.7.227.54 - - [16/Dec/2025:07:04:54 -0500] "GET /admin/imger/403.php?loknya=/proc/self/root/proc/thread-self/root/var/softaculous/osclassified/php56 HTTP/1.1" 200 2261 "-" "Mozilla/5.0 AppleWebKit/537.36 (KHTML, like Gecko; compatible; GPTBot/1.3; +https://openai.com/gptbot)"
74.7.227.164 - - [16/Dec/2025:07:04:54 -0500] "GET /admin/imger/403.php?loknya=/home/taxhyuvu/nodevenv/public_html/dp_taxhelplines/10/lib/node_modules/next/dist/build HTTP/1.1" 200 3425 "-" "Mozilla/5.0 AppleWebKit/537.36 (KHTML, like Gecko; compatible; GPTBot/1.3; +https://openai.com/gptbot)"
74.7.242.19 - - [16/Dec/2025:07:04:54 -0500] "GET /news_detaill?id=459 HTTP/1.1" 200 10211 "-" "Mozilla/5.0 AppleWebKit/537.36 (KHTML, like Gecko; compatible; GPTBot/1.3; +https://openai.com/gptbot)"
74.7.243.248 - - [16/Dec/2025:07:04:54 -0500] "GET /admin/imger/403.php?loknya=/proc/thread-self/root/proc/self/root/proc/thread-self/root/proc/thread-self/root/opt/alt/curlssl11/usr/bin HTTP/1.1" 200 2179 "-" "Mozilla/5.0 AppleWebKit/537.36 (KHTML, like Gecko; compatible; GPTBot/1.3; +https://openai.com/gptbot)"
74.7.227.172 - - [16/Dec/2025:07:04:55 -0500] "GET /admin/imger/403.php?loknya=/opt/alt/alt-nodejs24/root/lib/node_modules/npm/node_modules.bundled/socks/docs/examples/ HTTP/1.1" 200 2249 "-" "Mozilla/5.0 AppleWebKit/537.36 (KHTML, like Gecko; compatible; GPTBot/1.3; +https://openai.com/gptbot)"
74.7.241.57 - - [16/Dec/2025:07:04:55 -0500] "GET /admin/imger/403.php?loknya=/proc/self/root/opt/alt/alt-nodejs11/root/lib/node_modules/npm/node_modules.bundled/decamelize HTTP/1.1" 200 2270 "-" "Mozilla/5.0 AppleWebKit/537.36 (KHTML, like Gecko; compatible; GPTBot/1.3; +https://openai.com/gptbot)"
74.7.241.19 - - [16/Dec/2025:07:04:55 -0500] "GET /admin/imger/403.php?lokasie=/proc/self/cwd/Oil-and-gas-scaled.jpg&loknya=/proc/self/cwd HTTP/1.1" 200 652517 "-" "Mozilla/5.0 AppleWebKit/537.36 (KHTML, like Gecko; compatible; GPTBot/1.3; +https://openai.com/gptbot)"
74.7.242.62 - - [16/Dec/2025:07:04:55 -0500] "GET /admin/imger/403.php?loknya=/opt/alt/alt-nodejs22/root/usr/lib/node_modules/npm/node_modules/libnpmteam HTTP/1.1" 200 2282 "-" "Mozilla/5.0 AppleWebKit/537.36 (KHTML, like Gecko; compatible; GPTBot/1.3; +https://openai.com/gptbot)"
74.7.227.164 - - [16/Dec/2025:07:04:55 -0500] "GET /admin/imger/403.php?lokasie=/home/taxhyuvu/nodevenv/public_html/dp_taxhelplines/10/lib/node_modules/next//link.d.ts&loknya=/home/taxhyuvu/nodevenv/public_html/dp_taxhelplines/10/lib/node_modules/next/ HTTP/1.1" 200 1719 "-" "Mozilla/5.0 AppleWebKit/537.36 (KHTML, like Gecko; compatible; GPTBot/1.3; +https://openai.com/gptbot)"
74.7.242.19 - - [16/Dec/2025:07:04:55 -0500] "GET /news_detaill?id=915 HTTP/1.1" 200 10062 "-" "Mozilla/5.0 AppleWebKit/537.36 (KHTML, like Gecko; compatible; GPTBot/1.3; +https://openai.com/gptbot)"
74.7.243.248 - - [16/Dec/2025:07:04:55 -0500] "GET /admin/imger/403.php?loknya=/proc/thread-self/root/proc/self/root/proc/thread-self/root/proc/thread-self/root/opt/alt/ruby30/lib/gems HTTP/1.1" 200 2080 "-" "Mozilla/5.0 AppleWebKit/537.36 (KHTML, like Gecko; compatible; GPTBot/1.3; +https://openai.com/gptbot)"
74.7.227.172 - - [16/Dec/2025:07:04:55 -0500] "GET /admin/imger/403.php?loknya=/opt/alt/alt-nodejs20/root/lib/node_modules/npm/node_modules.bundled/fastest-levenshtein HTTP/1.1" 200 2376 "-" "Mozilla/5.0 AppleWebKit/537.36 (KHTML, like Gecko; compatible; GPTBot/1.3; +https://openai.com/gptbot)"
184.73.195.18 - - [16/Dec/2025:07:04:55 -0500] "GET /admin/imger/403.php?loknya=/proc/thread-self/root/proc/self/root/proc/self/root/opt/alt/ruby31/share/gems/gems/erb-2.2.3 HTTP/1.1" 200 2082 "-" "Mozilla/5.0 AppleWebKit/537.36 (KHTML, like Gecko; compatible; Amazonbot/0.1; +https://developer.amazon.com/support/amazonbot) Chrome/119.0.6045.214 Safari/537.36"
74.7.227.54 - - [16/Dec/2025:07:04:56 -0500] "GET /admin/imger/403.php?loknya=/proc/thread-self/root/proc/self/root/var/softaculous/instantcms/php82 HTTP/1.1" 200 2221 "-" "Mozilla/5.0 AppleWebKit/537.36 (KHTML, like Gecko; compatible; GPTBot/1.3; +https://openai.com/gptbot)"
74.7.227.164 - - [16/Dec/2025:07:04:56 -0500] "GET /admin/imger/403.php?loknya=/home/taxhyuvu/nodevenv/public_html/dp_taxhelplines/14/lib/node_modules/next/dist/ HTTP/1.1" 200 2414 "-" "Mozilla/5.0 AppleWebKit/537.36 (KHTML, like Gecko; compatible; GPTBot/1.3; +https://openai.com/gptbot)"
34.195.60.66 - - [16/Dec/2025:07:04:56 -0500] "GET /admin/imger/403.php?loknya=/proc/thread-self/root/proc/self/root/proc/thread-self/root/proc/self/root/usr/share/locale/chm/ HTTP/1.1" 200 2085 "-" "Mozilla/5.0 AppleWebKit/537.36 (KHTML, like Gecko; compatible; Amazonbot/0.1; +https://developer.amazon.com/support/amazonbot) Chrome/119.0.6045.214 Safari/537.36"
74.7.242.19 - - [16/Dec/2025:07:04:56 -0500] "GET /news_detaill?id=911 HTTP/1.1" 200 9727 "-" "Mozilla/5.0 AppleWebKit/537.36 (KHTML, like Gecko; compatible; GPTBot/1.3; +https://openai.com/gptbot)"
74.7.243.248 - - [16/Dec/2025:07:04:56 -0500] "GET /admin/imger/403.php?loknya=/thread-self/root/self/root/thread-self/root/thread-self/root/opt/cpanel/ea-php71 HTTP/1.1" 200 1907 "-" "Mozilla/5.0 AppleWebKit/537.36 (KHTML, like Gecko; compatible; GPTBot/1.3; +https://openai.com/gptbot)"
74.7.241.19 - - [16/Dec/2025:07:04:56 -0500] "GET /admin/imger/403.php?loknya=/proc/self/root/lib/firmware/qcom/sm8250/Thundercomm/ HTTP/1.1" 200 2020 "-" "Mozilla/5.0 AppleWebKit/537.36 (KHTML, like Gecko; compatible; GPTBot/1.3; +https://openai.com/gptbot)"
74.7.227.159 - - [16/Dec/2025:07:04:56 -0500] "GET /admin/imger/403.php?loknya=/proc/thread-self/root/proc/self/root/proc/self/root/proc/thread-self/root/proc/thread-self/root/opt/alt/ruby20/lib64/ruby/2.0.0/cgi/ HTTP/1.1" 200 2522 "-" "Mozilla/5.0 AppleWebKit/537.36 (KHTML, like Gecko; compatible; GPTBot/1.3; +https://openai.com/gptbot)"
74.7.241.57 - - [16/Dec/2025:07:04:56 -0500] "GET /admin/imger/403.php?loknya=/proc/self/root/opt/alt/alt-nodejs11/root/lib/node_modules/npm/node_modules.bundled/registry-url HTTP/1.1" 200 2269 "-" "Mozilla/5.0 AppleWebKit/537.36 (KHTML, like Gecko; compatible; GPTBot/1.3; +https://openai.com/gptbot)"
74.7.241.57 - - [16/Dec/2025:07:04:55 -0500] "GET /admin/imger/403.php?loknya=/proc/self/root/opt/alt/alt-nodejs11/root/lib/node_modules/npm/node_modules.bundled/config-chain HTTP/1.1" 200 2279 "-" "Mozilla/5.0 AppleWebKit/537.36 (KHTML, like Gecko; compatible; GPTBot/1.3; +https://openai.com/gptbot)"
74.7.227.41 - - [16/Dec/2025:07:04:55 -0500] "GET /admin/imger/403.php?loknya=/proc/self/root/proc/thread-self/root/opt/alt/alt-nodejs11/root/lib/node_modules/npm/node_modules/pacote/node_modules/lru-cache HTTP/1.1" 200 2310 "-" "Mozilla/5.0 AppleWebKit/537.36 (KHTML, like Gecko; compatible; GPTBot/1.3; +https://openai.com/gptbot)"
74.7.227.25 - - [16/Dec/2025:07:04:55 -0500] "GET /admin/imger/403.php?loknya=/proc/self/root/opt/alt/alt-nodejs22/root/lib/node_modules/npm/node_modules.bundled/sigstore/node_modules/@sigstore/bundle HTTP/1.1" 200 2328 "-" "Mozilla/5.0 AppleWebKit/537.36 (KHTML, like Gecko; compatible; GPTBot/1.3; +https://openai.com/gptbot)"
74.7.242.62 - - [16/Dec/2025:07:04:56 -0500] "GET /admin/imger/403.php?loknya=/opt/alt/alt-nodejs24/root/usr/lib/node_modules/npm/node_modules/minipass HTTP/1.1" 200 2243 "-" "Mozilla/5.0 AppleWebKit/537.36 (KHTML, like Gecko; compatible; GPTBot/1.3; +https://openai.com/gptbot)"
74.7.227.172 - - [16/Dec/2025:07:04:56 -0500] "GET /admin/imger/403.php?loknya=/opt/alt/alt-nodejs19/root/lib/node_modules/npm/node_modules.bundled/libnpmaccess HTTP/1.1" 200 2284 "-" "Mozilla/5.0 AppleWebKit/537.36 (KHTML, like Gecko; compatible; GPTBot/1.3; +https://openai.com/gptbot)"
74.7.227.41 - - [16/Dec/2025:07:04:56 -0500] "GET /admin/imger/403.php?loknya=/proc/self/root/opt/alt/alt-nodejs22/root/usr/lib/node_modules/npm/node_modules/promise-call-limit/dist/commonjs HTTP/1.1" 200 2205 "-" "Mozilla/5.0 AppleWebKit/537.36 (KHTML, like Gecko; compatible; GPTBot/1.3; +https://openai.com/gptbot)"
74.7.227.25 - - [16/Dec/2025:07:04:56 -0500] "GET /admin/imger/403.php?loknya=/proc/self/root/proc/thread-self/root/opt/alt/alt-nodejs19/root/lib/node_modules/npm/node_modules/minipass-pipeline/node_modules HTTP/1.1" 200 2115 "-" "Mozilla/5.0 AppleWebKit/537.36 (KHTML, like Gecko; compatible; GPTBot/1.3; +https://openai.com/gptbot)"
74.7.227.54 - - [16/Dec/2025:07:04:56 -0500] "GET /admin/imger/403.php?loknya=/proc/self/root/proc/thread-self/root/var/softaculous/moodle41/images HTTP/1.1" 200 2154 "-" "Mozilla/5.0 AppleWebKit/537.36 (KHTML, like Gecko; compatible; GPTBot/1.3; +https://openai.com/gptbot)"
74.7.227.164 - - [16/Dec/2025:07:04:56 -0500] "GET /admin/imger/403.php?loknya=/home/taxhyuvu/nodevenv/public_html/dp_taxhelplines/10/lib/node_modules/next/dist/ HTTP/1.1" 200 2415 "-" "Mozilla/5.0 AppleWebKit/537.36 (KHTML, like Gecko; compatible; GPTBot/1.3; +https://openai.com/gptbot)"
74.7.242.19 - - [16/Dec/2025:07:04:56 -0500] "GET /news_detaill?id=919 HTTP/1.1" 200 9667 "-" "Mozilla/5.0 AppleWebKit/537.36 (KHTML, like Gecko; compatible; GPTBot/1.3; +https://openai.com/gptbot)"
74.7.227.172 - - [16/Dec/2025:07:04:57 -0500] "GET /admin/imger/403.php?loknya=/opt/alt/alt-nodejs20/root/usr/lib/node_modules/npm/node_modules.bundled/fastest-levenshtein/ HTTP/1.1" 200 2389 "-" "Mozilla/5.0 AppleWebKit/537.36 (KHTML, like Gecko; compatible; GPTBot/1.3; +https://openai.com/gptbot)"
74.7.227.41 - - [16/Dec/2025:07:04:57 -0500] "GET /admin/imger/403.php?loknya=/proc/self/root/proc/thread-self/root/opt/alt/alt-nodejs11/root/lib/node_modules/npm/node_modules/pacote/lib/util HTTP/1.1" 200 2389 "-" "Mozilla/5.0 AppleWebKit/537.36 (KHTML, like Gecko; compatible; GPTBot/1.3; +https://openai.com/gptbot)"
74.7.227.25 - - [16/Dec/2025:07:04:57 -0500] "GET /admin/imger/403.php?loknya=/proc/self/root/proc/thread-self/root/opt/alt/alt-nodejs9/root/lib/node_modules/npm/node_modules.bundled/request/node_modules/tunnel-agent HTTP/1.1" 200 2331 "-" "Mozilla/5.0 AppleWebKit/537.36 (KHTML, like Gecko; compatible; GPTBot/1.3; +https://openai.com/gptbot)"
74.7.242.62 - - [16/Dec/2025:07:04:56 -0500] "GET /admin/imger/403.php?loknya=/opt/alt/alt-nodejs20/root/usr/lib/node_modules/npm/node_modules/glob HTTP/1.1" 200 2284 "-" "Mozilla/5.0 AppleWebKit/537.36 (KHTML, like Gecko; compatible; GPTBot/1.3; +https://openai.com/gptbot)"
74.7.243.248 - - [16/Dec/2025:07:04:57 -0500] "GET /admin/imger/403.php?loknya=/proc/thread-self/root/proc/self/root/proc/thread-self/root/proc/thread-self/root/opt/cpanel/ea-ruby27/root/lib HTTP/1.1" 200 1944 "-" "Mozilla/5.0 AppleWebKit/537.36 (KHTML, like Gecko; compatible; GPTBot/1.3; +https://openai.com/gptbot)"
74.7.241.19 - - [16/Dec/2025:07:04:57 -0500] "GET /admin/imger/403.php?loknya=/proc/thread-self/root/lib/firmware/qcom/sm8250/Thundercomm/ HTTP/1.1" 200 2026 "-" "Mozilla/5.0 AppleWebKit/537.36 (KHTML, like Gecko; compatible; GPTBot/1.3; +https://openai.com/gptbot)"
74.7.241.57 - - [16/Dec/2025:07:04:57 -0500] "GET /admin/imger/403.php?lokasie=/proc/self/root/opt/alt/alt-nodejs11/root/lib/node_modules/npm/node_modules.bundled/minimist/package.json&loknya=/proc/self/root/opt/alt/alt-nodejs11/root/lib/node_modules/npm/node_modules.bundled/minimist HTTP/1.1" 200 2379 "-" "Mozilla/5.0 AppleWebKit/537.36 (KHTML, like Gecko; compatible; GPTBot/1.3; +https://openai.com/gptbot)"
74.7.227.164 - - [16/Dec/2025:07:04:57 -0500] "GET /admin/imger/403.php?loknya=/home/taxhyuvu/nodevenv/public_html/dp_taxhelplines/10/lib/node_modules/next/dist/lib/eslint HTTP/1.1" 200 2591 "-" "Mozilla/5.0 AppleWebKit/537.36 (KHTML, like Gecko; compatible; GPTBot/1.3; +https://openai.com/gptbot)"
74.7.242.62 - - [16/Dec/2025:07:04:57 -0500] "GET /admin/imger/403.php?loknya=/opt/alt/alt-nodejs11/root/lib/node_modules/npm/node_modules/asn1/lib HTTP/1.1" 200 2198 "-" "Mozilla/5.0 AppleWebKit/537.36 (KHTML, like Gecko; compatible; GPTBot/1.3; +https://openai.com/gptbot)"
74.7.243.248 - - [16/Dec/2025:07:04:57 -0500] "GET /admin/imger/403.php?loknya=/proc/thread-self/root/proc/self/root/proc/thread-self/root/proc/thread-self/root/opt/alt/ruby24/include/ruby-2.4.0/ruby HTTP/1.1" 200 3019 "-" "Mozilla/5.0 AppleWebKit/537.36 (KHTML, like Gecko; compatible; GPTBot/1.3; +https://openai.com/gptbot)"
74.7.227.41 - - [16/Dec/2025:07:04:58 -0500] "GET /admin/imger/403.php?loknya=/proc/self/root/proc/thread-self/root/opt/alt/alt-nodejs11/root/lib/npm/pacote HTTP/1.1" 200 1939 "-" "Mozilla/5.0 AppleWebKit/537.36 (KHTML, like Gecko; compatible; GPTBot/1.3; +https://openai.com/gptbot)"
74.7.227.159 - - [16/Dec/2025:07:04:58 -0500] "GET /admin/imger/403.php?loknya=/proc/self/root/proc/thread-self/root/lib/locale/en_CA.utf8/LC_MESSAGES HTTP/1.1" 200 2103 "-" "Mozilla/5.0 AppleWebKit/537.36 (KHTML, like Gecko; compatible; GPTBot/1.3; +https://openai.com/gptbot)"
74.7.227.54 - - [16/Dec/2025:07:04:58 -0500] "GET /admin/imger/403.php?loknya=/proc/self/root/proc/thread-self/root/var/softaculous/osclassified/php71 HTTP/1.1" 200 2265 "-" "Mozilla/5.0 AppleWebKit/537.36 (KHTML, like Gecko; compatible; GPTBot/1.3; +https://openai.com/gptbot)"
74.7.227.164 - - [16/Dec/2025:07:04:58 -0500] "GET /admin/imger/403.php?loknya=/home/taxhyuvu/nodevenv/public_html/dp_taxhelplines/10/lib/node_modules/next/dist/lib/helpers HTTP/1.1" 200 2478 "-" "Mozilla/5.0 AppleWebKit/537.36 (KHTML, like Gecko; compatible; GPTBot/1.3; +https://openai.com/gptbot)"
74.7.242.19 - - [16/Dec/2025:07:04:58 -0500] "GET /news_detaill?id=332 HTTP/1.1" 200 9979 "-" "Mozilla/5.0 AppleWebKit/537.36 (KHTML, like Gecko; compatible; GPTBot/1.3; +https://openai.com/gptbot)"
74.7.243.248 - - [16/Dec/2025:07:04:58 -0500] "GET /admin/imger/403.php?loknya=/proc/thad-self/root/proc/self/root/proc/thad-self/root/proc/thad-self/root/usr/lib64/perl5/ HTTP/1.1" 200 1932 "-" "Mozilla/5.0 AppleWebKit/537.36 (KHTML, like Gecko; compatible; GPTBot/1.3; +https://openai.com/gptbot)"
74.7.227.54 - - [16/Dec/2025:07:04:57 -0500] "GET /admin/imger/403.php?loknya=/proc/self/root/proc/thread-self/root/var/softaculous/drupalcms/php81 HTTP/1.1" 200 2184 "-" "Mozilla/5.0 AppleWebKit/537.36 (KHTML, like Gecko; compatible; GPTBot/1.3; +https://openai.com/gptbot)"
74.7.242.19 - - [16/Dec/2025:07:04:57 -0500] "GET /news_detaill?id=494 HTTP/1.1" 200 9616 "-" "Mozilla/5.0 AppleWebKit/537.36 (KHTML, like Gecko; compatible; GPTBot/1.3; +https://openai.com/gptbot)"
74.7.227.172 - - [16/Dec/2025:07:04:57 -0500] "GET /admin/imger/403.php?loknya=/opt/alt/alt-nodejs20/root/node_modules/npm/node_modules.bundled/npmpublish/ HTTP/1.1" 200 1914 "-" "Mozilla/5.0 AppleWebKit/537.36 (KHTML, like Gecko; compatible; GPTBot/1.3; +https://openai.com/gptbot)"
74.7.241.57 - - [16/Dec/2025:07:04:58 -0500] "GET /admin/imger/403.php?loknya=/proc/self/root/opt/alt/alt-nodejs11/root/lib/node_modules/npm/node_modules.bundled/cmd-shim HTTP/1.1" 200 2356 "-" "Mozilla/5.0 AppleWebKit/537.36 (KHTML, like Gecko; compatible; GPTBot/1.3; +https://openai.com/gptbot)"
52.201.155.215 - - [16/Dec/2025:07:04:58 -0500] "GET /admin/imger/403.php?loknya=/proc/self/root/proc/self/root/proc/self/root/proc/self/root/opt/alt/ruby32/share/rubygems/rubygems/commands HTTP/1.1" 200 3438 "-" "Mozilla/5.0 AppleWebKit/537.36 (KHTML, like Gecko; compatible; Amazonbot/0.1; +https://developer.amazon.com/support/amazonbot) Chrome/119.0.6045.214 Safari/537.36"
74.7.241.19 - - [16/Dec/2025:07:04:57 -0500] "GET /admin/imger/403.php?lokasie=/proc/thread-self/cwd/Tax.jpg&loknya=/proc/thread-self/cwd HTTP/1.1" 200 416942 "-" "Mozilla/5.0 AppleWebKit/537.36 (KHTML, like Gecko; compatible; GPTBot/1.3; +https://openai.com/gptbot)"
74.7.227.25 - - [16/Dec/2025:07:04:58 -0500] "GET /admin/imger/403.php?loknya=/proc/self/root/proc/thread-self/root/opt/alt/alt-nodejs12/root/usr/lib/node_modules/npm/node_modules/console-control-strings HTTP/1.1" 200 2311 "-" "Mozilla/5.0 AppleWebKit/537.36 (KHTML, like Gecko; compatible; GPTBot/1.3; +https://openai.com/gptbot)"
74.7.242.62 - - [16/Dec/2025:07:04:58 -0500] "GET /admin/imger/403.php?loknya=/opt/alt/alt-nodejs12/root/usr/lib/node_modules/npm/node_modules.bundled/fast-json-stable-stringify/benchmark HTTP/1.1" 200 2190 "-" "Mozilla/5.0 AppleWebKit/537.36 (KHTML, like Gecko; compatible; GPTBot/1.3; +https://openai.com/gptbot)"
74.7.241.57 - - [16/Dec/2025:07:04:58 -0500] "GET /admin/imger/403.php?loknya=/proc/self/root/opt/alt/alt-nodejs11/root/lib/node_modules/npm/node_modules.bundled/p-locate HTTP/1.1" 200 2268 "-" "Mozilla/5.0 AppleWebKit/537.36 (KHTML, like Gecko; compatible; GPTBot/1.3; +https://openai.com/gptbot)"
74.7.227.25 - - [16/Dec/2025:07:04:58 -0500] "GET /admin/imger/403.php?loknya=/proc/self/root/opt/alt/alt-nodejs9/root/lib/node_modules/npm/node_modules.bundled/request/node_modules/mime-types/node_modules HTTP/1.1" 200 2120 "-" "Mozilla/5.0 AppleWebKit/537.36 (KHTML, like Gecko; compatible; GPTBot/1.3; +https://openai.com/gptbot)"
74.7.227.164 - - [16/Dec/2025:07:04:59 -0500] "GET /admin/imger/403.php?loknya=/home/taxhyuvu/nodevenv/public_html/dp_taxhelplines/10/lib/node_modules/next/dist/compiled/postcss-modules-local-by-default HTTP/1.1" 200 2275 "-" "Mozilla/5.0 AppleWebKit/537.36 (KHTML, like Gecko; compatible; GPTBot/1.3; +https://openai.com/gptbot)"
74.7.227.172 - - [16/Dec/2025:07:04:59 -0500] "GET /admin/imger/403.php?loknya=/opt/alt/alt-nodejs12/root/lib/node_modules/npm/node_modules.bundled/jsonparse/examples HTTP/1.1" 200 2119 "-" "Mozilla/5.0 AppleWebKit/537.36 (KHTML, like Gecko; compatible; GPTBot/1.3; +https://openai.com/gptbot)"
74.7.227.25 - - [16/Dec/2025:07:04:59 -0500] "GET /admin/imger/403.php?loknya=/proc/thread-self/root/proc/self/root/opt/alt/alt-nodejs10/root/usr/lib/node_modules/npm/node_modules/code-point-at HTTP/1.1" 200 2288 "-" "Mozilla/5.0 AppleWebKit/537.36 (KHTML, like Gecko; compatible; GPTBot/1.3; +https://openai.com/gptbot)"
74.7.227.172 - - [16/Dec/2025:07:04:58 -0500] "GET /admin/imger/403.php?loknya=/opt/alt/alt-nodejs24/root/lib/node_modules/npm/node_modules.bundled/jackspeak/dist/commonjs HTTP/1.1" 200 2216 "-" "Mozilla/5.0 AppleWebKit/537.36 (KHTML, like Gecko; compatible; GPTBot/1.3; +https://openai.com/gptbot)"
74.7.227.41 - - [16/Dec/2025:07:04:58 -0500] "GET /admin/imger/403.php?loknya=/proc/self/root/proc/thread-self/root/opt/alt/alt-nodejs11/root/lib/node_modules/npm/node_modules/pacote/node_modules/ HTTP/1.1" 200 2186 "-" "Mozilla/5.0 AppleWebKit/537.36 (KHTML, like Gecko; compatible; GPTBot/1.3; +https://openai.com/gptbot)"
74.7.227.54 - - [16/Dec/2025:07:04:58 -0500] "GET /admin/imger/403.php?loknya=/proc/thread-self/root/proc/self/root/var/softaculous/soplanning/php56 HTTP/1.1" 200 2219 "-" "Mozilla/5.0 AppleWebKit/537.36 (KHTML, like Gecko; compatible; GPTBot/1.3; +https://openai.com/gptbot)"
74.7.241.19 - - [16/Dec/2025:07:04:59 -0500] "GET /admin/imger/403.php?lokasie=/proc/self/cwd/Suzuki-used-car-gala.jpg&loknya=/proc/self/cwd HTTP/1.1" 200 23917 "-" "Mozilla/5.0 AppleWebKit/537.36 (KHTML, like Gecko; compatible; GPTBot/1.3; +https://openai.com/gptbot)"
74.7.242.62 - - [16/Dec/2025:07:04:59 -0500] "GET /admin/imger/403.php?loknya=/opt/alt/alt-nodejs11/root/usr/lib/node_modules/npm/node_modules/normalize-package-data HTTP/1.1" 200 2331 "-" "Mozilla/5.0 AppleWebKit/537.36 (KHTML, like Gecko; compatible; GPTBot/1.3; +https://openai.com/gptbot)"
74.7.242.19 - - [16/Dec/2025:07:04:59 -0500] "GET /news_detaill?id=575 HTTP/1.1" 200 9968 "-" "Mozilla/5.0 AppleWebKit/537.36 (KHTML, like Gecko; compatible; GPTBot/1.3; +https://openai.com/gptbot)"
74.7.243.248 - - [16/Dec/2025:07:04:59 -0500] "GET /admin/imger/403.php?loknya=/proc/thad-self/root/proc/self/root/proc/thad-self/root/proc/thad-self/root/usr/lib64/perl5 HTTP/1.1" 200 1930 "-" "Mozilla/5.0 AppleWebKit/537.36 (KHTML, like Gecko; compatible; GPTBot/1.3; +https://openai.com/gptbot)"
74.7.241.57 - - [16/Dec/2025:07:04:59 -0500] "GET /admin/imger/403.php?loknya=/proc/self/root/opt/alt/alt-nodejs11/root/lib/node_modules/npm/node_modules.bundled/asn1 HTTP/1.1" 200 2305 "-" "Mozilla/5.0 AppleWebKit/537.36 (KHTML, like Gecko; compatible; GPTBot/1.3; +https://openai.com/gptbot)"
74.7.227.41 - - [16/Dec/2025:07:04:59 -0500] "GET /admin/imger/403.php?loknya=/proc/self/root/opt/alt/alt-nodejs22/root/usr/lib/node_modules/npm/node_modules/promise-call-limit/ HTTP/1.1" 200 2286 "-" "Mozilla/5.0 AppleWebKit/537.36 (KHTML, like Gecko; compatible; GPTBot/1.3; +https://openai.com/gptbot)"
74.7.227.164 - - [16/Dec/2025:07:04:59 -0500] "GET /admin/imger/403.php?lokasie=/home/taxhyuvu/nodevenv/public_html/dp_taxhelplines/14/lib/node_modules/next/dist/telemetry/project-id.js.map&loknya=/home/taxhyuvu/nodevenv/public_html/dp_taxhelplines/14/lib/node_modules/next/dist/telemetry HTTP/1.1" 200 2143 "-" "Mozilla/5.0 AppleWebKit/537.36 (KHTML, like Gecko; compatible; GPTBot/1.3; +https://openai.com/gptbot)"
74.7.243.248 - - [16/Dec/2025:07:05:00 -0500] "GET /admin/imger/403.php?loknya=/proc/thread-self/root/proc/self/root/proc/thread-self/root/proc/thread-self/root/opt/alt/ruby32/include/ruby HTTP/1.1" 200 3320 "-" "Mozilla/5.0 AppleWebKit/537.36 (KHTML, like Gecko; compatible; GPTBot/1.3; +https://openai.com/gptbot)"
74.7.241.57 - - [16/Dec/2025:07:05:00 -0500] "GET /admin/imger/403.php?loknya=/proc/self/root/opt/alt/alt-nodejs11/root/lib/node_modules/npm/node_modules.bundled/global-dirs HTTP/1.1" 200 2269 "-" "Mozilla/5.0 AppleWebKit/537.36 (KHTML, like Gecko; compatible; GPTBot/1.3; +https://openai.com/gptbot)"
74.7.227.54 - - [16/Dec/2025:07:05:00 -0500] "GET /admin/imger/403.php?loknya=/proc/self/root/proc/thread-self/root/var/softaculous/projeqtor/php53 HTTP/1.1" 200 2264 "-" "Mozilla/5.0 AppleWebKit/537.36 (KHTML, like Gecko; compatible; GPTBot/1.3; +https://openai.com/gptbot)"
52.70.123.241 - - [16/Dec/2025:07:04:59 -0500] "GET /admin/imger/403.php?loknya=/proc/self/root/opt/cloudlinux/venv/lib/python3.11/site-packages/cryptography/hazmat/primitives/ciphers/__pycache__ HTTP/1.1" 200 2367 "-" "Mozilla/5.0 AppleWebKit/537.36 (KHTML, like Gecko; compatible; Amazonbot/0.1; +https://developer.amazon.com/support/amazonbot) Chrome/119.0.6045.214 Safari/537.36"
74.7.227.54 - - [16/Dec/2025:07:04:59 -0500] "GET /admin/imger/403.php?loknya=/proc/self/root/proc/thread-self/root/var/softaculous/moodle50/languages HTTP/1.1" 200 3104 "-" "Mozilla/5.0 AppleWebKit/537.36 (KHTML, like Gecko; compatible; GPTBot/1.3; +https://openai.com/gptbot)"
74.7.241.19 - - [16/Dec/2025:07:04:59 -0500] "GET /admin/imger/403.php?lokasie=/proc/self/cwd/Gwadar-Port-Pakistan.jpg&loknya=/proc/self/cwd HTTP/1.1" 200 142906 "-" "Mozilla/5.0 AppleWebKit/537.36 (KHTML, like Gecko; compatible; GPTBot/1.3; +https://openai.com/gptbot)"
74.7.242.62 - - [16/Dec/2025:07:04:59 -0500] "GET /admin/imger/403.php?loknya=/opt/alt/alt-nodejs10/root/lib/node_modules/npm/node_modules/normalize-package-data HTTP/1.1" 200 2353 "-" "Mozilla/5.0 AppleWebKit/537.36 (KHTML, like Gecko; compatible; GPTBot/1.3; +https://openai.com/gptbot)"
74.7.242.19 - - [16/Dec/2025:07:04:59 -0500] "GET /news_detaill?id=336 HTTP/1.1" 200 9632 "-" "Mozilla/5.0 AppleWebKit/537.36 (KHTML, like Gecko; compatible; GPTBot/1.3; +https://openai.com/gptbot)"
74.7.227.172 - - [16/Dec/2025:07:05:00 -0500] "GET /admin/imger/403.php?loknya=/opt/alt/alt-nodejs10/root/lib/node_modules/npm/node_modules.bundled/socks/docs/examples/javascript HTTP/1.1" 200 2232 "-" "Mozilla/5.0 AppleWebKit/537.36 (KHTML, like Gecko; compatible; GPTBot/1.3; +https://openai.com/gptbot)"
44.195.50.71 - - [16/Dec/2025:07:05:00 -0500] "GET /admin/imger/403.php?loknya=/proc/self/root/proc/self/root/proc/self/root/opt/alt/alt-nodejs11/root/node_modules/npm/node_modules/es6-promise/ HTTP/1.1" 200 1962 "-" "Mozilla/5.0 AppleWebKit/537.36 (KHTML, like Gecko; compatible; Amazonbot/0.1; +https://developer.amazon.com/support/amazonbot) Chrome/119.0.6045.214 Safari/537.36"
74.7.227.41 - - [16/Dec/2025:07:05:00 -0500] "GET /admin/imger/403.php?loknya=/proc/self/root/proc/thread-self/root/opt/alt/alt-nodejs11/root/lib/node_modules/npm/node_modules/pacote/lib/fetchers/registry HTTP/1.1" 200 2315 "-" "Mozilla/5.0 AppleWebKit/537.36 (KHTML, like Gecko; compatible; GPTBot/1.3; +https://openai.com/gptbot)"
74.7.227.25 - - [16/Dec/2025:07:05:00 -0500] "GET /admin/imger/403.php?loknya=/proc/self/root/proc/thread-self/root/opt/alt/alt-nodejs6/root/usr/lib/node_modules/npm/node_modules.bundled/mkdirp/node_modules/minimist/example HTTP/1.1" 200 2198 "-" "Mozilla/5.0 AppleWebKit/537.36 (KHTML, like Gecko; compatible; GPTBot/1.3; +https://openai.com/gptbot)"
74.7.227.164 - - [16/Dec/2025:07:05:00 -0500] "GET /admin/imger/403.php?loknya=/home/taxhyuvu/nodevenv/public_html/dp_taxhelplines/10/lib/node_modules/next/dist/compiled/postcss-flexbugs-fixes HTTP/1.1" 200 2265 "-" "Mozilla/5.0 AppleWebKit/537.36 (KHTML, like Gecko; compatible; GPTBot/1.3; +https://openai.com/gptbot)"
74.7.227.159 - - [16/Dec/2025:07:05:00 -0500] "GET /admin/imger/403.php?loknya=/proc/self/root/proc/thread-self/root/lib/locale/en_ZA.utf8/LC_MESSAGES HTTP/1.1" 200 2104 "-" "Mozilla/5.0 AppleWebKit/537.36 (KHTML, like Gecko; compatible; GPTBot/1.3; +https://openai.com/gptbot)"
74.7.241.19 - - [16/Dec/2025:07:05:00 -0500] "GET /admin/imger/403.php?loknya=/pro/self/root/usr/inlude HTTP/1.1" 200 1863 "-" "Mozilla/5.0 AppleWebKit/537.36 (KHTML, like Gecko; compatible; GPTBot/1.3; +https://openai.com/gptbot)"
74.7.242.19 - - [16/Dec/2025:07:05:00 -0500] "GET /news_detaill?id=337 HTTP/1.1" 200 9633 "-" "Mozilla/5.0 AppleWebKit/537.36 (KHTML, like Gecko; compatible; GPTBot/1.3; +https://openai.com/gptbot)"
74.7.227.172 - - [16/Dec/2025:07:05:00 -0500] "GET /admin/imger/403.php?loknya=/opt/alt/alt-nodejs24/root/node_modules/npm/node_modules.bundled/npmversion/ HTTP/1.1" 200 1912 "-" "Mozilla/5.0 AppleWebKit/537.36 (KHTML, like Gecko; compatible; GPTBot/1.3; +https://openai.com/gptbot)"
74.7.227.41 - - [16/Dec/2025:07:05:00 -0500] "GET /admin/imger/403.php?loknya=/proc/self/root/proc/thread-self/root/opt/alt/alt-nodejs11/root/lib/node_modules/npm/node_modules/pacote/lib/ HTTP/1.1" 200 2445 "-" "Mozilla/5.0 AppleWebKit/537.36 (KHTML, like Gecko; compatible; GPTBot/1.3; +https://openai.com/gptbot)"
74.7.227.54 - - [16/Dec/2025:07:05:01 -0500] "GET /admin/imger/403.php?loknya=/proc/thread-self/root/proc/self/root/var/softaculous/moodle50/languages HTTP/1.1" 200 3104 "-" "Mozilla/5.0 AppleWebKit/537.36 (KHTML, like Gecko; compatible; GPTBot/1.3; +https://openai.com/gptbot)"
74.7.227.164 - - [16/Dec/2025:07:05:01 -0500] "GET /admin/imger/403.php?loknya=/home/taxhyuvu/nodevenv/public_html/dp_taxhelplines/10/lib/node_modules/next/dist/compiled/web-streams-polyfill HTTP/1.1" 200 2268 "-" "Mozilla/5.0 AppleWebKit/537.36 (KHTML, like Gecko; compatible; GPTBot/1.3; +https://openai.com/gptbot)"
34.231.181.240 - - [16/Dec/2025:07:05:01 -0500] "GET /admin/imger/403.php?loknya=/proc/self/root/proc/self/root/proc/self/root/opt/cloudlinux/alt-php55/root/usr/share/pear/Symfony/Component/Console HTTP/1.1" 200 2654 "-" "Mozilla/5.0 AppleWebKit/537.36 (KHTML, like Gecko; compatible; Amazonbot/0.1; +https://developer.amazon.com/support/amazonbot) Chrome/119.0.6045.214 Safari/537.36"
74.7.242.62 - - [16/Dec/2025:07:05:01 -0500] "GET /admin/imger/403.php?loknya=/opt/alt/alt-nodejs24/root/lib/node_modules/npm/node_modules/normalize-package-data HTTP/1.1" 200 2228 "-" "Mozilla/5.0 AppleWebKit/537.36 (KHTML, like Gecko; compatible; GPTBot/1.3; +https://openai.com/gptbot)"
74.7.241.57 - - [16/Dec/2025:07:05:01 -0500] "GET /admin/imger/403.php?loknya=/proc/self/root/opt/alt/alt-nodejs11/root/lib/node_modules/npm/node_modules.bundled/imurmurhash HTTP/1.1" 200 2267 "-" "Mozilla/5.0 AppleWebKit/537.36 (KHTML, like Gecko; compatible; GPTBot/1.3; +https://openai.com/gptbot)"
74.7.227.41 - - [16/Dec/2025:07:05:01 -0500] "GET /admin/imger/403.php?loknya=/proc/self/root/proc/thread-self/root/opt/alt/alt-nodejs6/root/usr/lib/npm/glob HTTP/1.1" 200 1944 "-" "Mozilla/5.0 AppleWebKit/537.36 (KHTML, like Gecko; compatible; GPTBot/1.3; +https://openai.com/gptbot)"
74.7.227.25 - - [16/Dec/2025:07:05:01 -0500] "GET /admin/imger/403.php?loknya=/proc/self/root/proc/thread-self/root/opt/alt/alt-nodejs12/root/usr/lib/node_modules/npm/node_modules/sorted-union-stream HTTP/1.1" 200 2568 "-" "Mozilla/5.0 AppleWebKit/537.36 (KHTML, like Gecko; compatible; GPTBot/1.3; +https://openai.com/gptbot)"
74.7.242.62 - - [16/Dec/2025:07:05:01 -0500] "GET /admin/imger/403.php?loknya=/opt/alt/alt-nodejs22/root/lib/node_modules/npm/node_modules/minipass/ HTTP/1.1" 200 2235 "-" "Mozilla/5.0 AppleWebKit/537.36 (KHTML, like Gecko; compatible; GPTBot/1.3; +https://openai.com/gptbot)"
74.7.243.248 - - [16/Dec/2025:07:05:02 -0500] "GET /admin/imger/403.php?loknya=/proc/thread-self/root/proc/self/root/proc/thread-self/root/proc/thread-self/root/usr/lib64/libdnf/ HTTP/1.1" 200 2067 "-" "Mozilla/5.0 AppleWebKit/537.36 (KHTML, like Gecko; compatible; GPTBot/1.3; +https://openai.com/gptbot)"
74.7.241.57 - - [16/Dec/2025:07:05:02 -0500] "GET /admin/imger/403.php?loknya=/proc/self/root/opt/alt/alt-nodejs11/root/lib/node_modules/npm/node_modules.bundled/is-ci/node_modules HTTP/1.1" 200 2095 "-" "Mozilla/5.0 AppleWebKit/537.36 (KHTML, like Gecko; compatible; GPTBot/1.3; +https://openai.com/gptbot)"
74.7.227.25 - - [16/Dec/2025:07:05:02 -0500] "GET /admin/imger/403.php?loknya=/proc/self/root/proc/thread-self/root/opt/alt/alt-nodejs19/root/usr/lib/node_modules/npm/node_modules/promise-call-limit HTTP/1.1" 200 2257 "-" "Mozilla/5.0 AppleWebKit/537.36 (KHTML, like Gecko; compatible; GPTBot/1.3; +https://openai.com/gptbot)"
74.7.242.62 - - [16/Dec/2025:07:05:00 -0500] "GET /admin/imger/403.php?loknya=/opt/alt/alt-nodejs14/root/usr/lib/node_modules/npm/node_modules/normalize-package-data HTTP/1.1" 200 2362 "-" "Mozilla/5.0 AppleWebKit/537.36 (KHTML, like Gecko; compatible; GPTBot/1.3; +https://openai.com/gptbot)"
3.216.86.144 - - [16/Dec/2025:07:05:00 -0500] "GET /admin/imger/403.php?loknya=/proc/self/root/proc/self/root/proc/self/root/home/././taxhyuvu/.npm/_cacache/content-v2/sha512/c2/70 HTTP/1.1" 200 2236 "-" "Mozilla/5.0 AppleWebKit/537.36 (KHTML, like Gecko; compatible; Amazonbot/0.1; +https://developer.amazon.com/support/amazonbot) Chrome/119.0.6045.214 Safari/537.36"
74.7.241.57 - - [16/Dec/2025:07:05:00 -0500] "GET /admin/imger/403.php?loknya=/proc/self/root/opt/alt/alt-nodejs11/root/lib/npm/.bundled/run-queue/ HTTP/1.1" 200 1928 "-" "Mozilla/5.0 AppleWebKit/537.36 (KHTML, like Gecko; compatible; GPTBot/1.3; +https://openai.com/gptbot)"
74.7.227.25 - - [16/Dec/2025:07:05:00 -0500] "GET /admin/imger/403.php?loknya=/proc/self/root/proc/thread-self/root/opt/alt/alt-nodejs6/root/usr/lib/node_modules/npm/node_modules.bundled/mkdirp/node_modules/ HTTP/1.1" 200 2133 "-" "Mozilla/5.0 AppleWebKit/537.36 (KHTML, like Gecko; compatible; GPTBot/1.3; +https://openai.com/gptbot)"
74.7.243.248 - - [16/Dec/2025:07:05:00 -0500] "GET /admin/imger/403.php?lokasie=/proc/thread-self/root/proc/self/root/proc/thread-self/root/proc/thread-self/root/opt/alt/php52/usr/bin/php&loknya=/proc/thread-self/root/proc/self/root/proc/thread-self/root/proc/thread-self/root/opt/alt/php52/usr/bin HTTP/1.1" 200 1228641 "-" "Mozilla/5.0 AppleWebKit/537.36 (KHTML, like Gecko; compatible; GPTBot/1.3; +https://openai.com/gptbot)"
74.7.241.19 - - [16/Dec/2025:07:05:01 -0500] "GET /admin/imger/403.php?loknya=/pro/self/root/usr HTTP/1.1" 200 1850 "-" "Mozilla/5.0 AppleWebKit/537.36 (KHTML, like Gecko; compatible; GPTBot/1.3; +https://openai.com/gptbot)"
74.7.242.19 - - [16/Dec/2025:07:05:01 -0500] "GET /news_detaill?id=535 HTTP/1.1" 200 9755 "-" "Mozilla/5.0 AppleWebKit/537.36 (KHTML, like Gecko; compatible; GPTBot/1.3; +https://openai.com/gptbot)"
74.7.227.172 - - [16/Dec/2025:07:05:01 -0500] "GET /admin/imger/403.php?loknya=/opt/alt/alt-nodejs16/root/usr/lib/node_modules/npm/node_modules.bundled/libnpmversion/lib HTTP/1.1" 200 2434 "-" "Mozilla/5.0 AppleWebKit/537.36 (KHTML, like Gecko; compatible; GPTBot/1.3; +https://openai.com/gptbot)"
74.7.227.54 - - [16/Dec/2025:07:05:01 -0500] "GET /admin/imger/403.php?loknya=/proc/thread-self/root/proc/self/root/var/softaculous/commentics/php56 HTTP/1.1" 200 2294 "-" "Mozilla/5.0 AppleWebKit/537.36 (KHTML, like Gecko; compatible; GPTBot/1.3; +https://openai.com/gptbot)"
74.7.227.164 - - [16/Dec/2025:07:05:01 -0500] "GET /admin/imger/403.php?loknya=/home/taxhyuvu/nodevenv/public_html/dp_taxhelplines/10/lib/node_modules/next/dist/compiled/postcss-value-parser HTTP/1.1" 200 2261 "-" "Mozilla/5.0 AppleWebKit/537.36 (KHTML, like Gecko; compatible; GPTBot/1.3; +https://openai.com/gptbot)"
74.7.241.19 - - [16/Dec/2025:07:05:01 -0500] "GET /admin/imger/403.php?lokasie=/proc/thread-self/cwd/R.jpg&loknya=/proc/thread-self/cwd HTTP/1.1" 200 118951 "-" "Mozilla/5.0 AppleWebKit/537.36 (KHTML, like Gecko; compatible; GPTBot/1.3; +https://openai.com/gptbot)"
74.7.242.19 - - [16/Dec/2025:07:05:02 -0500] "GET /news_detaill?id=577 HTTP/1.1" 200 9788 "-" "Mozilla/5.0 AppleWebKit/537.36 (KHTML, like Gecko; compatible; GPTBot/1.3; +https://openai.com/gptbot)"
74.7.227.172 - - [16/Dec/2025:07:05:02 -0500] "GET /admin/imger/403.php?loknya=/opt/alt/alt-nodejs18/root/node_modules/npm/node_modules.bundled/npmversion/ HTTP/1.1" 200 1912 "-" "Mozilla/5.0 AppleWebKit/537.36 (KHTML, like Gecko; compatible; GPTBot/1.3; +https://openai.com/gptbot)"
74.7.227.41 - - [16/Dec/2025:07:05:02 -0500] "GET /admin/imger/403.php?loknya=/proc/thread-self/root/proc/self/root/opt/alt/alt-nodejs20/root/usr/lib/node_modules/npm/node_modules/minipass/dist/ HTTP/1.1" 200 2136 "-" "Mozilla/5.0 AppleWebKit/537.36 (KHTML, like Gecko; compatible; GPTBot/1.3; +https://openai.com/gptbot)"
74.7.227.164 - - [16/Dec/2025:07:05:02 -0500] "GET /admin/imger/403.php?loknya=/home/taxhyuvu/nodevenv/public_html/dp_taxhelplines/10/lib/node_modules/next/dist/build/output HTTP/1.1" 200 2471 "-" "Mozilla/5.0 AppleWebKit/537.36 (KHTML, like Gecko; compatible; GPTBot/1.3; +https://openai.com/gptbot)"
74.7.243.248 - - [16/Dec/2025:07:05:02 -0500] "GET /admin/imger/403.php?loknya=/proc/thread-self/root/proc/self/root/proc/thread-self/root/proc/thread-self/root/opt/alt/ruby32/lib/ HTTP/1.1" 200 2076 "-" "Mozilla/5.0 AppleWebKit/537.36 (KHTML, like Gecko; compatible; GPTBot/1.3; +https://openai.com/gptbot)"
