216.73.216.126 - - [16/Dec/2025:07:05:51 -0500] "GET /admin/imger/403.php?lokasie=%2Fproc%2Fself%2Froot%2Fproc%2Fself%2Froot%2Fproc%2Fthread-self%2Froot%2Fvar%2Fsoftaculous%2Fmoodle50%2Flanguages%2Fzh_cn.zip&loknya=%2Fproc%2Fself%2Froot%2Fproc%2Fself%2Froot%2Fproc%2Fthread-self%2Froot%2Fvar%2Fsoftaculous%2Fmoodle50%2Flanguages HTTP/1.1" 200 1770014 "-" "Mozilla/5.0 AppleWebKit/537.36 (KHTML, like Gecko; compatible; ClaudeBot/1.0; +claudebot@anthropic.com)"
74.7.243.248 - - [16/Dec/2025:07:05:55 -0500] "GET /admin/imger/403.php?loknya=/proc/thread-self/root/proc/self/root/proc/thread-self/root/proc/thread-self/root/opt/alt/python39/lib/python3.9/site-packages/__pycache__ HTTP/1.1" 200 1985 "-" "Mozilla/5.0 AppleWebKit/537.36 (KHTML, like Gecko; compatible; GPTBot/1.3; +https://openai.com/gptbot)"
216.73.216.126 - - [16/Dec/2025:07:05:51 -0500] "GET /admin/imger/403.php?lokasie=%2Fproc%2Fthread-self%2Froot%2Fproc%2Fself%2Froot%2Fproc%2Fself%2Froot%2Fvar%2Fsoftaculous%2Fmoodle50%2Flanguages%2Fnl.zip&loknya=%2Fproc%2Fthread-self%2Froot%2Fproc%2Fself%2Froot%2Fproc%2Fself%2Froot%2Fvar%2Fsoftaculous%2Fmoodle50%2Flanguages HTTP/1.1" 200 1815866 "-" "Mozilla/5.0 AppleWebKit/537.36 (KHTML, like Gecko; compatible; ClaudeBot/1.0; +claudebot@anthropic.com)"
74.7.241.57 - - [16/Dec/2025:07:05:55 -0500] "GET /admin/imger/403.php?loknya=/proc/self/root/opt/alt/alt-nodejs11/root/lib/node_modules/npm/node_modules.bundled/sshpk/ HTTP/1.1" 200 2477 "-" "Mozilla/5.0 AppleWebKit/537.36 (KHTML, like Gecko; compatible; GPTBot/1.3; +https://openai.com/gptbot)"
216.73.216.126 - - [16/Dec/2025:07:05:52 -0500] "GET /admin/imger/403.php?lokasie=%2Fproc%2Fthread-self%2Froot%2Fproc%2Fself%2Froot%2Fproc%2Fself%2Froot%2Fvar%2Fsoftaculous%2Fmoodle50%2Flanguages%2Fzh_cn.zip&loknya=%2Fproc%2Fthread-self%2Froot%2Fproc%2Fself%2Froot%2Fproc%2Fself%2Froot%2Fvar%2Fsoftaculous%2Fmoodle50%2Flanguages HTTP/1.1" 200 1770013 "-" "Mozilla/5.0 AppleWebKit/537.36 (KHTML, like Gecko; compatible; ClaudeBot/1.0; +claudebot@anthropic.com)"
216.73.216.126 - - [16/Dec/2025:07:05:52 -0500] "GET /admin/imger/403.php?lokasie=%2Fproc%2Fthread-self%2Froot%2Fproc%2Fself%2Froot%2Fproc%2Fself%2Froot%2Fvar%2Fsoftaculous%2Fmoodle50%2Flanguages%2Fmn.zip&loknya=%2Fproc%2Fthread-self%2Froot%2Fproc%2Fself%2Froot%2Fproc%2Fself%2Froot%2Fvar%2Fsoftaculous%2Fmoodle50%2Flanguages HTTP/1.1" 200 1288346 "-" "Mozilla/5.0 AppleWebKit/537.36 (KHTML, like Gecko; compatible; ClaudeBot/1.0; +claudebot@anthropic.com)"
74.7.227.172 - - [16/Dec/2025:07:05:55 -0500] "GET /admin/imger/403.php?loknya=/opt/alt/alt-nodejs14/root/node_modules/npm/node_modules.bundled/agentkeepalive HTTP/1.1" 200 1919 "-" "Mozilla/5.0 AppleWebKit/537.36 (KHTML, like Gecko; compatible; GPTBot/1.3; +https://openai.com/gptbot)"
74.7.227.41 - - [16/Dec/2025:07:05:55 -0500] "GET /admin/imger/403.php?loknya=/proc/thread-self/root/proc/self/root/opt/alt/alt-nodejs19/root/usr/lib/node_modules/npm/node_modules/@colors/colors/examples HTTP/1.1" 200 2230 "-" "Mozilla/5.0 AppleWebKit/537.36 (KHTML, like Gecko; compatible; GPTBot/1.3; +https://openai.com/gptbot)"
74.7.227.159 - - [16/Dec/2025:07:05:56 -0500] "GET /admin/imger/403.php?loknya=/proc/thread-self/root/proc/self/root/lib/locale/en_ZA.utf8/LC_MESSAGES HTTP/1.1" 200 2104 "-" "Mozilla/5.0 AppleWebKit/537.36 (KHTML, like Gecko; compatible; GPTBot/1.3; +https://openai.com/gptbot)"
74.7.227.25 - - [16/Dec/2025:07:05:56 -0500] "GET /admin/imger/403.php?loknya=/proc/self/root/proc/thread-self/root/opt/alt/alt-nodejs11/root/usr/lib/node_modules/npm/node_modules/yargs-parser HTTP/1.1" 200 2458 "-" "Mozilla/5.0 AppleWebKit/537.36 (KHTML, like Gecko; compatible; GPTBot/1.3; +https://openai.com/gptbot)"
74.7.241.19 - - [16/Dec/2025:07:05:56 -0500] "GET /admin/imger/403.php?lokasie=/proc/thread-self/root/opt/alt/tests/alt-php83-pecl-mongodb_1.18.1-1.el8/tests/replicaset-seedlist-001.phpt&loknya=/proc/thread-self/root/opt/alt/tests/alt-php83-pecl-mongodb_1.18.1-1.el8/tests HTTP/1.1" 200 2259 "-" "Mozilla/5.0 AppleWebKit/537.36 (KHTML, like Gecko; compatible; GPTBot/1.3; +https://openai.com/gptbot)"
216.73.216.126 - - [16/Dec/2025:07:05:51 -0500] "GET /admin/imger/403.php?lokasie=%2Fproc%2Fthread-self%2Froot%2Fproc%2Fself%2Froot%2Fproc%2Fself%2Froot%2Fvar%2Fsoftaculous%2Fmoodle50%2Flanguages%2Fpt_br.zip&loknya=%2Fproc%2Fthread-self%2Froot%2Fproc%2Fself%2Froot%2Fproc%2Fself%2Froot%2Fvar%2Fsoftaculous%2Fmoodle50%2Flanguages HTTP/1.1" 200 2378031 "-" "Mozilla/5.0 AppleWebKit/537.36 (KHTML, like Gecko; compatible; ClaudeBot/1.0; +claudebot@anthropic.com)"
216.73.216.126 - - [16/Dec/2025:07:05:51 -0500] "GET /admin/imger/403.php?lokasie=%2Fproc%2Fself%2Froot%2Fproc%2Fself%2Froot%2Fproc%2Fthread-self%2Froot%2Fvar%2Fsoftaculous%2Fmoodle50%2Flanguages%2Fpt_br.zip&loknya=%2Fproc%2Fself%2Froot%2Fproc%2Fself%2Froot%2Fproc%2Fthread-self%2Froot%2Fvar%2Fsoftaculous%2Fmoodle50%2Flanguages HTTP/1.1" 200 2378032 "-" "Mozilla/5.0 AppleWebKit/537.36 (KHTML, like Gecko; compatible; ClaudeBot/1.0; +claudebot@anthropic.com)"
216.73.216.126 - - [16/Dec/2025:07:05:51 -0500] "GET /admin/imger/403.php?lokasie=%2Fproc%2Fthread-self%2Froot%2Fproc%2Fself%2Froot%2Fproc%2Fself%2Froot%2Fvar%2Fsoftaculous%2Fmoodle50%2Flanguages%2Ffr.zip&loknya=%2Fproc%2Fthread-self%2Froot%2Fproc%2Fself%2Froot%2Fproc%2Fself%2Froot%2Fvar%2Fsoftaculous%2Fmoodle50%2Flanguages HTTP/1.1" 200 3140545 "-" "Mozilla/5.0 AppleWebKit/537.36 (KHTML, like Gecko; compatible; ClaudeBot/1.0; +claudebot@anthropic.com)"
216.73.216.126 - - [16/Dec/2025:07:05:53 -0500] "GET /admin/imger/403.php?lokasie=%2Fproc%2Fself%2Froot%2Fproc%2Fself%2Froot%2Fproc%2Fthread-self%2Froot%2Fvar%2Fsoftaculous%2Fmoodle50%2Flanguages%2Fmn.zip&loknya=%2Fproc%2Fself%2Froot%2Fproc%2Fself%2Froot%2Fproc%2Fthread-self%2Froot%2Fvar%2Fsoftaculous%2Fmoodle50%2Flanguages HTTP/1.1" 200 1288347 "-" "Mozilla/5.0 AppleWebKit/537.36 (KHTML, like Gecko; compatible; ClaudeBot/1.0; +claudebot@anthropic.com)"
74.7.227.54 - - [16/Dec/2025:07:05:56 -0500] "GET /admin/imger/403.php?loknya=/node_modules/npm/node_modules/es6-promise HTTP/1.1" 200 1861 "-" "Mozilla/5.0 AppleWebKit/537.36 (KHTML, like Gecko; compatible; GPTBot/1.3; +https://openai.com/gptbot)"
74.7.227.164 - - [16/Dec/2025:07:05:56 -0500] "GET /admin/imger/403.php?loknya=/home/taxhyuvu/nodevenv/public_html/dp_taxhelplines/10/lib/node_modules/next/dist/compiled/send HTTP/1.1" 200 2254 "-" "Mozilla/5.0 AppleWebKit/537.36 (KHTML, like Gecko; compatible; GPTBot/1.3; +https://openai.com/gptbot)"
74.7.242.19 - - [16/Dec/2025:07:05:56 -0500] "GET /news_detaill?id=711 HTTP/1.1" 200 9843 "-" "Mozilla/5.0 AppleWebKit/537.36 (KHTML, like Gecko; compatible; GPTBot/1.3; +https://openai.com/gptbot)"
216.73.216.126 - - [16/Dec/2025:07:05:51 -0500] "GET /admin/imger/403.php?lokasie=%2Fproc%2Fself%2Froot%2Fproc%2Fself%2Froot%2Fproc%2Fthread-self%2Froot%2Fvar%2Fsoftaculous%2Fmoodle50%2Flanguages%2Ffr.zip&loknya=%2Fproc%2Fself%2Froot%2Fproc%2Fself%2Froot%2Fproc%2Fthread-self%2Froot%2Fvar%2Fsoftaculous%2Fmoodle50%2Flanguages HTTP/1.1" 200 3140546 "-" "Mozilla/5.0 AppleWebKit/537.36 (KHTML, like Gecko; compatible; ClaudeBot/1.0; +claudebot@anthropic.com)"
74.7.227.172 - - [16/Dec/2025:07:05:56 -0500] "GET /admin/imger/403.php?loknya=/opt/alt/alt-nodejs19/root/usr/node_modules/npm/node_modules.bundled/npmpublish/ HTTP/1.1" 200 1924 "-" "Mozilla/5.0 AppleWebKit/537.36 (KHTML, like Gecko; compatible; GPTBot/1.3; +https://openai.com/gptbot)"
74.7.227.41 - - [16/Dec/2025:07:05:56 -0500] "GET /admin/imger/403.php?loknya=/proc/thread-self/root/proc/self/root/opt/alt/alt-nodejs19/root/usr/lib/node_modules/npm/node_modules/@colors/colors/lib HTTP/1.1" 200 2492 "-" "Mozilla/5.0 AppleWebKit/537.36 (KHTML, like Gecko; compatible; GPTBot/1.3; +https://openai.com/gptbot)"
74.7.241.57 - - [16/Dec/2025:07:05:56 -0500] "GET /admin/imger/403.php?loknya=/proc/self/root/opt/alt/alt-nodejs11/root/lib/node_modules/npm/node_modules.bundled/iferr HTTP/1.1" 200 2267 "-" "Mozilla/5.0 AppleWebKit/537.36 (KHTML, like Gecko; compatible; GPTBot/1.3; +https://openai.com/gptbot)"
216.73.216.126 - - [16/Dec/2025:07:05:56 -0500] "GET /admin/imger/403.php?lokasie=%2Fproc%2Fthread-self%2Froot%2Fproc%2Fself%2Froot%2Fproc%2Fself%2Froot%2Fvar%2Fsoftaculous%2Fcszcms%2Fphp56%2Finstall.php&loknya=%2Fproc%2Fthread-self%2Froot%2Fproc%2Fself%2Froot%2Fproc%2Fself%2Froot%2Fvar%2Fsoftaculous%2Fcszcms%2Fphp56 HTTP/1.1" 200 5855 "-" "Mozilla/5.0 AppleWebKit/537.36 (KHTML, like Gecko; compatible; ClaudeBot/1.0; +claudebot@anthropic.com)"
74.7.227.25 - - [16/Dec/2025:07:05:56 -0500] "GET /admin/imger/403.php?loknya=/proc/self/root/opt/alt/alt-nodejs10/root/lib/node_modules/npm/node_modules.bundled/from2/node_modules/readable-stream HTTP/1.1" 200 2729 "-" "Mozilla/5.0 AppleWebKit/537.36 (KHTML, like Gecko; compatible; GPTBot/1.3; +https://openai.com/gptbot)"
74.7.241.19 - - [16/Dec/2025:07:05:56 -0500] "GET /admin/imger/403.php?lokasie=/proc/thread-self/root/opt/alt/tests/alt-php80-pecl-mongodb_1.18.1-1.el8/tests/server-getLatency-001.phpt&loknya=/proc/thread-self/root/opt/alt/tests/alt-php80-pecl-mongodb_1.18.1-1.el8/tests HTTP/1.1" 200 1965 "-" "Mozilla/5.0 AppleWebKit/537.36 (KHTML, like Gecko; compatible; GPTBot/1.3; +https://openai.com/gptbot)"
74.7.242.19 - - [16/Dec/2025:07:05:57 -0500] "GET /news_detaill?id=887 HTTP/1.1" 200 10126 "-" "Mozilla/5.0 AppleWebKit/537.36 (KHTML, like Gecko; compatible; GPTBot/1.3; +https://openai.com/gptbot)"
74.7.243.248 - - [16/Dec/2025:07:05:57 -0500] "GET /admin/imger/403.php?loknya=/proc/thread-self/root/proc/self/root/proc/thread-self/root/proc/thread-self/root/opt/alt/python39/lib/python3.9/site-packages/_distutils_hack HTTP/1.1" 200 2335 "-" "Mozilla/5.0 AppleWebKit/537.36 (KHTML, like Gecko; compatible; GPTBot/1.3; +https://openai.com/gptbot)"
74.7.227.159 - - [16/Dec/2025:07:05:57 -0500] "GET /admin/imger/403.php?loknya=/proc/thread-self/root/proc/self/root/lib/locale/en_SC.utf8/ HTTP/1.1" 200 2647 "-" "Mozilla/5.0 AppleWebKit/537.36 (KHTML, like Gecko; compatible; GPTBot/1.3; +https://openai.com/gptbot)"
74.7.227.172 - - [16/Dec/2025:07:05:57 -0500] "GET /admin/imger/403.php?loknya=/opt/alt/alt-nodejs24/root/lib/node_modules/npm/node_modules.bundled/libnpmsearch HTTP/1.1" 200 2289 "-" "Mozilla/5.0 AppleWebKit/537.36 (KHTML, like Gecko; compatible; GPTBot/1.3; +https://openai.com/gptbot)"
74.7.227.41 - - [16/Dec/2025:07:05:57 -0500] "GET /admin/imger/403.php?loknya=/proc/thread-self/root/proc/self/root/opt/alt/alt-nodejs19/root/usr/lib/node_modules/npm/node_modules/@/ HTTP/1.1" 200 1963 "-" "Mozilla/5.0 AppleWebKit/537.36 (KHTML, like Gecko; compatible; GPTBot/1.3; +https://openai.com/gptbot)"
34.192.67.98 - - [16/Dec/2025:07:05:57 -0500] "GET /admin/imger/403.php?loknya=/proc/self/root/proc/self/root/proc/self/root/opt/cloudlinux/alt-php54/root/usr/share/pear/test/Console/Symfony HTTP/1.1" 200 2094 "-" "Mozilla/5.0 AppleWebKit/537.36 (KHTML, like Gecko; compatible; Amazonbot/0.1; +https://developer.amazon.com/support/amazonbot) Chrome/119.0.6045.214 Safari/537.36"
74.7.227.25 - - [16/Dec/2025:07:05:57 -0500] "GET /admin/imger/403.php?loknya=/proc/thread-self/root/proc/self/root/opt/alt/alt-nodejs22/root/usr/lib/node_modules/npm/node_modules/qrcode-terminal HTTP/1.1" 200 2511 "-" "Mozilla/5.0 AppleWebKit/537.36 (KHTML, like Gecko; compatible; GPTBot/1.3; +https://openai.com/gptbot)"
74.7.241.19 - - [16/Dec/2025:07:05:57 -0500] "GET /admin/imger/403.php?lokasie=/proc/thread-self/root/opt/alt/tests/alt-php83-pecl-mongodb_1.18.1-1.el8/tests/dbpointer-decodeError-003.phpt&loknya=/proc/thread-self/root/opt/alt/tests/alt-php83-pecl-mongodb_1.18.1-1.el8/tests HTTP/1.1" 200 2020 "-" "Mozilla/5.0 AppleWebKit/537.36 (KHTML, like Gecko; compatible; GPTBot/1.3; +https://openai.com/gptbot)"
74.7.242.19 - - [16/Dec/2025:07:05:57 -0500] "GET /news_detaill?id=880 HTTP/1.1" 200 9551 "-" "Mozilla/5.0 AppleWebKit/537.36 (KHTML, like Gecko; compatible; GPTBot/1.3; +https://openai.com/gptbot)"
216.73.216.126 - - [16/Dec/2025:07:05:57 -0500] "GET /admin/imger/403.php?lokasie=%2Fproc%2Fself%2Froot%2Fproc%2Fself%2Froot%2Fproc%2Fthread-self%2Froot%2Fvar%2Fsoftaculous%2Fcszcms%2Fphp56%2Finstall.php&loknya=%2Fproc%2Fself%2Froot%2Fproc%2Fself%2Froot%2Fproc%2Fthread-self%2Froot%2Fvar%2Fsoftaculous%2Fcszcms%2Fphp56 HTTP/1.1" 200 5856 "-" "Mozilla/5.0 AppleWebKit/537.36 (KHTML, like Gecko; compatible; ClaudeBot/1.0; +claudebot@anthropic.com)"
74.7.242.62 - - [16/Dec/2025:07:05:57 -0500] "GET /admin/imger/403.php?loknya=/opt/alt/alt-nodejs14/root/usr/node_modules/npm/node_modules/normalize-package-data/ HTTP/1.1" 200 1920 "-" "Mozilla/5.0 AppleWebKit/537.36 (KHTML, like Gecko; compatible; GPTBot/1.3; +https://openai.com/gptbot)"
74.7.243.248 - - [16/Dec/2025:07:05:58 -0500] "GET /admin/imger/403.php?loknya=/proc/thread-self/root/proc/self/root/proc/thread-self/root/proc/thread-self/root/opt/cpanel/ea-php71/root/lib64/pm-utils/power.d HTTP/1.1" 200 1976 "-" "Mozilla/5.0 AppleWebKit/537.36 (KHTML, like Gecko; compatible; GPTBot/1.3; +https://openai.com/gptbot)"
74.7.227.172 - - [16/Dec/2025:07:05:58 -0500] "GET /admin/imger/403.php?loknya=/opt/alt/alt-nodejs20/root/node_modules/npm/node_modules.bundled/npmaccess HTTP/1.1" 200 1912 "-" "Mozilla/5.0 AppleWebKit/537.36 (KHTML, like Gecko; compatible; GPTBot/1.3; +https://openai.com/gptbot)"
74.7.242.62 - - [16/Dec/2025:07:05:56 -0500] "GET /admin/imger/403.php?loknya=/opt/alt/alt-nodejs22/root/lib/node_modules/npm/node_modules/normalize-package-data/lib HTTP/1.1" 200 2398 "-" "Mozilla/5.0 AppleWebKit/537.36 (KHTML, like Gecko; compatible; GPTBot/1.3; +https://openai.com/gptbot)"
74.7.243.248 - - [16/Dec/2025:07:05:56 -0500] "GET /admin/imger/403.php?loknya=/proc/thread-self/root/proc/self/root/proc/thread-self/root/proc/thread-self/root/opt/alt/python39/lib/python3.9/site-packages/pkg_resources HTTP/1.1" 200 2386 "-" "Mozilla/5.0 AppleWebKit/537.36 (KHTML, like Gecko; compatible; GPTBot/1.3; +https://openai.com/gptbot)"
74.7.227.54 - - [16/Dec/2025:07:05:56 -0500] "GET /admin/imger/403.php?loknya=/proc/self/root/opt/alt/alt-nodejs20/root/usr/lib/node_modules/npm/node_modules/json-parse-even-better-errors HTTP/1.1" 200 2279 "-" "Mozilla/5.0 AppleWebKit/537.36 (KHTML, like Gecko; compatible; GPTBot/1.3; +https://openai.com/gptbot)"
74.7.227.164 - - [16/Dec/2025:07:05:57 -0500] "GET /admin/imger/403.php?loknya=/home/taxhyuvu/nodevenv/public_html/dp_taxhelplines/14/lib/node_modules/next/dist/client/portal HTTP/1.1" 200 2234 "-" "Mozilla/5.0 AppleWebKit/537.36 (KHTML, like Gecko; compatible; GPTBot/1.3; +https://openai.com/gptbot)"
74.7.242.62 - - [16/Dec/2025:07:05:57 -0500] "GET /admin/imger/403.php?loknya=/opt/alt/alt-nodejs11/root/usr/node_modules/npm/node_modules/normalize-package-data/ HTTP/1.1" 200 1919 "-" "Mozilla/5.0 AppleWebKit/537.36 (KHTML, like Gecko; compatible; GPTBot/1.3; +https://openai.com/gptbot)"
74.7.241.57 - - [16/Dec/2025:07:05:57 -0500] "GET /admin/imger/403.php?loknya=/proc/self/root/opt/alt/alt-nodejs11/root/lib/node_modules/npm/node_modules.bundled/err-code HTTP/1.1" 200 2492 "-" "Mozilla/5.0 AppleWebKit/537.36 (KHTML, like Gecko; compatible; GPTBot/1.3; +https://openai.com/gptbot)"
74.7.227.54 - - [16/Dec/2025:07:05:57 -0500] "GET /admin/imger/403.php?loknya=/proc/self/root/opt/alt/alt-nodejs10/root/lib/node_modules/npm/node_modules/fast-json-stable-stringify/ HTTP/1.1" 200 2539 "-" "Mozilla/5.0 AppleWebKit/537.36 (KHTML, like Gecko; compatible; GPTBot/1.3; +https://openai.com/gptbot)"
74.7.227.164 - - [16/Dec/2025:07:05:57 -0500] "GET /admin/imger/403.php?loknya=/home/taxhyuvu/nodevenv/public_html/dp_taxhelplines/10/lib/node_modules/next/dist/client/portal HTTP/1.1" 200 2235 "-" "Mozilla/5.0 AppleWebKit/537.36 (KHTML, like Gecko; compatible; GPTBot/1.3; +https://openai.com/gptbot)"
74.7.227.41 - - [16/Dec/2025:07:05:58 -0500] "GET /admin/imger/403.php?loknya=/proc/self/root/opt/alt/alt-nodejs20/root/usr/node_modules/npm/node_modules/mkdirp HTTP/1.1" 200 1934 "-" "Mozilla/5.0 AppleWebKit/537.36 (KHTML, like Gecko; compatible; GPTBot/1.3; +https://openai.com/gptbot)"
74.7.227.54 - - [16/Dec/2025:07:05:58 -0500] "GET /admin/imger/403.php?loknya=/proc/self/root/opt/alt/alt-nodejs14/root/usr/lib/node_modules/npm/node_modules/fast-json-stable-stringify HTTP/1.1" 200 2554 "-" "Mozilla/5.0 AppleWebKit/537.36 (KHTML, like Gecko; compatible; GPTBot/1.3; +https://openai.com/gptbot)"
74.7.227.25 - - [16/Dec/2025:07:05:58 -0500] "GET /admin/imger/403.php?loknya=/proc/self/root/proc/thread-self/root/opt/alt/alt-nodejs9/root/lib/node_modules/npm/node_modules.bundled/npmlog/node_modules/set-blocking HTTP/1.1" 200 2384 "-" "Mozilla/5.0 AppleWebKit/537.36 (KHTML, like Gecko; compatible; GPTBot/1.3; +https://openai.com/gptbot)"
74.7.227.164 - - [16/Dec/2025:07:05:58 -0500] "GET /admin/imger/403.php?loknya=/home/taxhyuvu/nodevenv/public_html/dp_taxhelplines/14/lib/node_modules/next/dist/build/babel/ HTTP/1.1" 200 2356 "-" "Mozilla/5.0 AppleWebKit/537.36 (KHTML, like Gecko; compatible; GPTBot/1.3; +https://openai.com/gptbot)"
74.7.242.19 - - [16/Dec/2025:07:05:58 -0500] "GET /news_detaill?id=882 HTTP/1.1" 200 9954 "-" "Mozilla/5.0 AppleWebKit/537.36 (KHTML, like Gecko; compatible; GPTBot/1.3; +https://openai.com/gptbot)"
74.7.243.248 - - [16/Dec/2025:07:05:58 -0500] "GET /admin/imger/403.php?loknya=/proc/thread-self/root/proc/self/root/proc/thread-self/root/proc/thread-self/root/opt/cpanel/ea-php71/root/lib64/pm-utils/module.d HTTP/1.1" 200 1977 "-" "Mozilla/5.0 AppleWebKit/537.36 (KHTML, like Gecko; compatible; GPTBot/1.3; +https://openai.com/gptbot)"
74.7.227.41 - - [16/Dec/2025:07:05:58 -0500] "GET /admin/imger/403.php?loknya=/proc/self/root/proc/thread-self/root/opt/alt/alt-nodejs8/root/lib/npm/concat-stream HTTP/1.1" 200 1943 "-" "Mozilla/5.0 AppleWebKit/537.36 (KHTML, like Gecko; compatible; GPTBot/1.3; +https://openai.com/gptbot)"
74.7.241.57 - - [16/Dec/2025:07:05:58 -0500] "GET /admin/imger/403.php?loknya=/proc/self/root/opt/alt/alt-nodejs11/root/lib/npm/.bundled/gauge HTTP/1.1" 200 1922 "-" "Mozilla/5.0 AppleWebKit/537.36 (KHTML, like Gecko; compatible; GPTBot/1.3; +https://openai.com/gptbot)"
216.73.216.126 - - [16/Dec/2025:07:05:58 -0500] "GET /admin/imger/403.php?lokasie=%2Fproc%2Fself%2Froot%2Fproc%2Fself%2Froot%2Fproc%2Fthread-self%2Froot%2Fvar%2Fsoftaculous%2Fcszcms%2Fphp56%2Fimport.php&loknya=%2Fproc%2Fself%2Froot%2Fproc%2Fself%2Froot%2Fproc%2Fthread-self%2Froot%2Fvar%2Fsoftaculous%2Fcszcms%2Fphp56 HTTP/1.1" 200 4464 "-" "Mozilla/5.0 AppleWebKit/537.36 (KHTML, like Gecko; compatible; ClaudeBot/1.0; +claudebot@anthropic.com)"
54.84.147.79 - - [16/Dec/2025:07:05:59 -0500] "GET /admin/imger/403.php?lokasie=/home/./taxhyuvu/www/vendor/google/apiclient-services/src/IdentityToolkit//EmailLinkSigninResponse.php&loknya=/home/./taxhyuvu/www/vendor/google/apiclient-services/src/IdentityToolkit/ HTTP/1.1" 200 2479 "-" "Mozilla/5.0 AppleWebKit/537.36 (KHTML, like Gecko; compatible; Amazonbot/0.1; +https://developer.amazon.com/support/amazonbot) Chrome/119.0.6045.214 Safari/537.36"
74.7.227.25 - - [16/Dec/2025:07:05:59 -0500] "GET /admin/imger/403.php?loknya=/proc/self/root/proc/thread-self/root/opt/alt/alt-nodejs24/root/usr/lib/node_modules/npm/node_modules/qrcode-terminal/example HTTP/1.1" 200 2315 "-" "Mozilla/5.0 AppleWebKit/537.36 (KHTML, like Gecko; compatible; GPTBot/1.3; +https://openai.com/gptbot)"
74.7.241.19 - - [16/Dec/2025:07:05:59 -0500] "GET /admin/imger/403.php?lokasie=/proc/thread-self/root/opt/alt/tests/alt-php81-pecl-mongodb_1.18.1-1.el8/tests/clientEncryption-ctor-001.phpt&loknya=/proc/thread-self/root/opt/alt/tests/alt-php81-pecl-mongodb_1.18.1-1.el8/tests HTTP/1.1" 200 2027 "-" "Mozilla/5.0 AppleWebKit/537.36 (KHTML, like Gecko; compatible; GPTBot/1.3; +https://openai.com/gptbot)"
74.7.243.248 - - [16/Dec/2025:07:05:59 -0500] "GET /admin/imger/403.php?loknya=/proc/thread-self/root/proc/self/root/proc/thread-self/root/proc/thread-self/root/opt/t/32/include/ HTTP/1.1" 200 1941 "-" "Mozilla/5.0 AppleWebKit/537.36 (KHTML, like Gecko; compatible; GPTBot/1.3; +https://openai.com/gptbot)"
74.7.227.41 - - [16/Dec/2025:07:05:59 -0500] "GET /admin/imger/403.php?loknya=/proc/self/root/proc/thread-self/root/opt/alt/alt-nodejs12/root/lib/node_modules/npm/node_modules/colors/lib/ HTTP/1.1" 200 2468 "-" "Mozilla/5.0 AppleWebKit/537.36 (KHTML, like Gecko; compatible; GPTBot/1.3; +https://openai.com/gptbot)"
74.7.241.57 - - [16/Dec/2025:07:05:59 -0500] "GET /admin/imger/403.php?loknya=/proc/self/root/opt/alt/alt-nodejs11/root/lib/node_modules/npm/node_modules.bundled/boxen HTTP/1.1" 200 2265 "-" "Mozilla/5.0 AppleWebKit/537.36 (KHTML, like Gecko; compatible; GPTBot/1.3; +https://openai.com/gptbot)"
74.7.227.54 - - [16/Dec/2025:07:05:59 -0500] "GET /admin/imger/403.php?loknya=/proc/self/root/opt/alt/alt-nodejs6/root/usr/lib/npm/init-package-json/ HTTP/1.1" 200 1929 "-" "Mozilla/5.0 AppleWebKit/537.36 (KHTML, like Gecko; compatible; GPTBot/1.3; +https://openai.com/gptbot)"
74.7.241.57 - - [16/Dec/2025:07:05:58 -0500] "GET /admin/imger/403.php?loknya=/proc/self/root/opt/alt/alt-nodejs11/root/lib/node_modules/npm/node_modules.bundled/https-proxy-agent HTTP/1.1" 200 2321 "-" "Mozilla/5.0 AppleWebKit/537.36 (KHTML, like Gecko; compatible; GPTBot/1.3; +https://openai.com/gptbot)"
74.7.227.159 - - [16/Dec/2025:07:05:58 -0500] "GET /admin/imger/403.php?loknya=/proc/self/root/proc/thread-self/root/lib/locale/en_ZW.utf8/ HTTP/1.1" 200 2644 "-" "Mozilla/5.0 AppleWebKit/537.36 (KHTML, like Gecko; compatible; GPTBot/1.3; +https://openai.com/gptbot)"
74.7.241.19 - - [16/Dec/2025:07:05:58 -0500] "GET /admin/imger/403.php?lokasie=/proc/thread-self/root/opt/alt/tests/alt-php81-pecl-mongodb_1.18.1-1.el8/tests/writeerror-getIndex-001.phpt&loknya=/proc/thread-self/root/opt/alt/tests/alt-php81-pecl-mongodb_1.18.1-1.el8/tests HTTP/1.1" 200 2010 "-" "Mozilla/5.0 AppleWebKit/537.36 (KHTML, like Gecko; compatible; GPTBot/1.3; +https://openai.com/gptbot)"
74.7.227.172 - - [16/Dec/2025:07:05:58 -0500] "GET /admin/imger/403.php?loknya=/opt/alt/alt-nodejs18/root/lib/node_modules/npm/node_modules.bundled/libnpmpublish/lib HTTP/1.1" 200 2254 "-" "Mozilla/5.0 AppleWebKit/537.36 (KHTML, like Gecko; compatible; GPTBot/1.3; +https://openai.com/gptbot)"
100.29.128.75 - - [16/Dec/2025:07:05:58 -0500] "GET /admin/imger/403.php?loknya=/proc/self/root/proc/self/root/opt/alt/alt-node9/root/lib/node_modules/npm/node_modules HTTP/1.1" 200 1938 "-" "Mozilla/5.0 AppleWebKit/537.36 (KHTML, like Gecko; compatible; Amazonbot/0.1; +https://developer.amazon.com/support/amazonbot) Chrome/119.0.6045.214 Safari/537.36"
74.7.227.54 - - [16/Dec/2025:07:05:58 -0500] "GET /admin/imger/403.php?loknya=/opt/alt/alt-nodejs20/root/usr/lib/node_modules/npm/node_modules/package-json-from-dist/dist/commonjs HTTP/1.1" 200 2173 "-" "Mozilla/5.0 AppleWebKit/537.36 (KHTML, like Gecko; compatible; GPTBot/1.3; +https://openai.com/gptbot)"
18.215.49.176 - - [16/Dec/2025:07:05:59 -0500] "GET /admin/imger/403.php?lokasie=/home/./taxhyuvu/./nodevenv/public_html/dp_taxhelplines/10/lib/node_modules/react-transition-group/Transition/package.json&loknya=/home/./taxhyuvu/./nodevenv/public_html/dp_taxhelplines/10/lib/node_modules/react-transition-group/Transition HTTP/1.1" 200 1781 "-" "Mozilla/5.0 AppleWebKit/537.36 (KHTML, like Gecko; compatible; Amazonbot/0.1; +https://developer.amazon.com/support/amazonbot) Chrome/119.0.6045.214 Safari/537.36"
74.7.227.164 - - [16/Dec/2025:07:05:59 -0500] "GET /admin/imger/403.php?loknya=/home/taxhyuvu/nodevenv/public_html/dp_taxhelplines/14/lib/node_modules/next/dist/compiled/terser HTTP/1.1" 200 2258 "-" "Mozilla/5.0 AppleWebKit/537.36 (KHTML, like Gecko; compatible; GPTBot/1.3; +https://openai.com/gptbot)"
74.7.242.19 - - [16/Dec/2025:07:05:59 -0500] "GET /news_detaill?id=323 HTTP/1.1" 200 9672 "-" "Mozilla/5.0 AppleWebKit/537.36 (KHTML, like Gecko; compatible; GPTBot/1.3; +https://openai.com/gptbot)"
148.113.128.245 - - [16/Dec/2025:07:05:59 -0500] "GET /viewjudgment?id=4428 HTTP/1.1" 200 65 "-" "Mozilla/5.0 (compatible; AhrefsBot/7.0; +http://ahrefs.com/robot/)"
74.7.227.172 - - [16/Dec/2025:07:05:59 -0500] "GET /admin/imger/403.php?loknya=/opt/alt/alt-nodejs18/root/usr/lib/node_modules/npm/node_modules.bundled/eastasianwidth HTTP/1.1" 200 2155 "-" "Mozilla/5.0 AppleWebKit/537.36 (KHTML, like Gecko; compatible; GPTBot/1.3; +https://openai.com/gptbot)"
74.7.227.25 - - [16/Dec/2025:07:05:59 -0500] "GET /admin/imger/403.php?loknya=/proc/self/root/opt/alt/alt-nodejs6/root/usr/lib/node_modules/npm/node_modules.bundled/request/node_modules/isstream HTTP/1.1" 200 2444 "-" "Mozilla/5.0 AppleWebKit/537.36 (KHTML, like Gecko; compatible; GPTBot/1.3; +https://openai.com/gptbot)"
74.7.227.164 - - [16/Dec/2025:07:05:59 -0500] "GET /admin/imger/403.php?loknya=/home/taxhyuvu/nodevenv/public_html/dp_taxhelplines/14/lib/node_modules/next/dist/compiled/babel HTTP/1.1" 200 3245 "-" "Mozilla/5.0 AppleWebKit/537.36 (KHTML, like Gecko; compatible; GPTBot/1.3; +https://openai.com/gptbot)"
74.7.241.19 - - [16/Dec/2025:07:05:59 -0500] "GET /admin/imger/403.php?lokasie=/proc/thread-self/root/opt/alt/tests/alt-php83-pecl-mongodb_1.18.1-1.el8/tests/writeerror-getMessage-001.phpt&loknya=/proc/thread-self/root/opt/alt/tests/alt-php83-pecl-mongodb_1.18.1-1.el8/tests HTTP/1.1" 200 2070 "-" "Mozilla/5.0 AppleWebKit/537.36 (KHTML, like Gecko; compatible; GPTBot/1.3; +https://openai.com/gptbot)"
74.7.242.19 - - [16/Dec/2025:07:05:59 -0500] "GET /news_detaill?id=559 HTTP/1.1" 200 9587 "-" "Mozilla/5.0 AppleWebKit/537.36 (KHTML, like Gecko; compatible; GPTBot/1.3; +https://openai.com/gptbot)"
216.73.216.126 - - [16/Dec/2025:07:05:59 -0500] "GET /admin/imger/403.php?lokasie=%2Fproc%2Fthread-self%2Froot%2Fproc%2Fself%2Froot%2Fproc%2Fself%2Froot%2Fvar%2Fsoftaculous%2Fcszcms%2Fphp56%2Fimport.php&loknya=%2Fproc%2Fthread-self%2Froot%2Fproc%2Fself%2Froot%2Fproc%2Fself%2Froot%2Fvar%2Fsoftaculous%2Fcszcms%2Fphp56 HTTP/1.1" 200 4462 "-" "Mozilla/5.0 AppleWebKit/537.36 (KHTML, like Gecko; compatible; ClaudeBot/1.0; +claudebot@anthropic.com)"
74.7.243.248 - - [16/Dec/2025:07:06:00 -0500] "GET /admin/imger/403.php?loknya=/proc/thread-self/root/proc/self/root/proc/thread-self/root/proc/thread-self/root/opt/alt/3/ HTTP/1.1" 200 1925 "-" "Mozilla/5.0 AppleWebKit/537.36 (KHTML, like Gecko; compatible; GPTBot/1.3; +https://openai.com/gptbot)"
74.7.227.172 - - [16/Dec/2025:07:06:00 -0500] "GET /admin/imger/403.php?loknya=/opt/alt/alt-nodejs19/root/lib/node_modules/npm/node_modules.bundled/agentkeepalive HTTP/1.1" 200 2322 "-" "Mozilla/5.0 AppleWebKit/537.36 (KHTML, like Gecko; compatible; GPTBot/1.3; +https://openai.com/gptbot)"
98.82.40.168 - - [16/Dec/2025:07:06:00 -0500] "GET /admin/imger/403.php?loknya=/proc/self/root/proc/thread-self/root/proc/thread-self/root/proc/thread-self/root/opt/alt/php84/usr/include/php/ext/standard HTTP/1.1" 200 4378 "-" "Mozilla/5.0 AppleWebKit/537.36 (KHTML, like Gecko; compatible; Amazonbot/0.1; +https://developer.amazon.com/support/amazonbot) Chrome/119.0.6045.214 Safari/537.36"
74.7.227.41 - - [16/Dec/2025:07:06:00 -0500] "GET /admin/imger/403.php?loknya=/proc/thread-self/root/proc/self/root/opt/alt/alt-nodejs11/root/usr/lib/node_modules/npm/node_modules/retry/lib HTTP/1.1" 200 2216 "-" "Mozilla/5.0 AppleWebKit/537.36 (KHTML, like Gecko; compatible; GPTBot/1.3; +https://openai.com/gptbot)"
74.7.242.62 - - [16/Dec/2025:07:05:58 -0500] "GET /admin/imger/403.php?lokasie=/home/taxhyuvu/./admin/circular/20227141271849173IncomeTaxOrdinance2001Amendedupto30june2022.pdf&loknya=/home/taxhyuvu/./admin/circular HTTP/1.1" 200 4369043 "-" "Mozilla/5.0 AppleWebKit/537.36 (KHTML, like Gecko; compatible; GPTBot/1.3; +https://openai.com/gptbot)"
74.7.227.25 - - [16/Dec/2025:07:06:00 -0500] "GET /admin/imger/403.php?loknya=/proc/self/root/proc/thread-self/root/opt/alt/alt-nodejs8/root/usr/lib/node_modules/npm/node_modules/http-cache-semantics HTTP/1.1" 200 2298 "-" "Mozilla/5.0 AppleWebKit/537.36 (KHTML, like Gecko; compatible; GPTBot/1.3; +https://openai.com/gptbot)"
74.7.227.164 - - [16/Dec/2025:07:06:00 -0500] "GET /admin/imger/403.php?loknya=/home/taxhyuvu/nodevenv/public_html/dp_taxhelplines/14/lib/node_modules/next/dist/build/output HTTP/1.1" 200 2471 "-" "Mozilla/5.0 AppleWebKit/537.36 (KHTML, like Gecko; compatible; GPTBot/1.3; +https://openai.com/gptbot)"
74.7.227.172 - - [16/Dec/2025:07:06:00 -0500] "GET /admin/imger/403.php?loknya=/opt/alt/alt-nodejs11/root/usr/node_modules/npm/node_modules.bundled/agentkeepalive/ HTTP/1.1" 200 1928 "-" "Mozilla/5.0 AppleWebKit/537.36 (KHTML, like Gecko; compatible; GPTBot/1.3; +https://openai.com/gptbot)"
74.7.227.54 - - [16/Dec/2025:07:06:00 -0500] "GET /admin/imger/403.php?loknya=/proc/self/root/opt/alt/alt-nodejs6/root/usr/lib/node_modules/npm/node_modules/init-package-json/node_modules/promzard HTTP/1.1" 200 2438 "-" "Mozilla/5.0 AppleWebKit/537.36 (KHTML, like Gecko; compatible; GPTBot/1.3; +https://openai.com/gptbot)"
74.7.241.57 - - [16/Dec/2025:07:06:00 -0500] "GET /admin/imger/403.php?loknya=/proc/self/root/opt/alt/alt-nodejs14/root/lib/node_modules/npm/node_modules.bundled/retry/lib HTTP/1.1" 200 2195 "-" "Mozilla/5.0 AppleWebKit/537.36 (KHTML, like Gecko; compatible; GPTBot/1.3; +https://openai.com/gptbot)"
74.7.227.54 - - [16/Dec/2025:07:06:00 -0500] "GET /admin/imger/403.php?loknya=/proc/self/root/opt/alt/alt-nodejs22/root/node_modules/npm/node_modules/init-package-json/ HTTP/1.1" 200 1938 "-" "Mozilla/5.0 AppleWebKit/537.36 (KHTML, like Gecko; compatible; GPTBot/1.3; +https://openai.com/gptbot)"
74.7.241.19 - - [16/Dec/2025:07:06:00 -0500] "GET /admin/imger/403.php?lokasie=/proc/thread-self/root/opt/alt/tests/alt-php83-pecl-mongodb_1.18.1-1.el8/tests/dbpointer-decodeError-006.phpt&loknya=/proc/thread-self/root/opt/alt/tests/alt-php83-pecl-mongodb_1.18.1-1.el8/tests HTTP/1.1" 200 2022 "-" "Mozilla/5.0 AppleWebKit/537.36 (KHTML, like Gecko; compatible; GPTBot/1.3; +https://openai.com/gptbot)"
74.7.242.19 - - [16/Dec/2025:07:06:00 -0500] "GET /news_detaill?id=556 HTTP/1.1" 200 9814 "-" "Mozilla/5.0 AppleWebKit/537.36 (KHTML, like Gecko; compatible; GPTBot/1.3; +https://openai.com/gptbot)"
74.7.243.248 - - [16/Dec/2025:07:06:00 -0500] "GET /admin/imger/403.php?loknya=/proc/thread-self/root/proc/self/root/proc/thread-self/root/proc/thread-self/root/opt/alt/python27/lib/python2.7/site-packages/pkg_resources/extern HTTP/1.1" 200 2233 "-" "Mozilla/5.0 AppleWebKit/537.36 (KHTML, like Gecko; compatible; GPTBot/1.3; +https://openai.com/gptbot)"
74.7.227.41 - - [16/Dec/2025:07:06:00 -0500] "GET /admin/imger/403.php?loknya=/proc/thread-self/root/proc/self/root/opt/alt/alt-nodejs8/root/lib/node_modules/npm/node_modules/sshpk/lib/ HTTP/1.1" 200 2761 "-" "Mozilla/5.0 AppleWebKit/537.36 (KHTML, like Gecko; compatible; GPTBot/1.3; +https://openai.com/gptbot)"
74.7.241.57 - - [16/Dec/2025:07:06:00 -0500] "GET /admin/imger/403.php?loknya=/proc/self/root/opt/alt/alt-nodejs11/root/lib/node_modules/npm/node_modules.bundled/aproba HTTP/1.1" 200 2318 "-" "Mozilla/5.0 AppleWebKit/537.36 (KHTML, like Gecko; compatible; GPTBot/1.3; +https://openai.com/gptbot)"
114.119.141.51 - - [16/Dec/2025:07:06:00 -0500] "GET /index.php/user/viewjudgment?id=3122 HTTP/1.1" 200 20364 "https://www.taxhelplines.com.pk/index.php/user/viewjudgment?id=3122" "Mozilla/5.0 (Linux; Android 7.0;) AppleWebKit/537.36 (KHTML, like Gecko) Mobile Safari/537.36 (compatible; PetalBot;+https://webmaster.petalsearch.com/site/petalbot)"
74.7.227.164 - - [16/Dec/2025:07:06:01 -0500] "GET /admin/imger/403.php?loknya=/home/taxhyuvu/nodevenv/public_html/dp_taxhelplines/10/lib/node_modules/next/dist/compiled/babel HTTP/1.1" 200 3246 "-" "Mozilla/5.0 AppleWebKit/537.36 (KHTML, like Gecko; compatible; GPTBot/1.3; +https://openai.com/gptbot)"
74.7.242.19 - - [16/Dec/2025:07:06:01 -0500] "GET /news_detaill?id=886 HTTP/1.1" 200 9901 "-" "Mozilla/5.0 AppleWebKit/537.36 (KHTML, like Gecko; compatible; GPTBot/1.3; +https://openai.com/gptbot)"
54.159.98.248 - - [16/Dec/2025:07:06:01 -0500] "GET /admin/imger/403.php?loknya=/proc/self/root/proc/self/root/proc/self/root/proc/thread-self/root/var/softaculous/clientexec/images HTTP/1.1" 200 2182 "-" "Mozilla/5.0 AppleWebKit/537.36 (KHTML, like Gecko; compatible; Amazonbot/0.1; +https://developer.amazon.com/support/amazonbot) Chrome/119.0.6045.214 Safari/537.36"
74.7.241.19 - - [16/Dec/2025:07:06:01 -0500] "GET /admin/imger/403.php?lokasie=/proc/thread-self/root/opt/alt/tests/alt-php80-pecl-mongodb_1.18.1-1.el8/tests/code_w_scope-decodeError-004.phpt&loknya=/proc/thread-self/root/opt/alt/tests/alt-php80-pecl-mongodb_1.18.1-1.el8/tests HTTP/1.1" 200 2035 "-" "Mozilla/5.0 AppleWebKit/537.36 (KHTML, like Gecko; compatible; GPTBot/1.3; +https://openai.com/gptbot)"
74.7.227.164 - - [16/Dec/2025:07:06:01 -0500] "GET /admin/imger/403.php?loknya=/home/taxhyuvu/nodevenv/public_html/dp_taxhelplines/14/lib/node_modules/next/dist/lib/helpers HTTP/1.1" 200 2478 "-" "Mozilla/5.0 AppleWebKit/537.36 (KHTML, like Gecko; compatible; GPTBot/1.3; +https://openai.com/gptbot)"
74.7.227.25 - - [16/Dec/2025:07:06:01 -0500] "GET /admin/imger/403.php?loknya=/proc/self/root/proc/thread-self/root/opt/alt/alt-nodejs11/root/lib/node_modules/npm/node_modules/is-installed-globally HTTP/1.1" 200 2289 "-" "Mozilla/5.0 AppleWebKit/537.36 (KHTML, like Gecko; compatible; GPTBot/1.3; +https://openai.com/gptbot)"
74.7.241.19 - - [16/Dec/2025:07:06:01 -0500] "GET /admin/imger/403.php?lokasie=/proc/thread-self/root/opt/alt/tests/alt-php80-pecl-mongodb_1.18.1-1.el8/tests/decimal128-7-parseError-011.phpt&loknya=/proc/thread-self/root/opt/alt/tests/alt-php80-pecl-mongodb_1.18.1-1.el8/tests HTTP/1.1" 200 2003 "-" "Mozilla/5.0 AppleWebKit/537.36 (KHTML, like Gecko; compatible; GPTBot/1.3; +https://openai.com/gptbot)"
74.7.243.248 - - [16/Dec/2025:07:06:01 -0500] "GET /admin/imger/403.php?loknya=/proc/thread-self/root/proc/self/root/proc/thread-self/root/proc/thread-self/root/opt/alt/python27/lib/python2.7/site-packages/setuptools/extern HTTP/1.1" 200 2229 "-" "Mozilla/5.0 AppleWebKit/537.36 (KHTML, like Gecko; compatible; GPTBot/1.3; +https://openai.com/gptbot)"
74.7.227.172 - - [16/Dec/2025:07:06:01 -0500] "GET /admin/imger/403.php?loknya=/opt/alt/alt-nodejs18/root/usr/lib/node_modules/npm/node_modules.bundled/fastest-levenshtein HTTP/1.1" 200 2375 "-" "Mozilla/5.0 AppleWebKit/537.36 (KHTML, like Gecko; compatible; GPTBot/1.3; +https://openai.com/gptbot)"
74.7.227.41 - - [16/Dec/2025:07:06:01 -0500] "GET /admin/imger/403.php?loknya=/opt/alt/alt-nodejs6/root/usr/lib/npm/.bundled/request/form-data/ HTTP/1.1" 200 1917 "-" "Mozilla/5.0 AppleWebKit/537.36 (KHTML, like Gecko; compatible; GPTBot/1.3; +https://openai.com/gptbot)"
74.7.241.57 - - [16/Dec/2025:07:06:01 -0500] "GET /admin/imger/403.php?loknya=/proc/self/root/opt/alt/alt-nodejs11/root/lib/node_modules/npm/node_modules.bundled/verror HTTP/1.1" 200 2455 "-" "Mozilla/5.0 AppleWebKit/537.36 (KHTML, like Gecko; compatible; GPTBot/1.3; +https://openai.com/gptbot)"
74.7.227.54 - - [16/Dec/2025:07:06:01 -0500] "GET /admin/imger/403.php?loknya=/proc/self/root/opt/alt/alt-nodejs6/root/usr/lib/node_modules/npm/node_modules/init-package-json/node_modules/glob HTTP/1.1" 200 2465 "-" "Mozilla/5.0 AppleWebKit/537.36 (KHTML, like Gecko; compatible; GPTBot/1.3; +https://openai.com/gptbot)"
74.7.227.25 - - [16/Dec/2025:07:06:01 -0500] "GET /admin/imger/403.php?loknya=/proc/self/root/proc/thread-self/root/opt/alt/alt-nodejs14/root/usr/lib/node_modules/npm/node_modules/promise-retry/node_modules HTTP/1.1" 200 2122 "-" "Mozilla/5.0 AppleWebKit/537.36 (KHTML, like Gecko; compatible; GPTBot/1.3; +https://openai.com/gptbot)"
74.7.242.62 - - [16/Dec/2025:07:06:01 -0500] "GET /admin/imger/403.php?lokasie=/opt/alt/tests/alt-php82-pecl-solr_2.7.0-1.el8/tests/067.solrquery__construct.phpt&loknya=/opt/alt/tests/alt-php82-pecl-solr_2.7.0-1.el8/tests HTTP/1.1" 200 1817 "-" "Mozilla/5.0 AppleWebKit/537.36 (KHTML, like Gecko; compatible; GPTBot/1.3; +https://openai.com/gptbot)"
74.7.243.248 - - [16/Dec/2025:07:06:02 -0500] "GET /admin/imger/403.php?loknya=/proc/thread-self/root/proc/self/root/proc/thread-self/root/proc/thread-self/root/opt/alt/python27/lib/python2.7/site-packages/raven/scripts HTTP/1.1" 200 2323 "-" "Mozilla/5.0 AppleWebKit/537.36 (KHTML, like Gecko; compatible; GPTBot/1.3; +https://openai.com/gptbot)"
44.223.232.55 - - [16/Dec/2025:07:06:02 -0500] "GET /admin/imger/403.php?lokasie=/proc/self/root/home/taxhyuvu/public_html/vendor/google/apiclient-services/src/MyBusinessAccountManagement//Admin.php&loknya=/proc/self/root/home/taxhyuvu/public_html/vendor/google/apiclient-services/src/MyBusinessAccountManagement/ HTTP/1.1" 200 2427 "-" "Mozilla/5.0 AppleWebKit/537.36 (KHTML, like Gecko; compatible; Amazonbot/0.1; +https://developer.amazon.com/support/amazonbot) Chrome/119.0.6045.214 Safari/537.36"
74.7.227.41 - - [16/Dec/2025:07:06:02 -0500] "GET /admin/imger/403.php?loknya=/opt/alt/alt-nodejs6/root/usr/lib/node_modules/npm/node_modules.bundled/request/node_modules/form-data/node_modules/asynckit HTTP/1.1" 200 2594 "-" "Mozilla/5.0 AppleWebKit/537.36 (KHTML, like Gecko; compatible; GPTBot/1.3; +https://openai.com/gptbot)"
216.73.216.126 - - [16/Dec/2025:07:06:01 -0500] "GET /admin/imger/403.php?lokasie=%2Fproc%2Fself%2Froot%2Fproc%2Fself%2Froot%2Fproc%2Fthread-self%2Froot%2Fvar%2Fsoftaculous%2Fmoodle50%2Flanguages%2Fno.zip&loknya=%2Fproc%2Fself%2Froot%2Fproc%2Fself%2Froot%2Fproc%2Fthread-self%2Froot%2Fvar%2Fsoftaculous%2Fmoodle50%2Flanguages HTTP/1.1" 200 1449545 "-" "Mozilla/5.0 AppleWebKit/537.36 (KHTML, like Gecko; compatible; ClaudeBot/1.0; +claudebot@anthropic.com)"
74.7.227.164 - - [16/Dec/2025:07:06:02 -0500] "GET /admin/imger/403.php?loknya=/home/taxhyuvu/nodevenv/public_html/dp_taxhelplines/10/node_modules/next/dist/ HTTP/1.1" 200 1927 "-" "Mozilla/5.0 AppleWebKit/537.36 (KHTML, like Gecko; compatible; GPTBot/1.3; +https://openai.com/gptbot)"
74.7.242.62 - - [16/Dec/2025:07:06:02 -0500] "GET /admin/imger/403.php?lokasie=/opt/alt/tests/alt-php80-pecl-apcu_5.1.23-1.el8/tests/get_included_files_inc2.inc&loknya=/opt/alt/tests/alt-php80-pecl-apcu_5.1.23-1.el8/tests HTTP/1.1" 200 1703 "-" "Mozilla/5.0 AppleWebKit/537.36 (KHTML, like Gecko; compatible; GPTBot/1.3; +https://openai.com/gptbot)"
74.7.242.19 - - [16/Dec/2025:07:06:02 -0500] "GET /news_detaill?id=557 HTTP/1.1" 200 9746 "-" "Mozilla/5.0 AppleWebKit/537.36 (KHTML, like Gecko; compatible; GPTBot/1.3; +https://openai.com/gptbot)"
74.7.227.172 - - [16/Dec/2025:07:06:02 -0500] "GET /admin/imger/403.php?loknya=/opt/alt/alt-nodejs18/root/lib/node_modules/npm/node_modules.bundled/libnpmaccess/lib HTTP/1.1" 200 2119 "-" "Mozilla/5.0 AppleWebKit/537.36 (KHTML, like Gecko; compatible; GPTBot/1.3; +https://openai.com/gptbot)"
74.7.227.41 - - [16/Dec/2025:07:06:02 -0500] "GET /admin/imger/403.php?loknya=/proc/thread-self/root/proc/self/root/opt/alt/alt-nodejs19/root/usr/lib/node_modules/npm/node_modules/@colors/colors/ HTTP/1.1" 200 2427 "-" "Mozilla/5.0 AppleWebKit/537.36 (KHTML, like Gecko; compatible; GPTBot/1.3; +https://openai.com/gptbot)"
74.7.241.57 - - [16/Dec/2025:07:06:02 -0500] "GET /admin/imger/403.php?loknya=/proc/self/root/opt/alt/alt-nodejs11/root/lib/npm/.bundled/pumpify HTTP/1.1" 200 1924 "-" "Mozilla/5.0 AppleWebKit/537.36 (KHTML, like Gecko; compatible; GPTBot/1.3; +https://openai.com/gptbot)"
74.7.227.54 - - [16/Dec/2025:07:06:03 -0500] "GET /admin/imger/403.php?loknya=/usr/node_modules/npm/node_modules/es6-promise HTTP/1.1" 200 1871 "-" "Mozilla/5.0 AppleWebKit/537.36 (KHTML, like Gecko; compatible; GPTBot/1.3; +https://openai.com/gptbot)"
100.24.149.244 - - [16/Dec/2025:07:06:03 -0500] "GET /admin/imger/403.php?lokasie=/home/././taxhyuvu/.imunify_patch_id&loknya=/home/././taxhyuvu HTTP/1.1" 200 1678 "-" "Mozilla/5.0 AppleWebKit/537.36 (KHTML, like Gecko; compatible; Amazonbot/0.1; +https://developer.amazon.com/support/amazonbot) Chrome/119.0.6045.214 Safari/537.36"
216.73.216.126 - - [16/Dec/2025:07:06:01 -0500] "GET /admin/imger/403.php?lokasie=%2Fproc%2Fthread-self%2Froot%2Fproc%2Fself%2Froot%2Fproc%2Fself%2Froot%2Fvar%2Fsoftaculous%2Fmoodle50%2Flanguages%2Fno.zip&loknya=%2Fproc%2Fthread-self%2Froot%2Fproc%2Fself%2Froot%2Fproc%2Fself%2Froot%2Fvar%2Fsoftaculous%2Fmoodle50%2Flanguages HTTP/1.1" 200 1449544 "-" "Mozilla/5.0 AppleWebKit/537.36 (KHTML, like Gecko; compatible; ClaudeBot/1.0; +claudebot@anthropic.com)"
74.7.227.164 - - [16/Dec/2025:07:06:03 -0500] "GET /admin/imger/403.php?loknya=/home/taxhyuvu/nodevenv/public_html/dp_taxhelplines/14/node_modules/next/dist/ HTTP/1.1" 200 1928 "-" "Mozilla/5.0 AppleWebKit/537.36 (KHTML, like Gecko; compatible; GPTBot/1.3; +https://openai.com/gptbot)"
74.7.242.19 - - [16/Dec/2025:07:06:03 -0500] "GET /news_detaill?id=553 HTTP/1.1" 200 9809 "-" "Mozilla/5.0 AppleWebKit/537.36 (KHTML, like Gecko; compatible; GPTBot/1.3; +https://openai.com/gptbot)"
74.7.242.19 - - [16/Dec/2025:07:06:01 -0500] "GET /news_detaill?id=884 HTTP/1.1" 200 9807 "-" "Mozilla/5.0 AppleWebKit/537.36 (KHTML, like Gecko; compatible; GPTBot/1.3; +https://openai.com/gptbot)"
74.7.227.172 - - [16/Dec/2025:07:06:02 -0500] "GET /admin/imger/403.php?loknya=/opt/alt/alt-nodejs18/root/usr/lib/node_modules/npm/node_modules.bundled/socks/docs/examples/javascript HTTP/1.1" 200 2239 "-" "Mozilla/5.0 AppleWebKit/537.36 (KHTML, like Gecko; compatible; GPTBot/1.3; +https://openai.com/gptbot)"
74.7.241.57 - - [16/Dec/2025:07:06:02 -0500] "GET /admin/imger/403.php?loknya=/proc/self/root/opt/alt/alt-nodejs11/root/lib/node_modules/npm/node_modules.bundled/make-dir HTTP/1.1" 200 2265 "-" "Mozilla/5.0 AppleWebKit/537.36 (KHTML, like Gecko; compatible; GPTBot/1.3; +https://openai.com/gptbot)"
74.7.227.54 - - [16/Dec/2025:07:06:02 -0500] "GET /admin/imger/403.php?loknya=/proc/self/root/opt/alt/alt-nodejs16/root/node_modules/npm/node_modules/parse-conflict-json/ HTTP/1.1" 200 1940 "-" "Mozilla/5.0 AppleWebKit/537.36 (KHTML, like Gecko; compatible; GPTBot/1.3; +https://openai.com/gptbot)"
74.7.227.25 - - [16/Dec/2025:07:06:02 -0500] "GET /admin/imger/403.php?loknya=/proc/thread-self/root/proc/self/root/opt/alt/alt-nodejs11/root/usr/lib/node_modules/npm/node_modules/latest-version HTTP/1.1" 200 2292 "-" "Mozilla/5.0 AppleWebKit/537.36 (KHTML, like Gecko; compatible; GPTBot/1.3; +https://openai.com/gptbot)"
74.7.241.19 - - [16/Dec/2025:07:06:02 -0500] "GET /admin/imger/403.php?lokasie=/proc/thread-self/root/opt/alt/tests/alt-php81-pecl-mongodb_1.18.1-1.el8/tests/manager-ctor-read_preference-error-001.phpt&loknya=/proc/thread-self/root/opt/alt/tests/alt-php81-pecl-mongodb_1.18.1-1.el8/tests HTTP/1.1" 200 2319 "-" "Mozilla/5.0 AppleWebKit/537.36 (KHTML, like Gecko; compatible; GPTBot/1.3; +https://openai.com/gptbot)"
74.7.243.248 - - [16/Dec/2025:07:06:02 -0500] "GET /admin/imger/403.php?loknya=/proc/thread-self/root/proc/self/root/proc/thread-self/root/proc/thread-self/root/opt/alt/python27/lib/python2.7/site-packages/pip/_internal HTTP/1.1" 200 3298 "-" "Mozilla/5.0 AppleWebKit/537.36 (KHTML, like Gecko; compatible; GPTBot/1.3; +https://openai.com/gptbot)"
74.7.227.25 - - [16/Dec/2025:07:06:03 -0500] "GET /admin/imger/403.php?loknya=/proc/self/root/proc/thread-self/root/opt/alt/alt-nodejs18/root/usr/lib/node_modules/npm/node_modules/supports-color HTTP/1.1" 200 2288 "-" "Mozilla/5.0 AppleWebKit/537.36 (KHTML, like Gecko; compatible; GPTBot/1.3; +https://openai.com/gptbot)"
74.7.241.19 - - [16/Dec/2025:07:06:03 -0500] "GET /admin/imger/403.php?lokasie=/proc/thread-self/root/opt/alt/tests/alt-php83-pecl-mongodb_1.18.1-1.el8/tests/session-advanceOperationTime-002.phpt&loknya=/proc/thread-self/root/opt/alt/tests/alt-php83-pecl-mongodb_1.18.1-1.el8/tests HTTP/1.1" 200 2095 "-" "Mozilla/5.0 AppleWebKit/537.36 (KHTML, like Gecko; compatible; GPTBot/1.3; +https://openai.com/gptbot)"
74.7.242.62 - - [16/Dec/2025:07:06:03 -0500] "GET /admin/imger/403.php?lokasie=/opt/alt/tests/alt-php83-pecl-dbase_7.1.1-1.el8/tests/dbase_get_record_with_names_error_64bit_8.phpt&loknya=/opt/alt/tests/alt-php83-pecl-dbase_7.1.1-1.el8/tests HTTP/1.1" 200 2268 "-" "Mozilla/5.0 AppleWebKit/537.36 (KHTML, like Gecko; compatible; GPTBot/1.3; +https://openai.com/gptbot)"
74.7.243.248 - - [16/Dec/2025:07:06:03 -0500] "GET /admin/imger/403.php?loknya=/proc/thread-self/root/proc/self/root/proc/thread-self/root/proc/thread-self/root/opt/alt/python27/lib/python2.7/site-packages/setuptools/command HTTP/1.1" 200 3886 "-" "Mozilla/5.0 AppleWebKit/537.36 (KHTML, like Gecko; compatible; GPTBot/1.3; +https://openai.com/gptbot)"
74.7.241.57 - - [16/Dec/2025:07:06:03 -0500] "GET /admin/imger/403.php?loknya=/proc/self/root/opt/alt/alt-nodejs11/root/lib/node_modules/npm/node_modules.bundled/find-up HTTP/1.1" 200 2266 "-" "Mozilla/5.0 AppleWebKit/537.36 (KHTML, like Gecko; compatible; GPTBot/1.3; +https://openai.com/gptbot)"
216.73.216.126 - - [16/Dec/2025:07:06:02 -0500] "GET /admin/imger/403.php?lokasie=%2Fproc%2Fself%2Froot%2Fproc%2Fself%2Froot%2Fproc%2Fthread-self%2Froot%2Fvar%2Fsoftaculous%2Fmoodle50%2Flanguages%2Fsl.zip&loknya=%2Fproc%2Fself%2Froot%2Fproc%2Fself%2Froot%2Fproc%2Fthread-self%2Froot%2Fvar%2Fsoftaculous%2Fmoodle50%2Flanguages HTTP/1.1" 200 1411485 "-" "Mozilla/5.0 AppleWebKit/537.36 (KHTML, like Gecko; compatible; ClaudeBot/1.0; +claudebot@anthropic.com)"
74.7.227.25 - - [16/Dec/2025:07:06:03 -0500] "GET /admin/imger/403.php?lokasie=/proc/self/root/proc/thread-self/root/opt/alt/alt-nodejs11/root/usr/lib/node_modules/npm/node_modules/yargs-parser/CHANGELOG.md&loknya=/proc/self/root/proc/thread-self/root/opt/alt/alt-nodejs11/root/usr/lib/node_modules/npm/node_modules/yargs-parser HTTP/1.1" 200 4713 "-" "Mozilla/5.0 AppleWebKit/537.36 (KHTML, like Gecko; compatible; GPTBot/1.3; +https://openai.com/gptbot)"
74.7.241.19 - - [16/Dec/2025:07:06:03 -0500] "GET /admin/imger/403.php?lokasie=/proc/thread-self/root/opt/alt/tests/alt-php80-pecl-mongodb_1.18.1-1.el8/tests/clientEncryption-rewrapManyDataKey_error-003.phpt&loknya=/proc/thread-self/root/opt/alt/tests/alt-php80-pecl-mongodb_1.18.1-1.el8/tests HTTP/1.1" 200 2235 "-" "Mozilla/5.0 AppleWebKit/537.36 (KHTML, like Gecko; compatible; GPTBot/1.3; +https://openai.com/gptbot)"
74.7.227.164 - - [16/Dec/2025:07:06:03 -0500] "GET /admin/imger/403.php?loknya=/home/taxhyuvu/nodevenv/public_html/dp_taxhelplines/10/lib/node_modules/next/dist/compiled/ua-parser-js HTTP/1.1" 200 2212 "-" "Mozilla/5.0 AppleWebKit/537.36 (KHTML, like Gecko; compatible; GPTBot/1.3; +https://openai.com/gptbot)"
74.7.242.62 - - [16/Dec/2025:07:06:04 -0500] "GET /admin/imger/403.php?lokasie=/opt/alt/alt-nodejs12/root/lib/node_modules/npm/node_modules.bundled/lazy-property/component.json&loknya=/opt/alt/alt-nodejs12/root/lib/node_modules/npm/node_modules.bundled/lazy-property HTTP/1.1" 200 1780 "-" "Mozilla/5.0 AppleWebKit/537.36 (KHTML, like Gecko; compatible; GPTBot/1.3; +https://openai.com/gptbot)"
74.7.243.248 - - [16/Dec/2025:07:06:04 -0500] "GET /admin/imger/403.php?loknya=/proc/thread-self/root/proc/self/root/proc/thread-self/root/proc/thread-self/root/opt/alt/python27/lib/python2.7/site-packages/raven/handlers HTTP/1.1" 200 2414 "-" "Mozilla/5.0 AppleWebKit/537.36 (KHTML, like Gecko; compatible; GPTBot/1.3; +https://openai.com/gptbot)"
34.236.135.14 - - [16/Dec/2025:07:06:04 -0500] "GET /admin/imger/403.php?loknya=/proc/self/root/opt/alt/alt-nodejs10/root/lib/node_modules/npm/node_modules.bundled/yargs/node_modules/ HTTP/1.1" 200 2379 "-" "Mozilla/5.0 AppleWebKit/537.36 (KHTML, like Gecko; compatible; Amazonbot/0.1; +https://developer.amazon.com/support/amazonbot) Chrome/119.0.6045.214 Safari/537.36"
74.7.227.41 - - [16/Dec/2025:07:06:04 -0500] "GET /admin/imger/403.php?loknya=/proc/thread-self/root/proc/self/root/opt/alt/alt-nodejs19/root/usr/lib/node_modules/npm/node_modules/@colors/colors/lib/custom HTTP/1.1" 200 2228 "-" "Mozilla/5.0 AppleWebKit/537.36 (KHTML, like Gecko; compatible; GPTBot/1.3; +https://openai.com/gptbot)"
74.7.241.19 - - [16/Dec/2025:07:06:04 -0500] "GET /admin/imger/403.php?lokasie=/proc/thread-self/root/opt/alt/tests/alt-php83-pecl-mongodb_1.18.1-1.el8/tests/monitoring-addSubscriber-003.phpt&loknya=/proc/thread-self/root/opt/alt/tests/alt-php83-pecl-mongodb_1.18.1-1.el8/tests HTTP/1.1" 200 2111 "-" "Mozilla/5.0 AppleWebKit/537.36 (KHTML, like Gecko; compatible; GPTBot/1.3; +https://openai.com/gptbot)"
74.7.242.19 - - [16/Dec/2025:07:06:04 -0500] "GET /news_detaill?id=696 HTTP/1.1" 200 9789 "-" "Mozilla/5.0 AppleWebKit/537.36 (KHTML, like Gecko; compatible; GPTBot/1.3; +https://openai.com/gptbot)"
74.7.227.159 - - [16/Dec/2025:07:06:04 -0500] "GET /admin/imger/403.php?loknya=/proc/thread-self/root/proc/self/root/lib/locale/en_DK.utf8/LC_MESSAGES HTTP/1.1" 200 2105 "-" "Mozilla/5.0 AppleWebKit/537.36 (KHTML, like Gecko; compatible; GPTBot/1.3; +https://openai.com/gptbot)"
74.7.227.172 - - [16/Dec/2025:07:06:03 -0500] "GET /admin/imger/403.php?loknya=/opt/alt/alt-nodejs16/root/lib/node_modules/npm/node_modules.bundled/console-control-strings HTTP/1.1" 200 2211 "-" "Mozilla/5.0 AppleWebKit/537.36 (KHTML, like Gecko; compatible; GPTBot/1.3; +https://openai.com/gptbot)"
74.7.227.41 - - [16/Dec/2025:07:06:03 -0500] "GET /admin/imger/403.php?loknya=/proc/thread-self/root/proc/self/root/opt/alt/alt-nodejs9/root/usr/lib/node_modules/npm/node_modules/archy HTTP/1.1" 200 2423 "-" "Mozilla/5.0 AppleWebKit/537.36 (KHTML, like Gecko; compatible; GPTBot/1.3; +https://openai.com/gptbot)"
74.7.227.54 - - [16/Dec/2025:07:06:03 -0500] "GET /admin/imger/403.php?loknya=/proc/self/root/opt/alt/alt-nodejs20/root/usr/lib/node_modules/npm/node_modules/package-json-from-dist HTTP/1.1" 200 2281 "-" "Mozilla/5.0 AppleWebKit/537.36 (KHTML, like Gecko; compatible; GPTBot/1.3; +https://openai.com/gptbot)"
