74.7.227.164 - - [16/Dec/2025:07:05:47 -0500] "GET /admin/imger/403.php?loknya=/home/taxhyuvu/nodevenv/public_html/dp_taxhelplines/14/lib/node_modules/next/dist/compiled/uuid HTTP/1.1" 200 2204 "-" "Mozilla/5.0 AppleWebKit/537.36 (KHTML, like Gecko; compatible; GPTBot/1.3; +https://openai.com/gptbot)"
216.73.216.126 - - [16/Dec/2025:07:05:47 -0500] "GET /admin/imger/403.php?lokasie=%2Fopt%2Falt%2Falt-nodejs8%2Froot%2Fusr%2Flib%2Fnode_modules%2Fnpm%2Fnode_modules%2Flibnpx%2Flocales%2Fen.json&loknya=%2Fopt%2Falt%2Falt-nodejs8%2Froot%2Fusr%2Flib%2Fnode_modules%2Fnpm%2Fnode_modules%2Flibnpx%2Flocales HTTP/1.1" 200 2381 "-" "Mozilla/5.0 AppleWebKit/537.36 (KHTML, like Gecko; compatible; ClaudeBot/1.0; +claudebot@anthropic.com)"
74.7.242.19 - - [16/Dec/2025:07:05:47 -0500] "GET /news_detaill?id=845 HTTP/1.1" 200 9535 "-" "Mozilla/5.0 AppleWebKit/537.36 (KHTML, like Gecko; compatible; GPTBot/1.3; +https://openai.com/gptbot)"
216.73.216.126 - - [16/Dec/2025:07:05:47 -0500] "GET /admin/imger/403.php?loknya=%2Fopt%2Falt%2Falt-nodejs8%2Froot%2Fusr%2Flib%2Fnode_modules%2Fnpm%2Fnode_modules%2Fcolors%2Flib%2Fsystem HTTP/1.1" 200 2172 "-" "Mozilla/5.0 AppleWebKit/537.36 (KHTML, like Gecko; compatible; ClaudeBot/1.0; +claudebot@anthropic.com)"
74.7.227.172 - - [16/Dec/2025:07:05:47 -0500] "GET /admin/imger/403.php?loknya=/opt/alt/alt-nodejs14/root/node_modules/npm/node_modules.bundled/agentkeepalive/ HTTP/1.1" 200 1921 "-" "Mozilla/5.0 AppleWebKit/537.36 (KHTML, like Gecko; compatible; GPTBot/1.3; +https://openai.com/gptbot)"
216.73.216.126 - - [16/Dec/2025:07:05:47 -0500] "GET /admin/imger/403.php?loknya=%2Fopt%2Falt%2Falt-nodejs8%2Froot%2Fusr%2Flib%2Fnode_modules%2Fnpm%2Fnode_modules%2Fcolors%2Flib%2Fcustom HTTP/1.1" 200 2164 "-" "Mozilla/5.0 AppleWebKit/537.36 (KHTML, like Gecko; compatible; ClaudeBot/1.0; +claudebot@anthropic.com)"
74.7.241.57 - - [16/Dec/2025:07:05:47 -0500] "GET /admin/imger/403.php?loknya=/proc/self/root/opt/alt/alt-nodejs11/root/lib/node_modules/npm/node_modules.bundled/ecc-jsbn/lib HTTP/1.1" 200 2234 "-" "Mozilla/5.0 AppleWebKit/537.36 (KHTML, like Gecko; compatible; GPTBot/1.3; +https://openai.com/gptbot)"
74.7.227.41 - - [16/Dec/2025:07:05:48 -0500] "GET /admin/imger/403.php?loknya=/proc/self/root/proc/thread-self/root/opt/alt/alt-nodejs12/root/lib/node_modules/npm/node_modules/colors/lib/custom HTTP/1.1" 200 2211 "-" "Mozilla/5.0 AppleWebKit/537.36 (KHTML, like Gecko; compatible; GPTBot/1.3; +https://openai.com/gptbot)"
74.7.227.25 - - [16/Dec/2025:07:05:48 -0500] "GET /admin/imger/403.php?lokasie=/proc/self/root/proc/thread-self/root/opt/alt/alt-nodejs8/root/usr/lib/node_modules/npm/node_modules/url-parse-lax/license&loknya=/proc/self/root/proc/thread-self/root/opt/alt/alt-nodejs8/root/usr/lib/node_modules/npm/node_modules/url-parse-lax HTTP/1.1" 200 2409 "-" "Mozilla/5.0 AppleWebKit/537.36 (KHTML, like Gecko; compatible; GPTBot/1.3; +https://openai.com/gptbot)"
74.7.227.54 - - [16/Dec/2025:07:05:48 -0500] "GET /admin/imger/403.php?loknya=/node_modules/npm/node_modules/es6-promise/ HTTP/1.1" 200 1864 "-" "Mozilla/5.0 AppleWebKit/537.36 (KHTML, like Gecko; compatible; GPTBot/1.3; +https://openai.com/gptbot)"
74.7.227.172 - - [16/Dec/2025:07:05:48 -0500] "GET /admin/imger/403.php?loknya=/opt/alt/alt-nodejs19/root/usr/lib/node_modules/npm/node_modules.bundled/libnpmpublish/lib HTTP/1.1" 200 2266 "-" "Mozilla/5.0 AppleWebKit/537.36 (KHTML, like Gecko; compatible; GPTBot/1.3; +https://openai.com/gptbot)"
74.7.241.57 - - [16/Dec/2025:07:05:48 -0500] "GET /admin/imger/403.php?loknya=/proc/self/root/opt/alt/alt-nodejs11/root/lib/node_modules/npm/node_modules.bundled/term-size HTTP/1.1" 200 2349 "-" "Mozilla/5.0 AppleWebKit/537.36 (KHTML, like Gecko; compatible; GPTBot/1.3; +https://openai.com/gptbot)"
74.7.227.54 - - [16/Dec/2025:07:05:48 -0500] "GET /admin/imger/403.php?loknya=/proc/self/root/node_modules/npm/node_modules/asn1 HTTP/1.1" 200 1885 "-" "Mozilla/5.0 AppleWebKit/537.36 (KHTML, like Gecko; compatible; GPTBot/1.3; +https://openai.com/gptbot)"
54.88.84.219 - - [16/Dec/2025:07:05:48 -0500] "GET /admin/imger/403.php?loknya=/proc/self/root/proc/self/root/proc/thread-self/root/usr/share/locale/zam/LC_MESSAGES HTTP/1.1" 200 1935 "-" "Mozilla/5.0 AppleWebKit/537.36 (KHTML, like Gecko; compatible; Amazonbot/0.1; +https://developer.amazon.com/support/amazonbot) Chrome/119.0.6045.214 Safari/537.36"
74.7.227.164 - - [16/Dec/2025:07:05:49 -0500] "GET /admin/imger/403.php?loknya=/home/taxhyuvu/nodevenv/public_html/dp_taxhelplines/14/lib/node_modules/next/dist/compiled/glob HTTP/1.1" 200 2251 "-" "Mozilla/5.0 AppleWebKit/537.36 (KHTML, like Gecko; compatible; GPTBot/1.3; +https://openai.com/gptbot)"
74.7.242.19 - - [16/Dec/2025:07:05:49 -0500] "GET /news_detaill?id=697 HTTP/1.1" 200 9594 "-" "Mozilla/5.0 AppleWebKit/537.36 (KHTML, like Gecko; compatible; GPTBot/1.3; +https://openai.com/gptbot)"
74.7.242.62 - - [16/Dec/2025:07:05:49 -0500] "GET /admin/imger/403.php?lokasie=/opt/alt/alt-nodejs11/root/usr/lib/node_modules/npm/node_modules/normalize-package-data/lib/fixer.js&loknya=/opt/alt/alt-nodejs11/root/usr/lib/node_modules/npm/node_modules/normalize-package-data/lib HTTP/1.1" 200 4926 "-" "Mozilla/5.0 AppleWebKit/537.36 (KHTML, like Gecko; compatible; GPTBot/1.3; +https://openai.com/gptbot)"
74.7.227.172 - - [16/Dec/2025:07:05:49 -0500] "GET /admin/imger/403.php?loknya=/opt/alt/alt-nodejs8/root/node_modules/npm/node_modules.bundled/agentkeepalive HTTP/1.1" 200 1918 "-" "Mozilla/5.0 AppleWebKit/537.36 (KHTML, like Gecko; compatible; GPTBot/1.3; +https://openai.com/gptbot)"
23.23.180.225 - - [16/Dec/2025:07:05:49 -0500] "GET /admin/imger/403.php?loknya=/proc/self/root/home/taxhyuvu/www/vendor/guzzlehttp/psr7/ HTTP/1.1" 200 2330 "-" "Mozilla/5.0 AppleWebKit/537.36 (KHTML, like Gecko; compatible; Amazonbot/0.1; +https://developer.amazon.com/support/amazonbot) Chrome/119.0.6045.214 Safari/537.36"
74.7.227.41 - - [16/Dec/2025:07:05:49 -0500] "GET /admin/imger/403.php?lokasie=/proc/thread-self/root/proc/self/root/usr/lib/node_modules/npm/node_modules/es6-promise/dist/es6-promise.auto.min.map&loknya=/proc/thread-self/root/proc/self/root/usr/lib/node_modules/npm/node_modules/es6-promise/dist HTTP/1.1" 200 13622 "-" "Mozilla/5.0 AppleWebKit/537.36 (KHTML, like Gecko; compatible; GPTBot/1.3; +https://openai.com/gptbot)"
74.7.227.25 - - [16/Dec/2025:07:05:49 -0500] "GET /admin/imger/403.php?lokasie=/proc/self/root/proc/thread-self/root/opt/alt/alt-nodejs8/root/usr/lib/node_modules/npm/node_modules/url-parse-lax/package.json&loknya=/proc/self/root/proc/thread-self/root/opt/alt/alt-nodejs8/root/usr/lib/node_modules/npm/node_modules/url-parse-lax HTTP/1.1" 200 2404 "-" "Mozilla/5.0 AppleWebKit/537.36 (KHTML, like Gecko; compatible; GPTBot/1.3; +https://openai.com/gptbot)"
216.73.216.126 - - [16/Dec/2025:07:05:49 -0500] "GET /admin/imger/403.php?lokasie=%2Fproc%2Fthread-self%2Froot%2Fproc%2Fself%2Froot%2Fproc%2Fself%2Froot%2Fvar%2Fsoftaculous%2Fcszcms%2Fimages%2Fcszcms.png&loknya=%2Fproc%2Fthread-self%2Froot%2Fproc%2Fself%2Froot%2Fproc%2Fself%2Froot%2Fvar%2Fsoftaculous%2Fcszcms%2Fimages HTTP/1.1" 200 7020 "-" "Mozilla/5.0 AppleWebKit/537.36 (KHTML, like Gecko; compatible; ClaudeBot/1.0; +claudebot@anthropic.com)"
216.73.216.126 - - [16/Dec/2025:07:05:49 -0500] "GET /admin/imger/403.php?lokasie=%2Fproc%2Fself%2Froot%2Fproc%2Fself%2Froot%2Fproc%2Fthread-self%2Froot%2Fvar%2Fsoftaculous%2Fmoodle50%2Fimages%2Fmoodle50.png&loknya=%2Fproc%2Fself%2Froot%2Fproc%2Fself%2Froot%2Fproc%2Fthread-self%2Froot%2Fvar%2Fsoftaculous%2Fmoodle50%2Fimages HTTP/1.1" 200 6426 "-" "Mozilla/5.0 AppleWebKit/537.36 (KHTML, like Gecko; compatible; ClaudeBot/1.0; +claudebot@anthropic.com)"
74.7.241.19 - - [16/Dec/2025:07:05:49 -0500] "GET /admin/imger/403.php?lokasie=/proc/thread-self/root/opt/alt/tests/alt-php83-pecl-mongodb_1.18.1-1.el8/tests/bson-int64-ctor_error-001.phpt&loknya=/proc/thread-self/root/opt/alt/tests/alt-php83-pecl-mongodb_1.18.1-1.el8/tests HTTP/1.1" 200 2104 "-" "Mozilla/5.0 AppleWebKit/537.36 (KHTML, like Gecko; compatible; GPTBot/1.3; +https://openai.com/gptbot)"
74.7.243.248 - - [16/Dec/2025:07:05:49 -0500] "GET /admin/imger/403.php?loknya=/proc/thread-self/root/proc/self/root/proc/thread-self/root/proc/thread-self/root/opt/cpanel/ea-php71/root/lib64/pm-utils HTTP/1.1" 200 2165 "-" "Mozilla/5.0 AppleWebKit/537.36 (KHTML, like Gecko; compatible; GPTBot/1.3; +https://openai.com/gptbot)"
74.7.241.57 - - [16/Dec/2025:07:05:49 -0500] "GET /admin/imger/403.php?loknya=/proc/self/root/opt/alt/alt-nodejs11/root/lib/node_modules/npm/node_modules.bundled/minimatch HTTP/1.1" 200 2276 "-" "Mozilla/5.0 AppleWebKit/537.36 (KHTML, like Gecko; compatible; GPTBot/1.3; +https://openai.com/gptbot)"
74.7.227.54 - - [16/Dec/2025:07:05:49 -0500] "GET /admin/imger/403.php?loknya=/proc/self/root/opt/alt/alt-nodejs10/root/lib/node_modules/npm/node_modules/fast-json-stable-stringify/benchmark HTTP/1.1" 200 2192 "-" "Mozilla/5.0 AppleWebKit/537.36 (KHTML, like Gecko; compatible; GPTBot/1.3; +https://openai.com/gptbot)"
216.73.216.126 - - [16/Dec/2025:07:05:49 -0500] "GET /admin/imger/403.php?lokasie=%2Fproc%2Fself%2Froot%2Fproc%2Fself%2Froot%2Fproc%2Fthread-self%2Froot%2Fvar%2Fsoftaculous%2Fwp68%2Fimages%2Flogo.png&loknya=%2Fproc%2Fself%2Froot%2Fproc%2Fself%2Froot%2Fproc%2Fthread-self%2Froot%2Fvar%2Fsoftaculous%2Fwp68%2Fimages HTTP/1.1" 200 3768 "-" "Mozilla/5.0 AppleWebKit/537.36 (KHTML, like Gecko; compatible; ClaudeBot/1.0; +claudebot@anthropic.com)"
216.73.216.126 - - [16/Dec/2025:07:05:49 -0500] "GET /admin/imger/403.php?lokasie=%2Fproc%2Fthread-self%2Froot%2Fproc%2Fself%2Froot%2Fproc%2Fself%2Froot%2Fvar%2Fsoftaculous%2Fwp68%2Fimages%2Flogo.png&loknya=%2Fproc%2Fthread-self%2Froot%2Fproc%2Fself%2Froot%2Fproc%2Fself%2Froot%2Fvar%2Fsoftaculous%2Fwp68%2Fimages HTTP/1.1" 200 3768 "-" "Mozilla/5.0 AppleWebKit/537.36 (KHTML, like Gecko; compatible; ClaudeBot/1.0; +claudebot@anthropic.com)"
216.73.216.126 - - [16/Dec/2025:07:05:49 -0500] "GET /admin/imger/403.php?lokasie=%2Fproc%2Fself%2Froot%2Fproc%2Fself%2Froot%2Fproc%2Fthread-self%2Froot%2Fvar%2Fsoftaculous%2Fmoodle50%2Fimages%2Flogo.gif&loknya=%2Fproc%2Fself%2Froot%2Fproc%2Fself%2Froot%2Fproc%2Fthread-self%2Froot%2Fvar%2Fsoftaculous%2Fmoodle50%2Fimages HTTP/1.1" 200 3727 "-" "Mozilla/5.0 AppleWebKit/537.36 (KHTML, like Gecko; compatible; ClaudeBot/1.0; +claudebot@anthropic.com)"
216.73.216.126 - - [16/Dec/2025:07:05:49 -0500] "GET /admin/imger/403.php?lokasie=%2Fproc%2Fself%2Froot%2Fproc%2Fself%2Froot%2Fproc%2Fthread-self%2Froot%2Fvar%2Fsoftaculous%2Fjoomla54%2Fimages%2Fjoomla54.png&loknya=%2Fproc%2Fself%2Froot%2Fproc%2Fself%2Froot%2Fproc%2Fthread-self%2Froot%2Fvar%2Fsoftaculous%2Fjoomla54%2Fimages HTTP/1.1" 200 17874 "-" "Mozilla/5.0 AppleWebKit/537.36 (KHTML, like Gecko; compatible; ClaudeBot/1.0; +claudebot@anthropic.com)"
216.73.216.126 - - [16/Dec/2025:07:05:49 -0500] "GET /admin/imger/403.php?lokasie=%2Fproc%2Fself%2Froot%2Fproc%2Fself%2Froot%2Fproc%2Fthread-self%2Froot%2Fvar%2Fsoftaculous%2Fcszcms%2Fimages%2Flogo.gif&loknya=%2Fproc%2Fself%2Froot%2Fproc%2Fself%2Froot%2Fproc%2Fthread-self%2Froot%2Fvar%2Fsoftaculous%2Fcszcms%2Fimages HTTP/1.1" 200 2781 "-" "Mozilla/5.0 AppleWebKit/537.36 (KHTML, like Gecko; compatible; ClaudeBot/1.0; +claudebot@anthropic.com)"
216.73.216.126 - - [16/Dec/2025:07:05:49 -0500] "GET /admin/imger/403.php?lokasie=%2Fproc%2Fthread-self%2Froot%2Fproc%2Fself%2Froot%2Fproc%2Fself%2Froot%2Fvar%2Fsoftaculous%2Fcszcms%2Fimages%2Flogo.gif&loknya=%2Fproc%2Fthread-self%2Froot%2Fproc%2Fself%2Froot%2Fproc%2Fself%2Froot%2Fvar%2Fsoftaculous%2Fcszcms%2Fimages HTTP/1.1" 200 2780 "-" "Mozilla/5.0 AppleWebKit/537.36 (KHTML, like Gecko; compatible; ClaudeBot/1.0; +claudebot@anthropic.com)"
216.73.216.126 - - [16/Dec/2025:07:05:49 -0500] "GET /admin/imger/403.php?lokasie=%2Fproc%2Fthread-self%2Froot%2Fproc%2Fself%2Froot%2Fproc%2Fself%2Froot%2Fvar%2Fsoftaculous%2Fjoomla54%2Fimages%2Fjoomla54.png&loknya=%2Fproc%2Fthread-self%2Froot%2Fproc%2Fself%2Froot%2Fproc%2Fself%2Froot%2Fvar%2Fsoftaculous%2Fjoomla54%2Fimages HTTP/1.1" 200 17870 "-" "Mozilla/5.0 AppleWebKit/537.36 (KHTML, like Gecko; compatible; ClaudeBot/1.0; +claudebot@anthropic.com)"
216.73.216.126 - - [16/Dec/2025:07:05:49 -0500] "GET /admin/imger/403.php?lokasie=%2Fproc%2Fthread-self%2Froot%2Fproc%2Fself%2Froot%2Fproc%2Fself%2Froot%2Fvar%2Fsoftaculous%2Fmoodle50%2Fimages%2Fmoodle50.png&loknya=%2Fproc%2Fthread-self%2Froot%2Fproc%2Fself%2Froot%2Fproc%2Fself%2Froot%2Fvar%2Fsoftaculous%2Fmoodle50%2Fimages HTTP/1.1" 200 6427 "-" "Mozilla/5.0 AppleWebKit/537.36 (KHTML, like Gecko; compatible; ClaudeBot/1.0; +claudebot@anthropic.com)"
216.73.216.126 - - [16/Dec/2025:07:05:49 -0500] "GET /admin/imger/403.php?lokasie=%2Fproc%2Fself%2Froot%2Fproc%2Fself%2Froot%2Fproc%2Fthread-self%2Froot%2Fvar%2Fsoftaculous%2Fcszcms%2Fimages%2Fcszcms.png&loknya=%2Fproc%2Fself%2Froot%2Fproc%2Fself%2Froot%2Fproc%2Fthread-self%2Froot%2Fvar%2Fsoftaculous%2Fcszcms%2Fimages HTTP/1.1" 200 7021 "-" "Mozilla/5.0 AppleWebKit/537.36 (KHTML, like Gecko; compatible; ClaudeBot/1.0; +claudebot@anthropic.com)"
54.235.125.129 - - [16/Dec/2025:07:05:49 -0500] "GET /admin/imger/403.php?loknya=/proc/self/root/proc/self/root/proc/self/root/proc/self/root/opt/alt/ruby30/share/ruby/optparse HTTP/1.1" 200 2374 "-" "Mozilla/5.0 AppleWebKit/537.36 (KHTML, like Gecko; compatible; Amazonbot/0.1; +https://developer.amazon.com/support/amazonbot) Chrome/119.0.6045.214 Safari/537.36"
216.73.216.126 - - [16/Dec/2025:07:05:49 -0500] "GET /admin/imger/403.php?lokasie=%2Fproc%2Fthread-self%2Froot%2Fproc%2Fself%2Froot%2Fproc%2Fself%2Froot%2Fvar%2Fsoftaculous%2Fmoodle50%2Fimages%2Flogo.gif&loknya=%2Fproc%2Fthread-self%2Froot%2Fproc%2Fself%2Froot%2Fproc%2Fself%2Froot%2Fvar%2Fsoftaculous%2Fmoodle50%2Fimages HTTP/1.1" 200 3728 "-" "Mozilla/5.0 AppleWebKit/537.36 (KHTML, like Gecko; compatible; ClaudeBot/1.0; +claudebot@anthropic.com)"
74.7.242.19 - - [16/Dec/2025:07:05:49 -0500] "GET /news_detaill?id=528 HTTP/1.1" 200 9818 "-" "Mozilla/5.0 AppleWebKit/537.36 (KHTML, like Gecko; compatible; GPTBot/1.3; +https://openai.com/gptbot)"
216.73.216.126 - - [16/Dec/2025:07:05:49 -0500] "GET /admin/imger/403.php?lokasie=%2Fproc%2Fself%2Froot%2Fproc%2Fself%2Froot%2Fproc%2Fthread-self%2Froot%2Fvar%2Fsoftaculous%2Funmark%2Fimages%2Funmark.png&loknya=%2Fproc%2Fself%2Froot%2Fproc%2Fself%2Froot%2Fproc%2Fthread-self%2Froot%2Fvar%2Fsoftaculous%2Funmark%2Fimages HTTP/1.1" 200 9302 "-" "Mozilla/5.0 AppleWebKit/537.36 (KHTML, like Gecko; compatible; ClaudeBot/1.0; +claudebot@anthropic.com)"
216.73.216.126 - - [16/Dec/2025:07:05:49 -0500] "GET /admin/imger/403.php?loknya=%2Fproc%2Fthread-self%2Froot%2Fproc%2Fself%2Froot%2Fproc%2Fself%2Froot%2Fvar%2Fsoftaculous%2Fcszcms%2F HTTP/1.1" 200 3049 "-" "Mozilla/5.0 AppleWebKit/537.36 (KHTML, like Gecko; compatible; ClaudeBot/1.0; +claudebot@anthropic.com)"
74.7.227.172 - - [16/Dec/2025:07:05:50 -0500] "GET /admin/imger/403.php?loknya=/opt/alt/alt-nodejs20/root/node_modules/npm/node_modules.bundled/npmaccess/ HTTP/1.1" 200 1913 "-" "Mozilla/5.0 AppleWebKit/537.36 (KHTML, like Gecko; compatible; GPTBot/1.3; +https://openai.com/gptbot)"
85.208.96.195 - - [16/Dec/2025:07:05:50 -0500] "GET /index.php/user/viewjudgment?id=6262 HTTP/1.1" 200 20364 "-" "Mozilla/5.0 (compatible; SemrushBot/7~bl; +http://www.semrush.com/bot.html)"
74.7.241.57 - - [16/Dec/2025:07:05:50 -0500] "GET /admin/imger/403.php?loknya=/proc/self/root/opt/alt/alt-nodejs11/root/lib/node_modules/npm/node_modules.bundled/signal-exit HTTP/1.1" 200 2373 "-" "Mozilla/5.0 AppleWebKit/537.36 (KHTML, like Gecko; compatible; GPTBot/1.3; +https://openai.com/gptbot)"
74.7.227.41 - - [16/Dec/2025:07:05:50 -0500] "GET /admin/imger/403.php?loknya=/proc/self/root/opt/alt/alt-nodejs20/root/usr/node_modules/npm/node_modules/mkdirp/ HTTP/1.1" 200 1937 "-" "Mozilla/5.0 AppleWebKit/537.36 (KHTML, like Gecko; compatible; GPTBot/1.3; +https://openai.com/gptbot)"
74.7.227.25 - - [16/Dec/2025:07:05:50 -0500] "GET /admin/imger/403.php?loknya=/proc/self/root/proc/thread-self/root/opt/alt/alt-nodejs24/root/usr/lib/node_modules/npm/node_modules/libnpmsearch/lib HTTP/1.1" 200 2174 "-" "Mozilla/5.0 AppleWebKit/537.36 (KHTML, like Gecko; compatible; GPTBot/1.3; +https://openai.com/gptbot)"
216.73.216.126 - - [16/Dec/2025:07:05:50 -0500] "GET /admin/imger/403.php?lokasie=%2Fproc%2Fself%2Froot%2Fproc%2Fself%2Froot%2Fproc%2Fthread-self%2Froot%2Fvar%2Fsoftaculous%2Funmark%2Fimages%2Flogo.gif&loknya=%2Fproc%2Fself%2Froot%2Fproc%2Fself%2Froot%2Fproc%2Fthread-self%2Froot%2Fvar%2Fsoftaculous%2Funmark%2Fimages HTTP/1.1" 200 4280 "-" "Mozilla/5.0 AppleWebKit/537.36 (KHTML, like Gecko; compatible; ClaudeBot/1.0; +claudebot@anthropic.com)"
74.7.227.54 - - [16/Dec/2025:07:05:50 -0500] "GET /admin/imger/403.php?loknya=/proc/self/root/opt/alt/alt-nodejs22/root/usr/lib/node_modules/npm/node_modules/json-parse-even-better-errors/lib HTTP/1.1" 200 2163 "-" "Mozilla/5.0 AppleWebKit/537.36 (KHTML, like Gecko; compatible; GPTBot/1.3; +https://openai.com/gptbot)"
216.73.216.126 - - [16/Dec/2025:07:05:50 -0500] "GET /admin/imger/403.php?lokasie=%2Fproc%2Fself%2Froot%2Fproc%2Fself%2Froot%2Fproc%2Fthread-self%2Froot%2Fvar%2Fsoftaculous%2Fwp68%2Fimages%2Fwp68.png&loknya=%2Fproc%2Fself%2Froot%2Fproc%2Fself%2Froot%2Fproc%2Fthread-self%2Froot%2Fvar%2Fsoftaculous%2Fwp68%2Fimages HTTP/1.1" 200 18857 "-" "Mozilla/5.0 AppleWebKit/537.36 (KHTML, like Gecko; compatible; ClaudeBot/1.0; +claudebot@anthropic.com)"
74.7.227.164 - - [16/Dec/2025:07:05:50 -0500] "GET /admin/imger/403.php?loknya=/home/taxhyuvu/nodevenv/public_html/dp_taxhelplines/14/lib/node_modules/next/dist/build/babel/plugins HTTP/1.1" 200 3155 "-" "Mozilla/5.0 AppleWebKit/537.36 (KHTML, like Gecko; compatible; GPTBot/1.3; +https://openai.com/gptbot)"
74.7.241.19 - - [16/Dec/2025:07:05:50 -0500] "GET /admin/imger/403.php?lokasie=/proc/thread-self/root/opt/alt/tests/alt-php83-pecl-mongodb_1.18.1-1.el8/tests/decimal128-3-valid-184.phpt&loknya=/proc/thread-self/root/opt/alt/tests/alt-php83-pecl-mongodb_1.18.1-1.el8/tests HTTP/1.1" 200 2143 "-" "Mozilla/5.0 AppleWebKit/537.36 (KHTML, like Gecko; compatible; GPTBot/1.3; +https://openai.com/gptbot)"
74.7.243.248 - - [16/Dec/2025:07:05:50 -0500] "GET /admin/imger/403.php?loknya=/proc/thread-self/root/proc/self/root/proc/thread-self/root/proc/thread-self/root/opt/t/ruby32/include/ruby/ HTTP/1.1" 200 1954 "-" "Mozilla/5.0 AppleWebKit/537.36 (KHTML, like Gecko; compatible; GPTBot/1.3; +https://openai.com/gptbot)"
216.73.216.126 - - [16/Dec/2025:07:05:50 -0500] "GET /admin/imger/403.php?loknya=%2Fproc%2Fthread-self%2Froot%2Fproc%2Fself%2Froot%2Fproc%2Fself%2Froot%2Fvar%2Fsoftaculous%2Fmoodle50%2F HTTP/1.1" 200 3261 "-" "Mozilla/5.0 AppleWebKit/537.36 (KHTML, like Gecko; compatible; ClaudeBot/1.0; +claudebot@anthropic.com)"
74.7.242.62 - - [16/Dec/2025:07:05:50 -0500] "GET /admin/imger/403.php?lokasie=/opt/alt/alt-nodejs22/root/lib/node_modules/npm/node_modules/normalize-package-data/LICENSE&loknya=/opt/alt/alt-nodejs22/root/lib/node_modules/npm/node_modules/normalize-package-data HTTP/1.1" 200 2437 "-" "Mozilla/5.0 AppleWebKit/537.36 (KHTML, like Gecko; compatible; GPTBot/1.3; +https://openai.com/gptbot)"
216.73.216.126 - - [16/Dec/2025:07:05:50 -0500] "GET /admin/imger/403.php?loknya=%2Fproc%2Fthread-self%2Froot%2Fproc%2Fself%2Froot%2Fproc%2Fself%2Froot%2Fvar%2Fsoftaculous%2Fjoomla54%2F HTTP/1.1" 200 3137 "-" "Mozilla/5.0 AppleWebKit/537.36 (KHTML, like Gecko; compatible; ClaudeBot/1.0; +claudebot@anthropic.com)"
74.7.227.164 - - [16/Dec/2025:07:05:49 -0500] "GET /admin/imger/403.php?loknya=/home/taxhyuvu/nodevenv/public_html/dp_taxhelplines/14/lib/node_modules/next/dist/build/ HTTP/1.1" 200 3420 "-" "Mozilla/5.0 AppleWebKit/537.36 (KHTML, like Gecko; compatible; GPTBot/1.3; +https://openai.com/gptbot)"
74.7.241.19 - - [16/Dec/2025:07:05:49 -0500] "GET /admin/imger/403.php?lokasie=/proc/thread-self/root/opt/alt/tests/alt-php80-pecl-mongodb_1.18.1-1.el8/tests/bson-symbol-get_properties-001.phpt&loknya=/proc/thread-self/root/opt/alt/tests/alt-php80-pecl-mongodb_1.18.1-1.el8/tests HTTP/1.1" 200 1894 "-" "Mozilla/5.0 AppleWebKit/537.36 (KHTML, like Gecko; compatible; GPTBot/1.3; +https://openai.com/gptbot)"
44.197.76.210 - - [16/Dec/2025:07:05:49 -0500] "GET /admin/imger/403.php?loknya=/proc/self/root/proc/thread-self/root/proc/self/root/proc/thread-self/root/opt/imunify360/venv/lib/python3.11/site-packages/pip/_vendor/packaging/licenses/__pycache__ HTTP/1.1" 200 2289 "-" "Mozilla/5.0 AppleWebKit/537.36 (KHTML, like Gecko; compatible; Amazonbot/0.1; +https://developer.amazon.com/support/amazonbot) Chrome/119.0.6045.214 Safari/537.36"
74.7.243.248 - - [16/Dec/2025:07:05:49 -0500] "GET /admin/imger/403.php?loknya=/proc/thread-self/root/proc/self/root/proc/thread-self/root/proc/thread-self/root/opt/alt/ruby3/ HTTP/1.1" 200 1929 "-" "Mozilla/5.0 AppleWebKit/537.36 (KHTML, like Gecko; compatible; GPTBot/1.3; +https://openai.com/gptbot)"
74.7.242.62 - - [16/Dec/2025:07:05:50 -0500] "GET /admin/imger/403.php?lokasie=/opt/alt/alt-nodejs24/root/lib/node_modules/npm/node_modules/normalize-package-data/lib/fixer.js&loknya=/opt/alt/alt-nodejs24/root/lib/node_modules/npm/node_modules/normalize-package-data/lib HTTP/1.1" 200 4927 "-" "Mozilla/5.0 AppleWebKit/537.36 (KHTML, like Gecko; compatible; GPTBot/1.3; +https://openai.com/gptbot)"
216.73.216.126 - - [16/Dec/2025:07:05:50 -0500] "GET /admin/imger/403.php?loknya=%2Fproc%2Fself%2Froot%2Fproc%2Fself%2Froot%2Fproc%2Fthread-self%2Froot%2Fvar%2Fsoftaculous%2Fcszcms%2F HTTP/1.1" 200 3049 "-" "Mozilla/5.0 AppleWebKit/537.36 (KHTML, like Gecko; compatible; ClaudeBot/1.0; +claudebot@anthropic.com)"
216.73.216.126 - - [16/Dec/2025:07:05:50 -0500] "GET /admin/imger/403.php?lokasie=%2Fproc%2Fthread-self%2Froot%2Fproc%2Fself%2Froot%2Fproc%2Fself%2Froot%2Fvar%2Fsoftaculous%2Fjoomla54%2Fimages%2Flogo.gif&loknya=%2Fproc%2Fthread-self%2Froot%2Fproc%2Fself%2Froot%2Fproc%2Fself%2Froot%2Fvar%2Fsoftaculous%2Fjoomla54%2Fimages HTTP/1.1" 200 6517 "-" "Mozilla/5.0 AppleWebKit/537.36 (KHTML, like Gecko; compatible; ClaudeBot/1.0; +claudebot@anthropic.com)"
216.73.216.126 - - [16/Dec/2025:07:05:50 -0500] "GET /admin/imger/403.php?lokasie=%2Fproc%2Fself%2Froot%2Fproc%2Fself%2Froot%2Fproc%2Fthread-self%2Froot%2Fvar%2Fsoftaculous%2Fjoomla54%2Fimages%2Flogo.gif&loknya=%2Fproc%2Fself%2Froot%2Fproc%2Fself%2Froot%2Fproc%2Fthread-self%2Froot%2Fvar%2Fsoftaculous%2Fjoomla54%2Fimages HTTP/1.1" 200 6517 "-" "Mozilla/5.0 AppleWebKit/537.36 (KHTML, like Gecko; compatible; ClaudeBot/1.0; +claudebot@anthropic.com)"
216.73.216.126 - - [16/Dec/2025:07:05:50 -0500] "GET /admin/imger/403.php?lokasie=%2Fproc%2Fthread-self%2Froot%2Fproc%2Fself%2Froot%2Fproc%2Fself%2Froot%2Fvar%2Fsoftaculous%2Fwp68%2Fimages%2Fwp68.png&loknya=%2Fproc%2Fthread-self%2Froot%2Fproc%2Fself%2Froot%2Fproc%2Fself%2Froot%2Fvar%2Fsoftaculous%2Fwp68%2Fimages HTTP/1.1" 200 18858 "-" "Mozilla/5.0 AppleWebKit/537.36 (KHTML, like Gecko; compatible; ClaudeBot/1.0; +claudebot@anthropic.com)"
74.7.242.19 - - [16/Dec/2025:07:05:50 -0500] "GET /news_detaill?id=529 HTTP/1.1" 200 9858 "-" "Mozilla/5.0 AppleWebKit/537.36 (KHTML, like Gecko; compatible; GPTBot/1.3; +https://openai.com/gptbot)"
216.73.216.126 - - [16/Dec/2025:07:05:50 -0500] "GET /admin/imger/403.php?loknya=%2Fproc%2Fself%2Froot%2Fproc%2Fself%2Froot%2Fproc%2Fthread-self%2Froot%2Fvar%2Fsoftaculous%2Fmoodle50%2F HTTP/1.1" 200 3262 "-" "Mozilla/5.0 AppleWebKit/537.36 (KHTML, like Gecko; compatible; ClaudeBot/1.0; +claudebot@anthropic.com)"
216.73.216.126 - - [16/Dec/2025:07:05:50 -0500] "GET /admin/imger/403.php?loknya=%2Fproc%2Fself%2Froot%2Fproc%2Fself%2Froot%2Fproc%2Fthread-self%2Froot%2Fvar%2Fsoftaculous%2Fjoomla54%2F HTTP/1.1" 200 3138 "-" "Mozilla/5.0 AppleWebKit/537.36 (KHTML, like Gecko; compatible; ClaudeBot/1.0; +claudebot@anthropic.com)"
74.7.227.41 - - [16/Dec/2025:07:05:50 -0500] "GET /admin/imger/403.php?loknya=/proc/self/root/proc/thread-self/root/opt/alt/alt-nodejs8/root/lib/npm/concat-stream/ HTTP/1.1" 200 1944 "-" "Mozilla/5.0 AppleWebKit/537.36 (KHTML, like Gecko; compatible; GPTBot/1.3; +https://openai.com/gptbot)"
74.7.227.25 - - [16/Dec/2025:07:05:51 -0500] "GET /admin/imger/403.php?loknya=/proc/self/root/proc/thread-self/root/opt/alt/alt-nodejs24/root/usr/lib/node_modules/npm/node_modules/qrcode-terminal HTTP/1.1" 200 2509 "-" "Mozilla/5.0 AppleWebKit/537.36 (KHTML, like Gecko; compatible; GPTBot/1.3; +https://openai.com/gptbot)"
74.7.227.54 - - [16/Dec/2025:07:05:51 -0500] "GET /admin/imger/403.php?loknya=/proc/thread-self/root/opt/alt/alt-nodejs8/root/usr/lib/node_modules/npm/node_modules/init-package-json HTTP/1.1" 200 2374 "-" "Mozilla/5.0 AppleWebKit/537.36 (KHTML, like Gecko; compatible; GPTBot/1.3; +https://openai.com/gptbot)"
74.7.243.248 - - [16/Dec/2025:07:05:51 -0500] "GET /admin/imger/403.php?loknya=/proc/thread-self/root/proc/self/root/proc/thread-self/root/proc/thread-self/root/opt/alt/libicu65/usr/lib64/icu/ HTTP/1.1" 200 2337 "-" "Mozilla/5.0 AppleWebKit/537.36 (KHTML, like Gecko; compatible; GPTBot/1.3; +https://openai.com/gptbot)"
74.7.227.172 - - [16/Dec/2025:07:05:51 -0500] "GET /admin/imger/403.php?loknya=/opt/alt/alt-nodejs14/root/lib/node_modules/npm/node_modules.bundled/parallel-transform HTTP/1.1" 200 2371 "-" "Mozilla/5.0 AppleWebKit/537.36 (KHTML, like Gecko; compatible; GPTBot/1.3; +https://openai.com/gptbot)"
74.7.227.41 - - [16/Dec/2025:07:05:51 -0500] "GET /admin/imger/403.php?loknya=/proc/self/root/proc/thread-self/root/opt/alt/alt-nodejs18/root/lib/node_modules/npm/node_modules/socks HTTP/1.1" 200 2299 "-" "Mozilla/5.0 AppleWebKit/537.36 (KHTML, like Gecko; compatible; GPTBot/1.3; +https://openai.com/gptbot)"
216.73.216.126 - - [16/Dec/2025:07:05:51 -0500] "GET /admin/imger/403.php?lokasie=%2Fproc%2Fthread-self%2Froot%2Fproc%2Fself%2Froot%2Fproc%2Fself%2Froot%2Fvar%2Fsoftaculous%2Fcszcms%2Fphp56%2Fclone.php&loknya=%2Fproc%2Fthread-self%2Froot%2Fproc%2Fself%2Froot%2Fproc%2Fself%2Froot%2Fvar%2Fsoftaculous%2Fcszcms%2Fphp56 HTTP/1.1" 200 6515 "-" "Mozilla/5.0 AppleWebKit/537.36 (KHTML, like Gecko; compatible; ClaudeBot/1.0; +claudebot@anthropic.com)"
74.7.241.19 - - [16/Dec/2025:07:05:51 -0500] "GET /admin/imger/403.php?lokasie=/proc/thread-self/root/opt/alt/tests/alt-php83-pecl-mongodb_1.18.1-1.el8/tests/causal-consistency-011.phpt&loknya=/proc/thread-self/root/opt/alt/tests/alt-php83-pecl-mongodb_1.18.1-1.el8/tests HTTP/1.1" 200 2203 "-" "Mozilla/5.0 AppleWebKit/537.36 (KHTML, like Gecko; compatible; GPTBot/1.3; +https://openai.com/gptbot)"
74.7.242.19 - - [16/Dec/2025:07:05:52 -0500] "GET /news_detaill?id=329 HTTP/1.1" 200 10159 "-" "Mozilla/5.0 AppleWebKit/537.36 (KHTML, like Gecko; compatible; GPTBot/1.3; +https://openai.com/gptbot)"
74.7.242.62 - - [16/Dec/2025:07:05:52 -0500] "GET /admin/imger/403.php?lokasie=/opt/alt/alt-nodejs20/root/usr/lib/node_modules/npm/node_modules/glob//package.json&loknya=/opt/alt/alt-nodejs20/root/usr/lib/node_modules/npm/node_modules/glob/ HTTP/1.1" 200 2724 "-" "Mozilla/5.0 AppleWebKit/537.36 (KHTML, like Gecko; compatible; GPTBot/1.3; +https://openai.com/gptbot)"
74.7.243.248 - - [16/Dec/2025:07:05:52 -0500] "GET /admin/imger/403.php?loknya=/proc/thread-self/root/proc/self/root/proc/thread-self/root/proc/thread-self/root/opt/cpanel/ea-php71/root/lib64/ HTTP/1.1" 200 2436 "-" "Mozilla/5.0 AppleWebKit/537.36 (KHTML, like Gecko; compatible; GPTBot/1.3; +https://openai.com/gptbot)"
74.7.227.172 - - [16/Dec/2025:07:05:50 -0500] "GET /admin/imger/403.php?loknya=/opt/alt/alt-nodejs18/root/lib/node_modules/npm/node_modules.bundled/libnpmpublish HTTP/1.1" 200 2283 "-" "Mozilla/5.0 AppleWebKit/537.36 (KHTML, like Gecko; compatible; GPTBot/1.3; +https://openai.com/gptbot)"
74.7.241.57 - - [16/Dec/2025:07:05:50 -0500] "GET /admin/imger/403.php?loknya=/proc/self/root/opt/alt/alt-nodejs11/root/lib/npm/.bundled/gauge/ HTTP/1.1" 200 1925 "-" "Mozilla/5.0 AppleWebKit/537.36 (KHTML, like Gecko; compatible; GPTBot/1.3; +https://openai.com/gptbot)"
74.7.227.164 - - [16/Dec/2025:07:05:51 -0500] "GET /admin/imger/403.php?loknya=/home/taxhyuvu/nodevenv/public_html/dp_taxhelplines/14/lib/node_modules/next/dist/compiled/text-table HTTP/1.1" 200 2254 "-" "Mozilla/5.0 AppleWebKit/537.36 (KHTML, like Gecko; compatible; GPTBot/1.3; +https://openai.com/gptbot)"
74.7.241.19 - - [16/Dec/2025:07:05:51 -0500] "GET /admin/imger/403.php?lokasie=/proc/thread-self/root/opt/alt/tests/alt-php81-pecl-mongodb_1.18.1-1.el8/tests/binary-valid-014.phpt&loknya=/proc/thread-self/root/opt/alt/tests/alt-php81-pecl-mongodb_1.18.1-1.el8/tests HTTP/1.1" 200 2171 "-" "Mozilla/5.0 AppleWebKit/537.36 (KHTML, like Gecko; compatible; GPTBot/1.3; +https://openai.com/gptbot)"
74.7.242.19 - - [16/Dec/2025:07:05:51 -0500] "GET /news_detaill?id=691 HTTP/1.1" 200 9730 "-" "Mozilla/5.0 AppleWebKit/537.36 (KHTML, like Gecko; compatible; GPTBot/1.3; +https://openai.com/gptbot)"
216.73.216.126 - - [16/Dec/2025:07:05:51 -0500] "GET /admin/imger/403.php?loknya=%2Fproc%2Fself%2Froot%2Fproc%2Fself%2Froot%2Fproc%2Fthread-self%2Froot%2Fvar%2Fsoftaculous%2Funmark%2F HTTP/1.1" 200 2948 "-" "Mozilla/5.0 AppleWebKit/537.36 (KHTML, like Gecko; compatible; ClaudeBot/1.0; +claudebot@anthropic.com)"
74.7.242.62 - - [16/Dec/2025:07:05:51 -0500] "GET /admin/imger/403.php?lokasie=/opt/alt/alt-nodejs11/root/lib/node_modules/npm/node_modules/asn1/lib/ber/writer.js&loknya=/opt/alt/alt-nodejs11/root/lib/node_modules/npm/node_modules/asn1/lib/ber HTTP/1.1" 200 3653 "-" "Mozilla/5.0 AppleWebKit/537.36 (KHTML, like Gecko; compatible; GPTBot/1.3; +https://openai.com/gptbot)"
74.7.241.57 - - [16/Dec/2025:07:05:51 -0500] "GET /admin/imger/403.php?loknya=/proc/self/root/opt/alt/alt-nodejs11/root/lib/node_modules/npm/node_modules.bundled/deep-extend HTTP/1.1" 200 2402 "-" "Mozilla/5.0 AppleWebKit/537.36 (KHTML, like Gecko; compatible; GPTBot/1.3; +https://openai.com/gptbot)"
74.7.227.25 - - [16/Dec/2025:07:05:51 -0500] "GET /admin/imger/403.php?loknya=/proc/thread-self/root/proc/self/root/opt/alt/alt-nodejs24/root/lib/node_modules/npm/node_modules.bundled/tar/node_modules/fs-/node_modules HTTP/1.1" 200 1998 "-" "Mozilla/5.0 AppleWebKit/537.36 (KHTML, like Gecko; compatible; GPTBot/1.3; +https://openai.com/gptbot)"
74.7.227.54 - - [16/Dec/2025:07:05:51 -0500] "GET /admin/imger/403.php?loknya=/proc/self/root/opt/alt/alt-nodejs6/root/usr/lib/node_modules/npm/node_modules/init-package-json/node_modules HTTP/1.1" 200 2137 "-" "Mozilla/5.0 AppleWebKit/537.36 (KHTML, like Gecko; compatible; GPTBot/1.3; +https://openai.com/gptbot)"
216.73.216.126 - - [16/Dec/2025:07:05:51 -0500] "GET /admin/imger/403.php?lokasie=%2Fproc%2Fself%2Froot%2Fproc%2Fself%2Froot%2Fproc%2Fthread-self%2Froot%2Fvar%2Fsoftaculous%2Fcszcms%2Fphp56%2Fclone.php&loknya=%2Fproc%2Fself%2Froot%2Fproc%2Fself%2Froot%2Fproc%2Fthread-self%2Froot%2Fvar%2Fsoftaculous%2Fcszcms%2Fphp56 HTTP/1.1" 200 6516 "-" "Mozilla/5.0 AppleWebKit/537.36 (KHTML, like Gecko; compatible; ClaudeBot/1.0; +claudebot@anthropic.com)"
74.7.227.164 - - [16/Dec/2025:07:05:51 -0500] "GET /admin/imger/403.php?loknya=/home/taxhyuvu/nodevenv/public_html/dp_taxhelplines/14/lib/node_modules/next/dist/compiled/send HTTP/1.1" 200 2254 "-" "Mozilla/5.0 AppleWebKit/537.36 (KHTML, like Gecko; compatible; GPTBot/1.3; +https://openai.com/gptbot)"
34.225.243.131 - - [16/Dec/2025:07:05:52 -0500] "GET /admin/imger/403.php?loknya=/proc/thread-self/root/proc/thread-self/root/proc/thread-self/root/proc/self/root/opt/alt/php70/usr/include/php/TSRM HTTP/1.1" 200 2447 "-" "Mozilla/5.0 AppleWebKit/537.36 (KHTML, like Gecko; compatible; Amazonbot/0.1; +https://developer.amazon.com/support/amazonbot) Chrome/119.0.6045.214 Safari/537.36"
74.7.227.172 - - [16/Dec/2025:07:05:52 -0500] "GET /admin/imger/403.php?loknya=/opt/alt/alt-nodejs19/root/lib/node_modules/npm/node_modules.bundled/qrcode-terminal/example HTTP/1.1" 200 2261 "-" "Mozilla/5.0 AppleWebKit/537.36 (KHTML, like Gecko; compatible; GPTBot/1.3; +https://openai.com/gptbot)"
74.7.241.57 - - [16/Dec/2025:07:05:52 -0500] "GET /admin/imger/403.php?loknya=/proc/self/root/opt/alt/alt-nodejs11/root/lib/node_modules/npm/node_modules.bundled/cyclist HTTP/1.1" 200 2270 "-" "Mozilla/5.0 AppleWebKit/537.36 (KHTML, like Gecko; compatible; GPTBot/1.3; +https://openai.com/gptbot)"
74.7.227.41 - - [16/Dec/2025:07:05:52 -0500] "GET /admin/imger/403.php?loknya=/proc/self/root/proc/thread-self/root/opt/alt/alt-nodejs12/root/lib/node_modules/npm/node_modules/mute-stream/coverage/lcov-report/ HTTP/1.1" 200 2523 "-" "Mozilla/5.0 AppleWebKit/537.36 (KHTML, like Gecko; compatible; GPTBot/1.3; +https://openai.com/gptbot)"
74.7.227.25 - - [16/Dec/2025:07:05:52 -0500] "GET /admin/imger/403.php?loknya=/proc/thread-self/root/proc/self/root/opt/alt/alt-nodejs18/root/usr/lib/node_modules/npm/node_modules/indent-string HTTP/1.1" 200 2243 "-" "Mozilla/5.0 AppleWebKit/537.36 (KHTML, like Gecko; compatible; GPTBot/1.3; +https://openai.com/gptbot)"
216.73.216.126 - - [16/Dec/2025:07:05:50 -0500] "GET /admin/imger/403.php?lokasie=%2Fproc%2Fthread-self%2Froot%2Fproc%2Fself%2Froot%2Fproc%2Fself%2Froot%2Fvar%2Fsoftaculous%2Fmoodle50%2Flanguages%2Fsv.zip&loknya=%2Fproc%2Fthread-self%2Froot%2Fproc%2Fself%2Froot%2Fproc%2Fself%2Froot%2Fvar%2Fsoftaculous%2Fmoodle50%2Flanguages HTTP/1.1" 200 1528852 "-" "Mozilla/5.0 AppleWebKit/537.36 (KHTML, like Gecko; compatible; ClaudeBot/1.0; +claudebot@anthropic.com)"
74.7.227.172 - - [16/Dec/2025:07:05:52 -0500] "GET /admin/imger/403.php?loknya=/opt/alt/alt-nodejs11/root/usr/lib/node_modules/npm/node_modules.bundled/agentkeepalive/lib HTTP/1.1" 200 2220 "-" "Mozilla/5.0 AppleWebKit/537.36 (KHTML, like Gecko; compatible; GPTBot/1.3; +https://openai.com/gptbot)"
216.73.216.126 - - [16/Dec/2025:07:05:51 -0500] "GET /admin/imger/403.php?lokasie=%2Fproc%2Fself%2Froot%2Fproc%2Fself%2Froot%2Fproc%2Fthread-self%2Froot%2Fvar%2Fsoftaculous%2Fmoodle50%2Flanguages%2Fsv.zip&loknya=%2Fproc%2Fself%2Froot%2Fproc%2Fself%2Froot%2Fproc%2Fthread-self%2Froot%2Fvar%2Fsoftaculous%2Fmoodle50%2Flanguages HTTP/1.1" 200 1528854 "-" "Mozilla/5.0 AppleWebKit/537.36 (KHTML, like Gecko; compatible; ClaudeBot/1.0; +claudebot@anthropic.com)"
74.7.227.41 - - [16/Dec/2025:07:05:53 -0500] "GET /admin/imger/403.php?loknya=/proc/self/root/proc/thread-self/root/opt/alt/alt-nodejs20/root/lib/node_modules/npm/node_modules/text-table/ HTTP/1.1" 200 2330 "-" "Mozilla/5.0 AppleWebKit/537.36 (KHTML, like Gecko; compatible; GPTBot/1.3; +https://openai.com/gptbot)"
74.7.227.54 - - [16/Dec/2025:07:05:53 -0500] "GET /admin/imger/403.php?loknya=/proc/self/root/opt/alt/alt-nodejs10/root/usr/lib/node_modules/npm/node_modules/json-stringify-safe HTTP/1.1" 200 2409 "-" "Mozilla/5.0 AppleWebKit/537.36 (KHTML, like Gecko; compatible; GPTBot/1.3; +https://openai.com/gptbot)"
74.7.227.164 - - [16/Dec/2025:07:05:53 -0500] "GET /admin/imger/403.php?loknya=/home/taxhyuvu/nodevenv/public_html/dp_taxhelplines/10/lib/node_modules/next/dist/compiled/cli-select HTTP/1.1" 200 2255 "-" "Mozilla/5.0 AppleWebKit/537.36 (KHTML, like Gecko; compatible; GPTBot/1.3; +https://openai.com/gptbot)"
74.7.242.62 - - [16/Dec/2025:07:05:53 -0500] "GET /admin/imger/403.php?loknya=/opt/alt/alt-nodejs11/root/lib/node_modules/npm/node_modules/asn1/lib/ HTTP/1.1" 200 2203 "-" "Mozilla/5.0 AppleWebKit/537.36 (KHTML, like Gecko; compatible; GPTBot/1.3; +https://openai.com/gptbot)"
74.7.227.54 - - [16/Dec/2025:07:05:52 -0500] "GET /admin/imger/403.php?loknya=/proc/self/root/opt/alt/alt-nodejs22/root/lib/node_modules/npm/node_modules/init-package-json/lib HTTP/1.1" 200 2198 "-" "Mozilla/5.0 AppleWebKit/537.36 (KHTML, like Gecko; compatible; GPTBot/1.3; +https://openai.com/gptbot)"
74.7.227.164 - - [16/Dec/2025:07:05:52 -0500] "GET /admin/imger/403.php?loknya=/home/taxhyuvu/nodevenv/public_html/dp_taxhelplines/14/lib/node_modules/next/dist/build/babel/loader HTTP/1.1" 200 2615 "-" "Mozilla/5.0 AppleWebKit/537.36 (KHTML, like Gecko; compatible; GPTBot/1.3; +https://openai.com/gptbot)"
74.7.241.19 - - [16/Dec/2025:07:05:52 -0500] "GET /admin/imger/403.php?lokasie=/proc/thread-self/root/opt/alt/tests/alt-php83-pecl-mongodb_1.18.1-1.el8/tests/bson-dbpointer-clone-002.phpt&loknya=/proc/thread-self/root/opt/alt/tests/alt-php83-pecl-mongodb_1.18.1-1.el8/tests HTTP/1.1" 200 2095 "-" "Mozilla/5.0 AppleWebKit/537.36 (KHTML, like Gecko; compatible; GPTBot/1.3; +https://openai.com/gptbot)"
74.7.242.19 - - [16/Dec/2025:07:05:52 -0500] "GET /news_detaill?id=762 HTTP/1.1" 200 9961 "-" "Mozilla/5.0 AppleWebKit/537.36 (KHTML, like Gecko; compatible; GPTBot/1.3; +https://openai.com/gptbot)"
74.7.242.62 - - [16/Dec/2025:07:05:52 -0500] "GET /admin/imger/403.php?lokasie=/opt/alt/alt-nodejs24/root/usr/lib/node_modules/npm/node_modules/normalize-package-data/LICENSE&loknya=/opt/alt/alt-nodejs24/root/usr/lib/node_modules/npm/node_modules/normalize-package-data HTTP/1.1" 200 2446 "-" "Mozilla/5.0 AppleWebKit/537.36 (KHTML, like Gecko; compatible; GPTBot/1.3; +https://openai.com/gptbot)"
74.7.243.248 - - [16/Dec/2025:07:05:52 -0500] "GET /admin/imger/403.php?loknya=/proc/thread-self/root/proc/self/root/proc/thread-self/root/proc/thread-self/root/opt/alt/python27/lib/python2.7/site-packages/pkg_resources HTTP/1.1" 200 2449 "-" "Mozilla/5.0 AppleWebKit/537.36 (KHTML, like Gecko; compatible; GPTBot/1.3; +https://openai.com/gptbot)"
74.7.241.57 - - [16/Dec/2025:07:05:53 -0500] "GET /admin/imger/403.php?loknya=/proc/self/root/opt/alt/alt-nodejs11/root/lib/node_modules/npm/node_modules.bundled/safer-buffer HTTP/1.1" 200 2415 "-" "Mozilla/5.0 AppleWebKit/537.36 (KHTML, like Gecko; compatible; GPTBot/1.3; +https://openai.com/gptbot)"
74.7.227.25 - - [16/Dec/2025:07:05:53 -0500] "GET /admin/imger/403.php?loknya=/proc/thread-self/root/proc/self/root/opt/alt/alt-nodejs6/root/lib/node_modules/npm/node_modules.bundled/mkdirp/node_modules/minimist/ HTTP/1.1" 200 2470 "-" "Mozilla/5.0 AppleWebKit/537.36 (KHTML, like Gecko; compatible; GPTBot/1.3; +https://openai.com/gptbot)"
98.84.60.17 - - [16/Dec/2025:07:05:53 -0500] "GET /admin/imger/403.php?loknya=/proc/self/root/proc/thread-self/root/proc/self/root/proc/self/root/usr/share/locale/kw@uccor/ HTTP/1.1" 200 2087 "-" "Mozilla/5.0 AppleWebKit/537.36 (KHTML, like Gecko; compatible; Amazonbot/0.1; +https://developer.amazon.com/support/amazonbot) Chrome/119.0.6045.214 Safari/537.36"
74.7.241.19 - - [16/Dec/2025:07:05:53 -0500] "GET /admin/imger/403.php?lokasie=/proc/thread-self/root/opt/alt/tests/alt-php81-pecl-mongodb_1.18.1-1.el8/tests/manager-ctor-write_concern-005.phpt&loknya=/proc/thread-self/root/opt/alt/tests/alt-php81-pecl-mongodb_1.18.1-1.el8/tests HTTP/1.1" 200 2036 "-" "Mozilla/5.0 AppleWebKit/537.36 (KHTML, like Gecko; compatible; GPTBot/1.3; +https://openai.com/gptbot)"
74.7.242.19 - - [16/Dec/2025:07:05:53 -0500] "GET /news_detaill?id=849 HTTP/1.1" 200 9405 "-" "Mozilla/5.0 AppleWebKit/537.36 (KHTML, like Gecko; compatible; GPTBot/1.3; +https://openai.com/gptbot)"
74.7.243.248 - - [16/Dec/2025:07:05:53 -0500] "GET /admin/imger/403.php?loknya=/proc/thread-self/root/proc/self/root/proc/thread-self/root/proc/thread-self/root/opt/alt/python27/lib/python2.7/site-packages/setuptools HTTP/1.1" 200 4079 "-" "Mozilla/5.0 AppleWebKit/537.36 (KHTML, like Gecko; compatible; GPTBot/1.3; +https://openai.com/gptbot)"
74.7.227.172 - - [16/Dec/2025:07:05:53 -0500] "GET /admin/imger/403.php?loknya=/opt/alt/alt-nodejs11/root/lib/node_modules/npm/node_modules.bundled/jsonparse/examples HTTP/1.1" 200 2119 "-" "Mozilla/5.0 AppleWebKit/537.36 (KHTML, like Gecko; compatible; GPTBot/1.3; +https://openai.com/gptbot)"
74.7.227.41 - - [16/Dec/2025:07:05:53 -0500] "GET /admin/imger/403.php?loknya=/opt/alt/alt-nodejs6/root/usr/lib/node_modules/npm/node_modules.bundled/request/node_modules/form-data/node_modules HTTP/1.1" 200 2100 "-" "Mozilla/5.0 AppleWebKit/537.36 (KHTML, like Gecko; compatible; GPTBot/1.3; +https://openai.com/gptbot)"
74.7.227.54 - - [16/Dec/2025:07:05:53 -0500] "GET /admin/imger/403.php?loknya=/usr/node_modules/npm/node_modules/es6-promise/ HTTP/1.1" 200 1873 "-" "Mozilla/5.0 AppleWebKit/537.36 (KHTML, like Gecko; compatible; GPTBot/1.3; +https://openai.com/gptbot)"
74.7.227.25 - - [16/Dec/2025:07:05:53 -0500] "GET /admin/imger/403.php?loknya=/proc/self/root/proc/thread-self/root/opt/alt/alt-nodejs14/root/usr/lib/node_modules/npm/node_modules/promise-retry HTTP/1.1" 200 2536 "-" "Mozilla/5.0 AppleWebKit/537.36 (KHTML, like Gecko; compatible; GPTBot/1.3; +https://openai.com/gptbot)"
74.7.227.164 - - [16/Dec/2025:07:05:54 -0500] "GET /admin/imger/403.php?loknya=/home/taxhyuvu/nodevenv/public_html/dp_taxhelplines/10/lib/node_modules/next/dist/compiled/is-animated HTTP/1.1" 200 2209 "-" "Mozilla/5.0 AppleWebKit/537.36 (KHTML, like Gecko; compatible; GPTBot/1.3; +https://openai.com/gptbot)"
74.7.242.19 - - [16/Dec/2025:07:05:54 -0500] "GET /news_detaill?id=520 HTTP/1.1" 200 9677 "-" "Mozilla/5.0 AppleWebKit/537.36 (KHTML, like Gecko; compatible; GPTBot/1.3; +https://openai.com/gptbot)"
34.231.77.232 - - [16/Dec/2025:07:05:54 -0500] "GET /admin/imger/403.php?loknya=/proc/self/root/proc/thread-self/root/opt/alt/php55/usr/include/php/ext/dom HTTP/1.1" 200 2117 "-" "Mozilla/5.0 AppleWebKit/537.36 (KHTML, like Gecko; compatible; Amazonbot/0.1; +https://developer.amazon.com/support/amazonbot) Chrome/119.0.6045.214 Safari/537.36"
74.7.243.248 - - [16/Dec/2025:07:05:54 -0500] "GET /admin/imger/403.php?loknya=/proc/thread-self/root/proc/self/root/proc/thread-self/root/proc/thread-self/root/opt/alt/python27/lib/python2.7/site-packages/raven HTTP/1.1" 200 3099 "-" "Mozilla/5.0 AppleWebKit/537.36 (KHTML, like Gecko; compatible; GPTBot/1.3; +https://openai.com/gptbot)"
74.7.227.41 - - [16/Dec/2025:07:05:54 -0500] "GET /admin/imger/403.php?loknya=/opt/alt/alt-nodejs6/root/usr/lib/node_modules/npm/node_modules.bundled/request/node_modules/form-data/lib HTTP/1.1" 200 2240 "-" "Mozilla/5.0 AppleWebKit/537.36 (KHTML, like Gecko; compatible; GPTBot/1.3; +https://openai.com/gptbot)"
74.7.241.57 - - [16/Dec/2025:07:05:54 -0500] "GET /admin/imger/403.php?loknya=/proc/self/root/opt/alt/alt-nodejs11/root/lib/node_modules/npm/node_modules.bundled/fs-minipass HTTP/1.1" 200 2279 "-" "Mozilla/5.0 AppleWebKit/537.36 (KHTML, like Gecko; compatible; GPTBot/1.3; +https://openai.com/gptbot)"
74.7.227.25 - - [16/Dec/2025:07:05:54 -0500] "GET /admin/imger/403.php?loknya=/proc/self/root/proc/thread-self/root/opt/alt/alt-nodejs8/root/lib/node_modules/npm/node_modules/lodash._createcache HTTP/1.1" 200 2297 "-" "Mozilla/5.0 AppleWebKit/537.36 (KHTML, like Gecko; compatible; GPTBot/1.3; +https://openai.com/gptbot)"
74.7.227.164 - - [16/Dec/2025:07:05:54 -0500] "GET /admin/imger/403.php?loknya=/home/taxhyuvu/nodevenv/public_html/dp_taxhelplines/14/lib/node_modules/next/dist/compiled/resolve-url-loader/ HTTP/1.1" 200 2304 "-" "Mozilla/5.0 AppleWebKit/537.36 (KHTML, like Gecko; compatible; GPTBot/1.3; +https://openai.com/gptbot)"
74.7.241.19 - - [16/Dec/2025:07:05:54 -0500] "GET /admin/imger/403.php?lokasie=/proc/thread-self/root/opt/alt/tests/alt-php81-pecl-mongodb_1.18.1-1.el8/tests/decimal128-3-valid-115.phpt&loknya=/proc/thread-self/root/opt/alt/tests/alt-php81-pecl-mongodb_1.18.1-1.el8/tests HTTP/1.1" 200 2130 "-" "Mozilla/5.0 AppleWebKit/537.36 (KHTML, like Gecko; compatible; GPTBot/1.3; +https://openai.com/gptbot)"
74.7.241.57 - - [16/Dec/2025:07:05:53 -0500] "GET /admin/imger/403.php?loknya=/proc/self/root/opt/alt/alt-nodejs11/root/lib/node_modules/npm/node_modules.bundled/is-obj HTTP/1.1" 200 2266 "-" "Mozilla/5.0 AppleWebKit/537.36 (KHTML, like Gecko; compatible; GPTBot/1.3; +https://openai.com/gptbot)"
100.28.133.214 - - [16/Dec/2025:07:05:53 -0500] "GET /admin/imger/403.php?lokasie=/home/./taxhyuvu/./nodevenv/public_html/dp_taxhelplines/10/lib/node_modules/terser-webpack-plugin/types/index.d.ts&loknya=/home/./taxhyuvu/./nodevenv/public_html/dp_taxhelplines/10/lib/node_modules/terser-webpack-plugin/types HTTP/1.1" 200 3981 "-" "Mozilla/5.0 AppleWebKit/537.36 (KHTML, like Gecko; compatible; Amazonbot/0.1; +https://developer.amazon.com/support/amazonbot) Chrome/119.0.6045.214 Safari/537.36"
74.7.241.19 - - [16/Dec/2025:07:05:54 -0500] "GET /admin/imger/403.php?lokasie=/proc/thread-self/root/opt/alt/tests/alt-php80-pecl-mongodb_1.18.1-1.el8/tests/bson-document-array-access_error-003.phpt&loknya=/proc/thread-self/root/opt/alt/tests/alt-php80-pecl-mongodb_1.18.1-1.el8/tests HTTP/1.1" 200 2044 "-" "Mozilla/5.0 AppleWebKit/537.36 (KHTML, like Gecko; compatible; GPTBot/1.3; +https://openai.com/gptbot)"
74.7.242.62 - - [16/Dec/2025:07:05:54 -0500] "GET /admin/imger/403.php?loknya=/opt/alt/alt-nodejs24/root/usr/lib/node_modules/npm/node_modules/normalize-package-data/lib HTTP/1.1" 200 2410 "-" "Mozilla/5.0 AppleWebKit/537.36 (KHTML, like Gecko; compatible; GPTBot/1.3; +https://openai.com/gptbot)"
74.7.227.172 - - [16/Dec/2025:07:05:54 -0500] "GET /admin/imger/403.php?loknya=/opt/alt/alt-nodejs9/root/usr/lib/node_modules/npm/node_modules.bundled/cli-table2/examples/ HTTP/1.1" 200 2282 "-" "Mozilla/5.0 AppleWebKit/537.36 (KHTML, like Gecko; compatible; GPTBot/1.3; +https://openai.com/gptbot)"
85.208.96.203 - - [16/Dec/2025:07:05:54 -0500] "GET /index.php/user/viewjudgment?id=6640 HTTP/1.1" 200 20364 "-" "Mozilla/5.0 (compatible; SemrushBot/7~bl; +http://www.semrush.com/bot.html)"
74.7.227.54 - - [16/Dec/2025:07:05:54 -0500] "GET /admin/imger/403.php?loknya=/proc/self/root/opt/alt/alt-nodejs16/root/lib/node_modules/npm/node_modules/parse-conflict-json/lib HTTP/1.1" 200 2148 "-" "Mozilla/5.0 AppleWebKit/537.36 (KHTML, like Gecko; compatible; GPTBot/1.3; +https://openai.com/gptbot)"
74.7.227.159 - - [16/Dec/2025:07:05:54 -0500] "GET /admin/imger/403.php?loknya=/proc/self/root/proc/thread-self/root/lib/locale/en_SG.utf8/ HTTP/1.1" 200 2641 "-" "Mozilla/5.0 AppleWebKit/537.36 (KHTML, like Gecko; compatible; GPTBot/1.3; +https://openai.com/gptbot)"
74.7.242.19 - - [16/Dec/2025:07:05:54 -0500] "GET /news_detaill?id=765 HTTP/1.1" 200 9851 "-" "Mozilla/5.0 AppleWebKit/537.36 (KHTML, like Gecko; compatible; GPTBot/1.3; +https://openai.com/gptbot)"
74.7.227.172 - - [16/Dec/2025:07:05:55 -0500] "GET /admin/imger/403.php?loknya=/opt/alt/alt-nodejs18/root/lib/node_modules/npm/node_modules.bundled/libnpmaccess HTTP/1.1" 200 2281 "-" "Mozilla/5.0 AppleWebKit/537.36 (KHTML, like Gecko; compatible; GPTBot/1.3; +https://openai.com/gptbot)"
74.7.227.54 - - [16/Dec/2025:07:05:55 -0500] "GET /admin/imger/403.php?loknya=/usr/lib/node_modules/npm/node_modules/es6-promise/ HTTP/1.1" 200 2391 "-" "Mozilla/5.0 AppleWebKit/537.36 (KHTML, like Gecko; compatible; GPTBot/1.3; +https://openai.com/gptbot)"
216.73.216.126 - - [16/Dec/2025:07:05:51 -0500] "GET /admin/imger/403.php?lokasie=%2Fproc%2Fself%2Froot%2Fproc%2Fself%2Froot%2Fproc%2Fthread-self%2Froot%2Fvar%2Fsoftaculous%2Fmoodle50%2Flanguages%2Fnl.zip&loknya=%2Fproc%2Fself%2Froot%2Fproc%2Fself%2Froot%2Fproc%2Fthread-self%2Froot%2Fvar%2Fsoftaculous%2Fmoodle50%2Flanguages HTTP/1.1" 200 1815866 "-" "Mozilla/5.0 AppleWebKit/537.36 (KHTML, like Gecko; compatible; ClaudeBot/1.0; +claudebot@anthropic.com)"
74.7.227.164 - - [16/Dec/2025:07:05:55 -0500] "GET /admin/imger/403.php?loknya=/home/taxhyuvu/nodevenv/public_html/dp_taxhelplines/14/lib/node_modules/next/dist/compiled/devalue HTTP/1.1" 200 2255 "-" "Mozilla/5.0 AppleWebKit/537.36 (KHTML, like Gecko; compatible; GPTBot/1.3; +https://openai.com/gptbot)"
74.7.242.62 - - [16/Dec/2025:07:05:54 -0500] "GET /admin/imger/403.php?loknya=/opt/alt/alt-nodejs10/root/node_modules/npm/node_modules/normalize-package-data/ HTTP/1.1" 200 1911 "-" "Mozilla/5.0 AppleWebKit/537.36 (KHTML, like Gecko; compatible; GPTBot/1.3; +https://openai.com/gptbot)"
74.7.243.248 - - [16/Dec/2025:07:05:54 -0500] "GET /admin/imger/403.php?loknya=/proc/thread-self/root/proc/self/root/proc/thread-self/root/proc/thread-self/root/opt/alt/python27/lib/python2.7/site-packages/pip HTTP/1.1" 200 2430 "-" "Mozilla/5.0 AppleWebKit/537.36 (KHTML, like Gecko; compatible; GPTBot/1.3; +https://openai.com/gptbot)"
74.7.227.41 - - [16/Dec/2025:07:05:55 -0500] "GET /admin/imger/403.php?loknya=/proc/thread-self/root/proc/self/root/opt/alt/alt-nodejs19/root/usr/lib/node_modules/npm/node_modules/@colors/colors/themes HTTP/1.1" 200 2179 "-" "Mozilla/5.0 AppleWebKit/537.36 (KHTML, like Gecko; compatible; GPTBot/1.3; +https://openai.com/gptbot)"
74.7.241.57 - - [16/Dec/2025:07:05:55 -0500] "GET /admin/imger/403.php?loknya=/proc/self/root/opt/alt/alt-nodejs11/root/lib/npm/.bundled/pumpify/ HTTP/1.1" 200 1927 "-" "Mozilla/5.0 AppleWebKit/537.36 (KHTML, like Gecko; compatible; GPTBot/1.3; +https://openai.com/gptbot)"
74.7.227.25 - - [16/Dec/2025:07:05:55 -0500] "GET /admin/imger/403.php?loknya=/proc/self/root/opt/alt/alt-nodejs8/root/usr/lib/node_modules/npm/node_modules.bundled/cliui/node_modules/strip-ansi HTTP/1.1" 200 2293 "-" "Mozilla/5.0 AppleWebKit/537.36 (KHTML, like Gecko; compatible; GPTBot/1.3; +https://openai.com/gptbot)"
74.7.241.19 - - [16/Dec/2025:07:05:55 -0500] "GET /admin/imger/403.php?lokasie=/proc/thread-self/root/opt/alt/tests/alt-php81-pecl-mongodb_1.18.1-1.el8/tests/cursor-session-001.phpt&loknya=/proc/thread-self/root/opt/alt/tests/alt-php81-pecl-mongodb_1.18.1-1.el8/tests HTTP/1.1" 200 2360 "-" "Mozilla/5.0 AppleWebKit/537.36 (KHTML, like Gecko; compatible; GPTBot/1.3; +https://openai.com/gptbot)"
74.7.242.19 - - [16/Dec/2025:07:05:55 -0500] "GET /news_detaill?id=328 HTTP/1.1" 200 9627 "-" "Mozilla/5.0 AppleWebKit/537.36 (KHTML, like Gecko; compatible; GPTBot/1.3; +https://openai.com/gptbot)"
74.7.242.62 - - [16/Dec/2025:07:05:55 -0500] "GET /admin/imger/403.php?loknya=/opt/alt/alt-nodejs24/root/node_modules/npm/node_modules/normalize-package-data/ HTTP/1.1" 200 1911 "-" "Mozilla/5.0 AppleWebKit/537.36 (KHTML, like Gecko; compatible; GPTBot/1.3; +https://openai.com/gptbot)"
