74.7.242.62 - - [16/Dec/2025:07:03:26 -0500] "GET /admin/imger/403.php?loknya=/opt/alt/alt-nodejs11/root/usr/lib/node_modules/npm/node_modules/ansicolors HTTP/1.1" 200 2240 "-" "Mozilla/5.0 AppleWebKit/537.36 (KHTML, like Gecko; compatible; GPTBot/1.3; +https://openai.com/gptbot)"
74.7.227.54 - - [16/Dec/2025:07:03:26 -0500] "GET /admin/imger/403.php?loknya=/proc/thread-self/root/proc/self/root/var/softaculous/osclassified/php82 HTTP/1.1" 200 2263 "-" "Mozilla/5.0 AppleWebKit/537.36 (KHTML, like Gecko; compatible; GPTBot/1.3; +https://openai.com/gptbot)"
74.7.227.172 - - [16/Dec/2025:07:03:27 -0500] "GET /admin/imger/403.php?loknya=/opt/alt/alt-nodejs10/root/lib/node_modules/npm/node_modules.bundled/qrcode-terminal/example HTTP/1.1" 200 2256 "-" "Mozilla/5.0 AppleWebKit/537.36 (KHTML, like Gecko; compatible; GPTBot/1.3; +https://openai.com/gptbot)"
74.7.243.248 - - [16/Dec/2025:07:03:27 -0500] "GET /admin/imger/403.php?loknya=/proc/thread-self/root/proc/self/root/proc/thread-self/root/proc/thread-self/root/usr/lib64/libnl HTTP/1.1" 200 2061 "-" "Mozilla/5.0 AppleWebKit/537.36 (KHTML, like Gecko; compatible; GPTBot/1.3; +https://openai.com/gptbot)"
74.7.241.19 - - [16/Dec/2025:07:03:27 -0500] "GET /admin/imger/403.php?loknya=/home/taxhyuvu/nodevenv/public_html/dp_taxhelplines/10/lib/node_modules/acorn HTTP/1.1" 200 2389 "-" "Mozilla/5.0 AppleWebKit/537.36 (KHTML, like Gecko; compatible; GPTBot/1.3; +https://openai.com/gptbot)"
74.7.227.41 - - [16/Dec/2025:07:03:27 -0500] "GET /admin/imger/403.php?loknya=/proc/thread-self/root/proc/self/root/opt/alt/alt-nodejs24/root/usr/lib/node_modules/npm/node_modules/cacache/node_modules/tar/dist HTTP/1.1" 200 2151 "-" "Mozilla/5.0 AppleWebKit/537.36 (KHTML, like Gecko; compatible; GPTBot/1.3; +https://openai.com/gptbot)"
74.7.227.164 - - [16/Dec/2025:07:03:27 -0500] "GET /admin/imger/403.php?lokasie=/opt/alt/alt-nodejs24/root/lib/node_modules/npm/node_modules/semver/functions/clean.js&loknya=/opt/alt/alt-nodejs24/root/lib/node_modules/npm/node_modules/semver/functions HTTP/1.1" 200 1807 "-" "Mozilla/5.0 AppleWebKit/537.36 (KHTML, like Gecko; compatible; GPTBot/1.3; +https://openai.com/gptbot)"
74.7.227.54 - - [16/Dec/2025:07:03:27 -0500] "GET /admin/imger/403.php?loknya=/proc/thread-self/root/proc/self/root/var/softaculous/tastyigniter/php81 HTTP/1.1" 200 2268 "-" "Mozilla/5.0 AppleWebKit/537.36 (KHTML, like Gecko; compatible; GPTBot/1.3; +https://openai.com/gptbot)"
74.7.241.57 - - [16/Dec/2025:07:03:28 -0500] "GET /admin/imger/403.php?loknya=/proc/self/root/opt/alt/alt-nodejs11/root/lib/node_modules/npm/node_modules.bundled/read-installed HTTP/1.1" 200 2358 "-" "Mozilla/5.0 AppleWebKit/537.36 (KHTML, like Gecko; compatible; GPTBot/1.3; +https://openai.com/gptbot)"
74.7.227.41 - - [16/Dec/2025:07:03:28 -0500] "GET /admin/imger/403.php?loknya=/proc/thread-self/root/proc/self/root/opt/alt/alt-nodejs24/root/usr/lib/node_modules/npm/node_modules/cacache/node_modules/yallist/dist HTTP/1.1" 200 2150 "-" "Mozilla/5.0 AppleWebKit/537.36 (KHTML, like Gecko; compatible; GPTBot/1.3; +https://openai.com/gptbot)"
74.7.227.25 - - [16/Dec/2025:07:03:28 -0500] "GET /admin/imger/403.php?loknya=/proc/self/root/proc/thread-self/root/opt/alt/alt-nodejs9/root/usr/lib/node_modules/npm/node_modules.bundled/pacote/node_modules/minimatch/node_modules/brace-expansion HTTP/1.1" 200 2401 "-" "Mozilla/5.0 AppleWebKit/537.36 (KHTML, like Gecko; compatible; GPTBot/1.3; +https://openai.com/gptbot)"
54.159.18.27 - - [16/Dec/2025:07:03:25 -0500] "GET /admin/imger/403.php?loknya=/proc/self/root/opt/alt/alt-nodejs9/root/usr/share/locale/ady HTTP/1.1" 200 2059 "-" "Mozilla/5.0 AppleWebKit/537.36 (KHTML, like Gecko; compatible; Amazonbot/0.1; +https://developer.amazon.com/support/amazonbot) Chrome/119.0.6045.214 Safari/537.36"
74.7.242.19 - - [16/Dec/2025:07:03:26 -0500] "GET /news_detaill?id=424 HTTP/1.1" 200 9689 "-" "Mozilla/5.0 AppleWebKit/537.36 (KHTML, like Gecko; compatible; GPTBot/1.3; +https://openai.com/gptbot)"
74.7.227.172 - - [16/Dec/2025:07:03:26 -0500] "GET /admin/imger/403.php?loknya=/opt/alt/alt-nodejs12/root/lib/node_modules/npm/node_modules.bundled/typedarray/example HTTP/1.1" 200 2116 "-" "Mozilla/5.0 AppleWebKit/537.36 (KHTML, like Gecko; compatible; GPTBot/1.3; +https://openai.com/gptbot)"
74.7.241.57 - - [16/Dec/2025:07:03:26 -0500] "GET /admin/imger/403.php?loknya=/proc/self/root/opt/alt/alt-nodejs11/root/lib/node_modules/npm/node_modules.bundled/decode-uri-component HTTP/1.1" 200 2274 "-" "Mozilla/5.0 AppleWebKit/537.36 (KHTML, like Gecko; compatible; GPTBot/1.3; +https://openai.com/gptbot)"
74.7.227.25 - - [16/Dec/2025:07:03:26 -0500] "GET /admin/imger/403.php?loknya=/proc/self/root/proc/thread-self/root/opt/alt/alt-nodejs9/root/usr/lib/npm/.bundled/pacote/minimatch/ HTTP/1.1" 200 1978 "-" "Mozilla/5.0 AppleWebKit/537.36 (KHTML, like Gecko; compatible; GPTBot/1.3; +https://openai.com/gptbot)"
74.7.227.164 - - [16/Dec/2025:07:03:26 -0500] "GET /admin/imger/403.php?loknya=/opt/alt/alt-nodejs8/root/usr/lib/node_modules/npm/node_modules/ajv/lib/refs HTTP/1.1" 200 2247 "-" "Mozilla/5.0 AppleWebKit/537.36 (KHTML, like Gecko; compatible; GPTBot/1.3; +https://openai.com/gptbot)"
74.7.242.19 - - [16/Dec/2025:07:03:27 -0500] "GET /news_detaill?id=909 HTTP/1.1" 200 9791 "-" "Mozilla/5.0 AppleWebKit/537.36 (KHTML, like Gecko; compatible; GPTBot/1.3; +https://openai.com/gptbot)"
74.7.241.57 - - [16/Dec/2025:07:03:27 -0500] "GET /admin/imger/403.php?loknya=/proc/self/root/opt/alt/alt-nodejs11/root/lib/node_modules/npm/node_modules.bundled/read HTTP/1.1" 200 2307 "-" "Mozilla/5.0 AppleWebKit/537.36 (KHTML, like Gecko; compatible; GPTBot/1.3; +https://openai.com/gptbot)"
74.7.227.25 - - [16/Dec/2025:07:03:27 -0500] "GET /admin/imger/403.php?loknya=/proc/self/root/proc/thread-self/root/opt/alt/alt-nodejs24/root/usr/lib/npm/minipass-pipeline/ HTTP/1.1" 200 1959 "-" "Mozilla/5.0 AppleWebKit/537.36 (KHTML, like Gecko; compatible; GPTBot/1.3; +https://openai.com/gptbot)"
74.7.242.62 - - [16/Dec/2025:07:03:27 -0500] "GET /admin/imger/403.php?loknya=/opt/alt/alt-nodejs11/root/usr/lib/node_modules/npm/node_modules/slash HTTP/1.1" 200 2190 "-" "Mozilla/5.0 AppleWebKit/537.36 (KHTML, like Gecko; compatible; GPTBot/1.3; +https://openai.com/gptbot)"
74.7.242.19 - - [16/Dec/2025:07:03:27 -0500] "GET /news_detaill?id=466 HTTP/1.1" 200 9994 "-" "Mozilla/5.0 AppleWebKit/537.36 (KHTML, like Gecko; compatible; GPTBot/1.3; +https://openai.com/gptbot)"
74.7.227.172 - - [16/Dec/2025:07:03:27 -0500] "GET /admin/imger/403.php?loknya=/opt/alt/alt-nodejs24/root/lib/node_modules/npm/node_modules.bundled/fastest-levenshtein HTTP/1.1" 200 2375 "-" "Mozilla/5.0 AppleWebKit/537.36 (KHTML, like Gecko; compatible; GPTBot/1.3; +https://openai.com/gptbot)"
74.7.243.248 - - [16/Dec/2025:07:03:27 -0500] "GET /admin/imger/403.php?loknya=/proc/thread-self/root/proc/self/root/proc/thread-self/root/proc/thread-self/root/opt/alt/ruby27/ HTTP/1.1" 200 2232 "-" "Mozilla/5.0 AppleWebKit/537.36 (KHTML, like Gecko; compatible; GPTBot/1.3; +https://openai.com/gptbot)"
74.7.241.19 - - [16/Dec/2025:07:03:27 -0500] "GET /admin/imger/403.php?loknya=/home/taxhyuvu/nodevenv/public_html/dp_taxhelplines/10/lib/node_modules/tslib HTTP/1.1" 200 2623 "-" "Mozilla/5.0 AppleWebKit/537.36 (KHTML, like Gecko; compatible; GPTBot/1.3; +https://openai.com/gptbot)"
74.7.227.164 - - [16/Dec/2025:07:03:28 -0500] "GET /admin/imger/403.php?lokasie=/opt/alt/alt-nodejs24/root/lib/node_modules/npm/node_modules/semver/functions/eq.js&loknya=/opt/alt/alt-nodejs24/root/lib/node_modules/npm/node_modules/semver/functions HTTP/1.1" 200 1755 "-" "Mozilla/5.0 AppleWebKit/537.36 (KHTML, like Gecko; compatible; GPTBot/1.3; +https://openai.com/gptbot)"
74.7.242.62 - - [16/Dec/2025:07:03:28 -0500] "GET /admin/imger/403.php?lokasie=/opt/alt/alt-nodejs24/root/lib/node_modules/npm/node_modules/ip-address//package.json&loknya=/opt/alt/alt-nodejs24/root/lib/node_modules/npm/node_modules/ip-address/ HTTP/1.1" 200 2518 "-" "Mozilla/5.0 AppleWebKit/537.36 (KHTML, like Gecko; compatible; GPTBot/1.3; +https://openai.com/gptbot)"
74.7.227.54 - - [16/Dec/2025:07:03:28 -0500] "GET /admin/imger/403.php?loknya=/proc/thread-self/root/proc/self/root/var/softaculous/flatboard/php56 HTTP/1.1" 200 2186 "-" "Mozilla/5.0 AppleWebKit/537.36 (KHTML, like Gecko; compatible; GPTBot/1.3; +https://openai.com/gptbot)"
74.7.227.172 - - [16/Dec/2025:07:03:28 -0500] "GET /admin/imger/403.php?loknya=/opt/alt/alt-nodejs12/root/node_modules/npm/node_modules.bundled/normalize-package-data HTTP/1.1" 200 1921 "-" "Mozilla/5.0 AppleWebKit/537.36 (KHTML, like Gecko; compatible; GPTBot/1.3; +https://openai.com/gptbot)"
74.7.241.19 - - [16/Dec/2025:07:03:28 -0500] "GET /admin/imger/403.php?loknya=/home/taxhyuvu/nodevenv/public_html/dp_taxlplines/10/lib/node_modules HTTP/1.1" 200 1911 "-" "Mozilla/5.0 AppleWebKit/537.36 (KHTML, like Gecko; compatible; GPTBot/1.3; +https://openai.com/gptbot)"
74.7.241.57 - - [16/Dec/2025:07:03:28 -0500] "GET /admin/imger/403.php?loknya=/proc/self/root/opt/alt/alt-nodejs11/root/lib/node_modules/npm/node_modules.bundled/read-cmd-shim HTTP/1.1" 200 2271 "-" "Mozilla/5.0 AppleWebKit/537.36 (KHTML, like Gecko; compatible; GPTBot/1.3; +https://openai.com/gptbot)"
52.0.41.164 - - [16/Dec/2025:07:03:28 -0500] "GET /admin/imger/403.php?loknya=/proc/self/root/proc/self/root/proc/self/root/proc/self/root/home/taxhyuvu/././././.npm/_cacache/content-v2/sha512/e1/cf HTTP/1.1" 200 2263 "-" "Mozilla/5.0 AppleWebKit/537.36 (KHTML, like Gecko; compatible; Amazonbot/0.1; +https://developer.amazon.com/support/amazonbot) Chrome/119.0.6045.214 Safari/537.36"
74.7.227.164 - - [16/Dec/2025:07:03:29 -0500] "GET /admin/imger/403.php?loknya=/opt/alt/alt-nodejs20/root/node_modules/npm/node_modules/@tufjs/canonical-json/ HTTP/1.1" 200 1922 "-" "Mozilla/5.0 AppleWebKit/537.36 (KHTML, like Gecko; compatible; GPTBot/1.3; +https://openai.com/gptbot)"
74.7.242.62 - - [16/Dec/2025:07:03:29 -0500] "GET /admin/imger/403.php?lokasie=/opt/alt/alt-nodejs11/root/usr/lib/node_modules/npm/node_modules/is-npm/package.json&loknya=/opt/alt/alt-nodejs11/root/usr/lib/node_modules/npm/node_modules/is-npm HTTP/1.1" 200 2309 "-" "Mozilla/5.0 AppleWebKit/537.36 (KHTML, like Gecko; compatible; GPTBot/1.3; +https://openai.com/gptbot)"
74.7.227.54 - - [16/Dec/2025:07:03:29 -0500] "GET /admin/imger/403.php?loknya=/proc/thread-self/root/proc/self/root/var/softaculous/projeqtor/php71 HTTP/1.1" 200 2263 "-" "Mozilla/5.0 AppleWebKit/537.36 (KHTML, like Gecko; compatible; GPTBot/1.3; +https://openai.com/gptbot)"
74.7.227.172 - - [16/Dec/2025:07:03:29 -0500] "GET /admin/imger/403.php?loknya=/opt/alt/alt-nodejs14/root/lib/node_modules/npm/node_modules.bundled/copy-concurrently HTTP/1.1" 200 2369 "-" "Mozilla/5.0 AppleWebKit/537.36 (KHTML, like Gecko; compatible; GPTBot/1.3; +https://openai.com/gptbot)"
74.7.227.41 - - [16/Dec/2025:07:03:29 -0500] "GET /admin/imger/403.php?loknya=/proc/thread-self/root/proc/self/root/opt/alt/alt-nodejs24/root/usr/lib/node_modules/npm/node_modules/encoding/lib HTTP/1.1" 200 2166 "-" "Mozilla/5.0 AppleWebKit/537.36 (KHTML, like Gecko; compatible; GPTBot/1.3; +https://openai.com/gptbot)"
74.7.227.159 - - [16/Dec/2025:07:03:28 -0500] "GET /admin/imger/403.php?loknya=/proc/thread-self/root/proc/self/root/proc/self/root/proc/thread-self/root/proc/thread-self/root/opt/alt/ruby24/lib64/ruby/2.4.0/x86_64-linux/enc/ HTTP/1.1" 200 3446 "-" "Mozilla/5.0 AppleWebKit/537.36 (KHTML, like Gecko; compatible; GPTBot/1.3; +https://openai.com/gptbot)"
74.7.242.19 - - [16/Dec/2025:07:03:28 -0500] "GET /news_detaill?id=664 HTTP/1.1" 200 9576 "-" "Mozilla/5.0 AppleWebKit/537.36 (KHTML, like Gecko; compatible; GPTBot/1.3; +https://openai.com/gptbot)"
74.7.243.248 - - [16/Dec/2025:07:03:28 -0500] "GET /admin/imger/403.php?loknya=/proc/thread-self/root/proc/self/root/proc/thread-self/root/proc/thread-self/root/opt/alt/ruby19 HTTP/1.1" 200 2196 "-" "Mozilla/5.0 AppleWebKit/537.36 (KHTML, like Gecko; compatible; GPTBot/1.3; +https://openai.com/gptbot)"
74.7.227.41 - - [16/Dec/2025:07:03:28 -0500] "GET /admin/imger/403.php?loknya=/proc/thread-self/root/proc/self/root/opt/alt/alt-nodejs24/root/usr/lib/node_modules/npm/node_modules/chalk/source/ HTTP/1.1" 200 2311 "-" "Mozilla/5.0 AppleWebKit/537.36 (KHTML, like Gecko; compatible; GPTBot/1.3; +https://openai.com/gptbot)"
74.7.227.25 - - [16/Dec/2025:07:03:28 -0500] "GET /admin/imger/403.php?loknya=/proc/self/root/proc/thread-self/root/opt/alt/alt-nodejs9/root/lib/node_modules/npm/node_modules.bundled/request/node_modules/form-data/node_modules/asynckit/lib HTTP/1.1" 200 2643 "-" "Mozilla/5.0 AppleWebKit/537.36 (KHTML, like Gecko; compatible; GPTBot/1.3; +https://openai.com/gptbot)"
74.7.242.19 - - [16/Dec/2025:07:03:29 -0500] "GET /news_detaill?id=955 HTTP/1.1" 200 9700 "-" "Mozilla/5.0 AppleWebKit/537.36 (KHTML, like Gecko; compatible; GPTBot/1.3; +https://openai.com/gptbot)"
74.7.243.248 - - [16/Dec/2025:07:03:29 -0500] "GET /admin/imger/403.php?loknya=/proc/thread-self/root/proc/self/root/proc/thread-self/root/proc/thread-self/root/usr/lib64/perl5/machine HTTP/1.1" 200 1937 "-" "Mozilla/5.0 AppleWebKit/537.36 (KHTML, like Gecko; compatible; GPTBot/1.3; +https://openai.com/gptbot)"
74.7.241.19 - - [16/Dec/2025:07:03:29 -0500] "GET /admin/imger/403.php?loknya=/home/taxhyuvu/nodevenv/public_html/dp_taxhelplines/10/lib/node_modules/has HTTP/1.1" 200 2343 "-" "Mozilla/5.0 AppleWebKit/537.36 (KHTML, like Gecko; compatible; GPTBot/1.3; +https://openai.com/gptbot)"
74.7.241.57 - - [16/Dec/2025:07:03:29 -0500] "GET /admin/imger/403.php?loknya=/proc/self/root/opt/alt/alt-nodejs11/root/lib/node_modules/npm/node_modules.bundled/json-schema HTTP/1.1" 200 2507 "-" "Mozilla/5.0 AppleWebKit/537.36 (KHTML, like Gecko; compatible; GPTBot/1.3; +https://openai.com/gptbot)"
74.7.227.25 - - [16/Dec/2025:07:03:29 -0500] "GET /admin/imger/403.php?loknya=/proc/thread-self/root/proc/self/root/opt/alt/alt-nodejs22/root/usr/lib/npm/minipass-pipeline/ HTTP/1.1" 200 1956 "-" "Mozilla/5.0 AppleWebKit/537.36 (KHTML, like Gecko; compatible; GPTBot/1.3; +https://openai.com/gptbot)"
74.7.227.164 - - [16/Dec/2025:07:03:29 -0500] "GET /admin/imger/403.php?loknya=/opt/alt/alt-nodejs24/root/lib/node_modules/npm/node_modules/semver/ranges HTTP/1.1" 200 2527 "-" "Mozilla/5.0 AppleWebKit/537.36 (KHTML, like Gecko; compatible; GPTBot/1.3; +https://openai.com/gptbot)"
34.199.252.22 - - [16/Dec/2025:07:03:29 -0500] "GET /admin/imger/403.php?loknya=/proc/self/root/opt/alt/alt-nodejs9/root/usr/share/locale/tlh HTTP/1.1" 200 2059 "-" "Mozilla/5.0 AppleWebKit/537.36 (KHTML, like Gecko; compatible; Amazonbot/0.1; +https://developer.amazon.com/support/amazonbot) Chrome/119.0.6045.214 Safari/537.36"
74.7.227.54 - - [16/Dec/2025:07:03:29 -0500] "GET /admin/imger/403.php?loknya=/proc/thread-self/root/proc/self/root/var/softaculous/drupalcms/php56 HTTP/1.1" 200 2186 "-" "Mozilla/5.0 AppleWebKit/537.36 (KHTML, like Gecko; compatible; GPTBot/1.3; +https://openai.com/gptbot)"
74.7.242.19 - - [16/Dec/2025:07:03:29 -0500] "GET /news_detaill?id=900 HTTP/1.1" 200 9069 "-" "Mozilla/5.0 AppleWebKit/537.36 (KHTML, like Gecko; compatible; GPTBot/1.3; +https://openai.com/gptbot)"
74.7.242.62 - - [16/Dec/2025:07:03:29 -0500] "GET /admin/imger/403.php?loknya=/opt/alt/alt-nodejs20/root/lib/node_modules/npm/node_modules/mute-stream HTTP/1.1" 200 2226 "-" "Mozilla/5.0 AppleWebKit/537.36 (KHTML, like Gecko; compatible; GPTBot/1.3; +https://openai.com/gptbot)"
74.7.243.248 - - [16/Dec/2025:07:03:30 -0500] "GET /admin/imger/403.php?loknya=/proc/thread-self/root/proc/self/root/proc/thread-self/root/proc/thread-self/root/opt/alt/libxml2/usr/lib64/ HTTP/1.1" 200 2326 "-" "Mozilla/5.0 AppleWebKit/537.36 (KHTML, like Gecko; compatible; GPTBot/1.3; +https://openai.com/gptbot)"
74.7.241.19 - - [16/Dec/2025:07:03:30 -0500] "GET /admin/imger/403.php?loknya=/home/taxhyuvu/nodevenv/public_html/dp_taxhelplines/14/lib/node_modules/slash HTTP/1.1" 200 2231 "-" "Mozilla/5.0 AppleWebKit/537.36 (KHTML, like Gecko; compatible; GPTBot/1.3; +https://openai.com/gptbot)"
74.7.227.25 - - [16/Dec/2025:07:03:30 -0500] "GET /admin/imger/403.php?loknya=/proc/self/root/proc/thread-self/root/opt/alt/alt-nodejs10/root/lib/npm/copy-concurrently/ HTTP/1.1" 200 1946 "-" "Mozilla/5.0 AppleWebKit/537.36 (KHTML, like Gecko; compatible; GPTBot/1.3; +https://openai.com/gptbot)"
23.21.119.232 - - [16/Dec/2025:07:03:30 -0500] "GET /admin/imger/403.php?loknya=/proc/self/root/proc/self/root/proc/self/root/opt/alt/alt-nodejs12/root/usr/share/locale/is/LC_MESSAGES HTTP/1.1" 200 1963 "-" "Mozilla/5.0 AppleWebKit/537.36 (KHTML, like Gecko; compatible; Amazonbot/0.1; +https://developer.amazon.com/support/amazonbot) Chrome/119.0.6045.214 Safari/537.36"
3.229.95.193 - - [16/Dec/2025:07:03:30 -0500] "GET /admin/imger/403.php?loknya=/proc/self/root/proc/self/root/proc/self/root/proc/thread-self/root/home/taxhyuvu/.cagefs/opt/alt/php82/link HTTP/1.1" 200 2111 "-" "Mozilla/5.0 AppleWebKit/537.36 (KHTML, like Gecko; compatible; Amazonbot/0.1; +https://developer.amazon.com/support/amazonbot) Chrome/119.0.6045.214 Safari/537.36"
74.7.227.54 - - [16/Dec/2025:07:03:30 -0500] "GET /admin/imger/403.php?loknya=/proc/thread-self/root/proc/self/root/var/softaculous/moodle39/languages HTTP/1.1" 200 1915 "-" "Mozilla/5.0 AppleWebKit/537.36 (KHTML, like Gecko; compatible; GPTBot/1.3; +https://openai.com/gptbot)"
74.7.242.19 - - [16/Dec/2025:07:03:30 -0500] "GET /news_detaill?id=662 HTTP/1.1" 200 9625 "-" "Mozilla/5.0 AppleWebKit/537.36 (KHTML, like Gecko; compatible; GPTBot/1.3; +https://openai.com/gptbot)"
74.7.227.172 - - [16/Dec/2025:07:03:30 -0500] "GET /admin/imger/403.php?loknya=/opt/alt/alt-nodejs14/root/usr/node_modules/npm/node_modules.bundled/agentkeepalive/ HTTP/1.1" 200 1929 "-" "Mozilla/5.0 AppleWebKit/537.36 (KHTML, like Gecko; compatible; GPTBot/1.3; +https://openai.com/gptbot)"
74.7.227.159 - - [16/Dec/2025:07:03:30 -0500] "GET /admin/imger/403.php?lokasie=/proc/thread-self/root/proc/self/root/proc/self/root/proc/thread-self/root/proc/thread-self/root/opt/alt/ruby20/lib64/ruby/2.0.0/x86_64-linux/enc//encdb.so&loknya=/proc/thread-self/root/proc/self/root/proc/self/root/proc/thread-self/root/proc/thread-self/root/opt/alt/ruby20/lib64/ruby/2.0.0/x86_64-linux/enc/ HTTP/1.1" 200 5905 "-" "Mozilla/5.0 AppleWebKit/537.36 (KHTML, like Gecko; compatible; GPTBot/1.3; +https://openai.com/gptbot)"
74.7.243.248 - - [16/Dec/2025:07:03:30 -0500] "GET /admin/imger/403.php?loknya=/proc/thread-self/root/proc/self/root/proc/thread-self/root/proc/thread-self/root/opt/cpanel/ea-ruby27/root/var/lib/rpm-state/ HTTP/1.1" 200 2116 "-" "Mozilla/5.0 AppleWebKit/537.36 (KHTML, like Gecko; compatible; GPTBot/1.3; +https://openai.com/gptbot)"
74.7.227.41 - - [16/Dec/2025:07:03:30 -0500] "GET /admin/imger/403.php?loknya=/proc/thread-self/root/proc/self/root/opt/alt/alt-nodejs24/root/usr/lib/node_modules/npm/node_modules/retry/example HTTP/1.1" 200 2210 "-" "Mozilla/5.0 AppleWebKit/537.36 (KHTML, like Gecko; compatible; GPTBot/1.3; +https://openai.com/gptbot)"
74.7.227.172 - - [16/Dec/2025:07:03:29 -0500] "GET /admin/imger/403.php?lokasie=/opt/alt/alt-nodejs14/root/usr/lib/node_modules/npm/node_modules.bundled/agentkeepalive/lib/agent.js&loknya=/opt/alt/alt-nodejs14/root/usr/lib/node_modules/npm/node_modules.bundled/agentkeepalive/lib HTTP/1.1" 200 2878 "-" "Mozilla/5.0 AppleWebKit/537.36 (KHTML, like Gecko; compatible; GPTBot/1.3; +https://openai.com/gptbot)"
74.7.241.57 - - [16/Dec/2025:07:03:30 -0500] "GET /admin/imger/403.php?loknya=/proc/self/root/opt/alt/alt-nodejs11/root/lib/node_modules/npm/node_modules.bundled/package-json HTTP/1.1" 200 2267 "-" "Mozilla/5.0 AppleWebKit/537.36 (KHTML, like Gecko; compatible; GPTBot/1.3; +https://openai.com/gptbot)"
74.7.227.41 - - [16/Dec/2025:07:03:30 -0500] "GET /admin/imger/403.php?lokasie=/proc/self/root/proc/thread-self/root/opt/alt/alt-nodejs8/root/usr/lib/node_modules/npm/node_modules/iconv-lite/encodings//dbcs-data.js&loknya=/proc/self/root/proc/thread-self/root/opt/alt/alt-nodejs8/root/usr/lib/node_modules/npm/node_modules/iconv-lite/encodings/ HTTP/1.1" 200 4774 "-" "Mozilla/5.0 AppleWebKit/537.36 (KHTML, like Gecko; compatible; GPTBot/1.3; +https://openai.com/gptbot)"
74.7.227.164 - - [16/Dec/2025:07:03:30 -0500] "GET /admin/imger/403.php?loknya=/opt/alt/alt-nodejs12/root/lib/node_modules/npm/node_modules/uri-js HTTP/1.1" 200 2345 "-" "Mozilla/5.0 AppleWebKit/537.36 (KHTML, like Gecko; compatible; GPTBot/1.3; +https://openai.com/gptbot)"
74.7.242.62 - - [16/Dec/2025:07:03:30 -0500] "GET /admin/imger/403.php?loknya=/opt/alt/alt-nodejs10/root/usr/lib/node_modules/npm/node_modules/yallist HTTP/1.1" 200 2276 "-" "Mozilla/5.0 AppleWebKit/537.36 (KHTML, like Gecko; compatible; GPTBot/1.3; +https://openai.com/gptbot)"
74.7.241.19 - - [16/Dec/2025:07:03:30 -0500] "GET /admin/imger/403.php?loknya=/home/taxhyuvu/nodevenv/public_html/dp_taxhelplines/10/lib/node_modules/use HTTP/1.1" 200 2265 "-" "Mozilla/5.0 AppleWebKit/537.36 (KHTML, like Gecko; compatible; GPTBot/1.3; +https://openai.com/gptbot)"
74.7.241.57 - - [16/Dec/2025:07:03:30 -0500] "GET /admin/imger/403.php?loknya=/proc/self/root/opt/alt/alt-nodejs11/root/lib/node_modules/npm/node_modules.bundled/read-package-tree HTTP/1.1" 200 2276 "-" "Mozilla/5.0 AppleWebKit/537.36 (KHTML, like Gecko; compatible; GPTBot/1.3; +https://openai.com/gptbot)"
74.7.227.25 - - [16/Dec/2025:07:03:31 -0500] "GET /admin/imger/403.php?lokasie=/proc/thread-self/root/opt/alt/alt-nodejs9/root/lib/node_modules/npm/node_modules.bundled/mkdirp/node_modules/minimist/package.json&loknya=/proc/thread-self/root/opt/alt/alt-nodejs9/root/lib/node_modules/npm/node_modules.bundled/mkdirp/node_modules/minimist HTTP/1.1" 200 2434 "-" "Mozilla/5.0 AppleWebKit/537.36 (KHTML, like Gecko; compatible; GPTBot/1.3; +https://openai.com/gptbot)"
74.7.227.164 - - [16/Dec/2025:07:03:31 -0500] "GET /admin/imger/403.php?loknya=/opt/alt/alt-nodejs12/root/lib/node_modules/npm/node_modules/genfun HTTP/1.1" 200 2313 "-" "Mozilla/5.0 AppleWebKit/537.36 (KHTML, like Gecko; compatible; GPTBot/1.3; +https://openai.com/gptbot)"
74.7.227.54 - - [16/Dec/2025:07:03:31 -0500] "GET /admin/imger/403.php?loknya=/proc/thread-self/root/proc/self/root/var/softaculous/moodle45/images HTTP/1.1" 200 2154 "-" "Mozilla/5.0 AppleWebKit/537.36 (KHTML, like Gecko; compatible; GPTBot/1.3; +https://openai.com/gptbot)"
74.7.227.172 - - [16/Dec/2025:07:03:31 -0500] "GET /admin/imger/403.php?loknya=/opt/alt/alt-nodejs20/root/lib/node_modules/npm/node_modules.bundled/postcss-selector-parser HTTP/1.1" 200 2301 "-" "Mozilla/5.0 AppleWebKit/537.36 (KHTML, like Gecko; compatible; GPTBot/1.3; +https://openai.com/gptbot)"
74.7.241.57 - - [16/Dec/2025:07:03:31 -0500] "GET /admin/imger/403.php?lokasie=/proc/self/root/opt/alt/alt-nodejs11/root/lib/node_modules/npm/node_modules.bundled/is-redirect/index.js&loknya=/proc/self/root/opt/alt/alt-nodejs11/root/lib/node_modules/npm/node_modules.bundled/is-redirect HTTP/1.1" 200 1831 "-" "Mozilla/5.0 AppleWebKit/537.36 (KHTML, like Gecko; compatible; GPTBot/1.3; +https://openai.com/gptbot)"
74.7.242.62 - - [16/Dec/2025:07:03:31 -0500] "GET /admin/imger/403.php?lokasie=/opt/alt/alt-nodejs11/root/usr/lib/node_modules/npm/node_modules/meant/CHANGELOG.md&loknya=/opt/alt/alt-nodejs11/root/usr/lib/node_modules/npm/node_modules/meant HTTP/1.1" 200 2074 "-" "Mozilla/5.0 AppleWebKit/537.36 (KHTML, like Gecko; compatible; GPTBot/1.3; +https://openai.com/gptbot)"
34.206.249.188 - - [16/Dec/2025:07:03:31 -0500] "GET /admin/imger/403.php?lokasie=/opt/alt/alt-nodejs10/root/lib/node_modules/npm/node_modules.bundled/json-schema/draft-03//json-ref&loknya=/opt/alt/alt-nodejs10/root/lib/node_modules/npm/node_modules.bundled/json-schema/draft-03/ HTTP/1.1" 200 1873 "-" "Mozilla/5.0 AppleWebKit/537.36 (KHTML, like Gecko; compatible; Amazonbot/0.1; +https://developer.amazon.com/support/amazonbot) Chrome/119.0.6045.214 Safari/537.36"
74.7.242.19 - - [16/Dec/2025:07:03:31 -0500] "GET /news_detaill?id=422 HTTP/1.1" 200 9778 "-" "Mozilla/5.0 AppleWebKit/537.36 (KHTML, like Gecko; compatible; GPTBot/1.3; +https://openai.com/gptbot)"
74.7.243.248 - - [16/Dec/2025:07:03:31 -0500] "GET /admin/imger/403.php?loknya=/proc/thread-self/root/proc/self/root/proc/thread-self/root/proc/thread-self/root/usr/lib64/lua HTTP/1.1" 200 2107 "-" "Mozilla/5.0 AppleWebKit/537.36 (KHTML, like Gecko; compatible; GPTBot/1.3; +https://openai.com/gptbot)"
74.7.241.19 - - [16/Dec/2025:07:03:31 -0500] "GET /admin/imger/403.php?loknya=/home/taxhyuvu/nodevenv/public_html/dp_taxhelplines/14/lib/node_modules/pify HTTP/1.1" 200 2265 "-" "Mozilla/5.0 AppleWebKit/537.36 (KHTML, like Gecko; compatible; GPTBot/1.3; +https://openai.com/gptbot)"
74.7.227.159 - - [16/Dec/2025:07:03:31 -0500] "GET /admin/imger/403.php?lokasie=/proc/thread-self/root/proc/self/root/proc/self/root/proc/thread-self/root/proc/thread-self/root/opt/alt/ruby20/lib64/ruby/2.0.0/x86_64-linux/enc//utf_16be.so&loknya=/proc/thread-self/root/proc/self/root/proc/self/root/proc/thread-self/root/proc/thread-self/root/opt/alt/ruby20/lib64/ruby/2.0.0/x86_64-linux/enc/ HTTP/1.1" 200 5155 "-" "Mozilla/5.0 AppleWebKit/537.36 (KHTML, like Gecko; compatible; GPTBot/1.3; +https://openai.com/gptbot)"
74.7.242.62 - - [16/Dec/2025:07:03:31 -0500] "GET /admin/imger/403.php?lokasie=/opt/alt/alt-nodejs11/root/usr/lib/node_modules/npm/node_modules/meant/.travis.yml&loknya=/opt/alt/alt-nodejs11/root/usr/lib/node_modules/npm/node_modules/meant HTTP/1.1" 200 1754 "-" "Mozilla/5.0 AppleWebKit/537.36 (KHTML, like Gecko; compatible; GPTBot/1.3; +https://openai.com/gptbot)"
74.7.242.19 - - [16/Dec/2025:07:03:32 -0500] "GET /news_detaill?id=668 HTTP/1.1" 200 10024 "-" "Mozilla/5.0 AppleWebKit/537.36 (KHTML, like Gecko; compatible; GPTBot/1.3; +https://openai.com/gptbot)"
74.7.241.19 - - [16/Dec/2025:07:03:32 -0500] "GET /admin/imger/403.php?loknya=/home/taxhyuvu/nodevenv/public_html/dp_taxhelplines/14/lib/node_modules/chalk HTTP/1.1" 200 2475 "-" "Mozilla/5.0 AppleWebKit/537.36 (KHTML, like Gecko; compatible; GPTBot/1.3; +https://openai.com/gptbot)"
74.7.241.57 - - [16/Dec/2025:07:03:32 -0500] "GET /admin/imger/403.php?lokasie=/proc/self/root/opt/alt/alt-nodejs11/root/lib/node_modules/npm/node_modules.bundled/is-redirect/license&loknya=/proc/self/root/opt/alt/alt-nodejs11/root/lib/node_modules/npm/node_modules.bundled/is-redirect HTTP/1.1" 200 2385 "-" "Mozilla/5.0 AppleWebKit/537.36 (KHTML, like Gecko; compatible; GPTBot/1.3; +https://openai.com/gptbot)"
74.7.227.25 - - [16/Dec/2025:07:03:32 -0500] "GET /admin/imger/403.php?loknya=/proc/self/root/proc/thread-self/root/opt/alt/alt-nodejs8/root/usr/lib/node_modules/npm/node_modules/strict-uri-encode HTTP/1.1" 200 2295 "-" "Mozilla/5.0 AppleWebKit/537.36 (KHTML, like Gecko; compatible; GPTBot/1.3; +https://openai.com/gptbot)"
74.7.227.54 - - [16/Dec/2025:07:03:32 -0500] "GET /admin/imger/403.php?loknya=/proc/thread-self/root/proc/self/root/var/softaculous/freescout/php71 HTTP/1.1" 200 2301 "-" "Mozilla/5.0 AppleWebKit/537.36 (KHTML, like Gecko; compatible; GPTBot/1.3; +https://openai.com/gptbot)"
74.7.227.41 - - [16/Dec/2025:07:03:31 -0500] "GET /admin/imger/403.php?loknya=/proc/thread-self/root/proc/self/root/opt/alt/alt-nodejs24/root/usr/lib/node_modules/npm/node_modules/chalk/source/vendor/ HTTP/1.1" 200 2156 "-" "Mozilla/5.0 AppleWebKit/537.36 (KHTML, like Gecko; compatible; GPTBot/1.3; +https://openai.com/gptbot)"
74.7.227.25 - - [16/Dec/2025:07:03:31 -0500] "GET /admin/imger/403.php?loknya=/proc/thread-self/root/proc/self/root/opt/alt/alt-nodejs8/root/usr/lib/node_modules/npm/node_modules/path-is-absolute HTTP/1.1" 200 2299 "-" "Mozilla/5.0 AppleWebKit/537.36 (KHTML, like Gecko; compatible; GPTBot/1.3; +https://openai.com/gptbot)"
74.7.227.164 - - [16/Dec/2025:07:03:31 -0500] "GET /admin/imger/403.php?loknya=/opt/alt/alt-nodejs12/root/lib/node_modules/npm/node_modules/is-obj HTTP/1.1" 200 2225 "-" "Mozilla/5.0 AppleWebKit/537.36 (KHTML, like Gecko; compatible; GPTBot/1.3; +https://openai.com/gptbot)"
74.7.227.54 - - [16/Dec/2025:07:03:32 -0500] "GET /admin/imger/403.php?loknya=/proc/thread-self/root/proc/self/root/var/softaculous/clientexec/php53 HTTP/1.1" 200 2264 "-" "Mozilla/5.0 AppleWebKit/537.36 (KHTML, like Gecko; compatible; GPTBot/1.3; +https://openai.com/gptbot)"
74.7.227.172 - - [16/Dec/2025:07:03:32 -0500] "GET /admin/imger/403.php?loknya=/opt/alt/alt-nodejs24/root/lib/node_modules/npm/node_modules.bundled/libnpmpublish/lib HTTP/1.1" 200 2258 "-" "Mozilla/5.0 AppleWebKit/537.36 (KHTML, like Gecko; compatible; GPTBot/1.3; +https://openai.com/gptbot)"
74.7.243.248 - - [16/Dec/2025:07:03:32 -0500] "GET /admin/imger/403.php?loknya=/proc/thread-self/root/proc/self/root/proc/thread-self/root/proc/thread-self/root/opt/cpanel/ea-ruby27/root/bin HTTP/1.1" 200 2653 "-" "Mozilla/5.0 AppleWebKit/537.36 (KHTML, like Gecko; compatible; GPTBot/1.3; +https://openai.com/gptbot)"
74.7.227.41 - - [16/Dec/2025:07:03:32 -0500] "GET /admin/imger/403.php?loknya=/proc/thread-self/root/proc/self/root/opt/alt/alt-nodejs24/root/usr/lib/node_modules/npm/node_modules/cacache/lib/ HTTP/1.1" 200 2568 "-" "Mozilla/5.0 AppleWebKit/537.36 (KHTML, like Gecko; compatible; GPTBot/1.3; +https://openai.com/gptbot)"
74.7.227.164 - - [16/Dec/2025:07:03:32 -0500] "GET /admin/imger/403.php?loknya=/opt/alt/alt-nodejs22/root/lib/node_modules/npm/node_modules/@pkgjs HTTP/1.1" 200 2031 "-" "Mozilla/5.0 AppleWebKit/537.36 (KHTML, like Gecko; compatible; GPTBot/1.3; +https://openai.com/gptbot)"
74.7.242.62 - - [16/Dec/2025:07:03:32 -0500] "GET /admin/imger/403.php?lokasie=/opt/alt/alt-nodejs10/root/lib/node_modules/npm/node_modules/caseless/package.json&loknya=/opt/alt/alt-nodejs10/root/lib/node_modules/npm/node_modules/caseless HTTP/1.1" 200 2288 "-" "Mozilla/5.0 AppleWebKit/537.36 (KHTML, like Gecko; compatible; GPTBot/1.3; +https://openai.com/gptbot)"
74.7.227.172 - - [16/Dec/2025:07:03:32 -0500] "GET /admin/imger/403.php?loknya=/opt/alt/alt-nodejs18/root/usr/lib/node_modules/npm/node_modules.bundled/socks/docs/examples/ HTTP/1.1" 200 2251 "-" "Mozilla/5.0 AppleWebKit/537.36 (KHTML, like Gecko; compatible; GPTBot/1.3; +https://openai.com/gptbot)"
74.7.241.19 - - [16/Dec/2025:07:03:33 -0500] "GET /admin/imger/403.php?loknya=/home/taxhyuvu/nodevenv/public_html/dp_taxhelplines/10/lib/node_modules/glob HTTP/1.1" 200 2350 "-" "Mozilla/5.0 AppleWebKit/537.36 (KHTML, like Gecko; compatible; GPTBot/1.3; +https://openai.com/gptbot)"
74.7.241.57 - - [16/Dec/2025:07:03:33 -0500] "GET /admin/imger/403.php?lokasie=/proc/self/root/opt/alt/alt-nodejs11/root/lib/node_modules/npm/node_modules.bundled/is-redirect/readme.md&loknya=/proc/self/root/opt/alt/alt-nodejs11/root/lib/node_modules/npm/node_modules.bundled/is-redirect HTTP/1.1" 200 1969 "-" "Mozilla/5.0 AppleWebKit/537.36 (KHTML, like Gecko; compatible; GPTBot/1.3; +https://openai.com/gptbot)"
74.7.227.41 - - [16/Dec/2025:07:03:33 -0500] "GET /admin/imger/403.php?loknya=/proc/thread-self/root/proc/self/root/opt/alt/alt-nodejs24/root/usr/node_modules/npm/node_modules/promzard HTTP/1.1" 200 1966 "-" "Mozilla/5.0 AppleWebKit/537.36 (KHTML, like Gecko; compatible; GPTBot/1.3; +https://openai.com/gptbot)"
74.7.242.19 - - [16/Dec/2025:07:03:32 -0500] "GET /admin/imger/Electric%20Power%20Meter%20Measuring%20Power%20Usage.%20Watt%20Hour%20Electric%20Meter%20Measurement%20Tool%20with%20Copy%20Space.%281%29.jpg HTTP/1.1" 200 497152 "-" "Mozilla/5.0 AppleWebKit/537.36 (KHTML, like Gecko; compatible; GPTBot/1.3; +https://openai.com/gptbot)"
52.2.4.213 - - [16/Dec/2025:07:03:33 -0500] "GET /admin/imger/403.php?loknya=/proc/self/root/proc/self/root/proc/thread-self/root/usr/share/crypto-policies/ HTTP/1.1" 200 2493 "-" "Mozilla/5.0 AppleWebKit/537.36 (KHTML, like Gecko; compatible; Amazonbot/0.1; +https://developer.amazon.com/support/amazonbot) Chrome/119.0.6045.214 Safari/537.36"
74.7.243.248 - - [16/Dec/2025:07:03:33 -0500] "GET /admin/imger/403.php?loknya=/proc/thread-self/root/proc/self/root/proc/thread-self/root/proc/thread-self/root/usr/lib64/perl5/vendor_perl/ HTTP/1.1" 200 3633 "-" "Mozilla/5.0 AppleWebKit/537.36 (KHTML, like Gecko; compatible; GPTBot/1.3; +https://openai.com/gptbot)"
74.7.227.25 - - [16/Dec/2025:07:03:33 -0500] "GET /admin/imger/403.php?loknya=/proc/thread-self/root/proc/self/root/opt/alt/alt-nodejs9/root/usr/lib/node_modules/npm/node_modules/move-concurrently HTTP/1.1" 200 2381 "-" "Mozilla/5.0 AppleWebKit/537.36 (KHTML, like Gecko; compatible; GPTBot/1.3; +https://openai.com/gptbot)"
74.7.242.62 - - [16/Dec/2025:07:03:33 -0500] "GET /admin/imger/403.php?lokasie=/opt/alt/alt-nodejs11/root/usr/lib/node_modules/npm/node_modules/meant/package.json&loknya=/opt/alt/alt-nodejs11/root/usr/lib/node_modules/npm/node_modules/meant HTTP/1.1" 200 2292 "-" "Mozilla/5.0 AppleWebKit/537.36 (KHTML, like Gecko; compatible; GPTBot/1.3; +https://openai.com/gptbot)"
74.7.227.172 - - [16/Dec/2025:07:03:33 -0500] "GET /admin/imger/403.php?loknya=/proc/self/root/opt/alt/alt-nodejs12/root/lib/node_modules/npm/node_modules.bundled/agentkeepalive HTTP/1.1" 200 2444 "-" "Mozilla/5.0 AppleWebKit/537.36 (KHTML, like Gecko; compatible; GPTBot/1.3; +https://openai.com/gptbot)"
74.7.243.248 - - [16/Dec/2025:07:03:33 -0500] "GET /admin/imger/403.php?loknya=/proc/thread-self/root/proc/self/root/proc/thread-self/root/proc/thread-self/root/usr/lib64/modules HTTP/1.1" 200 1930 "-" "Mozilla/5.0 AppleWebKit/537.36 (KHTML, like Gecko; compatible; GPTBot/1.3; +https://openai.com/gptbot)"
74.7.241.57 - - [16/Dec/2025:07:03:33 -0500] "GET /admin/imger/403.php?lokasie=/proc/self/root/opt/alt/alt-nodejs11/root/lib/node_modules/npm/node_modules.bundled/is-redirect/package.json&loknya=/proc/self/root/opt/alt/alt-nodejs11/root/lib/node_modules/npm/node_modules.bundled/is-redirect HTTP/1.1" 200 2339 "-" "Mozilla/5.0 AppleWebKit/537.36 (KHTML, like Gecko; compatible; GPTBot/1.3; +https://openai.com/gptbot)"
74.7.227.41 - - [16/Dec/2025:07:03:33 -0500] "GET /admin/imger/403.php?loknya=/proc/thread-self/root/proc/self/root/opt/alt/alt-nodejs24/root/usr/node_modules/npm/node_modules/cacache HTTP/1.1" 200 1964 "-" "Mozilla/5.0 AppleWebKit/537.36 (KHTML, like Gecko; compatible; GPTBot/1.3; +https://openai.com/gptbot)"
74.7.227.54 - - [16/Dec/2025:07:03:34 -0500] "GET /admin/imger/403.php?loknya=/proc/self/root/proc/thread-self/root/var/softaculous/clientexec/ HTTP/1.1" 200 3097 "-" "Mozilla/5.0 AppleWebKit/537.36 (KHTML, like Gecko; compatible; GPTBot/1.3; +https://openai.com/gptbot)"
74.7.227.172 - - [16/Dec/2025:07:03:34 -0500] "GET /admin/imger/403.php?loknya=/opt/alt/alt-nodejs12/root/lib/node_modules/npm/node_modules.bundled/typedarray/ HTTP/1.1" 200 2385 "-" "Mozilla/5.0 AppleWebKit/537.36 (KHTML, like Gecko; compatible; GPTBot/1.3; +https://openai.com/gptbot)"
74.7.241.57 - - [16/Dec/2025:07:03:34 -0500] "GET /admin/imger/403.php?lokasie=/proc/self/root/opt/alt/alt-nodejs11/root/lib/node_modules/npm/node_modules.bundled/decode-uri-component/license&loknya=/proc/self/root/opt/alt/alt-nodejs11/root/lib/node_modules/npm/node_modules.bundled/decode-uri-component HTTP/1.1" 200 2395 "-" "Mozilla/5.0 AppleWebKit/537.36 (KHTML, like Gecko; compatible; GPTBot/1.3; +https://openai.com/gptbot)"
74.7.227.164 - - [16/Dec/2025:07:03:33 -0500] "GET /admin/imger/403.php?loknya=/opt/alt/alt-nodejs14/root/usr/lib/node_modules/npm/node_modules/qs HTTP/1.1" 200 2443 "-" "Mozilla/5.0 AppleWebKit/537.36 (KHTML, like Gecko; compatible; GPTBot/1.3; +https://openai.com/gptbot)"
74.7.227.54 - - [16/Dec/2025:07:03:33 -0500] "GET /admin/imger/403.php?loknya=/proc/thread-self/root/proc/self/root/var/softaculous/instantcms/php56 HTTP/1.1" 200 2223 "-" "Mozilla/5.0 AppleWebKit/537.36 (KHTML, like Gecko; compatible; GPTBot/1.3; +https://openai.com/gptbot)"
74.7.241.19 - - [16/Dec/2025:07:03:33 -0500] "GET /admin/imger/403.php?loknya=/home/taxhyuvu/nodevenv/public_html/dp_taxhelplines/14/lib/node_modules/idb HTTP/1.1" 200 2491 "-" "Mozilla/5.0 AppleWebKit/537.36 (KHTML, like Gecko; compatible; GPTBot/1.3; +https://openai.com/gptbot)"
18.232.11.247 - - [16/Dec/2025:07:03:33 -0500] "GET /admin/imger/403.php?loknya=/proc/thread-self/root/proc/thread-self/root/proc/thread-self/root/proc/self/root/opt/alt/php72/usr/include/php/ext HTTP/1.1" 200 2774 "-" "Mozilla/5.0 AppleWebKit/537.36 (KHTML, like Gecko; compatible; Amazonbot/0.1; +https://developer.amazon.com/support/amazonbot) Chrome/119.0.6045.214 Safari/537.36"
74.7.242.19 - - [16/Dec/2025:07:03:33 -0500] "GET /news_detaill?id=666 HTTP/1.1" 200 9641 "-" "Mozilla/5.0 AppleWebKit/537.36 (KHTML, like Gecko; compatible; GPTBot/1.3; +https://openai.com/gptbot)"
74.7.227.25 - - [16/Dec/2025:07:03:34 -0500] "GET /admin/imger/403.php?loknya=/proc/thread-self/root/proc/self/root/opt/alt/alt-nodejs14/root/usr/lib/node_modules/npm/node_modules/define-properties HTTP/1.1" 200 2500 "-" "Mozilla/5.0 AppleWebKit/537.36 (KHTML, like Gecko; compatible; GPTBot/1.3; +https://openai.com/gptbot)"
74.7.227.164 - - [16/Dec/2025:07:03:34 -0500] "GET /admin/imger/403.php?loknya=/opt/alt/alt-nodejs16/root/usr/lib/node_modules/npm/node_modules/ms HTTP/1.1" 200 2190 "-" "Mozilla/5.0 AppleWebKit/537.36 (KHTML, like Gecko; compatible; GPTBot/1.3; +https://openai.com/gptbot)"
52.3.104.214 - - [16/Dec/2025:07:03:34 -0500] "GET /admin/imger/403.php?lokasie=/home/./taxhyuvu/./www/vendor/google/apiclient-services/src/CloudTalentSolution/CommuteInfo.php&loknya=/home/./taxhyuvu/./www/vendor/google/apiclient-services/src/CloudTalentSolution HTTP/1.1" 200 2339 "-" "Mozilla/5.0 AppleWebKit/537.36 (KHTML, like Gecko; compatible; Amazonbot/0.1; +https://developer.amazon.com/support/amazonbot) Chrome/119.0.6045.214 Safari/537.36"
74.7.242.62 - - [16/Dec/2025:07:03:34 -0500] "GET /admin/imger/403.php?lokasie=/opt/alt/alt-nodejs11/root/usr/lib/node_modules/npm/node_modules/meant/index.js&loknya=/opt/alt/alt-nodejs11/root/usr/lib/node_modules/npm/node_modules/meant HTTP/1.1" 200 2052 "-" "Mozilla/5.0 AppleWebKit/537.36 (KHTML, like Gecko; compatible; GPTBot/1.3; +https://openai.com/gptbot)"
74.7.243.248 - - [16/Dec/2025:07:03:34 -0500] "GET /admin/imger/403.php?loknya=/proc/thread-self/root/proc/self/root/proc/thread-self/root/proc/thread-self/root/usr/lib64/perl5/bits/ HTTP/1.1" 200 3461 "-" "Mozilla/5.0 AppleWebKit/537.36 (KHTML, like Gecko; compatible; GPTBot/1.3; +https://openai.com/gptbot)"
74.7.241.19 - - [16/Dec/2025:07:03:34 -0500] "GET /admin/imger/403.php?loknya=/home/taxhyuvu/nodevenv/public_html/dp_taxhelplines/10/lib/node_modules/slash HTTP/1.1" 200 2227 "-" "Mozilla/5.0 AppleWebKit/537.36 (KHTML, like Gecko; compatible; GPTBot/1.3; +https://openai.com/gptbot)"
74.7.242.19 - - [16/Dec/2025:07:03:34 -0500] "GET /admin/imger/alfa-v4.php HTTP/1.1" 500 20 "-" "Mozilla/5.0 AppleWebKit/537.36 (KHTML, like Gecko; compatible; GPTBot/1.3; +https://openai.com/gptbot)"
74.7.227.54 - - [16/Dec/2025:07:03:34 -0500] "GET /admin/imger/403.php?loknya=/proc/thread-self/root/proc/self/root/var/softaculous/flatboard/php82 HTTP/1.1" 200 2189 "-" "Mozilla/5.0 AppleWebKit/537.36 (KHTML, like Gecko; compatible; GPTBot/1.3; +https://openai.com/gptbot)"
74.7.227.172 - - [16/Dec/2025:07:03:35 -0500] "GET /admin/imger/403.php?loknya=/opt/alt/alt-nodejs16/root/usr/lib/node_modules/npm/node_modules.bundled/agentkeepalive HTTP/1.1" 200 2425 "-" "Mozilla/5.0 AppleWebKit/537.36 (KHTML, like Gecko; compatible; GPTBot/1.3; +https://openai.com/gptbot)"
74.7.243.248 - - [16/Dec/2025:07:03:35 -0500] "GET /admin/imger/403.php?loknya=/proc/thread-self/root/proc/self/root/proc/thread-self/root/proc/thread-self/root/usr/lib64/libnl/cli HTTP/1.1" 200 2081 "-" "Mozilla/5.0 AppleWebKit/537.36 (KHTML, like Gecko; compatible; GPTBot/1.3; +https://openai.com/gptbot)"
74.7.241.19 - - [16/Dec/2025:07:03:35 -0500] "GET /admin/imger/403.php?loknya=/proc/thread-self/root/proc/self/root/opt/alt/alt-nodejs8/root/usr/lib/npm/are-we-there-yet/ HTTP/1.1" 200 1957 "-" "Mozilla/5.0 AppleWebKit/537.36 (KHTML, like Gecko; compatible; GPTBot/1.3; +https://openai.com/gptbot)"
74.7.241.57 - - [16/Dec/2025:07:03:35 -0500] "GET /admin/imger/403.php?loknya=/proc/self/root/opt/alt/alt-nodejs11/root/lib/node_modules/npm/node_modules.bundled/read/lib HTTP/1.1" 200 2138 "-" "Mozilla/5.0 AppleWebKit/537.36 (KHTML, like Gecko; compatible; GPTBot/1.3; +https://openai.com/gptbot)"
74.7.227.25 - - [16/Dec/2025:07:03:35 -0500] "GET /admin/imger/403.php?loknya=/proc/self/root/proc/thread-self/root/opt/alt/alt-nodejs24/root/usr/lib/npm/minipass-pipeline HTTP/1.1" 200 1957 "-" "Mozilla/5.0 AppleWebKit/537.36 (KHTML, like Gecko; compatible; GPTBot/1.3; +https://openai.com/gptbot)"
74.7.227.164 - - [16/Dec/2025:07:03:35 -0500] "GET /admin/imger/403.php?loknya=/proc/thread-self/root/opt/cloudlinux/venv/lib/python3.11/site-packages/pip/_vendor/urllib3/packages/__pycache__ HTTP/1.1" 200 2217 "-" "Mozilla/5.0 AppleWebKit/537.36 (KHTML, like Gecko; compatible; GPTBot/1.3; +https://openai.com/gptbot)"
74.7.227.172 - - [16/Dec/2025:07:03:35 -0500] "GET /admin/imger/403.php?loknya=/opt/alt/alt-nodejs14/root/lib/node_modules/npm/node_modules.bundled/define-properties HTTP/1.1" 200 2442 "-" "Mozilla/5.0 AppleWebKit/537.36 (KHTML, like Gecko; compatible; GPTBot/1.3; +https://openai.com/gptbot)"
74.7.241.19 - - [16/Dec/2025:07:03:35 -0500] "GET /admin/imger/403.php?loknya=/proc/self/root/proc/thread-self/root/opt/alt/alt-nodejs22/root/usr/lib/npm/.d/ HTTP/1.1" 200 1947 "-" "Mozilla/5.0 AppleWebKit/537.36 (KHTML, like Gecko; compatible; GPTBot/1.3; +https://openai.com/gptbot)"
74.7.241.57 - - [16/Dec/2025:07:03:36 -0500] "GET /admin/imger/403.php?loknya=/proc/self/root/opt/alt/alt-nodejs11/root/lib/node_modules/npm/node_modules.bundled/fast-json-stable-stringify HTTP/1.1" 200 2551 "-" "Mozilla/5.0 AppleWebKit/537.36 (KHTML, like Gecko; compatible; GPTBot/1.3; +https://openai.com/gptbot)"
18.213.70.100 - - [16/Dec/2025:07:03:36 -0500] "GET /admin/imger/403.php?loknya=/proc/self/root/proc/self/root/proc/self/root/proc/self/root/opt/alt/php54/usr/share/pear/test/Console_Getopt HTTP/1.1" 200 2089 "-" "Mozilla/5.0 AppleWebKit/537.36 (KHTML, like Gecko; compatible; Amazonbot/0.1; +https://developer.amazon.com/support/amazonbot) Chrome/119.0.6045.214 Safari/537.36"
74.7.227.25 - - [16/Dec/2025:07:03:36 -0500] "GET /admin/imger/403.php?loknya=/proc/self/root/proc/thread-self/root/opt/alt/alt-nodejs9/root/usr/lib/node_modules/npm/node_modules.bundled/pacote/node_modules/minimatch/node_modules/brace-expansion/node_modules HTTP/1.1" 200 2225 "-" "Mozilla/5.0 AppleWebKit/537.36 (KHTML, like Gecko; compatible; GPTBot/1.3; +https://openai.com/gptbot)"
74.7.227.164 - - [16/Dec/2025:07:03:36 -0500] "GET /admin/imger/403.php?lokasie=/proc/self/cwd/1683308089_FKMWORXWYAgI8Oz.jpg&loknya=/proc/self/cwd HTTP/1.1" 200 100863 "-" "Mozilla/5.0 AppleWebKit/537.36 (KHTML, like Gecko; compatible; GPTBot/1.3; +https://openai.com/gptbot)"
74.7.227.41 - - [16/Dec/2025:07:03:34 -0500] "GET /admin/imger/403.php?loknya=/proc/thread-self/root/proc/self/root/opt/alt/alt-nodejs24/root/usr/lib/node_modules/npm/node_modules/cacache/node_modules/mkdirp/dist/cjs HTTP/1.1" 200 2286 "-" "Mozilla/5.0 AppleWebKit/537.36 (KHTML, like Gecko; compatible; GPTBot/1.3; +https://openai.com/gptbot)"
74.7.227.25 - - [16/Dec/2025:07:03:34 -0500] "GET /admin/imger/403.php?loknya=/proc/self/root/proc/thread-self/root/opt/alt/alt-nodejs9/root/usr/lib/npm/.bundled/pacote/minimatch HTTP/1.1" 200 1975 "-" "Mozilla/5.0 AppleWebKit/537.36 (KHTML, like Gecko; compatible; GPTBot/1.3; +https://openai.com/gptbot)"
74.7.227.164 - - [16/Dec/2025:07:03:34 -0500] "GET /admin/imger/403.php?loknya=/opt/alt/alt-nodejs24/root/usr/node_modules/npm/node_modules/@tufjs HTTP/1.1" 200 1910 "-" "Mozilla/5.0 AppleWebKit/537.36 (KHTML, like Gecko; compatible; GPTBot/1.3; +https://openai.com/gptbot)"
44.221.37.41 - - [16/Dec/2025:07:03:34 -0500] "GET /admin/imger/403.php?loknya=/proc/self/root/proc/self/root/proc/self/root/home/././taxhyuvu/.npm/_cacache/content-v2/sha512/bb/db HTTP/1.1" 200 2236 "-" "Mozilla/5.0 AppleWebKit/537.36 (KHTML, like Gecko; compatible; Amazonbot/0.1; +https://developer.amazon.com/support/amazonbot) Chrome/119.0.6045.214 Safari/537.36"
74.7.242.62 - - [16/Dec/2025:07:03:34 -0500] "GET /admin/imger/403.php?lokasie=/opt/alt/alt-nodejs11/root/usr/lib/node_modules/npm/node_modules/ansicolors/README.md&loknya=/opt/alt/alt-nodejs11/root/usr/lib/node_modules/npm/node_modules/ansicolors HTTP/1.1" 200 2551 "-" "Mozilla/5.0 AppleWebKit/537.36 (KHTML, like Gecko; compatible; GPTBot/1.3; +https://openai.com/gptbot)"
74.7.227.159 - - [16/Dec/2025:07:03:35 -0500] "GET /admin/imger/403.php?loknya=/proc/thread-self/root/proc/self/root/proc/self/root/proc/thread-self/root/proc/thread-self/root/opt/alt/ruby20/lib64/ruby/2.0.0/rake/contrib HTTP/1.1" 200 2467 "-" "Mozilla/5.0 AppleWebKit/537.36 (KHTML, like Gecko; compatible; GPTBot/1.3; +https://openai.com/gptbot)"
74.7.227.41 - - [16/Dec/2025:07:03:35 -0500] "GET /admin/imger/403.php?loknya=/proc/thread-self/root/proc/self/root/opt/alt/alt-nodejs24/root/usr/lib/node_modules/npm/node_modules/cacache/node_modules/tar/dist/commonjs HTTP/1.1" 200 3375 "-" "Mozilla/5.0 AppleWebKit/537.36 (KHTML, like Gecko; compatible; GPTBot/1.3; +https://openai.com/gptbot)"
74.7.242.62 - - [16/Dec/2025:07:03:35 -0500] "GET /admin/imger/403.php?lokasie=/opt/alt/alt-nodejs11/root/usr/lib/node_modules/npm/node_modules/slash/package.json&loknya=/opt/alt/alt-nodejs11/root/usr/lib/node_modules/npm/node_modules/slash HTTP/1.1" 200 2305 "-" "Mozilla/5.0 AppleWebKit/537.36 (KHTML, like Gecko; compatible; GPTBot/1.3; +https://openai.com/gptbot)"
74.7.227.54 - - [16/Dec/2025:07:03:35 -0500] "GET /admin/imger/403.php?loknya=/proc/thread-self/root/proc/self/root/var/softaculous/clientexec/php82 HTTP/1.1" 200 2262 "-" "Mozilla/5.0 AppleWebKit/537.36 (KHTML, like Gecko; compatible; GPTBot/1.3; +https://openai.com/gptbot)"
74.7.243.248 - - [16/Dec/2025:07:03:35 -0500] "GET /admin/imger/403.php?loknya=/proc/thread-self/root/proc/self/root/proc/thread-self/root/proc/thread-self/root/usr/lib64/firebird/plugins HTTP/1.1" 200 2536 "-" "Mozilla/5.0 AppleWebKit/537.36 (KHTML, like Gecko; compatible; GPTBot/1.3; +https://openai.com/gptbot)"
74.7.227.41 - - [16/Dec/2025:07:03:36 -0500] "GET /admin/imger/403.php?loknya=/proc/thread-self/root/proc/self/root/opt/alt/alt-nodejs24/root/usr/lib/node_modules/npm/node_modules/cacache/node_modules/yallist/dist/commonjs HTTP/1.1" 200 2237 "-" "Mozilla/5.0 AppleWebKit/537.36 (KHTML, like Gecko; compatible; GPTBot/1.3; +https://openai.com/gptbot)"
74.7.241.19 - - [16/Dec/2025:07:03:36 -0500] "GET /admin/imger/403.php?loknya=/proc/self/root/proc/thread-self/root/opt/alt/alt-nodejs8/root/usr/lib/npm/are-we-there-yet/ HTTP/1.1" 200 1956 "-" "Mozilla/5.0 AppleWebKit/537.36 (KHTML, like Gecko; compatible; GPTBot/1.3; +https://openai.com/gptbot)"
74.7.242.62 - - [16/Dec/2025:07:03:36 -0500] "GET /admin/imger/403.php?lokasie=/opt/alt/alt-nodejs11/root/usr/lib/node_modules/npm/node_modules/ansicolors/package.json&loknya=/opt/alt/alt-nodejs11/root/usr/lib/node_modules/npm/node_modules/ansicolors HTTP/1.1" 200 2264 "-" "Mozilla/5.0 AppleWebKit/537.36 (KHTML, like Gecko; compatible; GPTBot/1.3; +https://openai.com/gptbot)"
74.7.227.54 - - [16/Dec/2025:07:03:36 -0500] "GET /admin/imger/403.php?loknya=/proc/self/root/proc/thread-self/root/var/softaculous/churchcrm/php82 HTTP/1.1" 200 2220 "-" "Mozilla/5.0 AppleWebKit/537.36 (KHTML, like Gecko; compatible; GPTBot/1.3; +https://openai.com/gptbot)"
74.7.227.172 - - [16/Dec/2025:07:03:36 -0500] "GET /admin/imger/403.php?loknya=/opt/alt/alt-nodejs12/root/lib/node_modules/npm/node_modules.bundled/socks/docs/examples/javascript HTTP/1.1" 200 2237 "-" "Mozilla/5.0 AppleWebKit/537.36 (KHTML, like Gecko; compatible; GPTBot/1.3; +https://openai.com/gptbot)"
74.7.242.19 - - [16/Dec/2025:07:03:35 -0500] "GET /admin/imger/x.php HTTP/1.1" 200 187 "-" "Mozilla/5.0 AppleWebKit/537.36 (KHTML, like Gecko; compatible; GPTBot/1.3; +https://openai.com/gptbot)"
74.7.243.248 - - [16/Dec/2025:07:03:36 -0500] "GET /admin/imger/403.php?loknya=/proc/thread-self/root/proc/self/root/proc/thread-self/root/proc/thread-self/root/opt/alt/ruby19/lib64 HTTP/1.1" 200 2374 "-" "Mozilla/5.0 AppleWebKit/537.36 (KHTML, like Gecko; compatible; GPTBot/1.3; +https://openai.com/gptbot)"
74.7.241.57 - - [16/Dec/2025:07:03:36 -0500] "GET /admin/imger/403.php?loknya=/proc/self/root/opt/alt/alt-nodejs11/root/lib/node_modules/npm/node_modules.bundled/init-package-json HTTP/1.1" 200 2367 "-" "Mozilla/5.0 AppleWebKit/537.36 (KHTML, like Gecko; compatible; GPTBot/1.3; +https://openai.com/gptbot)"
74.7.227.41 - - [16/Dec/2025:07:03:36 -0500] "GET /admin/imger/403.php?loknya=/proc/thread-self/root/proc/self/root/opt/alt/alt-nodejs24/root/usr/lib/node_modules/npm/node_modules/cacache/node_modules/tar/dist/esm HTTP/1.1" 200 3367 "-" "Mozilla/5.0 AppleWebKit/537.36 (KHTML, like Gecko; compatible; GPTBot/1.3; +https://openai.com/gptbot)"
74.7.227.25 - - [16/Dec/2025:07:03:36 -0500] "GET /admin/imger/403.php?loknya=/proc/self/root/proc/thread-self/root/opt/alt/alt-nodejs9/root/usr/lib/node_modules/npm/node_modules.bundled/pacote/node_modules/minimatch/node_modules/ HTTP/1.1" 200 2164 "-" "Mozilla/5.0 AppleWebKit/537.36 (KHTML, like Gecko; compatible; GPTBot/1.3; +https://openai.com/gptbot)"
3.212.205.90 - - [16/Dec/2025:07:03:36 -0500] "GET /admin/imger/403.php?loknya=/proc/self/root/proc/self/root/proc/self/root/proc/self/root/var/softaculous/wp68/php81 HTTP/1.1" 200 2371 "-" "Mozilla/5.0 AppleWebKit/537.36 (KHTML, like Gecko; compatible; Amazonbot/0.1; +https://developer.amazon.com/support/amazonbot) Chrome/119.0.6045.214 Safari/537.36"
