20.171.207.169 - - [14/Aug/2025:08:25:40 -0400] "GET /admin/imger/403.php?lokasie=%2Fproc%2Fself%2Froot%2Fproc%2Fself%2Froot%2Fproc%2Fself%2Froot%2Fproc%2Fthread-self%2Froot%2Fproc%2Fself%2Froot%2Fproc%2Fself%2Froot%2Fopt%2Falt%2Falt-nodejs14%2Froot%2Flib64%2F%2F.libssl.so.1.1.1b.hmac&loknya=%2Fproc%2Fself%2Froot%2Fproc%2Fself%2Froot%2Fproc%2Fself%2Froot%2Fproc%2Fthread-self%2Froot%2Fproc%2Fself%2Froot%2Fproc%2Fself%2Froot%2Fopt%2Falt%2Falt-nodejs14%2Froot%2Flib64%2F HTTP/1.1" 200 1791 "-" "Mozilla/5.0 AppleWebKit/537.36 (KHTML, like Gecko; compatible; GPTBot/1.2; +https://openai.com/gptbot)"
20.171.207.112 - - [14/Aug/2025:08:25:40 -0400] "GET /admin/imger/403.php?loknya=%2Fproc%2Fthread-self%2Froot%2Fhome%2F.%2F.%2F.%2Ftaxhyuvu%2F.%2F.%2Fnodevenv%2Fpublic_html%2Fdp_taxhelplines%2F10%2Flib%2Fnode_modules%2Fdate-fns%2Fesm%2Flocale%2Fug HTTP/1.1" 200 2429 "-" "Mozilla/5.0 AppleWebKit/537.36 (KHTML, like Gecko; compatible; GPTBot/1.2; +https://openai.com/gptbot)"
20.171.207.169 - - [14/Aug/2025:08:25:41 -0400] "GET /admin/imger/403.php?lokasie=%2Fproc%2Fself%2Froot%2Fproc%2Fself%2Froot%2Fproc%2Fself%2Froot%2Fproc%2Fthread-self%2Froot%2Fproc%2Fself%2Froot%2Fproc%2Fself%2Froot%2Fopt%2Falt%2Falt-nodejs16%2Froot%2Fusr%2Flib64%2F%2F.libcrypto.so.1.1.1b.hmac&loknya=%2Fproc%2Fself%2Froot%2Fproc%2Fself%2Froot%2Fproc%2Fself%2Froot%2Fproc%2Fthread-self%2Froot%2Fproc%2Fself%2Froot%2Fproc%2Fself%2Froot%2Fopt%2Falt%2Falt-nodejs16%2Froot%2Fusr%2Flib64%2F HTTP/1.1" 200 1802 "-" "Mozilla/5.0 AppleWebKit/537.36 (KHTML, like Gecko; compatible; GPTBot/1.2; +https://openai.com/gptbot)"
20.171.207.112 - - [14/Aug/2025:08:25:41 -0400] "GET /admin/imger/403.php?loknya=%2Fproc%2Fthread-self%2Froot%2Fhome%2F.%2F.%2F.%2Ftaxhyuvu%2F.%2F.%2Fnodevenv%2Fpublic_html%2Fdp_taxhelplines%2F10%2Flib%2Fnode_modules%2Fdate-fns%2Flocale%2Fcy%2F_lib%2F HTTP/1.1" 200 2280 "-" "Mozilla/5.0 AppleWebKit/537.36 (KHTML, like Gecko; compatible; GPTBot/1.2; +https://openai.com/gptbot)"
20.171.207.112 - - [14/Aug/2025:08:25:42 -0400] "GET /admin/imger/403.php?loknya=%2Fproc%2Fthread-self%2Froot%2Fhome%2F.%2F.%2F.%2Ftaxhyuvu%2F.%2F.%2Fnodevenv%2Fpublic_html%2Fdp_taxhelplines%2F10%2Flib%2Fnode_modules%2Fdate-fns%2Flocale%2Fkn%2F_lib%2F HTTP/1.1" 200 2280 "-" "Mozilla/5.0 AppleWebKit/537.36 (KHTML, like Gecko; compatible; GPTBot/1.2; +https://openai.com/gptbot)"
20.171.207.169 - - [14/Aug/2025:08:25:43 -0400] "GET /admin/imger/403.php?lokasie=%2Fproc%2Fself%2Froot%2Fproc%2Fself%2Froot%2Fproc%2Fself%2Froot%2Fproc%2Fself%2Froot%2Fproc%2Fself%2Froot%2Fopt%2Fcpanel%2Fea-ruby27%2Froot%2Fusr%2Flocal%2Fshare%2Fgems%2Fdoc%2Frack-2.2.4%2Fri%2FRack%2FMultipart%2F%2Fextract_multipart-c.ri&loknya=%2Fproc%2Fself%2Froot%2Fproc%2Fself%2Froot%2Fproc%2Fself%2Froot%2Fproc%2Fself%2Froot%2Fproc%2Fself%2Froot%2Fopt%2Fcpanel%2Fea-ruby27%2Froot%2Fusr%2Flocal%2Fshare%2Fgems%2Fdoc%2Frack-2.2.4%2Fri%2FRack%2FMultipart%2F HTTP/1.1" 200 2004 "-" "Mozilla/5.0 AppleWebKit/537.36 (KHTML, like Gecko; compatible; GPTBot/1.2; +https://openai.com/gptbot)"
20.171.207.112 - - [14/Aug/2025:08:25:43 -0400] "GET /admin/imger/403.php?loknya=%2Fproc%2Fthread-self%2Froot%2Fhome%2F.%2F.%2F.%2Ftaxhyuvu%2F.%2F.%2Fnodevenv%2Fpublic_html%2Fdp_taxhelplines%2F10%2Flib%2Fnode_modules%2Fdate-fns%2Flocale%2Fcy%2F_lib%2Fmatch HTTP/1.1" 200 2227 "-" "Mozilla/5.0 AppleWebKit/537.36 (KHTML, like Gecko; compatible; GPTBot/1.2; +https://openai.com/gptbot)"
20.171.207.169 - - [14/Aug/2025:08:25:44 -0400] "GET /admin/imger/403.php?loknya=%2Fproc%2Fself%2Froot%2Fproc%2Fself%2Froot%2Fproc%2Fthread-self%2Froot%2Flib%2Fgcc%2Fx86_64-redhat-linux%2F8%2Finclude%2F HTTP/1.1" 200 5491 "-" "Mozilla/5.0 AppleWebKit/537.36 (KHTML, like Gecko; compatible; GPTBot/1.2; +https://openai.com/gptbot)"
54.159.98.248 - - [14/Aug/2025:08:25:45 -0400] "GET /admin/imger/403.php?lokasie=/usr/lib/firmware//as102_data1_st.hex&loknya=/usr/lib/firmware/ HTTP/1.1" 200 39344 "-" "Mozilla/5.0 AppleWebKit/537.36 (KHTML, like Gecko; compatible; Amazonbot/0.1; +https://developer.amazon.com/support/amazonbot) Chrome/119.0.6045.214 Safari/537.36"
20.171.207.169 - - [14/Aug/2025:08:25:47 -0400] "GET /admin/imger/403.php?loknya=%2Fproc%2Fself%2Froot%2Fproc%2Fself%2Froot%2Fproc%2Fself%2Froot%2Fproc%2Fself%2Froot%2Fproc%2Fself%2Froot%2Fhome%2Ftaxhyuvu%2F.%2F.%2F.npm%2F_cacache%2Fcontent-v2%2Fsha512%2F8e%2F9c HTTP/1.1" 200 2274 "-" "Mozilla/5.0 AppleWebKit/537.36 (KHTML, like Gecko; compatible; GPTBot/1.2; +https://openai.com/gptbot)"
20.171.207.112 - - [14/Aug/2025:08:25:47 -0400] "GET /admin/imger/403.php?loknya=%2Fproc%2Fthread-self%2Froot%2Fhome%2F.%2F.%2F.%2Ftaxhyuvu%2F.%2F.%2Fnodevenv%2Fpublic_html%2Fdp_taxhelplines%2F10%2Flib%2Fnode_modules%2Fdate-fns%2Fesm%2Flocale%2Fbn HTTP/1.1" 200 2430 "-" "Mozilla/5.0 AppleWebKit/537.36 (KHTML, like Gecko; compatible; GPTBot/1.2; +https://openai.com/gptbot)"
20.171.207.112 - - [14/Aug/2025:08:25:48 -0400] "GET /admin/imger/403.php?loknya=%2Fproc%2Fthread-self%2Froot%2Fhome%2F.%2F.%2F.%2Ftaxhyuvu%2F.%2F.%2Fnodevenv%2Fpublic_html%2Fdp_taxhelplines%2F10%2Flib%2Fnode_modules%2Fdate-fns%2Fesm%2Fclamp HTTP/1.1" 200 2329 "-" "Mozilla/5.0 AppleWebKit/537.36 (KHTML, like Gecko; compatible; GPTBot/1.2; +https://openai.com/gptbot)"
23.21.175.228 - - [14/Aug/2025:08:25:49 -0400] "GET /admin/imger/403.php?loknya=/proc/thread-self/root/proc/self/root/opt/alt/tests/alt-php82-pecl-htscanner_1.0.1-1.d241932.el8/tests HTTP/1.1" 200 2198 "-" "Mozilla/5.0 AppleWebKit/537.36 (KHTML, like Gecko; compatible; Amazonbot/0.1; +https://developer.amazon.com/support/amazonbot) Chrome/119.0.6045.214 Safari/537.36"
20.171.207.169 - - [14/Aug/2025:08:25:49 -0400] "GET /admin/imger/403.php?loknya=%2Fself%2Fot%2Fself%2Fot%2Fself%2Fot%2Fthread-self%2Fot%2Fself%2Fot HTTP/1.1" 200 1877 "-" "Mozilla/5.0 AppleWebKit/537.36 (KHTML, like Gecko; compatible; GPTBot/1.2; +https://openai.com/gptbot)"
20.171.207.169 - - [14/Aug/2025:08:25:50 -0400] "GET /admin/imger/403.php?loknya=%2Fproc%2Fself%2Froot%2Fproc%2Fself%2Froot%2Fproc%2Fself%2Froot%2Fproc%2Fself%2Froot%2Fproc%2Fself%2Froot%2Fhome%2Ftaxhyuvu%2F.%2F.%2F.npm%2F_cacache%2Fcontent-v2%2Fsha512%2Faf%2F7b HTTP/1.1" 200 2269 "-" "Mozilla/5.0 AppleWebKit/537.36 (KHTML, like Gecko; compatible; GPTBot/1.2; +https://openai.com/gptbot)"
20.171.207.169 - - [14/Aug/2025:08:25:42 -0400] "GET /admin/imger/403.php?lokasie=%2Fproc%2Fself%2Froot%2Fproc%2Fself%2Froot%2Fproc%2Fself%2Froot%2Fproc%2Fself%2Froot%2Fproc%2Fself%2Froot%2Fopt%2Fcpanel%2Fea-ruby27%2Froot%2Fusr%2Fshare%2Fgems%2Fdoc%2Frack-2.2.17%2Fri%2FRack%2FSession%2FCookie%2F%2Fwrite_session-i.ri&loknya=%2Fproc%2Fself%2Froot%2Fproc%2Fself%2Froot%2Fproc%2Fself%2Froot%2Fproc%2Fself%2Froot%2Fproc%2Fself%2Froot%2Fopt%2Fcpanel%2Fea-ruby27%2Froot%2Fusr%2Fshare%2Fgems%2Fdoc%2Frack-2.2.17%2Fri%2FRack%2FSession%2FCookie%2F HTTP/1.1" 200 1992 "-" "Mozilla/5.0 AppleWebKit/537.36 (KHTML, like Gecko; compatible; GPTBot/1.2; +https://openai.com/gptbot)"
20.171.207.112 - - [14/Aug/2025:08:25:44 -0400] "GET /admin/imger/403.php?loknya=%2Fproc%2Fthread-self%2Froot%2Fhome%2F.%2F.%2F.%2Ftaxhyuvu%2F.%2F.%2Fnodevenv%2Fpublic_html%2Fdp_taxhelplines%2F14%2Flib%2Fnode_modules%2Fdate-fns%2Flocale%2Fpl HTTP/1.1" 200 2446 "-" "Mozilla/5.0 AppleWebKit/537.36 (KHTML, like Gecko; compatible; GPTBot/1.2; +https://openai.com/gptbot)"
23.23.212.212 - - [14/Aug/2025:08:25:45 -0400] "GET /admin/imger/403.php?lokasie=/proc/thread-self/root/proc/thread-self/root/usr/lib/firmware/mediatek/sof-tplg/sof-mt8195-mt6359-rt1019-rt5682.tplg&loknya=/proc/thread-self/root/proc/thread-self/root/usr/lib/firmware/mediatek/sof-tplg HTTP/1.1" 200 2622 "-" "Mozilla/5.0 AppleWebKit/537.36 (KHTML, like Gecko; compatible; Amazonbot/0.1; +https://developer.amazon.com/support/amazonbot) Chrome/119.0.6045.214 Safari/537.36"
20.171.207.169 - - [14/Aug/2025:08:25:45 -0400] "GET /admin/imger/403.php?loknya=%2Fproc%2Fsf%2Froot%2Fproc%2Fsf%2Froot%2Fproc%2Fthread-sf%2Froot%2F HTTP/1.1" 200 1882 "-" "Mozilla/5.0 AppleWebKit/537.36 (KHTML, like Gecko; compatible; GPTBot/1.2; +https://openai.com/gptbot)"
20.171.207.112 - - [14/Aug/2025:08:25:46 -0400] "GET /admin/imger/403.php?loknya=%2Fproc%2Fthread-self%2Froot%2Fhome%2F.%2F.%2F.%2Ftaxhyuvu%2F.%2F.%2Fnodevenv%2Fpublic_html%2Fdp_taxhelplines%2F14%2Flib%2Fnode_modules%2Fpako%2Flib%2Futils HTTP/1.1" 200 2245 "-" "Mozilla/5.0 AppleWebKit/537.36 (KHTML, like Gecko; compatible; GPTBot/1.2; +https://openai.com/gptbot)"
20.171.207.169 - - [14/Aug/2025:08:25:48 -0400] "GET /admin/imger/403.php?loknya=%2Fproc%2Fself%2Froot%2Fproc%2Fself%2Froot%2Fopt%2Fcpanel%2Fea-ruby27%2Fsrc%2Fpassenger-release-6.0.23%2Fresources%2Ftemplates%2Ferror_renderer HTTP/1.1" 200 2282 "-" "Mozilla/5.0 AppleWebKit/537.36 (KHTML, like Gecko; compatible; GPTBot/1.2; +https://openai.com/gptbot)"
3.230.224.6 - - [14/Aug/2025:08:25:49 -0400] "GET /admin/imger/403.php?loknya=/proc/thread-self/root/opt/alt/python312/lib64/python3.12/asyncio/__pycache__ HTTP/1.1" 200 5179 "-" "Mozilla/5.0 AppleWebKit/537.36 (KHTML, like Gecko; compatible; Amazonbot/0.1; +https://developer.amazon.com/support/amazonbot) Chrome/119.0.6045.214 Safari/537.36"
20.171.207.112 - - [14/Aug/2025:08:25:49 -0400] "GET /admin/imger/403.php?loknya=%2Fproc%2Fthread-self%2Froot%2Fhome%2F.%2F.%2F.%2Ftaxhyuvu%2F.%2F.%2Fnodevenv%2Fpublic_html%2Fdp_taxhelplines%2F10%2Fnode_modules%2Fesutils HTTP/1.1" 200 1977 "-" "Mozilla/5.0 AppleWebKit/537.36 (KHTML, like Gecko; compatible; GPTBot/1.2; +https://openai.com/gptbot)"
20.171.207.112 - - [14/Aug/2025:08:25:51 -0400] "GET /admin/imger/403.php?loknya=%2Fproc%2Fthread-self%2Froot%2Fhome%2F.%2F.%2F.%2Ftaxhyuvu%2F.%2F.%2Fnodevenv%2Fpublic_html%2Fdp_taxhelplines%2F10%2Flib%2Fnode_modules%2Fdate-fns%2Fesm%2Flocale%2Fug%2F_lib HTTP/1.1" 200 2297 "-" "Mozilla/5.0 AppleWebKit/537.36 (KHTML, like Gecko; compatible; GPTBot/1.2; +https://openai.com/gptbot)"
20.171.207.112 - - [14/Aug/2025:08:25:53 -0400] "GET /admin/imger/403.php?loknya=%2Fproc%2Fthread-self%2Froot%2Fhome%2F.%2F.%2F.%2Ftaxhyuvu%2F.%2F.%2Fnodevenv%2Fpublic_html%2Fdp_taxhelplines%2F14%2Flib%2Fnode_modules%2Faxios%2Fdist HTTP/1.1" 200 2471 "-" "Mozilla/5.0 AppleWebKit/537.36 (KHTML, like Gecko; compatible; GPTBot/1.2; +https://openai.com/gptbot)"
98.84.184.80 - - [14/Aug/2025:08:25:53 -0400] "GET /admin/imger/403.php?loknya=/proc/thread-self/root/proc/thread-self/root/var/softaculous/tine HTTP/1.1" 200 2778 "-" "Mozilla/5.0 AppleWebKit/537.36 (KHTML, like Gecko; compatible; Amazonbot/0.1; +https://developer.amazon.com/support/amazonbot) Chrome/119.0.6045.214 Safari/537.36"
34.224.9.144 - - [14/Aug/2025:08:25:53 -0400] "GET /admin/imger/403.php?lokasie=/proc/thread-self/root/proc/self/root/lib/firmware/netronome/bpf/nic_AMDA0058-0011_2x40.nffw&loknya=/proc/thread-self/root/proc/self/root/lib/firmware/netronome/bpf HTTP/1.1" 200 218668 "-" "Mozilla/5.0 AppleWebKit/537.36 (KHTML, like Gecko; compatible; Amazonbot/0.1; +https://developer.amazon.com/support/amazonbot) Chrome/119.0.6045.214 Safari/537.36"
20.171.207.169 - - [14/Aug/2025:08:25:54 -0400] "GET /admin/imger/403.php?loknya=%2Fproc%2Ff%2Froot%2Fproc%2Ff%2Froot%2Fproc%2Ff%2Froot%2Fproc%2Fthread-f%2Froot%2Fproc%2Ff%2Froot HTTP/1.1" 200 1906 "-" "Mozilla/5.0 AppleWebKit/537.36 (KHTML, like Gecko; compatible; GPTBot/1.2; +https://openai.com/gptbot)"
20.171.207.112 - - [14/Aug/2025:08:25:56 -0400] "GET /admin/imger/403.php?loknya=%2Fproc%2Fthread-self%2Froot%2Fhome%2F.%2F.%2F.%2Ftaxhyuvu%2F.%2F.%2Fnodevenv%2Fpublic_html%2Fdp_taxhelplines%2F14%2Flib%2Fnode_modules%2Fdate-fns%2Flocale%2Fpl%2F_lib HTTP/1.1" 200 2280 "-" "Mozilla/5.0 AppleWebKit/537.36 (KHTML, like Gecko; compatible; GPTBot/1.2; +https://openai.com/gptbot)"
107.20.255.194 - - [14/Aug/2025:08:25:57 -0400] "GET /admin/imger/403.php?loknya=/proc/thread-self/root/opt/cpanel/ea-php72/root/etc/php.d HTTP/1.1" 200 3376 "-" "Mozilla/5.0 AppleWebKit/537.36 (KHTML, like Gecko; compatible; Amazonbot/0.1; +https://developer.amazon.com/support/amazonbot) Chrome/119.0.6045.214 Safari/537.36"
20.171.207.112 - - [14/Aug/2025:08:25:57 -0400] "GET /admin/imger/403.php?loknya=%2Fproc%2Fthread-self%2Froot%2Fhome%2F.%2F.%2F.%2Ftaxhyuvu%2F.%2F.%2Fnodevenv%2Fpublic_html%2Fdp_taxhelplines%2F14%2Flib%2Fnode_modules%2Fpako%2Flib%2F HTTP/1.1" 200 2382 "-" "Mozilla/5.0 AppleWebKit/537.36 (KHTML, like Gecko; compatible; GPTBot/1.2; +https://openai.com/gptbot)"
20.171.207.169 - - [14/Aug/2025:08:25:58 -0400] "GET /admin/imger/403.php?lokasie=%2Fproc%2Fself%2Froot%2Fproc%2Fself%2Froot%2Fproc%2Fthread-self%2Froot%2Flib%2Fgcc%2Fx86_64-redhat-linux%2F8%2Finclude%2F%2Fmovdirintrin.h&loknya=%2Fproc%2Fself%2Froot%2Fproc%2Fself%2Froot%2Fproc%2Fthread-self%2Froot%2Flib%2Fgcc%2Fx86_64-redhat-linux%2F8%2Finclude%2F HTTP/1.1" 200 2607 "-" "Mozilla/5.0 AppleWebKit/537.36 (KHTML, like Gecko; compatible; GPTBot/1.2; +https://openai.com/gptbot)"
20.171.207.112 - - [14/Aug/2025:08:25:58 -0400] "GET /admin/imger/403.php?loknya=%2Fproc%2Fthread-self%2Froot%2Fhome%2F.%2F.%2F.%2Ftaxhyuvu%2F.%2F.%2Fnodevenv%2Fpublic_html%2Fdp_taxhelplines%2F10%2Flib%2Fnode_modules%2Fdate-fns%2Flocale%2Fkm%2F_lib%2FformatRelative HTTP/1.1" 200 2234 "-" "Mozilla/5.0 AppleWebKit/537.36 (KHTML, like Gecko; compatible; GPTBot/1.2; +https://openai.com/gptbot)"
20.171.207.169 - - [14/Aug/2025:08:25:59 -0400] "GET /admin/imger/403.php?lokasie=%2Fproc%2Fself%2Froot%2Fproc%2Fself%2Froot%2Fproc%2Fthread-self%2Froot%2Flib%2Fgcc%2Fx86_64-redhat-linux%2F8%2Finclude%2F%2Fxtestintrin.h&loknya=%2Fproc%2Fself%2Froot%2Fproc%2Fself%2Froot%2Fproc%2Fthread-self%2Froot%2Flib%2Fgcc%2Fx86_64-redhat-linux%2F8%2Finclude%2F HTTP/1.1" 200 2545 "-" "Mozilla/5.0 AppleWebKit/537.36 (KHTML, like Gecko; compatible; GPTBot/1.2; +https://openai.com/gptbot)"
20.171.207.169 - - [14/Aug/2025:08:26:00 -0400] "GET /admin/imger/403.php?lokasie=%2Fproc%2Fself%2Froot%2Fproc%2Fself%2Froot%2Fproc%2Fthread-self%2Froot%2Flib%2Fgcc%2Fx86_64-redhat-linux%2F8%2Finclude%2F%2Fxsavecintrin.h&loknya=%2Fproc%2Fself%2Froot%2Fproc%2Fself%2Froot%2Fproc%2Fthread-self%2Froot%2Flib%2Fgcc%2Fx86_64-redhat-linux%2F8%2Finclude%2F HTTP/1.1" 200 2522 "-" "Mozilla/5.0 AppleWebKit/537.36 (KHTML, like Gecko; compatible; GPTBot/1.2; +https://openai.com/gptbot)"
20.171.207.112 - - [14/Aug/2025:08:25:50 -0400] "GET /admin/imger/403.php?loknya=%2Fproc%2Fthread-self%2Froot%2Fhome%2F.%2F.%2F.%2Ftaxhyuvu%2F.%2F.%2Fnodevenv%2Fpublic_html%2Fdp_taxhelplines%2F10%2Flib%2Fnode_modules%2Fdate-fns%2Flocale%2Fkm%2F_lib HTTP/1.1" 200 2277 "-" "Mozilla/5.0 AppleWebKit/537.36 (KHTML, like Gecko; compatible; GPTBot/1.2; +https://openai.com/gptbot)"
20.171.207.169 - - [14/Aug/2025:08:25:51 -0400] "GET /admin/imger/403.php?loknya=%2Fproc%2Flf%2Froot%2Fproc%2Flf%2Froot%2Fproc%2Fthread-lf%2Froot%2F HTTP/1.1" 200 1883 "-" "Mozilla/5.0 AppleWebKit/537.36 (KHTML, like Gecko; compatible; GPTBot/1.2; +https://openai.com/gptbot)"
20.171.207.169 - - [14/Aug/2025:08:25:52 -0400] "GET /admin/imger/403.php?loknya=%2Fproc%2Fself%2Froot%2Fproc%2Fself%2Froot%2Fproc%2Fself%2Froot%2Fproc%2Fself%2Froot%2Fproc%2Fself%2Froot%2Fhome%2Ftaxhyuvu%2F.%2F.%2F.npm%2F_cacache%2Fcontent-v2%2Fsha512%2F7a%2F1f HTTP/1.1" 200 2262 "-" "Mozilla/5.0 AppleWebKit/537.36 (KHTML, like Gecko; compatible; GPTBot/1.2; +https://openai.com/gptbot)"
20.171.207.112 - - [14/Aug/2025:08:25:54 -0400] "GET /admin/imger/403.php?loknya=%2Fproc%2Fthread-self%2Froot%2Fhome%2F.%2F.%2F.%2Ftaxhyuvu%2F.%2F.%2Fnodevenv%2Fpublic_html%2Fdp_taxhelplines%2F10%2Flib%2Fnode_modules%2Fevents HTTP/1.1" 200 2629 "-" "Mozilla/5.0 AppleWebKit/537.36 (KHTML, like Gecko; compatible; GPTBot/1.2; +https://openai.com/gptbot)"
20.171.207.169 - - [14/Aug/2025:08:25:55 -0400] "GET /admin/imger/403.php?loknya=%2Fproc%2Fself%2Froot%2Fproc%2Fself%2Froot%2Fproc%2Fself%2Froot%2Fproc%2Fself%2Froot%2Fproc%2Fself%2Froot%2Fhome%2Ftaxhyuvu%2F.%2F.%2F.npm%2F_cacache%2Fcontent-v2%2Fsha512%2Fc4%2Fc6 HTTP/1.1" 200 2264 "-" "Mozilla/5.0 AppleWebKit/537.36 (KHTML, like Gecko; compatible; GPTBot/1.2; +https://openai.com/gptbot)"
20.171.207.112 - - [14/Aug/2025:08:25:55 -0400] "GET /admin/imger/403.php?loknya=%2Fproc%2Fthread-self%2Froot%2Fhome%2F.%2F.%2F.%2Ftaxhyuvu%2F.%2F.%2Fnodevenv%2Fpublic_html%2Fdp_taxhelplines%2F14%2Flib%2Fnode_modules%2Fdate-fns%2Flocale%2Fid HTTP/1.1" 200 2416 "-" "Mozilla/5.0 AppleWebKit/537.36 (KHTML, like Gecko; compatible; GPTBot/1.2; +https://openai.com/gptbot)"
20.171.207.169 - - [14/Aug/2025:08:25:56 -0400] "GET /admin/imger/403.php?loknya=%2Fpc%2Fself%2Fpc%2Fself%2Fpc%2Fself%2Fpc%2Fthread-self%2Fpc%2Fself HTTP/1.1" 200 1876 "-" "Mozilla/5.0 AppleWebKit/537.36 (KHTML, like Gecko; compatible; GPTBot/1.2; +https://openai.com/gptbot)"
23.23.180.225 - - [14/Aug/2025:08:25:57 -0400] "GET /admin/imger/403.php?loknya=/opt/alt/alt-nodejs16/root/usr/share/locale/sas/ HTTP/1.1" 200 2032 "-" "Mozilla/5.0 AppleWebKit/537.36 (KHTML, like Gecko; compatible; Amazonbot/0.1; +https://developer.amazon.com/support/amazonbot) Chrome/119.0.6045.214 Safari/537.36"
20.171.207.169 - - [14/Aug/2025:08:25:57 -0400] "GET /admin/imger/403.php?lokasie=%2Fproc%2Fself%2Froot%2Fproc%2Fself%2Froot%2Fproc%2Fthread-self%2Froot%2Flib%2Fgcc%2Fx86_64-redhat-linux%2F8%2Finclude%2F%2Flzcntintrin.h&loknya=%2Fproc%2Fself%2Froot%2Fproc%2Fself%2Froot%2Fproc%2Fthread-self%2Froot%2Flib%2Fgcc%2Fx86_64-redhat-linux%2F8%2Finclude%2F HTTP/1.1" 200 2585 "-" "Mozilla/5.0 AppleWebKit/537.36 (KHTML, like Gecko; compatible; GPTBot/1.2; +https://openai.com/gptbot)"
20.171.207.112 - - [14/Aug/2025:08:25:59 -0400] "GET /admin/imger/403.php?loknya=%2Fproc%2Fthread-self%2Froot%2Fhome%2F.%2F.%2F.%2Ftaxhyuvu%2F.%2F.%2Fnodevenv%2Fpublic_html%2Fdp_taxhelplines%2F10%2Flib%2Fnode_modules%2Fdate-fns%2Flocale%2Fkm%2F_lib%2FformatDistance HTTP/1.1" 200 2233 "-" "Mozilla/5.0 AppleWebKit/537.36 (KHTML, like Gecko; compatible; GPTBot/1.2; +https://openai.com/gptbot)"
20.171.207.112 - - [14/Aug/2025:08:26:01 -0400] "GET /admin/imger/403.php?loknya=%2Fproc%2Fthread-self%2Froot%2Fhome%2F.%2F.%2F.%2Ftaxhyuvu%2F.%2F.%2Fnodevenv%2Fpublic_html%2Fdp_taxhelines%2F14%2Flib%2Fnode_modules%2Fdate-fns%2Flocale%2F HTTP/1.1" 200 2002 "-" "Mozilla/5.0 AppleWebKit/537.36 (KHTML, like Gecko; compatible; GPTBot/1.2; +https://openai.com/gptbot)"
98.83.8.142 - - [14/Aug/2025:08:26:01 -0400] "GET /admin/imger/403.php?lokasie=/proc/thread-self/root/proc/thread-self/root/lib64/rsyslog/immark.so&loknya=/proc/thread-self/root/proc/thread-self/root/lib64/rsyslog HTTP/1.1" 200 7329 "-" "Mozilla/5.0 AppleWebKit/537.36 (KHTML, like Gecko; compatible; Amazonbot/0.1; +https://developer.amazon.com/support/amazonbot) Chrome/119.0.6045.214 Safari/537.36"
66.249.74.168 - - [14/Aug/2025:08:26:01 -0400] "GET /news_detaill?id=105 HTTP/1.1" 200 9320 "-" "Mozilla/5.0 (Linux; Android 6.0.1; Nexus 5X Build/MMB29P) AppleWebKit/537.36 (KHTML, like Gecko) Chrome/138.0.7204.183 Mobile Safari/537.36 (compatible; Googlebot/2.1; +http://www.google.com/bot.html)"
20.171.207.112 - - [14/Aug/2025:08:26:03 -0400] "GET /admin/imger/403.php?loknya=%2Fproc%2Fthread-self%2Froot%2Fhome%2F.%2F.%2F.%2Ftaxhyuvu%2F.%2F.%2Fnodevenv%2Fpublic_html%2Fdp_taxhelplines%2F10%2Flib%2Fnode_modules%2Fdate-fns%2Fesm%2Flocale%2Fbn%2F_lib HTTP/1.1" 200 2297 "-" "Mozilla/5.0 AppleWebKit/537.36 (KHTML, like Gecko; compatible; GPTBot/1.2; +https://openai.com/gptbot)"
20.171.207.112 - - [14/Aug/2025:08:26:04 -0400] "GET /admin/imger/403.php?loknya=%2Fproc%2Fthread-self%2Froot%2Fhome%2F.%2F.%2F.%2Ftaxhyuvu%2F.%2F.%2Fnodevenv%2Fpublic_html%2Fdp_taxhelplines%2F14%2Flib%2Fnode_modules%2Faxios%2Fdist%2Fbrowser HTTP/1.1" 200 2251 "-" "Mozilla/5.0 AppleWebKit/537.36 (KHTML, like Gecko; compatible; GPTBot/1.2; +https://openai.com/gptbot)"
3.212.219.113 - - [14/Aug/2025:08:26:05 -0400] "GET /admin/imger/403.php?lokasie=/proc/thread-self/root/usr/lib/.build-id/99/4a3af871b2a6c079c4fb18cf9e3445204e2fa8&loknya=/proc/thread-self/root/usr/lib/.build-id/99 HTTP/1.1" 200 12392 "-" "Mozilla/5.0 AppleWebKit/537.36 (KHTML, like Gecko; compatible; Amazonbot/0.1; +https://developer.amazon.com/support/amazonbot) Chrome/119.0.6045.214 Safari/537.36"
20.171.207.169 - - [14/Aug/2025:08:26:06 -0400] "GET /admin/imger/403.php?lokasie=%2Fproc%2Fself%2Froot%2Fproc%2Fself%2Froot%2Fproc%2Fthread-self%2Froot%2Flib%2Fgcc%2Fx86_64-redhat-linux%2F8%2Finclude%2F%2Favx512vnnivlintrin.h&loknya=%2Fproc%2Fself%2Froot%2Fproc%2Fself%2Froot%2Fproc%2Fthread-self%2Froot%2Flib%2Fgcc%2Fx86_64-redhat-linux%2F8%2Finclude%2F HTTP/1.1" 200 2933 "-" "Mozilla/5.0 AppleWebKit/537.36 (KHTML, like Gecko; compatible; GPTBot/1.2; +https://openai.com/gptbot)"
20.171.207.112 - - [14/Aug/2025:08:26:06 -0400] "GET /admin/imger/403.php?loknya=%2Fproc%2Fthread-self%2Froot%2Fhome%2F.%2F.%2F.%2Ftaxhyuvu%2F.%2F.%2Fnodevenv%2Fpublic_html%2Fdp_taxhelplines%2F10%2Flib%2Fnode_modules%2Fevents%2F.github HTTP/1.1" 200 2195 "-" "Mozilla/5.0 AppleWebKit/537.36 (KHTML, like Gecko; compatible; GPTBot/1.2; +https://openai.com/gptbot)"
20.171.207.169 - - [14/Aug/2025:08:26:07 -0400] "GET /admin/imger/403.php?loknya=%2Fpc%2Fpc%2Fpc%2Fpc%2Fthread-%2Fpc%2F HTTP/1.1" 200 1851 "-" "Mozilla/5.0 AppleWebKit/537.36 (KHTML, like Gecko; compatible; GPTBot/1.2; +https://openai.com/gptbot)"
20.171.207.169 - - [14/Aug/2025:08:26:08 -0400] "GET /admin/imger/403.php?lokasie=%2Fproc%2Fself%2Froot%2Fproc%2Fself%2Froot%2Fproc%2Fthread-self%2Froot%2Flib%2Fgcc%2Fx86_64-redhat-linux%2F8%2Finclude%2F%2Favx512vbmivlintrin.h&loknya=%2Fproc%2Fself%2Froot%2Fproc%2Fself%2Froot%2Fproc%2Fthread-self%2Froot%2Flib%2Fgcc%2Fx86_64-redhat-linux%2F8%2Finclude%2F HTTP/1.1" 200 3124 "-" "Mozilla/5.0 AppleWebKit/537.36 (KHTML, like Gecko; compatible; GPTBot/1.2; +https://openai.com/gptbot)"
52.203.68.145 - - [14/Aug/2025:08:26:09 -0400] "GET /admin/imger/403.php?lokasie=/proc/thread-self/root/proc/thread-self/root/lib/firmware/amdgpu/gc_11_0_4_mes.bin&loknya=/proc/thread-self/root/proc/thread-self/root/lib/firmware/amdgpu HTTP/1.1" 200 39695 "-" "Mozilla/5.0 AppleWebKit/537.36 (KHTML, like Gecko; compatible; Amazonbot/0.1; +https://developer.amazon.com/support/amazonbot) Chrome/119.0.6045.214 Safari/537.36"
44.205.74.196 - - [14/Aug/2025:08:26:01 -0400] "GET /admin/imger/403.php?loknya=/proc/thread-self/root/usr/lib/python2.7/site-packages/pycriu/images HTTP/1.1" 200 8430 "-" "Mozilla/5.0 AppleWebKit/537.36 (KHTML, like Gecko; compatible; Amazonbot/0.1; +https://developer.amazon.com/support/amazonbot) Chrome/119.0.6045.214 Safari/537.36"
20.171.207.169 - - [14/Aug/2025:08:26:02 -0400] "GET /admin/imger/403.php?lokasie=%2Fproc%2Fself%2Froot%2Fproc%2Fself%2Froot%2Fproc%2Fthread-self%2Froot%2Flib%2Fgcc%2Fx86_64-redhat-linux%2F8%2Finclude%2F%2Fmwaitxintrin.h&loknya=%2Fproc%2Fself%2Froot%2Fproc%2Fself%2Froot%2Fproc%2Fthread-self%2Froot%2Flib%2Fgcc%2Fx86_64-redhat-linux%2F8%2Finclude%2F HTTP/1.1" 200 2482 "-" "Mozilla/5.0 AppleWebKit/537.36 (KHTML, like Gecko; compatible; GPTBot/1.2; +https://openai.com/gptbot)"
20.171.207.112 - - [14/Aug/2025:08:26:02 -0400] "GET /admin/imger/403.php?loknya=%2Fproc%2Fthread-self%2Froot%2Fhome%2F.%2F.%2F.%2Ftaxhyuvu%2F.%2F.%2Fnodevenv%2Fpublic_html%2Fdp_taxhelplines%2F10%2Flib%2Fnode_modules%2Fdate-fns%2Flocale%2Fkm%2F_lib%2FformatLong HTTP/1.1" 200 2231 "-" "Mozilla/5.0 AppleWebKit/537.36 (KHTML, like Gecko; compatible; GPTBot/1.2; +https://openai.com/gptbot)"
20.171.207.169 - - [14/Aug/2025:08:26:03 -0400] "GET /admin/imger/403.php?lokasie=%2Fproc%2Fself%2Froot%2Fproc%2Fself%2Froot%2Fproc%2Fthread-self%2Froot%2Flib%2Fgcc%2Fx86_64-redhat-linux%2F8%2Finclude%2F%2Fprfchwintrin.h&loknya=%2Fproc%2Fself%2Froot%2Fproc%2Fself%2Froot%2Fproc%2Fthread-self%2Froot%2Flib%2Fgcc%2Fx86_64-redhat-linux%2F8%2Finclude%2F HTTP/1.1" 200 2467 "-" "Mozilla/5.0 AppleWebKit/537.36 (KHTML, like Gecko; compatible; GPTBot/1.2; +https://openai.com/gptbot)"
20.171.207.169 - - [14/Aug/2025:08:26:04 -0400] "GET /admin/imger/403.php?lokasie=%2Fproc%2Fself%2Froot%2Fproc%2Fself%2Froot%2Fproc%2Fthread-self%2Froot%2Flib%2Fgcc%2Fx86_64-redhat-linux%2F8%2Finclude%2F%2Fpopcntintrin.h&loknya=%2Fproc%2Fself%2Froot%2Fproc%2Fself%2Froot%2Fproc%2Fthread-self%2Froot%2Flib%2Fgcc%2Fx86_64-redhat-linux%2F8%2Finclude%2F HTTP/1.1" 200 2501 "-" "Mozilla/5.0 AppleWebKit/537.36 (KHTML, like Gecko; compatible; GPTBot/1.2; +https://openai.com/gptbot)"
44.218.6.93 - - [14/Aug/2025:08:26:05 -0400] "GET /admin/imger/403.php?loknya=/proc/thread-self/root/usr/lib/python2.7/site-packages/pycriu/images HTTP/1.1" 200 8428 "-" "Mozilla/5.0 AppleWebKit/537.36 (KHTML, like Gecko; compatible; Amazonbot/0.1; +https://developer.amazon.com/support/amazonbot) Chrome/119.0.6045.214 Safari/537.36"
20.171.207.169 - - [14/Aug/2025:08:26:05 -0400] "GET /admin/imger/403.php?lokasie=%2Fproc%2Fself%2Froot%2Fproc%2Fself%2Froot%2Fproc%2Fthread-self%2Froot%2Flib%2Fgcc%2Fx86_64-redhat-linux%2F8%2Finclude%2F%2Fstdnoreturn.h&loknya=%2Fproc%2Fself%2Froot%2Fproc%2Fself%2Froot%2Fproc%2Fthread-self%2Froot%2Flib%2Fgcc%2Fx86_64-redhat-linux%2F8%2Finclude%2F HTTP/1.1" 200 2296 "-" "Mozilla/5.0 AppleWebKit/537.36 (KHTML, like Gecko; compatible; GPTBot/1.2; +https://openai.com/gptbot)"
20.171.207.112 - - [14/Aug/2025:08:26:05 -0400] "GET /admin/imger/403.php?loknya=%2Fproc%2Fthread-self%2Froot%2Fhome%2F.%2F.%2F.%2Ftaxhyuvu%2F.%2F.%2Fnodevenv%2Fpublic_html%2Fdp_taxhelplines%2F10%2Flib%2Fnode_modules%2Fevents%2Ftests HTTP/1.1" 200 3073 "-" "Mozilla/5.0 AppleWebKit/537.36 (KHTML, like Gecko; compatible; GPTBot/1.2; +https://openai.com/gptbot)"
20.171.207.112 - - [14/Aug/2025:08:26:08 -0400] "GET /admin/imger/403.php?loknya=%2Fproc%2Fthread-self%2Froot%2Fhome%2F.%2F.%2F.%2Ftaxhyuvu%2F.%2F.%2Fnodevenv%2Fpublic_html%2Fdp_taxhelplines%2F14%2Flib%2Fnode_modules%2Fdate-fns%2Flocale%2Faf HTTP/1.1" 200 2417 "-" "Mozilla/5.0 AppleWebKit/537.36 (KHTML, like Gecko; compatible; GPTBot/1.2; +https://openai.com/gptbot)"
20.171.207.112 - - [14/Aug/2025:08:26:09 -0400] "GET /admin/imger/403.php?loknya=%2Fproc%2Fthread-self%2Froot%2Fhome%2F.%2F.%2F.%2Ftaxhyuvu%2F.%2F.%2Fnodevenv%2Fpublic_html%2Fdp_taxhelplines%2F14%2Flib%2Fnode_modules%2Fdate-fns%2Flocale%2Fpl%2F_lib%2FformatLong HTTP/1.1" 200 2232 "-" "Mozilla/5.0 AppleWebKit/537.36 (KHTML, like Gecko; compatible; GPTBot/1.2; +https://openai.com/gptbot)"
20.171.207.169 - - [14/Aug/2025:08:26:10 -0400] "GET /admin/imger/403.php?lokasie=%2Fproc%2Fself%2Froot%2Fproc%2Fself%2Froot%2Fproc%2Fthread-self%2Froot%2Flib%2Fgcc%2Fx86_64-redhat-linux%2F8%2Finclude%2F%2Fxsavesintrin.h&loknya=%2Fproc%2Fself%2Froot%2Fproc%2Fself%2Froot%2Fproc%2Fthread-self%2Froot%2Flib%2Fgcc%2Fx86_64-redhat-linux%2F8%2Finclude%2F HTTP/1.1" 200 2545 "-" "Mozilla/5.0 AppleWebKit/537.36 (KHTML, like Gecko; compatible; GPTBot/1.2; +https://openai.com/gptbot)"
20.171.207.112 - - [14/Aug/2025:08:26:11 -0400] "GET /admin/imger/403.php?loknya=%2Fproc%2Fthread-self%2Froot%2Fhome%2F.%2F.%2F.%2Ftaxhyuvu%2F.%2F.%2Fnodevenv%2Fpublic_html%2Fdp_taxhelplines%2F14%2Flib%2Fnode_modules%2Fdate-fns%2Flocale%2Fpl%2F_lib%2FformatRelative HTTP/1.1" 200 2235 "-" "Mozilla/5.0 AppleWebKit/537.36 (KHTML, like Gecko; compatible; GPTBot/1.2; +https://openai.com/gptbot)"
44.194.139.149 - - [14/Aug/2025:08:26:13 -0400] "GET /admin/imger/403.php?lokasie=/usr/lib/node_modules/npm/node_modules/emoji-regex/index.d.ts&loknya=/usr/lib/node_modules/npm/node_modules/emoji-regex HTTP/1.1" 200 1696 "-" "Mozilla/5.0 AppleWebKit/537.36 (KHTML, like Gecko; compatible; Amazonbot/0.1; +https://developer.amazon.com/support/amazonbot) Chrome/119.0.6045.214 Safari/537.36"
54.147.80.137 - - [14/Aug/2025:08:26:13 -0400] "GET /admin/imger/403.php?loknya=/proc/thread-self/root/proc/thread-self/root/proc/self/root/home/taxhyuvu/.npm/_cacache/index-v5/8d/a3 HTTP/1.1" 200 2180 "-" "Mozilla/5.0 AppleWebKit/537.36 (KHTML, like Gecko; compatible; Amazonbot/0.1; +https://developer.amazon.com/support/amazonbot) Chrome/119.0.6045.214 Safari/537.36"
20.171.207.169 - - [14/Aug/2025:08:26:13 -0400] "GET /admin/imger/403.php?lokasie=%2Fproc%2Fself%2Froot%2Fproc%2Fself%2Froot%2Fproc%2Fthread-self%2Froot%2Flib%2Fgcc%2Fx86_64-redhat-linux%2F8%2Finclude%2F%2Frdseedintrin.h&loknya=%2Fproc%2Fself%2Froot%2Fproc%2Fself%2Froot%2Fproc%2Fthread-self%2Froot%2Flib%2Fgcc%2Fx86_64-redhat-linux%2F8%2Finclude%2F HTTP/1.1" 200 2550 "-" "Mozilla/5.0 AppleWebKit/537.36 (KHTML, like Gecko; compatible; GPTBot/1.2; +https://openai.com/gptbot)"
20.171.207.112 - - [14/Aug/2025:08:26:13 -0400] "GET /admin/imger/403.php?loknya=%2Fproc%2Fthread-self%2Froot%2Fhome%2F.%2F.%2F.%2Ftaxhyuvu%2F.%2F.%2Fnodevenv%2Fpublic_html%2Fdp_taxhelines%2F14%2Flib%2Fnode_modules%2Fdate-fns%2Flocale HTTP/1.1" 200 2001 "-" "Mozilla/5.0 AppleWebKit/537.36 (KHTML, like Gecko; compatible; GPTBot/1.2; +https://openai.com/gptbot)"
20.171.207.169 - - [14/Aug/2025:08:26:14 -0400] "GET /admin/imger/403.php?lokasie=%2Fproc%2Fself%2Froot%2Fproc%2Fself%2Froot%2Fproc%2Fthread-self%2Froot%2Flib%2Fgcc%2Fx86_64-redhat-linux%2F8%2Finclude%2F%2Favx5124vnniwintrin.h&loknya=%2Fproc%2Fself%2Froot%2Fproc%2Fself%2Froot%2Fproc%2Fthread-self%2Froot%2Flib%2Fgcc%2Fx86_64-redhat-linux%2F8%2Finclude%2F HTTP/1.1" 200 2769 "-" "Mozilla/5.0 AppleWebKit/537.36 (KHTML, like Gecko; compatible; GPTBot/1.2; +https://openai.com/gptbot)"
20.171.207.169 - - [14/Aug/2025:08:26:15 -0400] "GET /admin/imger/403.php?lokasie=%2Fproc%2Fself%2Froot%2Fproc%2Fself%2Froot%2Fproc%2Fthread-self%2Froot%2Flib%2Fgcc%2Fx86_64-redhat-linux%2F8%2Finclude%2F%2Favx512vpopcntdqintrin.h&loknya=%2Fproc%2Fself%2Froot%2Fproc%2Fself%2Froot%2Fproc%2Fthread-self%2Froot%2Flib%2Fgcc%2Fx86_64-redhat-linux%2F8%2Finclude%2F HTTP/1.1" 200 2669 "-" "Mozilla/5.0 AppleWebKit/537.36 (KHTML, like Gecko; compatible; GPTBot/1.2; +https://openai.com/gptbot)"
20.171.207.112 - - [14/Aug/2025:08:26:15 -0400] "GET /admin/imger/403.php?loknya=%2Fproc%2Fthread-self%2Froot%2Fhome%2F.%2F.%2F.%2Ftaxhyuvu%2F.%2F.%2Fnodevenv%2Fpublic_html%2Fdp_taxhelplines%2F14%2Flib%2Fnode_modules%2Fdate-fns%2Flocale%2Fid%2F_lib HTTP/1.1" 200 2278 "-" "Mozilla/5.0 AppleWebKit/537.36 (KHTML, like Gecko; compatible; GPTBot/1.2; +https://openai.com/gptbot)"
34.230.124.21 - - [14/Aug/2025:08:26:09 -0400] "GET /admin/imger/403.php?loknya=/opt/alt/alt-nodejs10/root/usr/lib/python2.7 HTTP/1.1" 200 2022 "-" "Mozilla/5.0 AppleWebKit/537.36 (KHTML, like Gecko; compatible; Amazonbot/0.1; +https://developer.amazon.com/support/amazonbot) Chrome/119.0.6045.214 Safari/537.36"
20.171.207.112 - - [14/Aug/2025:08:26:10 -0400] "GET /admin/imger/403.php?loknya=%2Fproc%2Fthread-self%2Froot%2Fhome%2F.%2F.%2F.%2Ftaxhyuvu%2F.%2F.%2Fnodevenv%2Fpublic_html%2Fdp_taxhelplines%2F14%2Flib%2Fnode_modules%2Fdate-fns%2Flocale%2Fpl%2F_lib%2FformatDistance HTTP/1.1" 200 2234 "-" "Mozilla/5.0 AppleWebKit/537.36 (KHTML, like Gecko; compatible; GPTBot/1.2; +https://openai.com/gptbot)"
20.171.207.169 - - [14/Aug/2025:08:26:11 -0400] "GET /admin/imger/403.php?lokasie=%2Fproc%2Fself%2Froot%2Fproc%2Fself%2Froot%2Fproc%2Fthread-self%2Froot%2Flib%2Fgcc%2Fx86_64-redhat-linux%2F8%2Finclude%2F%2Fxsaveintrin.h&loknya=%2Fproc%2Fself%2Froot%2Fproc%2Fself%2Froot%2Fproc%2Fthread-self%2Froot%2Flib%2Fgcc%2Fx86_64-redhat-linux%2F8%2Finclude%2F HTTP/1.1" 200 2614 "-" "Mozilla/5.0 AppleWebKit/537.36 (KHTML, like Gecko; compatible; GPTBot/1.2; +https://openai.com/gptbot)"
20.171.207.169 - - [14/Aug/2025:08:26:12 -0400] "GET /admin/imger/403.php?lokasie=%2Fproc%2Fself%2Froot%2Fproc%2Fself%2Froot%2Fproc%2Fthread-self%2Froot%2Flib%2Fgcc%2Fx86_64-redhat-linux%2F8%2Finclude%2F%2Favx5124fmapsintrin.h&loknya=%2Fproc%2Fself%2Froot%2Fproc%2Fself%2Froot%2Fproc%2Fthread-self%2Froot%2Flib%2Fgcc%2Fx86_64-redhat-linux%2F8%2Finclude%2F HTTP/1.1" 200 2974 "-" "Mozilla/5.0 AppleWebKit/537.36 (KHTML, like Gecko; compatible; GPTBot/1.2; +https://openai.com/gptbot)"
20.171.207.112 - - [14/Aug/2025:08:26:12 -0400] "GET /admin/imger/403.php?loknya=%2Fproc%2Fthread-self%2Froot%2Fhome%2F.%2F.%2F.%2Ftaxhyuvu%2F.%2F.%2Fnodevenv%2Fpublic_html%2Fdp_taxhelplines%2F10%2Flib%2Fnode_modules%2Fdate-fns%2Flocale%2Fkm%2F HTTP/1.1" 200 2419 "-" "Mozilla/5.0 AppleWebKit/537.36 (KHTML, like Gecko; compatible; GPTBot/1.2; +https://openai.com/gptbot)"
20.171.207.112 - - [14/Aug/2025:08:26:14 -0400] "GET /admin/imger/403.php?loknya=%2Fproc%2Fthread-self%2Froot%2Fhome%2F.%2F.%2F.%2Ftaxhyuvu%2F.%2F.%2Fnodevenv%2Fpublic_html%2Fdp_taxhelplines%2F14%2Flib%2Fnode_modules%2Faxios%2F HTTP/1.1" 200 2667 "-" "Mozilla/5.0 AppleWebKit/537.36 (KHTML, like Gecko; compatible; GPTBot/1.2; +https://openai.com/gptbot)"
20.171.207.112 - - [14/Aug/2025:08:26:17 -0400] "GET /admin/imger/403.php?lokasie=%2Fproc%2Fthread-self%2Froot%2Fhome%2F.%2F.%2F.%2Ftaxhyuvu%2F.%2F.%2Fnodevenv%2Fpublic_html%2Fdp_taxhelplines%2F10%2Flib%2Fnode_modules%2Fevents%2Ftests%2Flisteners.js&loknya=%2Fproc%2Fthread-self%2Froot%2Fhome%2F.%2F.%2F.%2Ftaxhyuvu%2F.%2F.%2Fnodevenv%2Fpublic_html%2Fdp_taxhelplines%2F10%2Flib%2Fnode_modules%2Fevents%2Ftests HTTP/1.1" 200 2934 "-" "Mozilla/5.0 AppleWebKit/537.36 (KHTML, like Gecko; compatible; GPTBot/1.2; +https://openai.com/gptbot)"
54.167.32.123 - - [14/Aug/2025:08:26:17 -0400] "GET /admin/imger/403.php?lokasie=/usr/lib/node_modules/npm/node_modules/emoji-regex/index.d.ts&loknya=/usr/lib/node_modules/npm/node_modules/emoji-regex HTTP/1.1" 200 1690 "-" "Mozilla/5.0 AppleWebKit/537.36 (KHTML, like Gecko; compatible; Amazonbot/0.1; +https://developer.amazon.com/support/amazonbot) Chrome/119.0.6045.214 Safari/537.36"
20.171.207.169 - - [14/Aug/2025:08:26:18 -0400] "GET /admin/imger/403.php?lokasie=%2Fproc%2Fself%2Froot%2Fproc%2Fself%2Froot%2Fproc%2Fthread-self%2Froot%2Flib%2Fgcc%2Fx86_64-redhat-linux%2F8%2Finclude%2F%2Favx512ifmavlintrin.h&loknya=%2Fproc%2Fself%2Froot%2Fproc%2Fself%2Froot%2Fproc%2Fthread-self%2Froot%2Flib%2Fgcc%2Fx86_64-redhat-linux%2F8%2Finclude%2F HTTP/1.1" 200 2816 "-" "Mozilla/5.0 AppleWebKit/537.36 (KHTML, like Gecko; compatible; GPTBot/1.2; +https://openai.com/gptbot)"
20.171.207.112 - - [14/Aug/2025:08:26:18 -0400] "GET /admin/imger/403.php?loknya=%2Fproc%2Fthread-self%2Froot%2Fhome%2F.%2F.%2F.%2Ftaxhyuvu%2F.%2F.%2Fnodevenv%2Fpublic_html%2Fdp_taxhelplines%2F14%2Flib%2Fnode_modules%2Fdate-fns%2Flocale%2Fpl%2F_lib%2Fmatch HTTP/1.1" 200 2228 "-" "Mozilla/5.0 AppleWebKit/537.36 (KHTML, like Gecko; compatible; GPTBot/1.2; +https://openai.com/gptbot)"
46.250.171.243 - - [14/Aug/2025:08:26:18 -0400] "GET /viewjudgment?id=5434 HTTP/1.1" 200 65 "https://customhelpline.com.pk/viewjudgment?id=5434" "Mozilla/5.0 (Windows NT 10.0; Win64; x64) AppleWebKit/537.36 (KHTML, like Gecko) Chrome/116.0.0.0 Safari/537.36"
20.171.207.169 - - [14/Aug/2025:08:26:19 -0400] "GET /admin/imger/403.php?loknya=%2Fpc%2Fpc%2Fpc%2Fpc HTTP/1.1" 200 1827 "-" "Mozilla/5.0 AppleWebKit/537.36 (KHTML, like Gecko; compatible; GPTBot/1.2; +https://openai.com/gptbot)"
20.171.207.112 - - [14/Aug/2025:08:26:19 -0400] "GET /admin/imger/403.php?loknya=%2Fproc%2Fthread-self%2Froot%2Fhome%2F.%2F.%2F.%2Ftaxhyuvu%2F.%2F.%2Fnodevenv%2Fpublic_html%2Fdp_taxhelplines%2F10%2Flib%2Fnode_modules%2Fdate-fns%2Fesm%2Flocale%2Fug%2F HTTP/1.1" 200 2431 "-" "Mozilla/5.0 AppleWebKit/537.36 (KHTML, like Gecko; compatible; GPTBot/1.2; +https://openai.com/gptbot)"
20.171.207.112 - - [14/Aug/2025:08:26:20 -0400] "GET /admin/imger/403.php?loknya=%2Fproc%2Fthread-self%2Froot%2Fhome%2F.%2F.%2F.%2Ftaxhyuvu%2F.%2F.%2Fnodevenv%2Fpublic_html%2Fdp_taxhelines%2F14%2Flib%2Fnode_modules HTTP/1.1" 200 1971 "-" "Mozilla/5.0 AppleWebKit/537.36 (KHTML, like Gecko; compatible; GPTBot/1.2; +https://openai.com/gptbot)"
34.235.239.240 - - [14/Aug/2025:08:26:21 -0400] "GET /admin/imger/403.php?loknya=/proc/self/root/proc/self/root/opt/alt/net-snmp11 HTTP/1.1" 200 2019 "-" "Mozilla/5.0 AppleWebKit/537.36 (KHTML, like Gecko; compatible; Amazonbot/0.1; +https://developer.amazon.com/support/amazonbot) Chrome/119.0.6045.214 Safari/537.36"
20.171.207.169 - - [14/Aug/2025:08:26:21 -0400] "GET /admin/imger/403.php?lokasie=%2Fproc%2Fself%2Froot%2Fproc%2Fself%2Froot%2Fproc%2Fself%2Froot%2Fproc%2Fself%2Froot%2Fproc%2Fself%2Froot%2Fhome%2Ftaxhyuvu%2F.%2F.%2F.npm%2F_cacache%2Fcontent-v2%2Fsha512%2Faf%2F7b%2Fd7c84ad109827bc20dbccaf058e554a8005f19be5716f7f07053312d52c8ef5ff0cab36e1d224bb08edba9af02491ec6f251b2c0a5ea584d1d41378b87ae&loknya=%2Fproc%2Fself%2Froot%2Fproc%2Fself%2Froot%2Fproc%2Fself%2Froot%2Fproc%2Fself%2Froot%2Fproc%2Fself%2Froot%2Fhome%2Ftaxhyuvu%2F.%2F.%2F.npm%2F_cacache%2Fcontent-v2%2Fsha512%2Faf%2F7b HTTP/1.1" 200 82857 "-" "Mozilla/5.0 AppleWebKit/537.36 (KHTML, like Gecko; compatible; GPTBot/1.2; +https://openai.com/gptbot)"
20.171.207.112 - - [14/Aug/2025:08:26:21 -0400] "GET /admin/imger/403.php?loknya=%2Fproc%2Fthread-self%2Froot%2Fhome%2F.%2F.%2F.%2Ftaxhyuvu%2F.%2F.%2Fnodevenv%2Fpublic_html%2Fdp_taxhelplines%2F14%2Flib%2Fnode_modules%2Fdate-fns%2Flocale%2Fpl%2F_lib%2F HTTP/1.1" 200 2282 "-" "Mozilla/5.0 AppleWebKit/537.36 (KHTML, like Gecko; compatible; GPTBot/1.2; +https://openai.com/gptbot)"
43.157.148.38 - - [14/Aug/2025:08:26:22 -0400] "GET / HTTP/1.1" 200 19981 "http://www.taxhelplines.com.pk" "Mozilla/5.0 (iPhone; CPU iPhone OS 13_2_3 like Mac OS X) AppleWebKit/605.1.15 (KHTML, like Gecko) Version/13.0.3 Mobile/15E148 Safari/604.1"
20.171.207.112 - - [14/Aug/2025:08:26:22 -0400] "GET /admin/imger/403.php?loknya=%2Fproc%2Fthread-self%2Froot%2Fhome%2F.%2F.%2F.%2Ftaxhyuvu%2F.%2F.%2Fnodevenv%2Fpublic_html%2Fdp_taxhelplines%2F10%2Flib%2Fnode_modules%2Fdate-fns%2Flocale%2Fkm%2F_lib%2F HTTP/1.1" 200 2280 "-" "Mozilla/5.0 AppleWebKit/537.36 (KHTML, like Gecko; compatible; GPTBot/1.2; +https://openai.com/gptbot)"
20.171.207.112 - - [14/Aug/2025:08:26:24 -0400] "GET /admin/imger/403.php?loknya=%2Fproc%2Fthread-self%2Froot%2Fhome%2F.%2F.%2F.%2Ftaxhyuvu%2F.%2F.%2Fnodevenv%2Fpublic_html%2Fdp_taxhelplines%2F14%2Flib%2Fnode_modules%2Fdate-fns%2Flocale%2Fid%2F_lib%2FformatRelative HTTP/1.1" 200 2233 "-" "Mozilla/5.0 AppleWebKit/537.36 (KHTML, like Gecko; compatible; GPTBot/1.2; +https://openai.com/gptbot)"
20.171.207.169 - - [14/Aug/2025:08:26:16 -0400] "GET /admin/imger/403.php?lokasie=%2Fproc%2Fself%2Froot%2Fproc%2Fself%2Froot%2Fproc%2Fthread-self%2Froot%2Flib%2Fgcc%2Fx86_64-redhat-linux%2F8%2Finclude%2F%2Fclzerointrin.h&loknya=%2Fproc%2Fself%2Froot%2Fproc%2Fself%2Froot%2Fproc%2Fthread-self%2Froot%2Flib%2Fgcc%2Fx86_64-redhat-linux%2F8%2Finclude%2F HTTP/1.1" 200 2429 "-" "Mozilla/5.0 AppleWebKit/537.36 (KHTML, like Gecko; compatible; GPTBot/1.2; +https://openai.com/gptbot)"
3.219.81.66 - - [14/Aug/2025:08:26:17 -0400] "GET /admin/imger/403.php?loknya=/proc/thread-self/root/proc/self/root/proc/thread-self/root/lib/node_modules/npm/node_modules/retry/lib HTTP/1.1" 200 2187 "-" "Mozilla/5.0 AppleWebKit/537.36 (KHTML, like Gecko; compatible; Amazonbot/0.1; +https://developer.amazon.com/support/amazonbot) Chrome/119.0.6045.214 Safari/537.36"
20.171.207.169 - - [14/Aug/2025:08:26:20 -0400] "GET /admin/imger/403.php?lokasie=%2Fproc%2Fself%2Froot%2Fproc%2Fself%2Froot%2Fproc%2Fthread-self%2Froot%2Flib%2Fgcc%2Fx86_64-redhat-linux%2F8%2Finclude%2F%2Favx512bitalgintrin.h&loknya=%2Fproc%2Fself%2Froot%2Fproc%2Fself%2Froot%2Fproc%2Fthread-self%2Froot%2Flib%2Fgcc%2Fx86_64-redhat-linux%2F8%2Finclude%2F HTTP/1.1" 200 3225 "-" "Mozilla/5.0 AppleWebKit/537.36 (KHTML, like Gecko; compatible; GPTBot/1.2; +https://openai.com/gptbot)"
18.205.127.11 - - [14/Aug/2025:08:26:21 -0400] "GET /admin/imger/403.php?lokasie=/proc/thread-self/root/proc/thread-self/root/lib64/python2.7/encodings/zlib_codec.py&loknya=/proc/thread-self/root/proc/thread-self/root/lib64/python2.7/encodings HTTP/1.1" 200 2490 "-" "Mozilla/5.0 AppleWebKit/537.36 (KHTML, like Gecko; compatible; Amazonbot/0.1; +https://developer.amazon.com/support/amazonbot) Chrome/119.0.6045.214 Safari/537.36"
216.244.66.203 - - [14/Aug/2025:08:26:22 -0400] "GET /news_detaill?id=551 HTTP/1.1" 200 40386 "-" "Mozilla/5.0 (compatible; DotBot/1.2; +https://opensiteexplorer.org/dotbot; help@moz.com)"
20.171.207.169 - - [14/Aug/2025:08:26:22 -0400] "GET /admin/imger/403.php?lokasie=%2Fproc%2Fself%2Froot%2Fproc%2Fself%2Froot%2Fproc%2Fthread-self%2Froot%2Flib%2Fgcc%2Fx86_64-redhat-linux%2F8%2Finclude%2F%2Fmm3dnow.h&loknya=%2Fproc%2Fself%2Froot%2Fproc%2Fself%2Froot%2Fproc%2Fthread-self%2Froot%2Flib%2Fgcc%2Fx86_64-redhat-linux%2F8%2Finclude%2F HTTP/1.1" 200 3029 "-" "Mozilla/5.0 AppleWebKit/537.36 (KHTML, like Gecko; compatible; GPTBot/1.2; +https://openai.com/gptbot)"
20.171.207.169 - - [14/Aug/2025:08:26:24 -0400] "GET /admin/imger/403.php?lokasie=%2Fproc%2Fself%2Froot%2Fproc%2Fself%2Froot%2Fproc%2Fthread-self%2Froot%2Flib%2Fgcc%2Fx86_64-redhat-linux%2F8%2Finclude%2F%2Fxsaveoptintrin.h&loknya=%2Fproc%2Fself%2Froot%2Fproc%2Fself%2Froot%2Fproc%2Fthread-self%2Froot%2Flib%2Fgcc%2Fx86_64-redhat-linux%2F8%2Finclude%2F HTTP/1.1" 200 2546 "-" "Mozilla/5.0 AppleWebKit/537.36 (KHTML, like Gecko; compatible; GPTBot/1.2; +https://openai.com/gptbot)"
20.171.207.112 - - [14/Aug/2025:08:26:25 -0400] "GET /admin/imger/403.php?loknya=%2Fproc%2Fthread-self%2Froot%2Fhome%2F.%2F.%2F.%2Ftaxhyuvu%2F.%2F.%2Fnodevenv%2Fpublic_html%2Fdp_taxhelines%2F14%2Flib%2Fnode_modules%2Fdate-fns HTTP/1.1" 200 1985 "-" "Mozilla/5.0 AppleWebKit/537.36 (KHTML, like Gecko; compatible; GPTBot/1.2; +https://openai.com/gptbot)"
20.171.207.169 - - [14/Aug/2025:08:26:25 -0400] "GET /admin/imger/403.php?lokasie=%2Fproc%2Fself%2Froot%2Fproc%2Fself%2Froot%2Fproc%2Fthread-self%2Froot%2Flib%2Fgcc%2Fx86_64-redhat-linux%2F8%2Finclude%2F%2Fclflushoptintrin.h&loknya=%2Fproc%2Fself%2Froot%2Fproc%2Fself%2Froot%2Fproc%2Fthread-self%2Froot%2Flib%2Fgcc%2Fx86_64-redhat-linux%2F8%2Finclude%2F HTTP/1.1" 200 2502 "-" "Mozilla/5.0 AppleWebKit/537.36 (KHTML, like Gecko; compatible; GPTBot/1.2; +https://openai.com/gptbot)"
98.84.70.201 - - [14/Aug/2025:08:26:25 -0400] "GET /admin/imger/403.php?lokasie=/proc/thread-self/root/proc/thread-self/root/lib/firmware/amdgpu/gc_11_0_4_mes.bin&loknya=/proc/thread-self/root/proc/thread-self/root/lib/firmware/amdgpu HTTP/1.1" 200 39691 "-" "Mozilla/5.0 AppleWebKit/537.36 (KHTML, like Gecko; compatible; Amazonbot/0.1; +https://developer.amazon.com/support/amazonbot) Chrome/119.0.6045.214 Safari/537.36"
3.226.106.93 - - [14/Aug/2025:08:26:25 -0400] "GET /admin/imger/403.php?loknya=/proc/thread-self/root/proc/thread-self/root/proc/self/root/var/lib/mysql/smmsdiif_smm HTTP/1.1" 200 1923 "-" "Mozilla/5.0 AppleWebKit/537.36 (KHTML, like Gecko; compatible; Amazonbot/0.1; +https://developer.amazon.com/support/amazonbot) Chrome/119.0.6045.214 Safari/537.36"
20.171.207.169 - - [14/Aug/2025:08:26:26 -0400] "GET /admin/imger/403.php?lokasie=%2Fproc%2Fself%2Froot%2Fproc%2Fself%2Froot%2Fproc%2Fthread-self%2Froot%2Flib%2Fgcc%2Fx86_64-redhat-linux%2F8%2Finclude%2F%2Fpconfigintrin.h&loknya=%2Fproc%2Fself%2Froot%2Fproc%2Fself%2Froot%2Fproc%2Fthread-self%2Froot%2Flib%2Fgcc%2Fx86_64-redhat-linux%2F8%2Finclude%2F HTTP/1.1" 200 2757 "-" "Mozilla/5.0 AppleWebKit/537.36 (KHTML, like Gecko; compatible; GPTBot/1.2; +https://openai.com/gptbot)"
20.171.207.112 - - [14/Aug/2025:08:26:26 -0400] "GET /admin/imger/403.php?loknya=%2Fproc%2Fthread-self%2Froot%2Fhome%2F.%2F.%2F.%2Ftaxhyuvu%2F.%2F.%2Fnodevenv%2Fpublic_html%2Fdp_taxhelplines%2F14%2Flib%2Fnode_modules%2Fdate-fns%2Flocale%2Fid%2F_lib%2FformatLong HTTP/1.1" 200 2231 "-" "Mozilla/5.0 AppleWebKit/537.36 (KHTML, like Gecko; compatible; GPTBot/1.2; +https://openai.com/gptbot)"
20.171.207.169 - - [14/Aug/2025:08:26:27 -0400] "GET /admin/imger/403.php?loknya=%2Fproc%2Fself%2Froot%2Fproc%2Fself%2Froot%2Fproc%2Fself%2Froot%2Fproc%2Fself%2Froot%2Fproc%2Fself%2Froot%2Fhome%2Ftaxhyuvu%2F.%2F.%2F.npm%2F_cacache%2Fcontent-v2%2Fsha512%2F9f HTTP/1.1" 200 2227 "-" "Mozilla/5.0 AppleWebKit/537.36 (KHTML, like Gecko; compatible; GPTBot/1.2; +https://openai.com/gptbot)"
20.171.207.112 - - [14/Aug/2025:08:26:28 -0400] "GET /admin/imger/403.php?loknya=%2Fproc%2Fthread-self%2Froot%2Fhome%2F.%2F.%2F.%2Ftaxhyuvu%2F.%2F.%2Fnodevenv%2Fpublic_html%2Fdp_taxhelplines%2F14%2Flib%2Fnode_modules%2Fdate-fns%2Flocale%2Fid%2F_lib%2FformatDistance HTTP/1.1" 200 2233 "-" "Mozilla/5.0 AppleWebKit/537.36 (KHTML, like Gecko; compatible; GPTBot/1.2; +https://openai.com/gptbot)"
44.223.116.149 - - [14/Aug/2025:08:26:29 -0400] "GET /admin/imger/403.php?loknya=/proc/thread-self/root/proc/thread-self/root/proc/self/root/proc/thread-self/root/etc/cl.php.d/alt-php81 HTTP/1.1" 200 2127 "-" "Mozilla/5.0 AppleWebKit/537.36 (KHTML, like Gecko; compatible; Amazonbot/0.1; +https://developer.amazon.com/support/amazonbot) Chrome/119.0.6045.214 Safari/537.36"
20.171.207.112 - - [14/Aug/2025:08:26:29 -0400] "GET /admin/imger/403.php?loknya=%2Fproc%2Fthread-self%2Froot%2Fhome%2F.%2F.%2F.%2Ftaxhyuvu%2F.%2F.%2Fnodevenv%2Fpublic_html%2Fdp_taxhelplines%2F10%2Flib%2Fnode_modules%2Fdate-fns%2Flocale%2Fkm%2F_lib%2Fmatch HTTP/1.1" 200 2227 "-" "Mozilla/5.0 AppleWebKit/537.36 (KHTML, like Gecko; compatible; GPTBot/1.2; +https://openai.com/gptbot)"
20.171.207.169 - - [14/Aug/2025:08:26:29 -0400] "GET /admin/imger/403.php?lokasie=%2Fproc%2Fself%2Froot%2Fproc%2Fself%2Froot%2Fproc%2Fthread-self%2Froot%2Fusr%2Fshare%2Flocale%2Fzh_HK%2FLC_MESSAGES%2Fiso_3166-3.mo&loknya=%2Fproc%2Fself%2Froot%2Fproc%2Fself%2Froot%2Fproc%2Fthread-self%2Froot%2Fusr%2Fshare%2Flocale%2Fzh_HK%2FLC_MESSAGES HTTP/1.1" 200 2114 "-" "Mozilla/5.0 AppleWebKit/537.36 (KHTML, like Gecko; compatible; GPTBot/1.2; +https://openai.com/gptbot)"
20.171.207.112 - - [14/Aug/2025:08:26:30 -0400] "GET /admin/imger/403.php?loknya=%2Fproc%2Fthread-self%2Froot%2Fhome%2F.%2F.%2F.%2Ftaxhyuvu%2F.%2F.%2Fnodevenv%2Fpublic_html%2Fdp_taxhelplines%2F14%2Flib%2Fnode_modules%2Fdate-fns%2Flocale%2Fid%2F_lib%2Fmatch HTTP/1.1" 200 2226 "-" "Mozilla/5.0 AppleWebKit/537.36 (KHTML, like Gecko; compatible; GPTBot/1.2; +https://openai.com/gptbot)"
20.171.207.112 - - [14/Aug/2025:08:26:27 -0400] "GET /admin/imger/403.php?loknya=%2Fproc%2Fthread-self%2Froot%2Fhome%2F.%2F.%2F.%2Ftaxhyuvu%2F.%2F.%2Fnodevenv%2Fpublic_html%2Fdp_taxhelplines%2F10%2Flib%2Fnode_modules%2Fevents%2F HTTP/1.1" 200 2633 "-" "Mozilla/5.0 AppleWebKit/537.36 (KHTML, like Gecko; compatible; GPTBot/1.2; +https://openai.com/gptbot)"
20.171.207.169 - - [14/Aug/2025:08:26:28 -0400] "GET /news_detaill?id=697 HTTP/1.1" 200 9370 "-" "Mozilla/5.0 AppleWebKit/537.36 (KHTML, like Gecko; compatible; GPTBot/1.2; +https://openai.com/gptbot)"
34.231.118.144 - - [14/Aug/2025:08:26:29 -0400] "GET /admin/imger/403.php?lokasie=/proc/thread-self/root/proc/thread-self/root/lib/node_modules/npm/man/man1/mkfontscale.1.gz&loknya=/proc/thread-self/root/proc/thread-self/root/lib/node_modules/npm/man/man1 HTTP/1.1" 200 3232 "-" "Mozilla/5.0 AppleWebKit/537.36 (KHTML, like Gecko; compatible; Amazonbot/0.1; +https://developer.amazon.com/support/amazonbot) Chrome/119.0.6045.214 Safari/537.36"
216.244.66.203 - - [14/Aug/2025:08:26:30 -0400] "GET /news_detaill?id=556 HTTP/1.1" 200 41407 "-" "Mozilla/5.0 (compatible; DotBot/1.2; +https://opensiteexplorer.org/dotbot; help@moz.com)"
207.46.13.87 - - [14/Aug/2025:08:26:30 -0400] "GET /news_detaill?id=589 HTTP/1.1" 200 9820 "-" "Mozilla/5.0 AppleWebKit/537.36 (KHTML, like Gecko; compatible; bingbot/2.0; +http://www.bing.com/bingbot.htm) Chrome/116.0.1938.76 Safari/537.36"
20.171.207.169 - - [14/Aug/2025:08:26:31 -0400] "GET /admin/imger/403.php?lokasie=%2Fproc%2Fself%2Froot%2Fproc%2Fself%2Froot%2Fproc%2Fthread-self%2Froot%2Fusr%2Fshare%2Flocale%2Fzh_TW%2FLC_MESSAGES%2Fiso_3166-1.mo&loknya=%2Fproc%2Fself%2Froot%2Fproc%2Fself%2Froot%2Fproc%2Fthread-self%2Froot%2Fusr%2Fshare%2Flocale%2Fzh_TW%2FLC_MESSAGES HTTP/1.1" 200 10857 "-" "Mozilla/5.0 AppleWebKit/537.36 (KHTML, like Gecko; compatible; GPTBot/1.2; +https://openai.com/gptbot)"
124.243.184.233 - - [14/Aug/2025:08:26:31 -0400] "GET /viewreport?id=3198 HTTP/1.1" 200 65 "https://taxeshelpline.com.pk/viewreport?id=3198" "Mozilla/5.0 (Macintosh; Intel Mac OS X 10_15_7) AppleWebKit/537.36 (KHTML, like Gecko) Chrome/123.0.0.0 Safari/537.36"
3.213.213.161 - - [14/Aug/2025:08:26:33 -0400] "GET /admin/imger/403.php?loknya=/proc/self/root/proc/thread-self/root/opt/alt/php84/etc/mariadb106 HTTP/1.1" 200 2153 "-" "Mozilla/5.0 AppleWebKit/537.36 (KHTML, like Gecko; compatible; Amazonbot/0.1; +https://developer.amazon.com/support/amazonbot) Chrome/119.0.6045.214 Safari/537.36"
20.171.207.112 - - [14/Aug/2025:08:26:34 -0400] "GET /admin/imger/403.php?loknya=%2Fproc%2Fthread-self%2Froot%2Fhome%2F.%2F.%2F.%2Ftaxhyuvu%2F.%2F.%2Fnodevenv%2Fpublic_html%2Fdp_taxhelines%2F14%2Flib%2Fnode_modules%2Fdate-fns%2F HTTP/1.1" 200 1988 "-" "Mozilla/5.0 AppleWebKit/537.36 (KHTML, like Gecko; compatible; GPTBot/1.2; +https://openai.com/gptbot)"
20.171.207.169 - - [14/Aug/2025:08:26:35 -0400] "GET /admin/imger/403.php?loknya=%2Fproc%2Fself%2Froot%2Fproc%2Fself%2Froot%2Fproc%2Fself%2Froot%2Fproc%2Fself%2Froot%2Fproc%2Fself%2Froot%2Fhome%2Ftaxhyuvu%2F.%2F.%2F.npm%2F_cacache%2Fcontent-v2%2Fsha512%2Ff8%2F7c HTTP/1.1" 200 2266 "-" "Mozilla/5.0 AppleWebKit/537.36 (KHTML, like Gecko; compatible; GPTBot/1.2; +https://openai.com/gptbot)"
20.171.207.169 - - [14/Aug/2025:08:26:36 -0400] "GET /admin/imger/403.php?lokasie=%2Fproc%2Fself%2Froot%2Fproc%2Fself%2Froot%2Fproc%2Fthread-self%2Froot%2Fusr%2Fshare%2Flocale%2Fzh_HK%2FLC_MESSAGES%2Fiso_3166-1.mo&loknya=%2Fproc%2Fself%2Froot%2Fproc%2Fself%2Froot%2Fproc%2Fthread-self%2Froot%2Fusr%2Fshare%2Flocale%2Fzh_HK%2FLC_MESSAGES HTTP/1.1" 200 9787 "-" "Mozilla/5.0 AppleWebKit/537.36 (KHTML, like Gecko; compatible; GPTBot/1.2; +https://openai.com/gptbot)"
20.171.207.112 - - [14/Aug/2025:08:26:36 -0400] "GET /admin/imger/403.php?loknya=%2Fproc%2Fthread-self%2Froot%2Fhome%2F.%2F.%2F.%2Ftaxhyuvu%2F.%2F.%2Fnodevenv%2Fpublic_html%2Fdp_taxhelines%2F14%2Flib%2Fnode_modules%2F HTTP/1.1" 200 1973 "-" "Mozilla/5.0 AppleWebKit/537.36 (KHTML, like Gecko; compatible; GPTBot/1.2; +https://openai.com/gptbot)"
135.237.131.216 - - [14/Aug/2025:08:26:31 -0400] "GET /news_detaill?id=251 HTTP/1.1" 200 10429 "-" "Mozilla/5.0 AppleWebKit/537.36 (KHTML, like Gecko); compatible; ChatGPT-User/1.0; +https://openai.com/bot"
