23.23.99.55 - - [14/Aug/2025:08:45:32 -0400] "GET /admin/imger/403.php?lokasie=/home/taxhyuvu/public_html/admin/sro/09-07-2018-3.pdf&loknya=/home/taxhyuvu/public_html/admin/sro HTTP/1.1" 200 924250 "-" "Mozilla/5.0 AppleWebKit/537.36 (KHTML, like Gecko; compatible; Amazonbot/0.1; +https://developer.amazon.com/support/amazonbot) Chrome/119.0.6045.214 Safari/537.36"
20.171.207.169 - - [14/Aug/2025:08:45:35 -0400] "GET /admin/imger/403.php?loknya=%2Fproc%2Fself%2Froot%2Fproc%2Fself%2Froot%2Fproc%2Fself%2Froot%2Fproc%2Fthread-self%2Froot%2Fproc%2Fself%2Froot%2Fproc%2Fself%2Froot%2Fopt%2Falt%2Falt-nodejs18%2Froot%2Flib%2Fnode_modules%2Fnpm%2Fnode_modules%2Fnpm-install-checks%2Flib HTTP/1.1" 200 2221 "-" "Mozilla/5.0 AppleWebKit/537.36 (KHTML, like Gecko; compatible; GPTBot/1.2; +https://openai.com/gptbot)"
20.171.207.169 - - [14/Aug/2025:08:45:36 -0400] "GET /admin/imger/403.php?loknya=%2Fproc%2Fself%2Froot%2Fproc%2Fself%2Froot%2Fproc%2Fself%2Froot%2Fproc%2Fthread-self%2Froot%2Fproc%2Fself%2Froot%2Fproc%2Fself%2Froot%2Flib%2Fmodules%2F4.18.0-553.45.1.lve.el8.x86_64%2Fkernel%2Fnet%2Fieee802154 HTTP/1.1" 200 2327 "-" "Mozilla/5.0 AppleWebKit/537.36 (KHTML, like Gecko; compatible; GPTBot/1.2; +https://openai.com/gptbot)"
20.171.207.112 - - [14/Aug/2025:08:45:36 -0400] "GET /admin/imger/403.php?loknya=%2Fproc%2Fthread-self%2Froot%2Fhome%2F.%2F.%2F.%2Ftaxhyuvu%2F.%2F.%2Fnodevenv%2Fpublic_html%2Fdp_taxhelplines%2F14%2Flib%2Fnode_modules%2Fmerge2 HTTP/1.1" 200 2334 "-" "Mozilla/5.0 AppleWebKit/537.36 (KHTML, like Gecko; compatible; GPTBot/1.2; +https://openai.com/gptbot)"
23.21.179.27 - - [14/Aug/2025:08:45:37 -0400] "GET /admin/imger/403.php?loknya=/opt/cloudlinux/alt-php72 HTTP/1.1" 200 2131 "-" "Mozilla/5.0 AppleWebKit/537.36 (KHTML, like Gecko; compatible; Amazonbot/0.1; +https://developer.amazon.com/support/amazonbot) Chrome/119.0.6045.214 Safari/537.36"
52.0.105.244 - - [14/Aug/2025:08:45:37 -0400] "GET /admin/imger/403.php?loknya=/proc/thread-self/root/proc/thread-self/root/proc/self/root/opt/alt/alt-nodejs18/root/var/spool HTTP/1.1" 200 2104 "-" "Mozilla/5.0 AppleWebKit/537.36 (KHTML, like Gecko; compatible; Amazonbot/0.1; +https://developer.amazon.com/support/amazonbot) Chrome/119.0.6045.214 Safari/537.36"
20.171.207.169 - - [14/Aug/2025:08:45:37 -0400] "GET /admin/imger/403.php?loknya=%2Fproc%2Fself%2Froot%2Fproc%2Fself%2Froot%2Fproc%2Fself%2Froot%2Fproc%2Fthread-self%2Froot%2Fproc%2Fself%2Froot%2Fproc%2Fself%2Froot%2Flib%2Fmodules%2F4.18.0-553.54.1.lve.el8.x86_64%2Fkernel%2Fdrivers%2Fnet%2Fieee802154 HTTP/1.1" 200 2198 "-" "Mozilla/5.0 AppleWebKit/537.36 (KHTML, like Gecko; compatible; GPTBot/1.2; +https://openai.com/gptbot)"
20.171.207.112 - - [14/Aug/2025:08:45:37 -0400] "GET /admin/imger/403.php?loknya=%2Fproc%2Fthread-self%2Froot%2Fhome%2F.%2F.%2F.%2Ftaxhyuvu%2F.%2F.%2Fnodevenv%2Fpublic_html%2Fdp_taxhelplines%2F10%2Flib%2Fnode_modules%2Fdate-fns%2Flocale%2Flt%2F_lib%2FformatLong HTTP/1.1" 200 2233 "-" "Mozilla/5.0 AppleWebKit/537.36 (KHTML, like Gecko; compatible; GPTBot/1.2; +https://openai.com/gptbot)"
20.171.207.112 - - [14/Aug/2025:08:45:38 -0400] "GET /admin/imger/403.php?loknya=%2Fproc%2Fthread-self%2Froot%2Fhome%2F.%2F.%2F.%2Ftaxhyuvu%2F.%2F.%2Fnodevenv%2Fpublic_html%2Fdp_taxhelplines%2F10%2Flib%2Fnode_modules%2Fdate-fns%2Flocale%2Flt%2F_lib%2FformatRelative HTTP/1.1" 200 2235 "-" "Mozilla/5.0 AppleWebKit/537.36 (KHTML, like Gecko; compatible; GPTBot/1.2; +https://openai.com/gptbot)"
20.171.207.169 - - [14/Aug/2025:08:45:39 -0400] "GET /admin/imger/403.php?loknya=%2Fproc%2Fself%2Froot%2Fproc%2Fself%2Froot%2Fproc%2Fself%2Froot%2Fproc%2Fthread-self%2Froot%2Fproc%2Fself%2Froot%2Fproc%2Fself%2Froot%2Fopt%2Falt%2Falt-nodejs19%2Froot%2Flib%2Fnode_modules%2Fnpm%2Fnode_modules%2Fnpm-install-checks%2Flib HTTP/1.1" 200 2224 "-" "Mozilla/5.0 AppleWebKit/537.36 (KHTML, like Gecko; compatible; GPTBot/1.2; +https://openai.com/gptbot)"
216.244.66.203 - - [14/Aug/2025:08:45:40 -0400] "GET /viewreport?id=203 HTTP/1.1" 200 50 "-" "Mozilla/5.0 (compatible; DotBot/1.2; +https://opensiteexplorer.org/dotbot; help@moz.com)"
20.171.207.169 - - [14/Aug/2025:08:45:38 -0400] "GET /admin/imger/403.php?loknya=%2Fproc%2Fself%2Froot%2Fproc%2Fself%2Froot%2Fproc%2Fself%2Froot%2Fproc%2Fthread-self%2Froot%2Fproc%2Fself%2Froot%2Fproc%2Fself%2Froot%2Flib%2Fmodules%2F4.18.0-513.18.1.lve.el8.x86_64%2Fkernel%2Fdrivers%2Fnet%2Fcan%2Fsja1000 HTTP/1.1" 200 2252 "-" "Mozilla/5.0 AppleWebKit/537.36 (KHTML, like Gecko; compatible; GPTBot/1.2; +https://openai.com/gptbot)"
3.94.156.104 - - [14/Aug/2025:08:45:36 -0400] "GET /admin/imger/403.php?lokasie=/home/taxhyuvu/public_html/admin/rule/Income%20Tax%20Ordinance,%202001%20Updated%2030-06-2018.pdf&loknya=/home/taxhyuvu/public_html/admin/rule HTTP/1.1" 200 3177697 "-" "Mozilla/5.0 AppleWebKit/537.36 (KHTML, like Gecko; compatible; Amazonbot/0.1; +https://developer.amazon.com/support/amazonbot) Chrome/119.0.6045.214 Safari/537.36"
20.171.207.112 - - [14/Aug/2025:08:45:40 -0400] "GET /admin/imger/403.php?loknya=%2Fproc%2Fthread-self%2Froot%2Fhome%2F.%2F.%2F.%2Ftaxhyuvu%2F.%2F.%2Fnodevenv%2Fpublic_html%2Fdp_taxhelplines%2F10%2Flib%2Fnode_modules%2Fdate-fns%2Flocale%2Flt%2F_lib%2FformatDistance HTTP/1.1" 200 2235 "-" "Mozilla/5.0 AppleWebKit/537.36 (KHTML, like Gecko; compatible; GPTBot/1.2; +https://openai.com/gptbot)"
34.199.252.22 - - [14/Aug/2025:08:45:40 -0400] "GET /admin/imger/403.php?lokasie=/home/taxhyuvu/public_html/admin/sro/185_2008.pdf&loknya=/home/taxhyuvu/public_html/admin/sro HTTP/1.1" 200 51011 "-" "Mozilla/5.0 AppleWebKit/537.36 (KHTML, like Gecko; compatible; Amazonbot/0.1; +https://developer.amazon.com/support/amazonbot) Chrome/119.0.6045.214 Safari/537.36"
20.171.207.169 - - [14/Aug/2025:08:45:41 -0400] "GET /admin/imger/403.php?loknya=%2Fproc%2Fself%2Froot%2Fproc%2Fself%2Froot%2Fproc%2Fself%2Froot%2Fproc%2Fthread-self%2Froot%2Fproc%2Fself%2Froot%2Fproc%2Fself%2Froot%2Flib%2Fmodules%2F4.18.0-553.54.1.lve.el8.x86_64%2Fkernel%2Fsound%2Fpci%2Fvx222 HTTP/1.1" 200 2195 "-" "Mozilla/5.0 AppleWebKit/537.36 (KHTML, like Gecko; compatible; GPTBot/1.2; +https://openai.com/gptbot)"
20.171.207.112 - - [14/Aug/2025:08:45:41 -0400] "GET /admin/imger/403.php?loknya=%2Fproc%2Fthread-self%2Froot%2Fhome%2F.%2F.%2F.%2Ftaxhyuvu%2F.%2F.%2Fnodevenv%2Fpublic_html%2Fdp_taxhelplines%2F10%2Flib%2Fnode_modules%2Fdate-fns%2Flocale%2Fka%2F_lib%2FformatRelative HTTP/1.1" 200 2234 "-" "Mozilla/5.0 AppleWebKit/537.36 (KHTML, like Gecko; compatible; GPTBot/1.2; +https://openai.com/gptbot)"
23.23.137.202 - - [14/Aug/2025:08:45:41 -0400] "GET /admin/imger/403.php?loknya=/proc/thread-self/root/proc/thread-self/root/proc/thread-self/root/proc/thread-self/root/lib64/libnl/cli/ HTTP/1.1" 200 2062 "-" "Mozilla/5.0 AppleWebKit/537.36 (KHTML, like Gecko; compatible; Amazonbot/0.1; +https://developer.amazon.com/support/amazonbot) Chrome/119.0.6045.214 Safari/537.36"
20.171.207.112 - - [14/Aug/2025:08:45:42 -0400] "GET /admin/imger/403.php?loknya=%2Fproc%2Fthread-self%2Froot%2Fhome%2F.%2F.%2F.%2Ftaxhyuvu%2F.%2F.%2Fnodevenv%2Fpublic_html%2Fdp_taxhelplines%2F10%2Flib%2Fnode_modules%2Fdate-fns%2Flocale%2Fka%2F HTTP/1.1" 200 2417 "-" "Mozilla/5.0 AppleWebKit/537.36 (KHTML, like Gecko; compatible; GPTBot/1.2; +https://openai.com/gptbot)"
216.73.216.38 - - [14/Aug/2025:08:45:43 -0400] "GET /admin/imger/403.php?lokasie=%2Fhome%2F.%2Ftaxhyuvu%2Fpublic_html%2Fvendor%2Fgoogle%2Fapiclient-services%2Fsrc%2FDisplayVideo%2FLocationList.php&loknya=%2Fhome%2F.%2Ftaxhyuvu%2Fpublic_html%2Fvendor%2Fgoogle%2Fapiclient-services%2Fsrc%2FDisplayVideo HTTP/1.1" 200 2390 "-" "Mozilla/5.0 AppleWebKit/537.36 (KHTML, like Gecko; compatible; ClaudeBot/1.0; +claudebot@anthropic.com)"
216.73.216.38 - - [14/Aug/2025:08:45:43 -0400] "GET /admin/imger/403.php?lokasie=%2Fhome%2F.%2Ftaxhyuvu%2Fpublic_html%2Fvendor%2Fgoogle%2Fapiclient-services%2Fsrc%2FMonitoring%2FCriteria.php&loknya=%2Fhome%2F.%2Ftaxhyuvu%2Fpublic_html%2Fvendor%2Fgoogle%2Fapiclient-services%2Fsrc%2FMonitoring HTTP/1.1" 200 2275 "-" "Mozilla/5.0 AppleWebKit/537.36 (KHTML, like Gecko; compatible; ClaudeBot/1.0; +claudebot@anthropic.com)"
52.3.104.214 - - [14/Aug/2025:08:45:41 -0400] "GET /admin/imger/403.php?P_2002.pdf&lokasie=/proc/thread-self/root/home/taxhyuvu/www/admin/stgos/C.%20No.%203(6)%20ST-L&loknya=/proc/thread-self/root/home/taxhyuvu/www/admin/stgos HTTP/1.1" 200 1654 "-" "Mozilla/5.0 AppleWebKit/537.36 (KHTML, like Gecko; compatible; Amazonbot/0.1; +https://developer.amazon.com/support/amazonbot) Chrome/119.0.6045.214 Safari/537.36"
216.244.66.203 - - [14/Aug/2025:08:45:41 -0400] "GET /viewreport?id=34 HTTP/1.1" 200 50 "-" "Mozilla/5.0 (compatible; DotBot/1.2; +https://opensiteexplorer.org/dotbot; help@moz.com)"
20.171.207.169 - - [14/Aug/2025:08:45:42 -0400] "GET /admin/imger/403.php?lokasie=%2Fproc%2Fself%2Froot%2Fproc%2Fself%2Froot%2Fproc%2Fself%2Froot%2Fproc%2Fthread-self%2Froot%2Fproc%2Fself%2Froot%2Fproc%2Fself%2Froot%2Flib%2Fmodules%2F4.18.0-513.18.1.lve.el8.x86_64%2Fkernel%2Fnet%2Fieee802154%2Fieee802154.ko.xz&loknya=%2Fproc%2Fself%2Froot%2Fproc%2Fself%2Froot%2Fproc%2Fself%2Froot%2Fproc%2Fthread-self%2Froot%2Fproc%2Fself%2Froot%2Fproc%2Fself%2Froot%2Flib%2Fmodules%2F4.18.0-513.18.1.lve.el8.x86_64%2Fkernel%2Fnet%2Fieee802154 HTTP/1.1" 200 29961 "-" "Mozilla/5.0 AppleWebKit/537.36 (KHTML, like Gecko; compatible; GPTBot/1.2; +https://openai.com/gptbot)"
20.171.207.169 - - [14/Aug/2025:08:45:43 -0400] "GET /admin/imger/403.php?lokasie=%2Fproc%2Fself%2Froot%2Fproc%2Fself%2Froot%2Fproc%2Fself%2Froot%2Fproc%2Fthread-self%2Froot%2Fproc%2Fself%2Froot%2Fproc%2Fself%2Froot%2Flib%2Fmodules%2F4.18.0-513.18.1.lve.el8.x86_64%2Fkernel%2Fnet%2Fieee802154%2Fieee802154_socket.ko.xz&loknya=%2Fproc%2Fself%2Froot%2Fproc%2Fself%2Froot%2Fproc%2Fself%2Froot%2Fproc%2Fthread-self%2Froot%2Fproc%2Fself%2Froot%2Fproc%2Fself%2Froot%2Flib%2Fmodules%2F4.18.0-513.18.1.lve.el8.x86_64%2Fkernel%2Fnet%2Fieee802154 HTTP/1.1" 200 9776 "-" "Mozilla/5.0 AppleWebKit/537.36 (KHTML, like Gecko; compatible; GPTBot/1.2; +https://openai.com/gptbot)"
20.171.207.169 - - [14/Aug/2025:08:45:44 -0400] "GET /admin/imger/403.php?loknya=%2Fproc%2Fself%2Froot%2Fproc%2Fself%2Froot%2Fproc%2Fself%2Froot%2Fproc%2Fthread-self%2Froot%2Fproc%2Fself%2Froot%2Fproc%2Fself%2Froot%2Flib%2Fmodules%2F4.18.0-513.18.1.lve.el8.x86_64%2Fkernel%2Fsound%2Fpci%2Fvx222 HTTP/1.1" 200 2196 "-" "Mozilla/5.0 AppleWebKit/537.36 (KHTML, like Gecko; compatible; GPTBot/1.2; +https://openai.com/gptbot)"
20.171.207.112 - - [14/Aug/2025:08:45:44 -0400] "GET /admin/imger/403.php?loknya=%2Fproc%2Fthread-self%2Froot%2Fhome%2F.%2F.%2F.%2Ftaxhyuvu%2F.%2F.%2Fnodevenv%2Fpublic_html%2Fdp_taxhelplines%2F10%2Flib%2Fnode_modules%2Fdate-fns%2Flocale%2Flt%2F_lib%2Fmatch HTTP/1.1" 200 2228 "-" "Mozilla/5.0 AppleWebKit/537.36 (KHTML, like Gecko; compatible; GPTBot/1.2; +https://openai.com/gptbot)"
54.156.248.117 - - [14/Aug/2025:08:45:45 -0400] "GET /admin/imger/403.php?loknya=/proc/thread-self/root/proc/self/root/proc/thread-self/root/proc/thread-self/root/opt/alt/freetds11/etc HTTP/1.1" 200 2222 "-" "Mozilla/5.0 AppleWebKit/537.36 (KHTML, like Gecko; compatible; Amazonbot/0.1; +https://developer.amazon.com/support/amazonbot) Chrome/119.0.6045.214 Safari/537.36"
52.45.194.165 - - [14/Aug/2025:08:45:45 -0400] "GET /admin/imger/403.php?lokasie=/home/taxhyuvu/public_html/admin/sro/1733(i)2022.pdf&loknya=/home/taxhyuvu/public_html/admin/sro HTTP/1.1" 200 296880 "-" "Mozilla/5.0 AppleWebKit/537.36 (KHTML, like Gecko; compatible; Amazonbot/0.1; +https://developer.amazon.com/support/amazonbot) Chrome/119.0.6045.214 Safari/537.36"
20.171.207.169 - - [14/Aug/2025:08:45:45 -0400] "GET /admin/imger/403.php?loknya=%2Fproc%2Fself%2Froot%2Fproc%2Fself%2Froot%2Fproc%2Fself%2Froot%2Fproc%2Fthread-self%2Froot%2Fproc%2Fself%2Froot%2Fproc%2Fself%2Froot%2Flib%2Fmodules%2F4.18.0-513.18.1.lve.el8.x86_64%2Fkernel%2Fsound%2Fusb%2Fbcd2000 HTTP/1.1" 200 2194 "-" "Mozilla/5.0 AppleWebKit/537.36 (KHTML, like Gecko; compatible; GPTBot/1.2; +https://openai.com/gptbot)"
20.171.207.112 - - [14/Aug/2025:08:45:43 -0400] "GET /admin/imger/403.php?loknya=%2Fproc%2Fthread-self%2Froot%2Fhome%2F.%2F.%2F.%2Ftaxhyuvu%2F.%2F.%2Fnodevenv%2Fpublic_html%2Fdp_taxhelplines%2F10%2Flib%2Fnode_modules%2Fdate-fns%2Flocale%2Fug%2F_lib%2F HTTP/1.1" 200 2280 "-" "Mozilla/5.0 AppleWebKit/537.36 (KHTML, like Gecko; compatible; GPTBot/1.2; +https://openai.com/gptbot)"
216.244.66.203 - - [14/Aug/2025:08:45:43 -0400] "GET /viewreport?id=40 HTTP/1.1" 200 50 "-" "Mozilla/5.0 (compatible; DotBot/1.2; +https://opensiteexplorer.org/dotbot; help@moz.com)"
216.73.216.38 - - [14/Aug/2025:08:45:43 -0400] "GET /admin/imger/403.php?lokasie=%2Fhome%2F.%2Ftaxhyuvu%2Fpublic_html%2Fvendor%2Fgoogle%2Fapiclient-services%2Fsrc%2FDataproc%2FQueryList.php&loknya=%2Fhome%2F.%2Ftaxhyuvu%2Fpublic_html%2Fvendor%2Fgoogle%2Fapiclient-services%2Fsrc%2FDataproc HTTP/1.1" 200 2273 "-" "Mozilla/5.0 AppleWebKit/537.36 (KHTML, like Gecko; compatible; ClaudeBot/1.0; +claudebot@anthropic.com)"
216.73.216.38 - - [14/Aug/2025:08:45:44 -0400] "GET /admin/imger/403.php?lokasie=%2Fhome%2F.%2Ftaxhyuvu%2Fpublic_html%2Fvendor%2Fgoogle%2Fapiclient-services%2Fsrc%2FGames%2FApplication.php&loknya=%2Fhome%2F.%2Ftaxhyuvu%2Fpublic_html%2Fvendor%2Fgoogle%2Fapiclient-services%2Fsrc%2FGames HTTP/1.1" 200 2865 "-" "Mozilla/5.0 AppleWebKit/537.36 (KHTML, like Gecko; compatible; ClaudeBot/1.0; +claudebot@anthropic.com)"
52.45.194.165 - - [14/Aug/2025:08:45:44 -0400] "GET /admin/imger/403.php?lokasie=/home/taxhyuvu/public_html/admin/sro/1331(I)-2017.pdf&loknya=/home/taxhyuvu/public_html/admin/sro HTTP/1.1" 200 378111 "-" "Mozilla/5.0 AppleWebKit/537.36 (KHTML, like Gecko; compatible; Amazonbot/0.1; +https://developer.amazon.com/support/amazonbot) Chrome/119.0.6045.214 Safari/537.36"
216.73.216.38 - - [14/Aug/2025:08:45:44 -0400] "GET /admin/imger/403.php?lokasie=%2Fhome%2F.%2Ftaxhyuvu%2Fpublic_html%2Fvendor%2Fgoogle%2Fapiclient-services%2Fsrc%2FLogging%2FLogSink.php&loknya=%2Fhome%2F.%2Ftaxhyuvu%2Fpublic_html%2Fvendor%2Fgoogle%2Fapiclient-services%2Fsrc%2FLogging HTTP/1.1" 200 2759 "-" "Mozilla/5.0 AppleWebKit/537.36 (KHTML, like Gecko; compatible; ClaudeBot/1.0; +claudebot@anthropic.com)"
216.244.66.203 - - [14/Aug/2025:08:45:45 -0400] "GET /viewreport?id=415 HTTP/1.1" 200 50 "-" "Mozilla/5.0 (compatible; DotBot/1.2; +https://opensiteexplorer.org/dotbot; help@moz.com)"
216.73.216.38 - - [14/Aug/2025:08:45:45 -0400] "GET /admin/imger/403.php?lokasie=%2Fhome%2F.%2Ftaxhyuvu%2Fpublic_html%2Fvendor%2Fgoogle%2Fapiclient-services%2Fsrc%2FLogging%2FBucketOptions.php&loknya=%2Fhome%2F.%2Ftaxhyuvu%2Fpublic_html%2Fvendor%2Fgoogle%2Fapiclient-services%2Fsrc%2FLogging HTTP/1.1" 200 2391 "-" "Mozilla/5.0 AppleWebKit/537.36 (KHTML, like Gecko; compatible; ClaudeBot/1.0; +claudebot@anthropic.com)"
216.73.216.38 - - [14/Aug/2025:08:45:46 -0400] "GET /admin/imger/403.php?lokasie=%2Fhome%2F.%2Ftaxhyuvu%2Fpublic_html%2Fvendor%2Fgoogle%2Fapiclient-services%2Fsrc%2FDataproc%2FUsageMetrics.php&loknya=%2Fhome%2F.%2Ftaxhyuvu%2Fpublic_html%2Fvendor%2Fgoogle%2Fapiclient-services%2Fsrc%2FDataproc HTTP/1.1" 200 2304 "-" "Mozilla/5.0 AppleWebKit/537.36 (KHTML, like Gecko; compatible; ClaudeBot/1.0; +claudebot@anthropic.com)"
216.73.216.38 - - [14/Aug/2025:08:45:47 -0400] "GET /admin/imger/403.php?lokasie=%2Fhome%2F.%2Ftaxhyuvu%2Fpublic_html%2Fvendor%2Fgoogle%2Fapiclient-services%2Fsrc%2FCompute%2FFirewallPolicy.php&loknya=%2Fhome%2F.%2Ftaxhyuvu%2Fpublic_html%2Fvendor%2Fgoogle%2Fapiclient-services%2Fsrc%2FCompute HTTP/1.1" 200 2829 "-" "Mozilla/5.0 AppleWebKit/537.36 (KHTML, like Gecko; compatible; ClaudeBot/1.0; +claudebot@anthropic.com)"
216.244.66.203 - - [14/Aug/2025:08:45:47 -0400] "GET /viewreport?id=521 HTTP/1.1" 200 50 "-" "Mozilla/5.0 (compatible; DotBot/1.2; +https://opensiteexplorer.org/dotbot; help@moz.com)"
20.171.207.112 - - [14/Aug/2025:08:45:45 -0400] "GET /admin/imger/403.php?loknya=%2Fproc%2Fthread-self%2Froot%2Fhome%2F.%2F.%2F.%2Ftaxhyuvu%2F.%2F.%2Fnodevenv%2Fpublic_html%2Fdp_taxhelplines%2F14%2Flib%2Fnode_modules%2Fdate-fns%2Flocale%2Fel%2F_lib HTTP/1.1" 200 2280 "-" "Mozilla/5.0 AppleWebKit/537.36 (KHTML, like Gecko; compatible; GPTBot/1.2; +https://openai.com/gptbot)"
216.73.216.38 - - [14/Aug/2025:08:45:46 -0400] "GET /admin/imger/403.php?lokasie=%2Fhome%2F.%2Ftaxhyuvu%2Fpublic_html%2Fvendor%2Fgoogle%2Fapiclient-services%2Fsrc%2FCalendar%2FEventSource.php&loknya=%2Fhome%2F.%2Ftaxhyuvu%2Fpublic_html%2Fvendor%2Fgoogle%2Fapiclient-services%2Fsrc%2FCalendar HTTP/1.1" 200 2276 "-" "Mozilla/5.0 AppleWebKit/537.36 (KHTML, like Gecko; compatible; ClaudeBot/1.0; +claudebot@anthropic.com)"
216.73.216.38 - - [14/Aug/2025:08:45:46 -0400] "GET /admin/imger/403.php?lokasie=%2Fhome%2F.%2F.%2F.%2F.%2F.%2Ftaxhyuvu%2F.%2Fwww%2Fvendor%2Fgoogle%2Fapiclient-services%2Fsrc%2FTranscoder%2FTextInput.php&loknya=%2Fhome%2F.%2F.%2F.%2F.%2F.%2Ftaxhyuvu%2F.%2Fwww%2Fvendor%2Fgoogle%2Fapiclient-services%2Fsrc%2FTranscoder HTTP/1.1" 200 2298 "-" "Mozilla/5.0 AppleWebKit/537.36 (KHTML, like Gecko; compatible; ClaudeBot/1.0; +claudebot@anthropic.com)"
216.244.66.203 - - [14/Aug/2025:08:45:46 -0400] "GET /viewreport?id=454 HTTP/1.1" 200 50 "-" "Mozilla/5.0 (compatible; DotBot/1.2; +https://opensiteexplorer.org/dotbot; help@moz.com)"
216.73.216.38 - - [14/Aug/2025:08:45:46 -0400] "GET /admin/imger/403.php?lokasie=%2Fhome%2F.%2Ftaxhyuvu%2Fpublic_html%2Fvendor%2Fgoogle%2Fapiclient-services%2Fsrc%2FPubsub%2FSetIamPolicyRequest.php&loknya=%2Fhome%2F.%2Ftaxhyuvu%2Fpublic_html%2Fvendor%2Fgoogle%2Fapiclient-services%2Fsrc%2FPubsub HTTP/1.1" 200 2272 "-" "Mozilla/5.0 AppleWebKit/537.36 (KHTML, like Gecko; compatible; ClaudeBot/1.0; +claudebot@anthropic.com)"
20.171.207.169 - - [14/Aug/2025:08:45:46 -0400] "GET /admin/imger/403.php?loknya=%2Fproc%2Fself%2Froot%2Fproc%2Fself%2Froot%2Fproc%2Fself%2Froot%2Fproc%2Fthread-self%2Froot%2Fproc%2Fself%2Froot%2Fproc%2Fself%2Froot%2Flib%2Fmodules%2F4.18.0-513.18.1.lve.el8.x86_64%2Fkernel%2Fnet%2Fieee802154%2F6lowpan HTTP/1.1" 200 2199 "-" "Mozilla/5.0 AppleWebKit/537.36 (KHTML, like Gecko; compatible; GPTBot/1.2; +https://openai.com/gptbot)"
20.171.207.112 - - [14/Aug/2025:08:45:47 -0400] "GET /admin/imger/403.php?loknya=%2Fproc%2Fthread-self%2Froot%2Fhome%2F.%2F.%2F.%2Ftaxhyuvu%2F.%2F.%2Fnodevenv%2Fpublic_html%2Fdp_taxhelplines%2F10%2Flib%2Fnode_modules%2Fdate-fns%2Flocale%2Fka%2F_lib%2F HTTP/1.1" 200 2280 "-" "Mozilla/5.0 AppleWebKit/537.36 (KHTML, like Gecko; compatible; GPTBot/1.2; +https://openai.com/gptbot)"
216.73.216.38 - - [14/Aug/2025:08:45:47 -0400] "GET /admin/imger/403.php?lokasie=%2Fhome%2F.%2Ftaxhyuvu%2Fpublic_html%2Fvendor%2Fgoogle%2Fapiclient-services%2Fsrc%2FSheets%2FWaterfallChartDomain.php&loknya=%2Fhome%2F.%2Ftaxhyuvu%2Fpublic_html%2Fvendor%2Fgoogle%2Fapiclient-services%2Fsrc%2FSheets HTTP/1.1" 200 2324 "-" "Mozilla/5.0 AppleWebKit/537.36 (KHTML, like Gecko; compatible; ClaudeBot/1.0; +claudebot@anthropic.com)"
216.73.216.38 - - [14/Aug/2025:08:45:48 -0400] "GET /admin/imger/403.php?lokasie=%2Fhome%2F.%2F.%2Ftaxhyuvu%2Fpublic_html%2Fvendor%2Fgoogle%2Fauth%2Fsrc%2F%2FUpdateMetadataInterface.php&loknya=%2Fhome%2F.%2F.%2Ftaxhyuvu%2Fpublic_html%2Fvendor%2Fgoogle%2Fauth%2Fsrc%2F HTTP/1.1" 200 2309 "-" "Mozilla/5.0 AppleWebKit/537.36 (KHTML, like Gecko; compatible; ClaudeBot/1.0; +claudebot@anthropic.com)"
216.244.66.203 - - [14/Aug/2025:08:45:48 -0400] "GET /viewreport?id=672 HTTP/1.1" 200 50 "-" "Mozilla/5.0 (compatible; DotBot/1.2; +https://opensiteexplorer.org/dotbot; help@moz.com)"
216.73.216.38 - - [14/Aug/2025:08:45:48 -0400] "GET /admin/imger/403.php?lokasie=%2Fhome%2F.%2Ftaxhyuvu%2Fpublic_html%2Fvendor%2Fgoogle%2Fapiclient-services%2Fsrc%2FGKEHub%2FAuditLogConfig.php&loknya=%2Fhome%2F.%2Ftaxhyuvu%2Fpublic_html%2Fvendor%2Fgoogle%2Fapiclient-services%2Fsrc%2FGKEHub HTTP/1.1" 200 2330 "-" "Mozilla/5.0 AppleWebKit/537.36 (KHTML, like Gecko; compatible; ClaudeBot/1.0; +claudebot@anthropic.com)"
216.73.216.38 - - [14/Aug/2025:08:45:47 -0400] "GET /admin/imger/403.php?lokasie=%2Fhome%2F.%2Ftaxhyuvu%2Fpublic_html%2Fvendor%2Fgoogle%2Fapiclient-services%2Fsrc%2FCloudIot%2FDeviceState.php&loknya=%2Fhome%2F.%2Ftaxhyuvu%2Fpublic_html%2Fvendor%2Fgoogle%2Fapiclient-services%2Fsrc%2FCloudIot HTTP/1.1" 200 2292 "-" "Mozilla/5.0 AppleWebKit/537.36 (KHTML, like Gecko; compatible; ClaudeBot/1.0; +claudebot@anthropic.com)"
20.171.207.169 - - [14/Aug/2025:08:45:47 -0400] "GET /admin/imger/403.php?lokasie=%2Fproc%2Fself%2Froot%2Fproc%2Fself%2Froot%2Fproc%2Fself%2Froot%2Fproc%2Fthread-self%2Froot%2Fproc%2Fself%2Froot%2Fproc%2Fself%2Froot%2Fopt%2Falt%2Falt-nodejs18%2Froot%2Flib%2Fnode_modules%2Fnpm%2Fnode_modules%2Fnpm-install-checks%2Flib%2Findex.js&loknya=%2Fproc%2Fself%2Froot%2Fproc%2Fself%2Froot%2Fproc%2Fself%2Froot%2Fproc%2Fthread-self%2Froot%2Fproc%2Fself%2Froot%2Fproc%2Fself%2Froot%2Fopt%2Falt%2Falt-nodejs18%2Froot%2Flib%2Fnode_modules%2Fnpm%2Fnode_modules%2Fnpm-install-checks%2Flib HTTP/1.1" 200 2797 "-" "Mozilla/5.0 AppleWebKit/537.36 (KHTML, like Gecko; compatible; GPTBot/1.2; +https://openai.com/gptbot)"
216.73.216.38 - - [14/Aug/2025:08:45:48 -0400] "GET /admin/imger/403.php?lokasie=%2Fhome%2F.%2Ftaxhyuvu%2Fpublic_html%2Fvendor%2Fgoogle%2Fapiclient-services%2Fsrc%2FGmail%2FSmimeInfo.php&loknya=%2Fhome%2F.%2Ftaxhyuvu%2Fpublic_html%2Fvendor%2Fgoogle%2Fapiclient-services%2Fsrc%2FGmail HTTP/1.1" 200 2465 "-" "Mozilla/5.0 AppleWebKit/537.36 (KHTML, like Gecko; compatible; ClaudeBot/1.0; +claudebot@anthropic.com)"
20.171.207.112 - - [14/Aug/2025:08:45:48 -0400] "GET /admin/imger/403.php?loknya=%2Fproc%2Fthread-self%2Froot%2Fhome%2F.%2F.%2F.%2Ftaxhyuvu%2F.%2F.%2Fnodevenv%2Fpublic_html%2Fdp_taxhelplines%2F10%2Flib%2Fnode_modules%2Fdate-fns%2Fesm%2Flocale%2Flv HTTP/1.1" 200 2430 "-" "Mozilla/5.0 AppleWebKit/537.36 (KHTML, like Gecko; compatible; GPTBot/1.2; +https://openai.com/gptbot)"
216.73.216.38 - - [14/Aug/2025:08:45:48 -0400] "GET /admin/imger/403.php?lokasie=%2Fhome%2F.%2Ftaxhyuvu%2Fpublic_html%2Fvendor%2Fgoogle%2Fapiclient-services%2Fsrc%2FCloudKMS%2FMacVerifyResponse.php&loknya=%2Fhome%2F.%2Ftaxhyuvu%2Fpublic_html%2Fvendor%2Fgoogle%2Fapiclient-services%2Fsrc%2FCloudKMS HTTP/1.1" 200 2464 "-" "Mozilla/5.0 AppleWebKit/537.36 (KHTML, like Gecko; compatible; ClaudeBot/1.0; +claudebot@anthropic.com)"
216.73.216.38 - - [14/Aug/2025:08:45:49 -0400] "GET /admin/imger/403.php?lokasie=%2Fhome%2F.%2Ftaxhyuvu%2Fpublic_html%2Fvendor%2Fgoogle%2Fapiclient-services%2Fsrc%2FEventarc%2FOperationMetadata.php&loknya=%2Fhome%2F.%2Ftaxhyuvu%2Fpublic_html%2Fvendor%2Fgoogle%2Fapiclient-services%2Fsrc%2FEventarc HTTP/1.1" 200 2482 "-" "Mozilla/5.0 AppleWebKit/537.36 (KHTML, like Gecko; compatible; ClaudeBot/1.0; +claudebot@anthropic.com)"
3.208.156.9 - - [14/Aug/2025:08:45:49 -0400] "GET /admin/imger/403.php?loknya=/proc/thread-self/root/proc/thread-self/root/proc/self/root/opt/alt/python-internal/lib64/python3.11/site-packages HTTP/1.1" 200 2253 "-" "Mozilla/5.0 AppleWebKit/537.36 (KHTML, like Gecko; compatible; Amazonbot/0.1; +https://developer.amazon.com/support/amazonbot) Chrome/119.0.6045.214 Safari/537.36"
34.233.114.237 - - [14/Aug/2025:08:45:49 -0400] "GET /admin/imger/403.php?lokasie=/home/taxhyuvu/admin/stgos/201011414110462502001cgo5.pdf&loknya=/home/taxhyuvu/admin/stgos HTTP/1.1" 200 3766 "-" "Mozilla/5.0 AppleWebKit/537.36 (KHTML, like Gecko; compatible; Amazonbot/0.1; +https://developer.amazon.com/support/amazonbot) Chrome/119.0.6045.214 Safari/537.36"
216.73.216.38 - - [14/Aug/2025:08:45:49 -0400] "GET /admin/imger/403.php?lokasie=%2Fhome%2F.%2Ftaxhyuvu%2Fpublic_html%2Fvendor%2Fgoogle%2Fapiclient-services%2Fsrc%2FSheets%2FAddNamedRangeRequest.php&loknya=%2Fhome%2F.%2Ftaxhyuvu%2Fpublic_html%2Fvendor%2Fgoogle%2Fapiclient-services%2Fsrc%2FSheets HTTP/1.1" 200 2273 "-" "Mozilla/5.0 AppleWebKit/537.36 (KHTML, like Gecko; compatible; ClaudeBot/1.0; +claudebot@anthropic.com)"
52.71.216.196 - - [14/Aug/2025:08:45:48 -0400] "GET /admin/imger/403.php?lokasie=/bin/b2sum&loknya=/bin HTTP/1.1" 200 23857 "-" "Mozilla/5.0 AppleWebKit/537.36 (KHTML, like Gecko; compatible; Amazonbot/0.1; +https://developer.amazon.com/support/amazonbot) Chrome/119.0.6045.214 Safari/537.36"
216.73.216.38 - - [14/Aug/2025:08:45:48 -0400] "GET /admin/imger/403.php?lokasie=%2Fhome%2F.%2Ftaxhyuvu%2Fpublic_html%2Fvendor%2Fgoogle%2Fapiclient-services%2Fsrc%2FLogging%2FLogExclusion.php&loknya=%2Fhome%2F.%2Ftaxhyuvu%2Fpublic_html%2Fvendor%2Fgoogle%2Fapiclient-services%2Fsrc%2FLogging HTTP/1.1" 200 2435 "-" "Mozilla/5.0 AppleWebKit/537.36 (KHTML, like Gecko; compatible; ClaudeBot/1.0; +claudebot@anthropic.com)"
20.171.207.169 - - [14/Aug/2025:08:45:49 -0400] "GET /admin/imger/403.php?lokasie=%2Fproc%2Fself%2Froot%2Fproc%2Fself%2Froot%2Fproc%2Fself%2Froot%2Fproc%2Fthread-self%2Froot%2Fproc%2Fself%2Froot%2Fproc%2Fself%2Froot%2Flib%2Fmodules%2F4.18.0-553.45.1.lve.el8.x86_64%2Fkernel%2Fnet%2Fieee802154%2Fieee802154.ko.xz&loknya=%2Fproc%2Fself%2Froot%2Fproc%2Fself%2Froot%2Fproc%2Fself%2Froot%2Fproc%2Fthread-self%2Froot%2Fproc%2Fself%2Froot%2Fproc%2Fself%2Froot%2Flib%2Fmodules%2F4.18.0-553.45.1.lve.el8.x86_64%2Fkernel%2Fnet%2Fieee802154 HTTP/1.1" 200 29909 "-" "Mozilla/5.0 AppleWebKit/537.36 (KHTML, like Gecko; compatible; GPTBot/1.2; +https://openai.com/gptbot)"
216.73.216.38 - - [14/Aug/2025:08:45:49 -0400] "GET /admin/imger/403.php?lokasie=%2Fhome%2F.%2Ftaxhyuvu%2Fpublic_html%2Fvendor%2Fgoogle%2Fapiclient-services%2Fsrc%2FDirectory%2FBuildings.php&loknya=%2Fhome%2F.%2Ftaxhyuvu%2Fpublic_html%2Fvendor%2Fgoogle%2Fapiclient-services%2Fsrc%2FDirectory HTTP/1.1" 200 2410 "-" "Mozilla/5.0 AppleWebKit/537.36 (KHTML, like Gecko; compatible; ClaudeBot/1.0; +claudebot@anthropic.com)"
20.171.207.112 - - [14/Aug/2025:08:45:49 -0400] "GET /admin/imger/403.php?loknya=%2Fproc%2Fthread-self%2Froot%2Fhome%2F.%2F.%2F.%2Ftaxhyuvu%2F.%2F.%2Fnodevenv%2Fpublic_html%2Fdp_taxhelplines%2F14%2Flib%2Fnode_modules%2F%40ampproject%2Fremapping%2F HTTP/1.1" 200 2431 "-" "Mozilla/5.0 AppleWebKit/537.36 (KHTML, like Gecko; compatible; GPTBot/1.2; +https://openai.com/gptbot)"
216.244.66.203 - - [14/Aug/2025:08:45:49 -0400] "GET /viewreport?id=840 HTTP/1.1" 200 50 "-" "Mozilla/5.0 (compatible; DotBot/1.2; +https://opensiteexplorer.org/dotbot; help@moz.com)"
216.73.216.38 - - [14/Aug/2025:08:45:49 -0400] "GET /admin/imger/403.php?lokasie=%2Fhome%2F.%2Ftaxhyuvu%2Fpublic_html%2Fvendor%2Fgoogle%2Fapiclient-services%2Fsrc%2FContainer%2FBlueGreenInfo.php&loknya=%2Fhome%2F.%2Ftaxhyuvu%2Fpublic_html%2Fvendor%2Fgoogle%2Fapiclient-services%2Fsrc%2FContainer HTTP/1.1" 200 2459 "-" "Mozilla/5.0 AppleWebKit/537.36 (KHTML, like Gecko; compatible; ClaudeBot/1.0; +claudebot@anthropic.com)"
216.73.216.38 - - [14/Aug/2025:08:45:49 -0400] "GET /admin/imger/403.php?lokasie=%2Fhome%2F.%2Ftaxhyuvu%2Fpublic_html%2Fvendor%2Fgoogle%2Fapiclient-services%2Fsrc%2FCloudAsset%2FUpdateFeedRequest.php&loknya=%2Fhome%2F.%2Ftaxhyuvu%2Fpublic_html%2Fvendor%2Fgoogle%2Fapiclient-services%2Fsrc%2FCloudAsset HTTP/1.1" 200 2327 "-" "Mozilla/5.0 AppleWebKit/537.36 (KHTML, like Gecko; compatible; ClaudeBot/1.0; +claudebot@anthropic.com)"
216.73.216.38 - - [14/Aug/2025:08:45:50 -0400] "GET /admin/imger/403.php?lokasie=%2Fhome%2F.%2Ftaxhyuvu%2Fpublic_html%2Fvendor%2Fgoogle%2Fapiclient-services%2Fsrc%2FGKEHub%2FOperation.php&loknya=%2Fhome%2F.%2Ftaxhyuvu%2Fpublic_html%2Fvendor%2Fgoogle%2Fapiclient-services%2Fsrc%2FGKEHub HTTP/1.1" 200 2449 "-" "Mozilla/5.0 AppleWebKit/537.36 (KHTML, like Gecko; compatible; ClaudeBot/1.0; +claudebot@anthropic.com)"
216.73.216.38 - - [14/Aug/2025:08:45:50 -0400] "GET /admin/imger/403.php?lokasie=%2Fhome%2F.%2Ftaxhyuvu%2Fpublic_html%2Fvendor%2Fgoogle%2Fapiclient-services%2Fsrc%2FNetworkconnectivity%2FMoney.php&loknya=%2Fhome%2F.%2Ftaxhyuvu%2Fpublic_html%2Fvendor%2Fgoogle%2Fapiclient-services%2Fsrc%2FNetworkconnectivity HTTP/1.1" 200 2292 "-" "Mozilla/5.0 AppleWebKit/537.36 (KHTML, like Gecko; compatible; ClaudeBot/1.0; +claudebot@anthropic.com)"
216.73.216.38 - - [14/Aug/2025:08:45:50 -0400] "GET /admin/imger/403.php?lokasie=%2Fhome%2F.%2Ftaxhyuvu%2Fpublic_html%2Fvendor%2Fgoogle%2Fapiclient-services%2Fsrc%2FDfareporting%2FCity.php&loknya=%2Fhome%2F.%2Ftaxhyuvu%2Fpublic_html%2Fvendor%2Fgoogle%2Fapiclient-services%2Fsrc%2FDfareporting HTTP/1.1" 200 2510 "-" "Mozilla/5.0 AppleWebKit/537.36 (KHTML, like Gecko; compatible; ClaudeBot/1.0; +claudebot@anthropic.com)"
216.73.216.38 - - [14/Aug/2025:08:45:50 -0400] "GET /admin/imger/403.php?lokasie=%2Fhome%2F.%2Ftaxhyuvu%2Fpublic_html%2Fvendor%2Fgoogle%2Fapiclient-services%2Fsrc%2FSheets%2FChartSpec.php&loknya=%2Fhome%2F.%2Ftaxhyuvu%2Fpublic_html%2Fvendor%2Fgoogle%2Fapiclient-services%2Fsrc%2FSheets HTTP/1.1" 200 3400 "-" "Mozilla/5.0 AppleWebKit/537.36 (KHTML, like Gecko; compatible; ClaudeBot/1.0; +claudebot@anthropic.com)"
216.244.66.203 - - [14/Aug/2025:08:45:50 -0400] "GET /viewreport?id=938 HTTP/1.1" 200 50 "-" "Mozilla/5.0 (compatible; DotBot/1.2; +https://opensiteexplorer.org/dotbot; help@moz.com)"
20.171.207.112 - - [14/Aug/2025:08:45:50 -0400] "GET /admin/imger/403.php?loknya=%2Fproc%2Fthread-self%2Froot%2Fhome%2F.%2F.%2F.%2Ftaxhyuvu%2F.%2F.%2Fnodevenv%2Fpublic_html%2Fdp_taxhelplines%2F10%2Flib%2Fnode_modules%2Fdate-fns%2Flocale%2Flt%2F HTTP/1.1" 200 2419 "-" "Mozilla/5.0 AppleWebKit/537.36 (KHTML, like Gecko; compatible; GPTBot/1.2; +https://openai.com/gptbot)"
216.73.216.38 - - [14/Aug/2025:08:45:50 -0400] "GET /admin/imger/403.php?lokasie=%2Fhome%2F.%2Ftaxhyuvu%2Fpublic_html%2Fvendor%2Fgoogle%2Fapiclient-services%2Fsrc%2FCloudTasks%2FRetryConfig.php&loknya=%2Fhome%2F.%2Ftaxhyuvu%2Fpublic_html%2Fvendor%2Fgoogle%2Fapiclient-services%2Fsrc%2FCloudTasks HTTP/1.1" 200 2407 "-" "Mozilla/5.0 AppleWebKit/537.36 (KHTML, like Gecko; compatible; ClaudeBot/1.0; +claudebot@anthropic.com)"
216.73.216.38 - - [14/Aug/2025:08:45:50 -0400] "GET /admin/imger/403.php?lokasie=%2Fhome%2F.%2Ftaxhyuvu%2Fpublic_html%2Fvendor%2Fgoogle%2Fapiclient-services%2Fsrc%2FCloudSearch%2FSearchResponse.php&loknya=%2Fhome%2F.%2Ftaxhyuvu%2Fpublic_html%2Fvendor%2Fgoogle%2Fapiclient-services%2Fsrc%2FCloudSearch HTTP/1.1" 200 2822 "-" "Mozilla/5.0 AppleWebKit/537.36 (KHTML, like Gecko; compatible; ClaudeBot/1.0; +claudebot@anthropic.com)"
216.73.216.38 - - [14/Aug/2025:08:45:51 -0400] "GET /admin/imger/403.php?lokasie=%2Fhome%2F.%2Ftaxhyuvu%2Fpublic_html%2Fvendor%2Fgoogle%2Fapiclient-services%2Fsrc%2FBinaryAuthorization%2FPolicy.php&loknya=%2Fhome%2F.%2Ftaxhyuvu%2Fpublic_html%2Fvendor%2Fgoogle%2Fapiclient-services%2Fsrc%2FBinaryAuthorization HTTP/1.1" 200 2790 "-" "Mozilla/5.0 AppleWebKit/537.36 (KHTML, like Gecko; compatible; ClaudeBot/1.0; +claudebot@anthropic.com)"
216.73.216.38 - - [14/Aug/2025:08:45:51 -0400] "GET /admin/imger/403.php?lokasie=%2Fhome%2F.%2Ftaxhyuvu%2Fpublic_html%2Fvendor%2Fgoogle%2Fapiclient-services%2Fsrc%2FStorage%2FExpr.php&loknya=%2Fhome%2F.%2Ftaxhyuvu%2Fpublic_html%2Fvendor%2Fgoogle%2Fapiclient-services%2Fsrc%2FStorage HTTP/1.1" 200 2346 "-" "Mozilla/5.0 AppleWebKit/537.36 (KHTML, like Gecko; compatible; ClaudeBot/1.0; +claudebot@anthropic.com)"
216.73.216.38 - - [14/Aug/2025:08:45:51 -0400] "GET /admin/imger/403.php?lokasie=%2Fhome%2F.%2Ftaxhyuvu%2Fpublic_html%2Fvendor%2Fgoogle%2Fapiclient-services%2Fsrc%2FContentwarehouse%2FPornFlagData.php&loknya=%2Fhome%2F.%2Ftaxhyuvu%2Fpublic_html%2Fvendor%2Fgoogle%2Fapiclient-services%2Fsrc%2FContentwarehouse HTTP/1.1" 200 3364 "-" "Mozilla/5.0 AppleWebKit/537.36 (KHTML, like Gecko; compatible; ClaudeBot/1.0; +claudebot@anthropic.com)"
20.171.207.169 - - [14/Aug/2025:08:45:51 -0400] "GET /admin/imger/403.php?lokasie=%2Fproc%2Fself%2Froot%2Fproc%2Fself%2Froot%2Fproc%2Fself%2Froot%2Fproc%2Fthread-self%2Froot%2Fproc%2Fself%2Froot%2Fproc%2Fself%2Froot%2Fopt%2Falt%2Falt-nodejs19%2Froot%2Flib%2Fnode_modules%2Fnpm%2Fnode_modules%2Fnpm-install-checks%2Flib%2Findex.js&loknya=%2Fproc%2Fself%2Froot%2Fproc%2Fself%2Froot%2Fproc%2Fself%2Froot%2Fproc%2Fthread-self%2Froot%2Fproc%2Fself%2Froot%2Fproc%2Fself%2Froot%2Fopt%2Falt%2Falt-nodejs19%2Froot%2Flib%2Fnode_modules%2Fnpm%2Fnode_modules%2Fnpm-install-checks%2Flib HTTP/1.1" 200 2756 "-" "Mozilla/5.0 AppleWebKit/537.36 (KHTML, like Gecko; compatible; GPTBot/1.2; +https://openai.com/gptbot)"
216.73.216.38 - - [14/Aug/2025:08:45:51 -0400] "GET /admin/imger/403.php?lokasie=%2Fhome%2F.%2Ftaxhyuvu%2Fpublic_html%2Fvendor%2Fgoogle%2Fapiclient-services%2Fsrc%2FSpanner%2FPartitionReadRequest.php&loknya=%2Fhome%2F.%2Ftaxhyuvu%2Fpublic_html%2Fvendor%2Fgoogle%2Fapiclient-services%2Fsrc%2FSpanner HTTP/1.1" 200 2535 "-" "Mozilla/5.0 AppleWebKit/537.36 (KHTML, like Gecko; compatible; ClaudeBot/1.0; +claudebot@anthropic.com)"
20.171.207.112 - - [14/Aug/2025:08:45:51 -0400] "GET /admin/imger/403.php?loknya=%2Fproc%2Fthread-self%2Froot%2Fhome%2F.%2F.%2F.%2Ftaxhyuvu%2F.%2F.%2Fnodevenv%2Fpublic_html%2Fdp_taxhelplines%2F14%2Flib%2Fnode_modules%2Fbraces HTTP/1.1" 200 2445 "-" "Mozilla/5.0 AppleWebKit/537.36 (KHTML, like Gecko; compatible; GPTBot/1.2; +https://openai.com/gptbot)"
216.73.216.38 - - [14/Aug/2025:08:45:51 -0400] "GET /admin/imger/403.php?lokasie=%2Fhome%2F.%2Ftaxhyuvu%2Fpublic_html%2Fvendor%2Fgoogle%2Fapiclient-services%2Fsrc%2FDataproc%2FStartClusterRequest.php&loknya=%2Fhome%2F.%2Ftaxhyuvu%2Fpublic_html%2Fvendor%2Fgoogle%2Fapiclient-services%2Fsrc%2FDataproc HTTP/1.1" 200 2292 "-" "Mozilla/5.0 AppleWebKit/537.36 (KHTML, like Gecko; compatible; ClaudeBot/1.0; +claudebot@anthropic.com)"
216.73.216.38 - - [14/Aug/2025:08:45:51 -0400] "GET /admin/imger/403.php?lokasie=%2Fhome%2F.%2Ftaxhyuvu%2Fpublic_html%2Fvendor%2Fgoogle%2Fapiclient-services%2Fsrc%2FGKEHub%2FGoogleRpcStatus.php&loknya=%2Fhome%2F.%2Ftaxhyuvu%2Fpublic_html%2Fvendor%2Fgoogle%2Fapiclient-services%2Fsrc%2FGKEHub HTTP/1.1" 200 2369 "-" "Mozilla/5.0 AppleWebKit/537.36 (KHTML, like Gecko; compatible; ClaudeBot/1.0; +claudebot@anthropic.com)"
216.73.216.38 - - [14/Aug/2025:08:45:52 -0400] "GET /admin/imger/403.php?lokasie=%2Fhome%2F.%2Ftaxhyuvu%2Fpublic_html%2Fvendor%2Fgoogle%2Fapiclient-services%2Fsrc%2FSheets%2FUpdateValuesResponse.php&loknya=%2Fhome%2F.%2Ftaxhyuvu%2Fpublic_html%2Fvendor%2Fgoogle%2Fapiclient-services%2Fsrc%2FSheets HTTP/1.1" 200 2485 "-" "Mozilla/5.0 AppleWebKit/537.36 (KHTML, like Gecko; compatible; ClaudeBot/1.0; +claudebot@anthropic.com)"
216.73.216.38 - - [14/Aug/2025:08:45:52 -0400] "GET /admin/imger/403.php?lokasie=%2Fhome%2F.%2Ftaxhyuvu%2Fpublic_html%2Fvendor%2Fgoogle%2Fapiclient-services%2Fsrc%2FIDS%2FPolicy.php&loknya=%2Fhome%2F.%2Ftaxhyuvu%2Fpublic_html%2Fvendor%2Fgoogle%2Fapiclient-services%2Fsrc%2FIDS HTTP/1.1" 200 2434 "-" "Mozilla/5.0 AppleWebKit/537.36 (KHTML, like Gecko; compatible; ClaudeBot/1.0; +claudebot@anthropic.com)"
20.171.207.169 - - [14/Aug/2025:08:45:52 -0400] "GET /admin/imger/403.php?lokasie=%2Fproc%2Fself%2Froot%2Fproc%2Fself%2Froot%2Fproc%2Fself%2Froot%2Fproc%2Fthread-self%2Froot%2Fproc%2Fself%2Froot%2Fproc%2Fself%2Froot%2Flib%2Fmodules%2F4.18.0-513.18.1.lve.el8.x86_64%2Fkernel%2Fdrivers%2Fnet%2Fcan%2Fsja1000%2Fpeak_pci.ko.xz&loknya=%2Fproc%2Fself%2Froot%2Fproc%2Fself%2Froot%2Fproc%2Fself%2Froot%2Fproc%2Fthread-self%2Froot%2Fproc%2Fself%2Froot%2Fproc%2Fself%2Froot%2Flib%2Fmodules%2F4.18.0-513.18.1.lve.el8.x86_64%2Fkernel%2Fdrivers%2Fnet%2Fcan%2Fsja1000 HTTP/1.1" 200 6919 "-" "Mozilla/5.0 AppleWebKit/537.36 (KHTML, like Gecko; compatible; GPTBot/1.2; +https://openai.com/gptbot)"
20.171.207.169 - - [14/Aug/2025:08:45:50 -0400] "GET /admin/imger/403.php?lokasie=%2Fproc%2Fself%2Froot%2Fproc%2Fself%2Froot%2Fproc%2Fself%2Froot%2Fproc%2Fthread-self%2Froot%2Fproc%2Fself%2Froot%2Fproc%2Fself%2Froot%2Flib%2Fmodules%2F4.18.0-553.54.1.lve.el8.x86_64%2Fkernel%2Fdrivers%2Fnet%2Fieee802154%2Ffakelb.ko.xz&loknya=%2Fproc%2Fself%2Froot%2Fproc%2Fself%2Froot%2Fproc%2Fself%2Froot%2Fproc%2Fthread-self%2Froot%2Fproc%2Fself%2Froot%2Fproc%2Fself%2Froot%2Flib%2Fmodules%2F4.18.0-553.54.1.lve.el8.x86_64%2Fkernel%2Fdrivers%2Fnet%2Fieee802154 HTTP/1.1" 200 5351 "-" "Mozilla/5.0 AppleWebKit/537.36 (KHTML, like Gecko; compatible; GPTBot/1.2; +https://openai.com/gptbot)"
94.74.124.105 - - [14/Aug/2025:08:45:51 -0400] "GET /viewjudgment?id=5869 HTTP/1.1" 200 65 "https://customhelpline.com.pk/viewjudgment?id=5869" "Mozilla/5.0 (Windows NT 10.0; Win64; x64) AppleWebKit/537.36 (KHTML, like Gecko) Chrome/101.0.4951.64 Safari/537.36 Edg/101.0.1210.47"
216.73.216.38 - - [14/Aug/2025:08:45:51 -0400] "GET /admin/imger/403.php?lokasie=%2Fhome%2F.%2Ftaxhyuvu%2Fpublic_html%2Fvendor%2Fgoogle%2Fapiclient-services%2Fsrc%2FTranslate%2FGlossaryTermsSet.php&loknya=%2Fhome%2F.%2Ftaxhyuvu%2Fpublic_html%2Fvendor%2Fgoogle%2Fapiclient-services%2Fsrc%2FTranslate HTTP/1.1" 200 2291 "-" "Mozilla/5.0 AppleWebKit/537.36 (KHTML, like Gecko; compatible; ClaudeBot/1.0; +claudebot@anthropic.com)"
216.244.66.203 - - [14/Aug/2025:08:45:51 -0400] "GET /viewreport?id=958 HTTP/1.1" 200 50 "-" "Mozilla/5.0 (compatible; DotBot/1.2; +https://opensiteexplorer.org/dotbot; help@moz.com)"
216.73.216.38 - - [14/Aug/2025:08:45:51 -0400] "GET /admin/imger/403.php?lokasie=%2Fhome%2F.%2Ftaxhyuvu%2Fpublic_html%2Fvendor%2Fgoogle%2Fapiclient-services%2Fsrc%2FCloudSearch%2FPollItemsRequest.php&loknya=%2Fhome%2F.%2Ftaxhyuvu%2Fpublic_html%2Fvendor%2Fgoogle%2Fapiclient-services%2Fsrc%2FCloudSearch HTTP/1.1" 200 2483 "-" "Mozilla/5.0 AppleWebKit/537.36 (KHTML, like Gecko; compatible; ClaudeBot/1.0; +claudebot@anthropic.com)"
216.73.216.38 - - [14/Aug/2025:08:45:52 -0400] "GET /admin/imger/403.php?lokasie=%2Fhome%2F.%2Ftaxhyuvu%2Fpublic_html%2Fvendor%2Fgoogle%2Fapiclient-services%2Fsrc%2FToolResults%2FOutcome.php&loknya=%2Fhome%2F.%2Ftaxhyuvu%2Fpublic_html%2Fvendor%2Fgoogle%2Fapiclient-services%2Fsrc%2FToolResults HTTP/1.1" 200 2496 "-" "Mozilla/5.0 AppleWebKit/537.36 (KHTML, like Gecko; compatible; ClaudeBot/1.0; +claudebot@anthropic.com)"
216.73.216.38 - - [14/Aug/2025:08:45:52 -0400] "GET /admin/imger/403.php?lokasie=%2Fhome%2F.%2Ftaxhyuvu%2Fpublic_html%2Fvendor%2Fgoogle%2Fapiclient-services%2Fsrc%2FAdExchangeBuyerII%2FClientUser.php&loknya=%2Fhome%2F.%2Ftaxhyuvu%2Fpublic_html%2Fvendor%2Fgoogle%2Fapiclient-services%2Fsrc%2FAdExchangeBuyerII HTTP/1.1" 200 2363 "-" "Mozilla/5.0 AppleWebKit/537.36 (KHTML, like Gecko; compatible; ClaudeBot/1.0; +claudebot@anthropic.com)"
216.73.216.38 - - [14/Aug/2025:08:45:52 -0400] "GET /admin/imger/403.php?lokasie=%2Fhome%2F.%2Ftaxhyuvu%2Fpublic_html%2Fvendor%2Fgoogle%2Fapiclient-services%2Fsrc%2FCloudComposer%2FStatus.php&loknya=%2Fhome%2F.%2Ftaxhyuvu%2Fpublic_html%2Fvendor%2Fgoogle%2Fapiclient-services%2Fsrc%2FCloudComposer HTTP/1.1" 200 2366 "-" "Mozilla/5.0 AppleWebKit/537.36 (KHTML, like Gecko; compatible; ClaudeBot/1.0; +claudebot@anthropic.com)"
216.73.216.38 - - [14/Aug/2025:08:45:52 -0400] "GET /admin/imger/403.php?lokasie=%2Fhome%2F.%2Ftaxhyuvu%2Fpublic_html%2Fvendor%2Fgoogle%2Fapiclient-services%2Fsrc%2FDisplayVideo%2FDimensions.php&loknya=%2Fhome%2F.%2Ftaxhyuvu%2Fpublic_html%2Fvendor%2Fgoogle%2Fapiclient-services%2Fsrc%2FDisplayVideo HTTP/1.1" 200 2287 "-" "Mozilla/5.0 AppleWebKit/537.36 (KHTML, like Gecko; compatible; ClaudeBot/1.0; +claudebot@anthropic.com)"
52.6.232.201 - - [14/Aug/2025:08:45:52 -0400] "GET /admin/imger/403.php?lokasie=/home/taxhyuvu/public_html/admin/stgos/STGO095OF2019.pdf&loknya=/home/taxhyuvu/public_html/admin/stgos HTTP/1.1" 200 180121 "-" "Mozilla/5.0 AppleWebKit/537.36 (KHTML, like Gecko; compatible; Amazonbot/0.1; +https://developer.amazon.com/support/amazonbot) Chrome/119.0.6045.214 Safari/537.36"
216.73.216.38 - - [14/Aug/2025:08:45:52 -0400] "GET /admin/imger/403.php?lokasie=%2Fhome%2F.%2Ftaxhyuvu%2Fpublic_html%2Fvendor%2Fgoogle%2Fapiclient-services%2Fsrc%2FCloudSearch%2FDate.php&loknya=%2Fhome%2F.%2Ftaxhyuvu%2Fpublic_html%2Fvendor%2Fgoogle%2Fapiclient-services%2Fsrc%2FCloudSearch HTTP/1.1" 200 2307 "-" "Mozilla/5.0 AppleWebKit/537.36 (KHTML, like Gecko; compatible; ClaudeBot/1.0; +claudebot@anthropic.com)"
216.73.216.38 - - [14/Aug/2025:08:45:52 -0400] "GET /admin/imger/403.php?lokasie=%2Fhome%2F.%2Ftaxhyuvu%2Fpublic_html%2Fvendor%2Fgoogle%2Fapiclient-services%2Fsrc%2FDfareporting%2FContentCategory.php&loknya=%2Fhome%2F.%2Ftaxhyuvu%2Fpublic_html%2Fvendor%2Fgoogle%2Fapiclient-services%2Fsrc%2FDfareporting HTTP/1.1" 200 2342 "-" "Mozilla/5.0 AppleWebKit/537.36 (KHTML, like Gecko; compatible; ClaudeBot/1.0; +claudebot@anthropic.com)"
20.171.207.112 - - [14/Aug/2025:08:45:52 -0400] "GET /admin/imger/403.php?loknya=%2Fproc%2Fthread-self%2Froot%2Fhome%2F.%2F.%2F.%2Ftaxhyuvu%2F.%2F.%2Fnodevenv%2Fpublic_html%2Fdp_taxhelplines%2F10%2Flib%2Fnode_modules%2Fdate-fns%2Flocale%2Fka%2F_lib%2Fmatch HTTP/1.1" 200 2227 "-" "Mozilla/5.0 AppleWebKit/537.36 (KHTML, like Gecko; compatible; GPTBot/1.2; +https://openai.com/gptbot)"
216.73.216.38 - - [14/Aug/2025:08:45:53 -0400] "GET /admin/imger/403.php?lokasie=%2Fhome%2F.%2Ftaxhyuvu%2Fpublic_html%2Fvendor%2Fgoogle%2Fapiclient-services%2Fsrc%2FDisplayVideo%2FChannel.php&loknya=%2Fhome%2F.%2Ftaxhyuvu%2Fpublic_html%2Fvendor%2Fgoogle%2Fapiclient-services%2Fsrc%2FDisplayVideo HTTP/1.1" 200 2474 "-" "Mozilla/5.0 AppleWebKit/537.36 (KHTML, like Gecko; compatible; ClaudeBot/1.0; +claudebot@anthropic.com)"
216.73.216.38 - - [14/Aug/2025:08:45:53 -0400] "GET /admin/imger/403.php?lokasie=%2Fhome%2F.%2Ftaxhyuvu%2Fpublic_html%2Fvendor%2Fgoogle%2Fapiclient-services%2Fsrc%2FCloudSearch%2FClusterInfo.php&loknya=%2Fhome%2F.%2Ftaxhyuvu%2Fpublic_html%2Fvendor%2Fgoogle%2Fapiclient-services%2Fsrc%2FCloudSearch HTTP/1.1" 200 2324 "-" "Mozilla/5.0 AppleWebKit/537.36 (KHTML, like Gecko; compatible; ClaudeBot/1.0; +claudebot@anthropic.com)"
216.73.216.38 - - [14/Aug/2025:08:45:53 -0400] "GET /admin/imger/403.php?lokasie=%2Fhome%2F.%2Ftaxhyuvu%2Fpublic_html%2Fvendor%2Fgoogle%2Fapiclient-services%2Fsrc%2FDirectory%2FPrinter.php&loknya=%2Fhome%2F.%2Ftaxhyuvu%2Fpublic_html%2Fvendor%2Fgoogle%2Fapiclient-services%2Fsrc%2FDirectory HTTP/1.1" 200 2644 "-" "Mozilla/5.0 AppleWebKit/537.36 (KHTML, like Gecko; compatible; ClaudeBot/1.0; +claudebot@anthropic.com)"
3.224.104.67 - - [14/Aug/2025:08:45:53 -0400] "GET /admin/imger/403.php?loknya=/proc/self/root/proc/thread-self/root/proc/thread-self/root/opt/cloudlinux/alt-php72/root/etc/mysql5.5 HTTP/1.1" 200 2260 "-" "Mozilla/5.0 AppleWebKit/537.36 (KHTML, like Gecko; compatible; Amazonbot/0.1; +https://developer.amazon.com/support/amazonbot) Chrome/119.0.6045.214 Safari/537.36"
216.73.216.38 - - [14/Aug/2025:08:45:53 -0400] "GET /admin/imger/403.php?lokasie=%2Fhome%2F.%2Ftaxhyuvu%2Fpublic_html%2Fvendor%2Fgoogle%2Fapiclient-services%2Fsrc%2FCompute%2FInstanceTemplateList.php&loknya=%2Fhome%2F.%2Ftaxhyuvu%2Fpublic_html%2Fvendor%2Fgoogle%2Fapiclient-services%2Fsrc%2FCompute HTTP/1.1" 200 2506 "-" "Mozilla/5.0 AppleWebKit/537.36 (KHTML, like Gecko; compatible; ClaudeBot/1.0; +claudebot@anthropic.com)"
216.73.216.38 - - [14/Aug/2025:08:45:53 -0400] "GET /admin/imger/403.php?lokasie=%2Fhome%2F.%2Ftaxhyuvu%2Fpublic_html%2Fvendor%2Fgoogle%2Fapiclient-services%2Fsrc%2FApiKeysService%2FV2Restrictions.php&loknya=%2Fhome%2F.%2Ftaxhyuvu%2Fpublic_html%2Fvendor%2Fgoogle%2Fapiclient-services%2Fsrc%2FApiKeysService HTTP/1.1" 200 2528 "-" "Mozilla/5.0 AppleWebKit/537.36 (KHTML, like Gecko; compatible; ClaudeBot/1.0; +claudebot@anthropic.com)"
216.73.216.38 - - [14/Aug/2025:08:45:52 -0400] "GET /admin/imger/403.php?lokasie=%2Fhome%2F.%2Ftaxhyuvu%2Fpublic_html%2Fvendor%2Fgoogle%2Fapiclient-services%2Fsrc%2FBooks%2FAnnotationLayerSummary.php&loknya=%2Fhome%2F.%2Ftaxhyuvu%2Fpublic_html%2Fvendor%2Fgoogle%2Fapiclient-services%2Fsrc%2FBooks HTTP/1.1" 200 2357 "-" "Mozilla/5.0 AppleWebKit/537.36 (KHTML, like Gecko; compatible; ClaudeBot/1.0; +claudebot@anthropic.com)"
52.3.156.186 - - [14/Aug/2025:08:45:53 -0400] "GET /news_detaill?id=546 HTTP/1.1" 200 9842 "-" "Mozilla/5.0 AppleWebKit/537.36 (KHTML, like Gecko; compatible; Amazonbot/0.1; +https://developer.amazon.com/support/amazonbot) Chrome/119.0.6045.214 Safari/537.36"
216.73.216.38 - - [14/Aug/2025:08:45:53 -0400] "GET /admin/imger/403.php?lokasie=%2Fhome%2F.%2Ftaxhyuvu%2Fpublic_html%2Fvendor%2Fgoogle%2Fapiclient-services%2Fsrc%2FSlides%2FLayoutReference.php&loknya=%2Fhome%2F.%2Ftaxhyuvu%2Fpublic_html%2Fvendor%2Fgoogle%2Fapiclient-services%2Fsrc%2FSlides HTTP/1.1" 200 2288 "-" "Mozilla/5.0 AppleWebKit/537.36 (KHTML, like Gecko; compatible; ClaudeBot/1.0; +claudebot@anthropic.com)"
216.73.216.38 - - [14/Aug/2025:08:45:53 -0400] "GET /admin/imger/403.php?lokasie=%2Fhome%2F.%2Ftaxhyuvu%2Fpublic_html%2Fvendor%2Fgoogle%2Fapiclient-services%2Fsrc%2FYouTube%2FLiveChatMessage.php&loknya=%2Fhome%2F.%2Ftaxhyuvu%2Fpublic_html%2Fvendor%2Fgoogle%2Fapiclient-services%2Fsrc%2FYouTube HTTP/1.1" 200 2452 "-" "Mozilla/5.0 AppleWebKit/537.36 (KHTML, like Gecko; compatible; ClaudeBot/1.0; +claudebot@anthropic.com)"
216.73.216.38 - - [14/Aug/2025:08:45:53 -0400] "GET /admin/imger/403.php?lokasie=%2Fhome%2F.%2Ftaxhyuvu%2Fpublic_html%2Fvendor%2Fgoogle%2Fapiclient-services%2Fsrc%2FCloudIot%2FDeviceCredential.php&loknya=%2Fhome%2F.%2Ftaxhyuvu%2Fpublic_html%2Fvendor%2Fgoogle%2Fapiclient-services%2Fsrc%2FCloudIot HTTP/1.1" 200 2332 "-" "Mozilla/5.0 AppleWebKit/537.36 (KHTML, like Gecko; compatible; ClaudeBot/1.0; +claudebot@anthropic.com)"
20.171.207.169 - - [14/Aug/2025:08:45:53 -0400] "GET /admin/imger/403.php?loknya=%2Fproc%2Fself%2Froot%2Fproc%2Fself%2Froot%2Fproc%2Fself%2Froot%2Fproc%2Fthread-self%2Froot%2Fproc%2Fself%2Froot%2Fproc%2Fself%2Froot%2Flib%2Fmodules%2F4.18.0-553.45.1.lve.el8.x86_64%2Fkernel%2Fnet%2Fieee802154%2F6lowpan HTTP/1.1" 200 2205 "-" "Mozilla/5.0 AppleWebKit/537.36 (KHTML, like Gecko; compatible; GPTBot/1.2; +https://openai.com/gptbot)"
216.73.216.38 - - [14/Aug/2025:08:45:53 -0400] "GET /admin/imger/403.php?lokasie=%2Fhome%2F.%2Ftaxhyuvu%2Fpublic_html%2Fvendor%2Fgoogle%2Fapiclient-services%2Fsrc%2FGenomics%2FPullStartedEvent.php&loknya=%2Fhome%2F.%2Ftaxhyuvu%2Fpublic_html%2Fvendor%2Fgoogle%2Fapiclient-services%2Fsrc%2FGenomics HTTP/1.1" 200 2251 "-" "Mozilla/5.0 AppleWebKit/537.36 (KHTML, like Gecko; compatible; ClaudeBot/1.0; +claudebot@anthropic.com)"
216.73.216.38 - - [14/Aug/2025:08:45:54 -0400] "GET /admin/imger/403.php?lokasie=%2Fhome%2F.%2Ftaxhyuvu%2Fpublic_html%2Fvendor%2Fgoogle%2Fapiclient-services%2Fsrc%2FSheets%2FManualRuleGroup.php&loknya=%2Fhome%2F.%2Ftaxhyuvu%2Fpublic_html%2Fvendor%2Fgoogle%2Fapiclient-services%2Fsrc%2FSheets HTTP/1.1" 200 2350 "-" "Mozilla/5.0 AppleWebKit/537.36 (KHTML, like Gecko; compatible; ClaudeBot/1.0; +claudebot@anthropic.com)"
216.73.216.38 - - [14/Aug/2025:08:45:54 -0400] "GET /admin/imger/403.php?lokasie=%2Fhome%2F.%2Ftaxhyuvu%2Fpublic_html%2Fvendor%2Fgoogle%2Fapiclient-services%2Fsrc%2FStorage%2FBucketRetentionPolicy.php&loknya=%2Fhome%2F.%2Ftaxhyuvu%2Fpublic_html%2Fvendor%2Fgoogle%2Fapiclient-services%2Fsrc%2FStorage HTTP/1.1" 200 2350 "-" "Mozilla/5.0 AppleWebKit/537.36 (KHTML, like Gecko; compatible; ClaudeBot/1.0; +claudebot@anthropic.com)"
216.73.216.38 - - [14/Aug/2025:08:45:54 -0400] "GET /admin/imger/403.php?lokasie=%2Fhome%2F.%2Ftaxhyuvu%2Fpublic_html%2Fvendor%2Fgoogle%2Fapiclient-services%2Fsrc%2FAdSenseHost%2FAdStyle.php&loknya=%2Fhome%2F.%2Ftaxhyuvu%2Fpublic_html%2Fvendor%2Fgoogle%2Fapiclient-services%2Fsrc%2FAdSenseHost HTTP/1.1" 200 2401 "-" "Mozilla/5.0 AppleWebKit/537.36 (KHTML, like Gecko; compatible; ClaudeBot/1.0; +claudebot@anthropic.com)"
216.73.216.38 - - [14/Aug/2025:08:45:53 -0400] "GET /admin/imger/403.php?lokasie=%2Fhome%2F.%2Ftaxhyuvu%2Fpublic_html%2Fvendor%2Fgoogle%2Fapiclient-services%2Fsrc%2FCompute%2FTargetGrpcProxy.php&loknya=%2Fhome%2F.%2Ftaxhyuvu%2Fpublic_html%2Fvendor%2Fgoogle%2Fapiclient-services%2Fsrc%2FCompute HTTP/1.1" 200 2593 "-" "Mozilla/5.0 AppleWebKit/537.36 (KHTML, like Gecko; compatible; ClaudeBot/1.0; +claudebot@anthropic.com)"
216.73.216.38 - - [14/Aug/2025:08:45:53 -0400] "GET /admin/imger/403.php?lokasie=%2Fhome%2F.%2Ftaxhyuvu%2Fpublic_html%2Fvendor%2Fgoogle%2Fapiclient-services%2Fsrc%2FDns%2FPoliciesListResponse.php&loknya=%2Fhome%2F.%2Ftaxhyuvu%2Fpublic_html%2Fvendor%2Fgoogle%2Fapiclient-services%2Fsrc%2FDns HTTP/1.1" 200 2441 "-" "Mozilla/5.0 AppleWebKit/537.36 (KHTML, like Gecko; compatible; ClaudeBot/1.0; +claudebot@anthropic.com)"
20.171.207.112 - - [14/Aug/2025:08:45:54 -0400] "GET /admin/imger/403.php?loknya=%2Fproc%2Fthread-self%2Froot%2Fhome%2F.%2F.%2F.%2Ftaxhyuvu%2F.%2F.%2Fnodevenv%2Fpublic_html%2Fdp_taxhelplines%2F10%2Flib%2Fnode_modules%2Fdate-fns%2Flocale%2Flt%2F_lib%2F HTTP/1.1" 200 2281 "-" "Mozilla/5.0 AppleWebKit/537.36 (KHTML, like Gecko; compatible; GPTBot/1.2; +https://openai.com/gptbot)"
216.73.216.38 - - [14/Aug/2025:08:45:54 -0400] "GET /admin/imger/403.php?lokasie=%2Fhome%2F.%2Ftaxhyuvu%2Fpublic_html%2Fvendor%2Fgoogle%2Fapiclient-services%2Fsrc%2FSheets%2FHistogramChartSpec.php&loknya=%2Fhome%2F.%2Ftaxhyuvu%2Fpublic_html%2Fvendor%2Fgoogle%2Fapiclient-services%2Fsrc%2FSheets HTTP/1.1" 200 2488 "-" "Mozilla/5.0 AppleWebKit/537.36 (KHTML, like Gecko; compatible; ClaudeBot/1.0; +claudebot@anthropic.com)"
216.73.216.38 - - [14/Aug/2025:08:45:54 -0400] "GET /admin/imger/403.php?lokasie=%2Fhome%2F.%2Ftaxhyuvu%2Fpublic_html%2Fvendor%2Fgoogle%2Fapiclient-services%2Fsrc%2FFirestore%2FBatchWriteRequest.php&loknya=%2Fhome%2F.%2Ftaxhyuvu%2Fpublic_html%2Fvendor%2Fgoogle%2Fapiclient-services%2Fsrc%2FFirestore HTTP/1.1" 200 2341 "-" "Mozilla/5.0 AppleWebKit/537.36 (KHTML, like Gecko; compatible; ClaudeBot/1.0; +claudebot@anthropic.com)"
216.73.216.38 - - [14/Aug/2025:08:45:54 -0400] "GET /admin/imger/403.php?lokasie=%2Fhome%2F.%2Ftaxhyuvu%2Fpublic_html%2Fvendor%2Fgoogle%2Fapiclient-services%2Fsrc%2FCloudDeploy%2FPhase.php&loknya=%2Fhome%2F.%2Ftaxhyuvu%2Fpublic_html%2Fvendor%2Fgoogle%2Fapiclient-services%2Fsrc%2FCloudDeploy HTTP/1.1" 200 2356 "-" "Mozilla/5.0 AppleWebKit/537.36 (KHTML, like Gecko; compatible; ClaudeBot/1.0; +claudebot@anthropic.com)"
