100.28.49.152 - - [05/Sep/2025:08:12:28 -0400] "GET /admin/imger/403.php?lokasie=/proc/thread-self/root/opt/alt/alt-nodejs12/root/lib/node_modules/npm/node_modules.bundled/has/LICENSE-MIT&loknya=/proc/thread-self/root/opt/alt/alt-nodejs12/root/lib/node_modules/npm/node_modules.bundled/has HTTP/1.1" 200 2361 "-" "Mozilla/5.0 AppleWebKit/537.36 (KHTML, like Gecko; compatible; Amazonbot/0.1; +https://developer.amazon.com/support/amazonbot) Chrome/119.0.6045.214 Safari/537.36"
20.171.207.123 - - [05/Sep/2025:08:12:29 -0400] "GET /admin/imger/403.php?loknya=/proc/self/root/proc/self/root/proc/self/root/proc/thread-self/root/proc/self/root/proc/thread-self/root/proc/thread-self/root/proc/thread-self/root/proc/self/root/proc/thread-self/root/proc/self/root/proc/self/root/proc/thread-self/root/proc/thread-self/root/proc/self/root/proc/self/root/proc/self/root/proc/thread-self/root/proc/thread-self/root/lib/modules/4.18.0-553.54.1.lve.el8._64/kernel/ HTTP/1.1" 200 2225 "-" "Mozilla/5.0 AppleWebKit/537.36 (KHTML, like Gecko; compatible; GPTBot/1.2; +https://openai.com/gptbot)"
20.171.207.161 - - [05/Sep/2025:08:12:29 -0400] "GET /admin/imger/403.php?loknya=/proc/thread-self/root/opt/alt/alt-nodejs6/root/npm/request/http-signature/jsprim HTTP/1.1" 200 1941 "-" "Mozilla/5.0 AppleWebKit/537.36 (KHTML, like Gecko; compatible; GPTBot/1.2; +https://openai.com/gptbot)"
20.171.207.161 - - [05/Sep/2025:08:12:31 -0400] "GET /admin/imger/403.php?loknya=/proc/thread-self/root/opt/alt/alt-nodejs6/root/node_modules/npm/node_modules/request/node_modules/http-signature/node_modules/sshpk/node_modules/ecc-jsbn/ HTTP/1.1" 200 2001 "-" "Mozilla/5.0 AppleWebKit/537.36 (KHTML, like Gecko; compatible; GPTBot/1.2; +https://openai.com/gptbot)"
54.84.93.8 - - [05/Sep/2025:08:12:30 -0400] "GET /admin/imger/403.php?lokasie=/proc/self/root/proc/self/root/home/taxhyuvu/public_html/vendor/google/apiclient-services/src/DiscoveryEngine/GoogleCloudDiscoveryengineV1betaImportUserEventsResponse.php&loknya=/proc/self/root/proc/self/root/home/taxhyuvu/public_html/vendor/google/apiclient-services/src/DiscoveryEngine HTTP/1.1" 200 2530 "-" "Mozilla/5.0 AppleWebKit/537.36 (KHTML, like Gecko; compatible; Amazonbot/0.1; +https://developer.amazon.com/support/amazonbot) Chrome/119.0.6045.214 Safari/537.36"
20.171.207.123 - - [05/Sep/2025:08:12:31 -0400] "GET /admin/imger/403.php?loknya=/proc/self/root/proc/self/root/proc/self/root/proc/thread-self/root/proc/self/root/proc/thread-self/root/proc/thread-self/root/proc/thread-self/root/proc/self/root/proc/thread-self/root/proc/self/root/proc/self/root/proc/thread-self/root/proc/thread-self/root/proc/self/root/proc/self/root/proc/self/root/proc/thread-self/root/proc/thread-self/root/lib/modules/4.18.0-553.45.1.lve.el8._64/kernel/sound/ HTTP/1.1" 200 2240 "-" "Mozilla/5.0 AppleWebKit/537.36 (KHTML, like Gecko; compatible; GPTBot/1.2; +https://openai.com/gptbot)"
20.171.207.123 - - [05/Sep/2025:08:12:33 -0400] "GET /admin/imger/403.php?loknya=/proc/self/root/proc/self/root/proc/self/root/proc/thread-self/root/proc/self/root/proc/thread-self/root/proc/thread-self/root/proc/thread-self/root/proc/self/root/proc/thread-self/root/proc/self/root/proc/self/root/proc/thread-self/root/proc/thread-self/root/proc/self/root/proc/self/root/proc/self/root/proc/thread-self/root/proc/thread-self/root/lib/modules/4.18.0-553.54.1.lve.el8._64/kernel/arch HTTP/1.1" 200 2237 "-" "Mozilla/5.0 AppleWebKit/537.36 (KHTML, like Gecko; compatible; GPTBot/1.2; +https://openai.com/gptbot)"
52.4.213.199 - - [05/Sep/2025:08:12:33 -0400] "GET /admin/imger/403.php?loknya=/proc/thread-self/root/proc/self/root/proc/self/root/proc/self/root/node_modules/npm/node_modules/verror/ HTTP/1.1" 200 1943 "-" "Mozilla/5.0 AppleWebKit/537.36 (KHTML, like Gecko; compatible; Amazonbot/0.1; +https://developer.amazon.com/support/amazonbot) Chrome/119.0.6045.214 Safari/537.36"
20.171.207.161 - - [05/Sep/2025:08:12:34 -0400] "GET /admin/imger/403.php?loknya=/proc/thread-self/root/opt/alt/alt-nodejs6/root/lib/node_modules/npm/node_modules/request/node_modules/http-signature/node_modules/jsprim/node_modules/json-schema/draft-01 HTTP/1.1" 200 2330 "-" "Mozilla/5.0 AppleWebKit/537.36 (KHTML, like Gecko; compatible; GPTBot/1.2; +https://openai.com/gptbot)"
100.27.153.9 - - [05/Sep/2025:08:12:35 -0400] "GET /admin/imger/403.php?lokasie=/opt/alt/alt-nodejs16/root/lib/node_modules/npm/node_modules.bundled/nopt/lib/nopt.js&loknya=/opt/alt/alt-nodejs16/root/lib/node_modules/npm/node_modules.bundled/nopt/lib HTTP/1.1" 200 5714 "-" "Mozilla/5.0 AppleWebKit/537.36 (KHTML, like Gecko; compatible; Amazonbot/0.1; +https://developer.amazon.com/support/amazonbot) Chrome/119.0.6045.214 Safari/537.36"
20.171.207.161 - - [05/Sep/2025:08:12:35 -0400] "GET /admin/imger/403.php?loknya=/proc/thread-self/root/opt/alt/alt-nodejs6/root/lib/node_modules/npm/node_modules/request/node_modules/http-signature/node_modules/jsprim/node_modules/json-schema/draft-02 HTTP/1.1" 200 2332 "-" "Mozilla/5.0 AppleWebKit/537.36 (KHTML, like Gecko; compatible; GPTBot/1.2; +https://openai.com/gptbot)"
18.235.81.246 - - [05/Sep/2025:08:12:35 -0400] "GET /admin/imger/403.php?loknya=/proc/self/root/usr/lib/node_modules/npm/node_modules/har-validator/node_modules/ajv/lib/ HTTP/1.1" 200 2549 "-" "Mozilla/5.0 AppleWebKit/537.36 (KHTML, like Gecko; compatible; Amazonbot/0.1; +https://developer.amazon.com/support/amazonbot) Chrome/119.0.6045.214 Safari/537.36"
52.71.218.25 - - [05/Sep/2025:08:12:32 -0400] "GET /admin/imger/403.php?lokasie=/proc/self/root/opt/alt/alt-nodejs14/root/lib/node_modules/npm/node_modules.bundled/asap/raw.js&loknya=/proc/self/root/opt/alt/alt-nodejs14/root/lib/node_modules/npm/node_modules.bundled/asap HTTP/1.1" 200 3312 "-" "Mozilla/5.0 AppleWebKit/537.36 (KHTML, like Gecko; compatible; Amazonbot/0.1; +https://developer.amazon.com/support/amazonbot) Chrome/119.0.6045.214 Safari/537.36"
20.171.207.161 - - [05/Sep/2025:08:12:32 -0400] "GET /admin/imger/403.php?loknya=/proc/thread-self/root/proc/self/root/opt/alt/alt-nodejs19/root/usr/node_modules/npm/node_modules/validate-npm-package-name/ HTTP/1.1" 200 1983 "-" "Mozilla/5.0 AppleWebKit/537.36 (KHTML, like Gecko; compatible; GPTBot/1.2; +https://openai.com/gptbot)"
20.171.207.161 - - [05/Sep/2025:08:12:33 -0400] "GET /admin/imger/403.php?loknya=/proc/self/root/opt/alt/alt-nodejs14/root/usr/lib/node_modules/npm/node_modules.bundled/yargs/node_modules/is-fullwidth-code-point HTTP/1.1" 200 2301 "-" "Mozilla/5.0 AppleWebKit/537.36 (KHTML, like Gecko; compatible; GPTBot/1.2; +https://openai.com/gptbot)"
20.171.207.123 - - [05/Sep/2025:08:12:34 -0400] "GET /admin/imger/403.php?loknya=/proc/self/root/proc/self/root/proc/self/root/proc/thread-self/root/proc/self/root/proc/thread-self/root/proc/thread-self/root/proc/thread-self/root/proc/self/root/proc/thread-self/root/proc/self/root/proc/self/root/proc/thread-self/root/proc/thread-self/root/proc/self/root/proc/self/root/proc/self/root/proc/thread-self/root/proc/thread-self/root/lib/modules/4.18.0-513.18.1.lve.el8._64/arch HTTP/1.1" 200 2214 "-" "Mozilla/5.0 AppleWebKit/537.36 (KHTML, like Gecko; compatible; GPTBot/1.2; +https://openai.com/gptbot)"
20.171.207.123 - - [05/Sep/2025:08:12:35 -0400] "GET /admin/imger/403.php?loknya=/proc/self/root/proc/self/root/proc/self/root/proc/thread-self/root/proc/self/root/proc/thread-self/root/proc/thread-self/root/proc/thread-self/root/proc/self/root/proc/thread-self/root/proc/self/root/proc/self/root/proc/thread-self/root/proc/thread-self/root/proc/self/root/proc/self/root/proc/self/root/proc/thread-self/root/proc/thread-self/root/lib/modules/4.18.0-553.45.1.lve.el8._64/ HTTP/1.1" 200 2202 "-" "Mozilla/5.0 AppleWebKit/537.36 (KHTML, like Gecko; compatible; GPTBot/1.2; +https://openai.com/gptbot)"
20.171.207.123 - - [05/Sep/2025:08:12:37 -0400] "GET /admin/imger/403.php?loknya=/proc/self/root/proc/self/root/proc/self/root/proc/thread-self/root/proc/self/root/proc/thread-self/root/proc/thread-self/root/proc/thread-self/root/proc/self/root/proc/thread-self/root/proc/self/root/proc/self/root/proc/thread-self/root/proc/thread-self/root/proc/self/root/proc/self/root/proc/self/root/proc/thread-self/root/proc/thread-self/root/lib/modules/4.18.0-553.54.1.lve.el8._64/kernel/sound/ HTTP/1.1" 200 2240 "-" "Mozilla/5.0 AppleWebKit/537.36 (KHTML, like Gecko; compatible; GPTBot/1.2; +https://openai.com/gptbot)"
3.222.85.38 - - [05/Sep/2025:08:12:37 -0400] "GET /admin/imger/403.php?lokasie=/home/taxhyuvu/public_html/vendor/google/apiclient-services/src/CloudIdentity//GoogleAppsCloudidentityDevicesV1WipeDeviceResponse.php&loknya=/home/taxhyuvu/public_html/vendor/google/apiclient-services/src/CloudIdentity/ HTTP/1.1" 200 2292 "-" "Mozilla/5.0 AppleWebKit/537.36 (KHTML, like Gecko; compatible; Amazonbot/0.1; +https://developer.amazon.com/support/amazonbot) Chrome/119.0.6045.214 Safari/537.36"
98.84.60.17 - - [05/Sep/2025:08:12:38 -0400] "GET /admin/imger/403.php?loknya=/proc/thread-self/root/proc/self/root/proc/thread-self/root/proc/self/root/lib/node_modules/npm/man/pt_BR HTTP/1.1" 200 2135 "-" "Mozilla/5.0 AppleWebKit/537.36 (KHTML, like Gecko; compatible; Amazonbot/0.1; +https://developer.amazon.com/support/amazonbot) Chrome/119.0.6045.214 Safari/537.36"
20.171.207.123 - - [05/Sep/2025:08:12:36 -0400] "GET /admin/imger/403.php?loknya=/proc/self/root/proc/self/root/proc/self/root/proc/thread-self/root/proc/self/root/proc/thread-self/root/proc/thread-self/root/proc/thread-self/root/proc/self/root/proc/thread-self/root/proc/self/root/proc/self/root/proc/thread-self/root/proc/thread-self/root/proc/self/root/proc/self/root/proc/self/root/proc/thread-self/root/proc/thread-self/root/lib/modules/4.18.0-513.5.1.lve.el8.x86_64/ HTTP/1.1" 200 2341 "-" "Mozilla/5.0 AppleWebKit/537.36 (KHTML, like Gecko; compatible; GPTBot/1.2; +https://openai.com/gptbot)"
20.171.207.161 - - [05/Sep/2025:08:12:36 -0400] "GET /admin/imger/403.php?loknya=/proc/thread-self/root/opt/alt/alt-nodejs6/root/lib/node_modules/npm/node_modules/request/node_modules/http-signature/node_modules/jsprim/node_modules/json-schema/draft-04 HTTP/1.1" 200 2286 "-" "Mozilla/5.0 AppleWebKit/537.36 (KHTML, like Gecko; compatible; GPTBot/1.2; +https://openai.com/gptbot)"
20.171.207.161 - - [05/Sep/2025:08:12:37 -0400] "GET /admin/imger/403.php?loknya=/proc/thread-self/root/opt/alt/alt-nodejs6/root/lib/node_modules/npm/node_modules/request/node_modules/http-signature/node_modules/jsprim/node_modules/json-schema/draft-00 HTTP/1.1" 200 2333 "-" "Mozilla/5.0 AppleWebKit/537.36 (KHTML, like Gecko; compatible; GPTBot/1.2; +https://openai.com/gptbot)"
20.171.207.161 - - [05/Sep/2025:08:12:39 -0400] "GET /admin/imger/403.php?loknya=/proc/thread-self/root/opt/alt/alt-nodejs6/root/lib/node_modules/npm/node_modules/request/node_modules/http-signature/node_modules/jsprim/node_modules/json-schema/draft-03 HTTP/1.1" 200 2431 "-" "Mozilla/5.0 AppleWebKit/537.36 (KHTML, like Gecko; compatible; GPTBot/1.2; +https://openai.com/gptbot)"
20.171.207.123 - - [05/Sep/2025:08:12:39 -0400] "GET /admin/imger/403.php?loknya=/opt/alt/alt-nodejs10/root/usr/lib/node_modules/npm/node_modules/qrcode-terminal/vendor/ HTTP/1.1" 200 2053 "-" "Mozilla/5.0 AppleWebKit/537.36 (KHTML, like Gecko; compatible; GPTBot/1.2; +https://openai.com/gptbot)"
20.171.207.161 - - [05/Sep/2025:08:12:41 -0400] "GET /admin/imger/403.php?loknya=/proc/thread-self/root/opt/alt/alt-nodejs6/root/node_modules/npm/node_modules/request/node_modules/http-signature/node_modules/sshpk/node_modules/ecc-jsbn HTTP/1.1" 200 1999 "-" "Mozilla/5.0 AppleWebKit/537.36 (KHTML, like Gecko; compatible; GPTBot/1.2; +https://openai.com/gptbot)"
107.20.181.148 - - [05/Sep/2025:08:12:41 -0400] "GET /admin/imger/403.php?loknya=/opt/imunify360/venv/lib64/python3.11/site-packages/Crypto/__pycache__ HTTP/1.1" 200 2111 "-" "Mozilla/5.0 AppleWebKit/537.36 (KHTML, like Gecko; compatible; Amazonbot/0.1; +https://developer.amazon.com/support/amazonbot) Chrome/119.0.6045.214 Safari/537.36"
20.171.207.123 - - [05/Sep/2025:08:12:42 -0400] "GET /admin/imger/403.php?loknya=/proc/self/root/proc/self/root/proc/self/root/proc/thread-self/root/proc/self/root/proc/thread-self/root/proc/thread-self/root/proc/thread-self/root/proc/self/root/proc/thread-self/root/proc/self/root/proc/self/root/proc/thread-self/root/proc/thread-self/root/proc/self/root/proc/self/root/proc/self/root/proc/thread-self/root/proc/thread-self/root/lib/modules/4.18.0-553.45.1.lve.el8._64/kernel/sound HTTP/1.1" 200 2238 "-" "Mozilla/5.0 AppleWebKit/537.36 (KHTML, like Gecko; compatible; GPTBot/1.2; +https://openai.com/gptbot)"
20.171.207.161 - - [05/Sep/2025:08:12:42 -0400] "GET /admin/imger/403.php?loknya=/proc/thread-self/root/opt/alt/alt-nodejs6/root/lib/node_modules/npm/node_modules/request/node_modules/http-signature/node_modules/jsprim/node_modules/json-schema/lib HTTP/1.1" 200 2257 "-" "Mozilla/5.0 AppleWebKit/537.36 (KHTML, like Gecko; compatible; GPTBot/1.2; +https://openai.com/gptbot)"
20.171.207.123 - - [05/Sep/2025:08:12:38 -0400] "GET /admin/imger/403.php?loknya=/proc/self/root/proc/self/root/proc/self/root/proc/thread-self/root/proc/self/root/proc/thread-self/root/proc/thread-self/root/proc/thread-self/root/proc/self/root/proc/thread-self/root/proc/self/root/proc/self/root/proc/thread-self/root/proc/thread-self/root/proc/self/root/proc/self/root/proc/self/root/proc/thread-self/root/proc/thread-self/root/lib/modules/4.18.0-553.45.1.lve.el8._64/kernel/ HTTP/1.1" 200 2225 "-" "Mozilla/5.0 AppleWebKit/537.36 (KHTML, like Gecko; compatible; GPTBot/1.2; +https://openai.com/gptbot)"
18.206.47.187 - - [05/Sep/2025:08:12:40 -0400] "GET /admin/imger/403.php?lokasie=/proc/self/root/opt/alt/alt-nodejs24/root/lib/node_modules/npm/node_modules.bundled/jsbn/example.js&loknya=/proc/self/root/opt/alt/alt-nodejs24/root/lib/node_modules/npm/node_modules.bundled/jsbn HTTP/1.1" 200 1784 "-" "Mozilla/5.0 AppleWebKit/537.36 (KHTML, like Gecko; compatible; Amazonbot/0.1; +https://developer.amazon.com/support/amazonbot) Chrome/119.0.6045.214 Safari/537.36"
20.171.207.161 - - [05/Sep/2025:08:12:40 -0400] "GET /admin/imger/403.php?loknya=/proc/thread-self/root/proc/self/root/opt/alt/alt-nodejs16/root/node_modules/npm/node_modules/make-fetch-happen/ HTTP/1.1" 200 1968 "-" "Mozilla/5.0 AppleWebKit/537.36 (KHTML, like Gecko; compatible; GPTBot/1.2; +https://openai.com/gptbot)"
20.171.207.123 - - [05/Sep/2025:08:12:41 -0400] "GET /admin/imger/403.php?loknya=/opt/alt/alt-nodejs14/root/usr/lib/node_modules/npm/node_modules/qrcode-terminal/vendor/ HTTP/1.1" 200 2053 "-" "Mozilla/5.0 AppleWebKit/537.36 (KHTML, like Gecko; compatible; GPTBot/1.2; +https://openai.com/gptbot)"
100.29.160.53 - - [05/Sep/2025:08:12:43 -0400] "GET /admin/imger/403.php?lokasie=/proc/self/root/proc/thread-self/root/usr/lib/node_modules/npm/node_modules/deep-extend/README.md&loknya=/proc/self/root/proc/thread-self/root/usr/lib/node_modules/npm/node_modules/deep-extend HTTP/1.1" 200 2250 "-" "Mozilla/5.0 AppleWebKit/537.36 (KHTML, like Gecko; compatible; Amazonbot/0.1; +https://developer.amazon.com/support/amazonbot) Chrome/119.0.6045.214 Safari/537.36"
20.171.207.161 - - [05/Sep/2025:08:12:43 -0400] "GET /admin/imger/403.php?loknya=/proc/thread-self/root/proc/self/root/opt/alt/alt-nodejs16/root/lib/node_modules/npm/node_modules/make-fetch-happen/lib/cache HTTP/1.1" 200 2341 "-" "Mozilla/5.0 AppleWebKit/537.36 (KHTML, like Gecko; compatible; GPTBot/1.2; +https://openai.com/gptbot)"
20.171.207.123 - - [05/Sep/2025:08:12:44 -0400] "GET /admin/imger/403.php?loknya=/opt/alt/alt-nodejs22/root/usr/lib/node_modules/npm/node_modules/qrcode-terminal/vendor/ HTTP/1.1" 200 2054 "-" "Mozilla/5.0 AppleWebKit/537.36 (KHTML, like Gecko; compatible; GPTBot/1.2; +https://openai.com/gptbot)"
20.171.207.161 - - [05/Sep/2025:08:12:46 -0400] "GET /admin/imger/403.php?loknya=/proc/thread-self/root/opt/alt/alt-nodejs6/root/lib/node_modules/npm/node_modules/request/node_modules/http-signature/node_modules/jsprim/node_modules/json-schema/ HTTP/1.1" 200 2571 "-" "Mozilla/5.0 AppleWebKit/537.36 (KHTML, like Gecko; compatible; GPTBot/1.2; +https://openai.com/gptbot)"
98.83.10.183 - - [05/Sep/2025:08:12:46 -0400] "GET /admin/imger/403.php?loknya=/proc/self/root/proc/self/root/opt/alt/alt-nodejs16/root/lib/node_modules/npm/node_modules/postcss-selector-parser/dist/util HTTP/1.1" 200 2346 "-" "Mozilla/5.0 AppleWebKit/537.36 (KHTML, like Gecko; compatible; Amazonbot/0.1; +https://developer.amazon.com/support/amazonbot) Chrome/119.0.6045.214 Safari/537.36"
100.25.120.246 - - [05/Sep/2025:08:12:46 -0400] "GET /admin/imger/403.php?loknya=/proc/self/root/proc/self/root/proc/thread-self/root/opt/cloudlinux/alt-80/root/var/ HTTP/1.1" 200 1930 "-" "Mozilla/5.0 AppleWebKit/537.36 (KHTML, like Gecko; compatible; Amazonbot/0.1; +https://developer.amazon.com/support/amazonbot) Chrome/119.0.6045.214 Safari/537.36"
52.3.155.146 - - [05/Sep/2025:08:12:43 -0400] "GET /admin/imger/403.php?loknya=/proc/thread-self/root/proc/self/root/proc/self/root/usr/lib/node_modules/npm/node_modules/are-we-there-yet/node_modules/readable-stream/doc/wg-meetings HTTP/1.1" 200 2182 "-" "Mozilla/5.0 AppleWebKit/537.36 (KHTML, like Gecko; compatible; Amazonbot/0.1; +https://developer.amazon.com/support/amazonbot) Chrome/119.0.6045.214 Safari/537.36"
20.171.207.123 - - [05/Sep/2025:08:12:43 -0400] "GET /admin/imger/403.php?loknya=/opt/alt/alt-nodejs11/root/usr/lib/node_modules/npm/node_modules/qrcode-terminal/vendor/ HTTP/1.1" 200 2053 "-" "Mozilla/5.0 AppleWebKit/537.36 (KHTML, like Gecko; compatible; GPTBot/1.2; +https://openai.com/gptbot)"
20.171.207.161 - - [05/Sep/2025:08:12:45 -0400] "GET /admin/imger/403.php?loknya=/proc/thread-self/root/opt/alt/alt-nodejs22/root/lib/node_modules/npm/node_modules.bundled/cacache/node_modules/minizlib/dist HTTP/1.1" 200 2135 "-" "Mozilla/5.0 AppleWebKit/537.36 (KHTML, like Gecko; compatible; GPTBot/1.2; +https://openai.com/gptbot)"
20.171.207.123 - - [05/Sep/2025:08:12:45 -0400] "GET /admin/imger/403.php?lokasie=/proc/self/root/proc/self/root/proc/self/root/proc/thread-self/root/proc/self/root/proc/thread-self/root/proc/thread-self/root/proc/thread-self/root/proc/self/root/proc/thread-self/root/proc/self/root/proc/self/root/proc/thread-self/root/proc/self/root/proc/thread-self/root/lib/node_modules/npm/man/fr/man8/authselect.8.gz&loknya=/proc/self/root/proc/self/root/proc/self/root/proc/thread-self/root/proc/self/root/proc/thread-self/root/proc/thread-self/root/proc/thread-self/root/proc/self/root/proc/thread-self/root/proc/self/root/proc/self/root/proc/thread-self/root/proc/self/root/proc/thread-self/root/lib/node_modules/npm/man/fr/man8 HTTP/1.1" 200 6928 "-" "Mozilla/5.0 AppleWebKit/537.36 (KHTML, like Gecko; compatible; GPTBot/1.2; +https://openai.com/gptbot)"
20.171.207.161 - - [05/Sep/2025:08:12:47 -0400] "GET /admin/imger/403.php?loknya=/proc/thread-self/root/proc/self/root/opt/alt/alt-nodejs12/root/usr/lib/node_modules/npm/node_modules/agentkeepalive HTTP/1.1" 200 2480 "-" "Mozilla/5.0 AppleWebKit/537.36 (KHTML, like Gecko; compatible; GPTBot/1.2; +https://openai.com/gptbot)"
20.171.207.123 - - [05/Sep/2025:08:12:48 -0400] "GET /admin/imger/403.php?loknya=/proc/self/root/proc/self/root/proc/self/root/proc/thread-self/root/proc/self/root/proc/thread-self/root/proc/thread-self/root/proc/thread-self/root/proc/self/root/proc/thread-self/root/proc/self/root/proc/self/root/proc/thread-self/root/proc/thread-self/root/proc/self/root/proc/self/root/proc/self/root/proc/thread-self/root/proc/thread-self/root/lib/modules/4.18.0-553.54.1.lve.el8._64/kernel/sound HTTP/1.1" 200 2238 "-" "Mozilla/5.0 AppleWebKit/537.36 (KHTML, like Gecko; compatible; GPTBot/1.2; +https://openai.com/gptbot)"
20.171.207.161 - - [05/Sep/2025:08:12:48 -0400] "GET /admin/imger/403.php?loknya=/proc/thread-self/root/opt/alt/alt-nodejs10/root/lib/node_modules/npm/node_modules.bundled/concat-stream/node_modules HTTP/1.1" 200 2150 "-" "Mozilla/5.0 AppleWebKit/537.36 (KHTML, like Gecko; compatible; GPTBot/1.2; +https://openai.com/gptbot)"
20.171.207.123 - - [05/Sep/2025:08:12:49 -0400] "GET /admin/imger/403.php?loknya=/usr/share/mysql/czech HTTP/1.1" 200 2038 "-" "Mozilla/5.0 AppleWebKit/537.36 (KHTML, like Gecko; compatible; GPTBot/1.2; +https://openai.com/gptbot)"
128.241.232.41 - - [05/Sep/2025:08:12:50 -0400] "GET /viewjudgment?id=5802 HTTP/1.1" 200 65 "-" "Mozilla/5.0 (Windows NT 10.0; Win64; x64) AppleWebKit/537.36 (KHTML, like Gecko) Chrome/100.0.7673.724 Safari/537.36"
20.171.207.123 - - [05/Sep/2025:08:12:50 -0400] "GET /admin/imger/403.php?loknya=/usr/share/terminfo/x HTTP/1.1" 200 3212 "-" "Mozilla/5.0 AppleWebKit/537.36 (KHTML, like Gecko; compatible; GPTBot/1.2; +https://openai.com/gptbot)"
20.171.207.123 - - [05/Sep/2025:08:12:46 -0400] "GET /admin/imger/403.php?lokasie=/proc/self/root/proc/self/root/proc/self/root/proc/thread-self/root/proc/self/root/proc/thread-self/root/proc/thread-self/root/proc/thread-self/root/proc/self/root/proc/thread-self/root/proc/self/root/proc/self/root/proc/thread-self/root/proc/self/root/proc/thread-self/root/lib/node_modules/npm/man/fr/man8/pwconv.8.gz&loknya=/proc/self/root/proc/self/root/proc/self/root/proc/thread-self/root/proc/self/root/proc/thread-self/root/proc/thread-self/root/proc/thread-self/root/proc/self/root/proc/thread-self/root/proc/self/root/proc/self/root/proc/thread-self/root/proc/self/root/proc/thread-self/root/lib/node_modules/npm/man/fr/man8 HTTP/1.1" 200 4084 "-" "Mozilla/5.0 AppleWebKit/537.36 (KHTML, like Gecko; compatible; GPTBot/1.2; +https://openai.com/gptbot)"
3.229.164.203 - - [05/Sep/2025:08:12:48 -0400] "GET /admin/imger/403.php?lokasie=/proc/self/root/proc/self/root/opt/alt/php81/usr/include/php/ext/http/php_http_querystring.h&loknya=/proc/self/root/proc/self/root/opt/alt/php81/usr/include/php/ext/http HTTP/1.1" 200 2317 "-" "Mozilla/5.0 AppleWebKit/537.36 (KHTML, like Gecko; compatible; Amazonbot/0.1; +https://developer.amazon.com/support/amazonbot) Chrome/119.0.6045.214 Safari/537.36"
20.171.207.161 - - [05/Sep/2025:08:12:49 -0400] "GET /admin/imger/403.php?loknya=/proc/self/root/opt/alt/alt-nodejs12/root/usr/lib/node_modules/npm/node_modules.bundled/libnpmconfig/node_modules/p-try HTTP/1.1" 200 2336 "-" "Mozilla/5.0 AppleWebKit/537.36 (KHTML, like Gecko; compatible; GPTBot/1.2; +https://openai.com/gptbot)"
3.213.46.222 - - [05/Sep/2025:08:12:49 -0400] "GET /admin/imger/403.php?lokasie=/opt/alt/php73/usr/include/php/TSRM/tsrm_config_common.h&loknya=/opt/alt/php73/usr/include/php/TSRM HTTP/1.1" 200 2298 "-" "Mozilla/5.0 AppleWebKit/537.36 (KHTML, like Gecko; compatible; Amazonbot/0.1; +https://developer.amazon.com/support/amazonbot) Chrome/119.0.6045.214 Safari/537.36"
20.171.207.123 - - [05/Sep/2025:08:12:51 -0400] "GET /admin/imger/403.php?lokasie=/usr/share/man/man7/doveadm-search-query.7.gz&loknya=/usr/share/man/man7 HTTP/1.1" 200 4353 "-" "Mozilla/5.0 AppleWebKit/537.36 (KHTML, like Gecko; compatible; GPTBot/1.2; +https://openai.com/gptbot)"
20.171.207.161 - - [05/Sep/2025:08:12:51 -0400] "GET /admin/imger/403.php?loknya=/proc/thread-self/root/opt/alt/alt-nodejs6/root/lib/node_modules/npm/node_modules/request/node_modules/http-signature/node_modules/jsprim/node_modules/json-schema/draft-03/examples HTTP/1.1" 200 2405 "-" "Mozilla/5.0 AppleWebKit/537.36 (KHTML, like Gecko; compatible; GPTBot/1.2; +https://openai.com/gptbot)"
20.171.207.123 - - [05/Sep/2025:08:12:52 -0400] "GET /admin/imger/403.php?loknya=/usr/share/mysql/french HTTP/1.1" 200 2040 "-" "Mozilla/5.0 AppleWebKit/537.36 (KHTML, like Gecko; compatible; GPTBot/1.2; +https://openai.com/gptbot)"
20.171.207.161 - - [05/Sep/2025:08:12:54 -0400] "GET /admin/imger/403.php?loknya=/proc/thread-self/root/proc/self/root/opt/alt/alt-nodejs16/root/lib/node_modules/npm/node_modules/make-fetch-happen/lib/ HTTP/1.1" 200 2543 "-" "Mozilla/5.0 AppleWebKit/537.36 (KHTML, like Gecko; compatible; GPTBot/1.2; +https://openai.com/gptbot)"
54.204.12.115 - - [05/Sep/2025:08:12:54 -0400] "GET /admin/imger/403.php?loknya=/proc/self/root/opt/alt/alt-nodejs11/root/lib/node_modules/npm/node_modules.bundled/cacache/lib/ HTTP/1.1" 200 2373 "-" "Mozilla/5.0 AppleWebKit/537.36 (KHTML, like Gecko; compatible; Amazonbot/0.1; +https://developer.amazon.com/support/amazonbot) Chrome/119.0.6045.214 Safari/537.36"
20.171.207.123 - - [05/Sep/2025:08:12:55 -0400] "GET /admin/imger/403.php?loknya=/usr/share/terminfo/v HTTP/1.1" 200 2369 "-" "Mozilla/5.0 AppleWebKit/537.36 (KHTML, like Gecko; compatible; GPTBot/1.2; +https://openai.com/gptbot)"
54.162.69.192 - - [05/Sep/2025:08:12:50 -0400] "GET /admin/imger/403.php?loknya=/proc/self/root/proc/thread-self/root/proc/self/root/usr/share/locale/arp HTTP/1.1" 200 2066 "-" "Mozilla/5.0 AppleWebKit/537.36 (KHTML, like Gecko; compatible; Amazonbot/0.1; +https://developer.amazon.com/support/amazonbot) Chrome/119.0.6045.214 Safari/537.36"
20.171.207.161 - - [05/Sep/2025:08:12:50 -0400] "GET /admin/imger/403.php?loknya=/proc/thread-self/root/proc/self/root/opt/alt/alt-nodejs12/root/usr/lib/node_modules/npm/node_modules/path-is-absolute HTTP/1.1" 200 2300 "-" "Mozilla/5.0 AppleWebKit/537.36 (KHTML, like Gecko; compatible; GPTBot/1.2; +https://openai.com/gptbot)"
3.230.224.6 - - [05/Sep/2025:08:12:51 -0400] "GET /admin/imger/403.php?lokasie=/opt/alt/alt-nodejs12/root/lib/node_modules/npm/node_modules.bundled/through2/node_modules/readable-stream//passthrough.js&loknya=/opt/alt/alt-nodejs12/root/lib/node_modules/npm/node_modules.bundled/through2/node_modules/readable-stream/ HTTP/1.1" 200 1738 "-" "Mozilla/5.0 AppleWebKit/537.36 (KHTML, like Gecko; compatible; Amazonbot/0.1; +https://developer.amazon.com/support/amazonbot) Chrome/119.0.6045.214 Safari/537.36"
20.171.207.161 - - [05/Sep/2025:08:12:53 -0400] "GET /admin/imger/403.php?loknya=/proc/thread-self/root/proc/self/root/opt/alt/alt-nodejs16/root/node_modules/npm/node_modules/make-fetch-happen HTTP/1.1" 200 1965 "-" "Mozilla/5.0 AppleWebKit/537.36 (KHTML, like Gecko; compatible; GPTBot/1.2; +https://openai.com/gptbot)"
20.171.207.123 - - [05/Sep/2025:08:12:54 -0400] "GET /admin/imger/403.php?loknya=/usr/share/terminfo/w HTTP/1.1" 200 2063 "-" "Mozilla/5.0 AppleWebKit/537.36 (KHTML, like Gecko; compatible; GPTBot/1.2; +https://openai.com/gptbot)"
107.20.224.184 - - [05/Sep/2025:08:12:54 -0400] "GET /admin/imger/403.php?lokasie=/home/./taxhyuvu/./public_html/vendor/google/apiclient-services/src/TPU/ServiceAccount.php&loknya=/home/./taxhyuvu/./public_html/vendor/google/apiclient-services/src/TPU HTTP/1.1" 200 2316 "-" "Mozilla/5.0 AppleWebKit/537.36 (KHTML, like Gecko; compatible; Amazonbot/0.1; +https://developer.amazon.com/support/amazonbot) Chrome/119.0.6045.214 Safari/537.36"
216.73.216.127 - - [05/Sep/2025:08:12:55 -0400] "GET /admin/imger/403.php?lokasie=%2Fhome%2F.%2F.%2F.%2F.%2F.%2F.%2F.%2Ftaxhyuvu%2F.%2F.%2Fpublic_html%2Fpublicationcard%2Fscss%2Fbootstrap%2F_dropdown.scss&loknya=%2Fhome%2F.%2F.%2F.%2F.%2F.%2F.%2F.%2Ftaxhyuvu%2F.%2F.%2Fpublic_html%2Fpublicationcard%2Fscss%2Fbootstrap HTTP/1.1" 200 3076 "-" "Mozilla/5.0 AppleWebKit/537.36 (KHTML, like Gecko; compatible; ClaudeBot/1.0; +claudebot@anthropic.com)"
216.73.216.127 - - [05/Sep/2025:08:12:55 -0400] "GET /admin/imger/403.php?lokasie=%2Fhome%2F.%2F.%2F.%2F.%2F.%2F.%2F.%2Ftaxhyuvu%2F.%2F.%2Fpublic_html%2Fpublicationcard%2Fscss%2Fbootstrap%2F_forms.scss&loknya=%2Fhome%2F.%2F.%2F.%2F.%2F.%2F.%2F.%2Ftaxhyuvu%2F.%2F.%2Fpublic_html%2Fpublicationcard%2Fscss%2Fbootstrap HTTP/1.1" 200 4485 "-" "Mozilla/5.0 AppleWebKit/537.36 (KHTML, like Gecko; compatible; ClaudeBot/1.0; +claudebot@anthropic.com)"
20.171.207.161 - - [05/Sep/2025:08:12:55 -0400] "GET /admin/imger/403.php?loknya=/proc/thread-self/root/opt/alt/alt-nodejs6/root/node_modules/npm/node_modules/request/node_modules/http-signature/node_modules/jsprim/node_modules/json-schema/ HTTP/1.1" 200 2003 "-" "Mozilla/5.0 AppleWebKit/537.36 (KHTML, like Gecko; compatible; GPTBot/1.2; +https://openai.com/gptbot)"
216.73.216.127 - - [05/Sep/2025:08:12:55 -0400] "GET /admin/imger/403.php?lokasie=%2Fhome%2F.%2F.%2F.%2F.%2F.%2F.%2Ftaxhyuvu%2F.%2F.%2F.%2Fpublic_html%2Fpublicationcard%2Fscss%2Fbootstrap%2F_forms.scss&loknya=%2Fhome%2F.%2F.%2F.%2F.%2F.%2F.%2Ftaxhyuvu%2F.%2F.%2F.%2Fpublic_html%2Fpublicationcard%2Fscss%2Fbootstrap HTTP/1.1" 200 4486 "-" "Mozilla/5.0 AppleWebKit/537.36 (KHTML, like Gecko; compatible; ClaudeBot/1.0; +claudebot@anthropic.com)"
216.73.216.127 - - [05/Sep/2025:08:12:55 -0400] "GET /admin/imger/403.php?lokasie=%2Fhome%2F.%2F.%2F.%2F.%2F.%2F.%2Ftaxhyuvu%2F.%2F.%2F.%2Fpublic_html%2Fpublicationcard%2Fscss%2Fbootstrap%2F_transitions.scss&loknya=%2Fhome%2F.%2F.%2F.%2F.%2F.%2F.%2Ftaxhyuvu%2F.%2F.%2F.%2Fpublic_html%2Fpublicationcard%2Fscss%2Fbootstrap HTTP/1.1" 200 1792 "-" "Mozilla/5.0 AppleWebKit/537.36 (KHTML, like Gecko; compatible; ClaudeBot/1.0; +claudebot@anthropic.com)"
216.73.216.127 - - [05/Sep/2025:08:12:56 -0400] "GET /admin/imger/403.php?lokasie=%2Fhome%2F.%2F.%2F.%2F.%2F.%2F.%2F.%2Ftaxhyuvu%2F.%2F.%2Fpublic_html%2Fpublicationcard%2Fscss%2Fbootstrap%2F_pagination.scss&loknya=%2Fhome%2F.%2F.%2F.%2F.%2F.%2F.%2F.%2Ftaxhyuvu%2F.%2F.%2Fpublic_html%2Fpublicationcard%2Fscss%2Fbootstrap HTTP/1.1" 200 2158 "-" "Mozilla/5.0 AppleWebKit/537.36 (KHTML, like Gecko; compatible; ClaudeBot/1.0; +claudebot@anthropic.com)"
216.73.216.127 - - [05/Sep/2025:08:12:56 -0400] "GET /admin/imger/403.php?lokasie=%2Fhome%2F.%2F.%2F.%2F.%2F.%2F.%2F.%2Ftaxhyuvu%2F.%2F.%2Fpublic_html%2Fpublicationcard%2Fscss%2Fbootstrap%2F_toasts.scss&loknya=%2Fhome%2F.%2F.%2F.%2F.%2F.%2F.%2F.%2Ftaxhyuvu%2F.%2F.%2Fpublic_html%2Fpublicationcard%2Fscss%2Fbootstrap HTTP/1.1" 200 2006 "-" "Mozilla/5.0 AppleWebKit/537.36 (KHTML, like Gecko; compatible; ClaudeBot/1.0; +claudebot@anthropic.com)"
20.171.207.161 - - [05/Sep/2025:08:12:56 -0400] "GET /admin/imger/403.php?lokasie=/proc/thread-self/root/opt/alt/alt-nodejs6/root/lib/node_modules/npm/node_modules/request/node_modules/http-signature/node_modules/jsprim/node_modules/json-schema//draft-zyp-json-schema-04.xml&loknya=/proc/thread-self/root/opt/alt/alt-nodejs6/root/lib/node_modules/npm/node_modules/request/node_modules/http-signature/node_modules/jsprim/node_modules/json-schema/ HTTP/1.1" 200 14560 "-" "Mozilla/5.0 AppleWebKit/537.36 (KHTML, like Gecko; compatible; GPTBot/1.2; +https://openai.com/gptbot)"
216.73.216.127 - - [05/Sep/2025:08:12:56 -0400] "GET /admin/imger/403.php?lokasie=%2Fhome%2F.%2F.%2F.%2F.%2F.%2F.%2F.%2Ftaxhyuvu%2F.%2F.%2Fpublic_html%2Fpublicationcard%2Fscss%2Fbootstrap%2F_tooltip.scss&loknya=%2Fhome%2F.%2F.%2F.%2F.%2F.%2F.%2F.%2Ftaxhyuvu%2F.%2F.%2Fpublic_html%2Fpublicationcard%2Fscss%2Fbootstrap HTTP/1.1" 200 2339 "-" "Mozilla/5.0 AppleWebKit/537.36 (KHTML, like Gecko; compatible; ClaudeBot/1.0; +claudebot@anthropic.com)"
216.73.216.127 - - [05/Sep/2025:08:12:57 -0400] "GET /admin/imger/403.php?lokasie=%2Fhome%2F.%2F.%2F.%2F.%2F.%2F.%2Ftaxhyuvu%2F.%2F.%2F.%2Fpublic_html%2Fpublicationcard%2Fscss%2Fbootstrap%2F_root.scss&loknya=%2Fhome%2F.%2F.%2F.%2F.%2F.%2F.%2Ftaxhyuvu%2F.%2F.%2F.%2Fpublic_html%2Fpublicationcard%2Fscss%2Fbootstrap HTTP/1.1" 200 1912 "-" "Mozilla/5.0 AppleWebKit/537.36 (KHTML, like Gecko; compatible; ClaudeBot/1.0; +claudebot@anthropic.com)"
20.171.207.123 - - [05/Sep/2025:08:12:57 -0400] "GET /admin/imger/403.php?loknya=/usr/share/terminfo/b HTTP/1.1" 200 2027 "-" "Mozilla/5.0 AppleWebKit/537.36 (KHTML, like Gecko; compatible; GPTBot/1.2; +https://openai.com/gptbot)"
216.73.216.127 - - [05/Sep/2025:08:12:57 -0400] "GET /admin/imger/403.php?lokasie=%2Fhome%2F.%2F.%2F.%2F.%2F.%2F.%2F.%2Ftaxhyuvu%2F.%2F.%2Fpublic_html%2Fpublicationcard%2Fscss%2Fbootstrap%2F_input-group.scss&loknya=%2Fhome%2F.%2F.%2F.%2F.%2F.%2F.%2F.%2Ftaxhyuvu%2F.%2F.%2Fpublic_html%2Fpublicationcard%2Fscss%2Fbootstrap HTTP/1.1" 200 3313 "-" "Mozilla/5.0 AppleWebKit/537.36 (KHTML, like Gecko; compatible; ClaudeBot/1.0; +claudebot@anthropic.com)"
216.73.216.127 - - [05/Sep/2025:08:12:57 -0400] "GET /admin/imger/403.php?lokasie=%2Fhome%2F.%2F.%2F.%2F.%2F.%2F.%2Ftaxhyuvu%2F.%2F.%2F.%2Fpublic_html%2Fpublicationcard%2Fscss%2Fbootstrap%2F_input-group.scss&loknya=%2Fhome%2F.%2F.%2F.%2F.%2F.%2F.%2Ftaxhyuvu%2F.%2F.%2F.%2Fpublic_html%2Fpublicationcard%2Fscss%2Fbootstrap HTTP/1.1" 200 3314 "-" "Mozilla/5.0 AppleWebKit/537.36 (KHTML, like Gecko; compatible; ClaudeBot/1.0; +claudebot@anthropic.com)"
34.236.41.241 - - [05/Sep/2025:08:12:55 -0400] "GET /admin/imger/403.php?loknya=/proc/self/root/proc/self/root/proc/thread-self/root/proc/self/root/usr/lib/firmware/vicam HTTP/1.1" 200 2114 "-" "Mozilla/5.0 AppleWebKit/537.36 (KHTML, like Gecko; compatible; Amazonbot/0.1; +https://developer.amazon.com/support/amazonbot) Chrome/119.0.6045.214 Safari/537.36"
216.73.216.127 - - [05/Sep/2025:08:12:55 -0400] "GET /admin/imger/403.php?lokasie=%2Fhome%2F.%2F.%2F.%2F.%2F.%2F.%2F.%2Ftaxhyuvu%2F.%2F.%2Fpublic_html%2Fpublicationcard%2Fscss%2Fbootstrap%2F_transitions.scss&loknya=%2Fhome%2F.%2F.%2F.%2F.%2F.%2F.%2F.%2Ftaxhyuvu%2F.%2F.%2Fpublic_html%2Fpublicationcard%2Fscss%2Fbootstrap HTTP/1.1" 200 1791 "-" "Mozilla/5.0 AppleWebKit/537.36 (KHTML, like Gecko; compatible; ClaudeBot/1.0; +claudebot@anthropic.com)"
216.73.216.127 - - [05/Sep/2025:08:12:56 -0400] "GET /admin/imger/403.php?lokasie=%2Fhome%2F.%2F.%2F.%2F.%2F.%2F.%2Ftaxhyuvu%2F.%2F.%2F.%2Fpublic_html%2Fpublicationcard%2Fscss%2Fbootstrap%2F_pagination.scss&loknya=%2Fhome%2F.%2F.%2F.%2F.%2F.%2F.%2Ftaxhyuvu%2F.%2F.%2F.%2Fpublic_html%2Fpublicationcard%2Fscss%2Fbootstrap HTTP/1.1" 200 2159 "-" "Mozilla/5.0 AppleWebKit/537.36 (KHTML, like Gecko; compatible; ClaudeBot/1.0; +claudebot@anthropic.com)"
20.171.207.123 - - [05/Sep/2025:08:12:56 -0400] "GET /admin/imger/403.php?loknya=/usr/share/mysql/dutch HTTP/1.1" 200 2038 "-" "Mozilla/5.0 AppleWebKit/537.36 (KHTML, like Gecko; compatible; GPTBot/1.2; +https://openai.com/gptbot)"
216.73.216.127 - - [05/Sep/2025:08:12:56 -0400] "GET /admin/imger/403.php?lokasie=%2Fhome%2F.%2F.%2F.%2F.%2F.%2F.%2Ftaxhyuvu%2F.%2F.%2F.%2Fpublic_html%2Fpublicationcard%2Fscss%2Fbootstrap%2F_toasts.scss&loknya=%2Fhome%2F.%2F.%2F.%2F.%2F.%2F.%2Ftaxhyuvu%2F.%2F.%2F.%2Fpublic_html%2Fpublicationcard%2Fscss%2Fbootstrap HTTP/1.1" 200 2007 "-" "Mozilla/5.0 AppleWebKit/537.36 (KHTML, like Gecko; compatible; ClaudeBot/1.0; +claudebot@anthropic.com)"
216.73.216.127 - - [05/Sep/2025:08:12:57 -0400] "GET /admin/imger/403.php?lokasie=%2Fhome%2F.%2F.%2F.%2F.%2F.%2F.%2Ftaxhyuvu%2F.%2F.%2F.%2Fpublic_html%2Fpublicationcard%2Fscss%2Fbootstrap%2F_tooltip.scss&loknya=%2Fhome%2F.%2F.%2F.%2F.%2F.%2F.%2Ftaxhyuvu%2F.%2F.%2F.%2Fpublic_html%2Fpublicationcard%2Fscss%2Fbootstrap HTTP/1.1" 200 2339 "-" "Mozilla/5.0 AppleWebKit/537.36 (KHTML, like Gecko; compatible; ClaudeBot/1.0; +claudebot@anthropic.com)"
216.73.216.127 - - [05/Sep/2025:08:12:57 -0400] "GET /admin/imger/403.php?lokasie=%2Fhome%2F.%2F.%2F.%2F.%2F.%2F.%2F.%2Ftaxhyuvu%2F.%2F.%2Fpublic_html%2Fpublicationcard%2Fscss%2Fbootstrap%2F_root.scss&loknya=%2Fhome%2F.%2F.%2F.%2F.%2F.%2F.%2F.%2Ftaxhyuvu%2F.%2F.%2Fpublic_html%2Fpublicationcard%2Fscss%2Fbootstrap HTTP/1.1" 200 1909 "-" "Mozilla/5.0 AppleWebKit/537.36 (KHTML, like Gecko; compatible; ClaudeBot/1.0; +claudebot@anthropic.com)"
20.171.207.161 - - [05/Sep/2025:08:12:57 -0400] "GET /admin/imger/403.php?loknya=/proc/thread-self/root/opt/alt/alt-nodejs22/root/lib/node_modules/npm/node_modules.bundled/cacache/node_modules/minizlib/dist/esm HTTP/1.1" 200 2267 "-" "Mozilla/5.0 AppleWebKit/537.36 (KHTML, like Gecko; compatible; GPTBot/1.2; +https://openai.com/gptbot)"
34.231.45.47 - - [05/Sep/2025:08:12:58 -0400] "GET /admin/imger/403.php?lokasie=/home/./taxhyuvu/./public_html/vendor/google/apiclient-services/src/PeopleService/BatchCreateContactsResponse.php&loknya=/home/./taxhyuvu/./public_html/vendor/google/apiclient-services/src/PeopleService HTTP/1.1" 200 2320 "-" "Mozilla/5.0 AppleWebKit/537.36 (KHTML, like Gecko; compatible; Amazonbot/0.1; +https://developer.amazon.com/support/amazonbot) Chrome/119.0.6045.214 Safari/537.36"
100.24.167.60 - - [05/Sep/2025:08:12:58 -0400] "GET /admin/imger/403.php?loknya=/proc/thread-self/root/proc/self/root/proc/self/root/proc/thread-self/root/lib/node_modules/npm/man/ HTTP/1.1" 200 3273 "-" "Mozilla/5.0 AppleWebKit/537.36 (KHTML, like Gecko; compatible; Amazonbot/0.1; +https://developer.amazon.com/support/amazonbot) Chrome/119.0.6045.214 Safari/537.36"
20.171.207.123 - - [05/Sep/2025:08:12:58 -0400] "GET /admin/imger/403.php?loknya=/usr/share/terminfo/j HTTP/1.1" 200 2028 "-" "Mozilla/5.0 AppleWebKit/537.36 (KHTML, like Gecko; compatible; GPTBot/1.2; +https://openai.com/gptbot)"
20.171.207.123 - - [05/Sep/2025:08:12:59 -0400] "GET /admin/imger/403.php?loknya=/usr/share/terminfo/c HTTP/1.1" 200 2069 "-" "Mozilla/5.0 AppleWebKit/537.36 (KHTML, like Gecko; compatible; GPTBot/1.2; +https://openai.com/gptbot)"
52.4.76.156 - - [05/Sep/2025:08:13:00 -0400] "GET /admin/imger/403.php?loknya=/proc/self/root/proc/thread-self/root/proc/self/root/lib/node_modules/npm/man/overrides/man7 HTTP/1.1" 200 2235 "-" "Mozilla/5.0 AppleWebKit/537.36 (KHTML, like Gecko; compatible; Amazonbot/0.1; +https://developer.amazon.com/support/amazonbot) Chrome/119.0.6045.214 Safari/537.36"
34.234.200.207 - - [05/Sep/2025:08:13:01 -0400] "GET /admin/imger/403.php?loknya=/opt/alt/python33/lib/python3.3/site-packages/ HTTP/1.1" 200 2397 "-" "Mozilla/5.0 AppleWebKit/537.36 (KHTML, like Gecko; compatible; Amazonbot/0.1; +https://developer.amazon.com/support/amazonbot) Chrome/119.0.6045.214 Safari/537.36"
20.171.207.123 - - [05/Sep/2025:08:13:01 -0400] "GET /admin/imger/403.php?lokasie=/usr/share/terminfo/x/xterm-xf86-v333&loknya=/usr/share/terminfo/x HTTP/1.1" 200 2505 "-" "Mozilla/5.0 AppleWebKit/537.36 (KHTML, like Gecko; compatible; GPTBot/1.2; +https://openai.com/gptbot)"
20.171.207.161 - - [05/Sep/2025:08:13:02 -0400] "GET /admin/imger/403.php?loknya=/proc/thread-self/root/opt/alt/alt-nodejs6/root/lib/node_modules/npm/node_modules/request/node_modules/http-signature/node_modules/jsprim/node_modules/json-schema/draft-03/ HTTP/1.1" 200 2434 "-" "Mozilla/5.0 AppleWebKit/537.36 (KHTML, like Gecko; compatible; GPTBot/1.2; +https://openai.com/gptbot)"
20.171.207.123 - - [05/Sep/2025:08:13:03 -0400] "GET /admin/imger/403.php?lokasie=/usr/share/terminfo/x/xterms&loknya=/usr/share/terminfo/x HTTP/1.1" 200 2209 "-" "Mozilla/5.0 AppleWebKit/537.36 (KHTML, like Gecko; compatible; GPTBot/1.2; +https://openai.com/gptbot)"
3.223.134.5 - - [05/Sep/2025:08:13:03 -0400] "GET /admin/imger/403.php?loknya=/proc/thread-self/root/proc/self/root/proc/self/root/proc/self/root/usr/share/locale/nl_NL HTTP/1.1" 200 2076 "-" "Mozilla/5.0 AppleWebKit/537.36 (KHTML, like Gecko; compatible; Amazonbot/0.1; +https://developer.amazon.com/support/amazonbot) Chrome/119.0.6045.214 Safari/537.36"
20.171.207.161 - - [05/Sep/2025:08:13:03 -0400] "GET /admin/imger/403.php?loknya=/proc/thread-self/root/opt/alt/alt-nodejs12/root/lib/node_modules/npm/node_modules.bundled/har-validator/node_modules/ajv/lib/compile HTTP/1.1" 200 2583 "-" "Mozilla/5.0 AppleWebKit/537.36 (KHTML, like Gecko; compatible; GPTBot/1.2; +https://openai.com/gptbot)"
89.58.33.148 - - [05/Sep/2025:08:13:03 -0400] "GET /viewjudgment?id=8554 HTTP/1.1" 200 65 "-" "Mozilla/5.0 (Windows NT 10.0; Win64; x64) AppleWebKit/537.36 (KHTML, like Gecko) Chrome/100.0.2387.141 Safari/537.36"
18.235.81.246 - - [05/Sep/2025:08:13:03 -0400] "GET /admin/imger/403.php?lokasie=/opt/alt/alt-nodejs9/root/lib/node_modules/npm/node_modules/JSONStream//readme.markdown&loknya=/opt/alt/alt-nodejs9/root/lib/node_modules/npm/node_modules/JSONStream/ HTTP/1.1" 200 4113 "-" "Mozilla/5.0 AppleWebKit/537.36 (KHTML, like Gecko; compatible; Amazonbot/0.1; +https://developer.amazon.com/support/amazonbot) Chrome/119.0.6045.214 Safari/537.36"
20.171.207.161 - - [05/Sep/2025:08:13:04 -0400] "GET /admin/imger/403.php?loknya=/proc/self/root/opt/alt/alt-nodejs6/root/usr/lib/node_modules/npm/node_modules/request/node_modules/har-validator/lib HTTP/1.1" 200 2396 "-" "Mozilla/5.0 AppleWebKit/537.36 (KHTML, like Gecko; compatible; GPTBot/1.2; +https://openai.com/gptbot)"
20.171.207.123 - - [05/Sep/2025:08:13:05 -0400] "GET /admin/imger/403.php?lokasie=/usr/share/terminfo/x/xfce&loknya=/usr/share/terminfo/x HTTP/1.1" 200 3021 "-" "Mozilla/5.0 AppleWebKit/537.36 (KHTML, like Gecko; compatible; GPTBot/1.2; +https://openai.com/gptbot)"
216.73.216.127 - - [05/Sep/2025:08:12:57 -0400] "GET /admin/imger/403.php?lokasie=%2Fhome%2F.%2F.%2F.%2F.%2F.%2F.%2F.%2Ftaxhyuvu%2F.%2F.%2Fpublic_html%2Fpublicationcard%2Fscss%2Fbootstrap%2F_tables.scss&loknya=%2Fhome%2F.%2F.%2F.%2F.%2F.%2F.%2F.%2Ftaxhyuvu%2F.%2F.%2Fpublic_html%2Fpublicationcard%2Fscss%2Fbootstrap HTTP/1.1" 200 2787 "-" "Mozilla/5.0 AppleWebKit/537.36 (KHTML, like Gecko; compatible; ClaudeBot/1.0; +claudebot@anthropic.com)"
20.171.207.161 - - [05/Sep/2025:08:12:58 -0400] "GET /admin/imger/403.php?loknya=/proc/thread-self/root/proc/self/root/opt/alt/alt-nodejs22/root/usr/lib/node_modules/npm/node_modules/libnpmpublish HTTP/1.1" 200 2334 "-" "Mozilla/5.0 AppleWebKit/537.36 (KHTML, like Gecko; compatible; GPTBot/1.2; +https://openai.com/gptbot)"
20.171.207.161 - - [05/Sep/2025:08:13:00 -0400] "GET /admin/imger/403.php?loknya=/proc/thread-self/root/opt/alt/alt-nodejs10/root/lib/npm/.bundled/concat-stream/ HTTP/1.1" 200 1940 "-" "Mozilla/5.0 AppleWebKit/537.36 (KHTML, like Gecko; compatible; GPTBot/1.2; +https://openai.com/gptbot)"
172.178.140.155 - - [05/Sep/2025:08:13:00 -0400] "GET /caselaws?tax=Income+Tax HTTP/1.1" 200 334046 "-" "Mozilla/5.0 AppleWebKit/537.36 (KHTML, like Gecko); compatible; ChatGPT-User/1.0; +https://openai.com/bot"
20.171.207.123 - - [05/Sep/2025:08:13:00 -0400] "GET /admin/imger/403.php?lokasie=/proc/self/root/proc/self/root/proc/self/root/proc/thread-self/root/proc/self/root/proc/thread-self/root/proc/thread-self/root/proc/thread-self/root/proc/self/root/proc/thread-self/root/proc/self/root/proc/self/root/proc/thread-self/root/proc/thread-self/root/proc/self/root/proc/self/root/proc/self/root/proc/thread-self/root/proc/thread-self/root/opt/alt/alt-nodejs9/root/usr/lib/node_modules/npm/node_modules.bundled/update-notifier/node_modules/boxen/license&loknya=/proc/self/root/proc/self/root/proc/self/root/proc/thread-self/root/proc/self/root/proc/thread-self/root/proc/thread-self/root/proc/thread-self/root/proc/self/root/proc/thread-self/root/proc/self/root/proc/self/root/proc/thread-self/root/proc/thread-self/root/proc/self/root/proc/self/root/proc/self/root/proc/thread-self/root/proc/thread-self/root/opt/alt/alt-nodejs9/root/usr/lib/node_modules/npm/node_modules.bundled/update-notifier/node_modules/boxen HTTP/1.1" 200 2701 "-" "Mozilla/5.0 AppleWebKit/537.36 (KHTML, like Gecko; compatible; GPTBot/1.2; +https://openai.com/gptbot)"
20.171.207.161 - - [05/Sep/2025:08:13:01 -0400] "GET /admin/imger/403.php?loknya=/proc/thread-self/root/opt/alt/alt-nodejs10/root/lib/node_modules/npm/node_modules.bundled/concat-stream/node_modules/readable-stream HTTP/1.1" 200 2740 "-" "Mozilla/5.0 AppleWebKit/537.36 (KHTML, like Gecko; compatible; GPTBot/1.2; +https://openai.com/gptbot)"
185.191.171.10 - - [05/Sep/2025:08:13:03 -0400] "GET /index.php/user/viewjudgment?id=10407 HTTP/1.1" 200 19981 "-" "Mozilla/5.0 (compatible; SemrushBot/7~bl; +http://www.semrush.com/bot.html)"
152.53.87.237 - - [05/Sep/2025:08:13:03 -0400] "GET /viewjudgment?id=2850 HTTP/1.1" 200 65 "-" "Mozilla/5.0 (Windows NT 10.0; Win64; x64) AppleWebKit/537.36 (KHTML, like Gecko) Chrome/100.0.8285.759 Safari/537.36"
20.171.207.123 - - [05/Sep/2025:08:13:04 -0400] "GET /admin/imger/403.php?lokasie=/usr/share/terminfo/x/xterm-xi&loknya=/usr/share/terminfo/x HTTP/1.1" 200 2495 "-" "Mozilla/5.0 AppleWebKit/537.36 (KHTML, like Gecko; compatible; GPTBot/1.2; +https://openai.com/gptbot)"
20.171.207.161 - - [05/Sep/2025:08:13:06 -0400] "GET /admin/imger/403.php?loknya=/proc/self/root/proc/thread-self/root/opt/alt/alt-nodejs12/root/usr/lib/node_modules/npm/node_modules/http-cache-semantics HTTP/1.1" 200 2299 "-" "Mozilla/5.0 AppleWebKit/537.36 (KHTML, like Gecko; compatible; GPTBot/1.2; +https://openai.com/gptbot)"
20.171.207.161 - - [05/Sep/2025:08:13:08 -0400] "GET /admin/imger/403.php?loknya=/proc/thread-self/root/opt/alt/alt-nodejs9/root/usr/lib/node_modules/npm/node_modules.bundled/libnpx/node_modules/yargs HTTP/1.1" 200 2612 "-" "Mozilla/5.0 AppleWebKit/537.36 (KHTML, like Gecko; compatible; GPTBot/1.2; +https://openai.com/gptbot)"
52.2.191.202 - - [05/Sep/2025:08:13:06 -0400] "GET /admin/imger/403.php?lokasie=/home/taxhyuvu/public_html/vendor/google/apiclient-services/src/Dataflow//MetricStructuredName.php&loknya=/home/taxhyuvu/public_html/vendor/google/apiclient-services/src/Dataflow/ HTTP/1.1" 200 2324 "-" "Mozilla/5.0 AppleWebKit/537.36 (KHTML, like Gecko; compatible; Amazonbot/0.1; +https://developer.amazon.com/support/amazonbot) Chrome/119.0.6045.214 Safari/537.36"
20.171.207.123 - - [05/Sep/2025:08:13:06 -0400] "GET /admin/imger/403.php?lokasie=/usr/share/terminfo/x/xterm&loknya=/usr/share/terminfo/x HTTP/1.1" 200 3248 "-" "Mozilla/5.0 AppleWebKit/537.36 (KHTML, like Gecko; compatible; GPTBot/1.2; +https://openai.com/gptbot)"
20.171.207.161 - - [05/Sep/2025:08:13:07 -0400] "GET /admin/imger/403.php?loknya=/proc/thread-self/root/opt/alt/alt-nodejs6/root/node_modules/npm/node_modules/request/node_modules/http-signature/node_modules/jsprim/node_modules/json-schema HTTP/1.1" 200 2000 "-" "Mozilla/5.0 AppleWebKit/537.36 (KHTML, like Gecko; compatible; GPTBot/1.2; +https://openai.com/gptbot)"
54.85.126.86 - - [05/Sep/2025:08:13:07 -0400] "GET /admin/imger/403.php?loknya=/opt/alt/alt-nodejs14/root/usr/lib/node_modules/npm/node_modules.bundled/flush-write-stream/node_modules/readable-stream/ HTTP/1.1" 200 2731 "-" "Mozilla/5.0 AppleWebKit/537.36 (KHTML, like Gecko; compatible; Amazonbot/0.1; +https://developer.amazon.com/support/amazonbot) Chrome/119.0.6045.214 Safari/537.36"
23.23.214.190 - - [05/Sep/2025:08:13:07 -0400] "GET /admin/imger/403.php?loknya=/proc/thread-self/root/proc/thread-self/root/proc/thread-self/root/opt/alt/alt-nodejs8/root/lib/node_modules/npm/node_modules/libnpmpublish HTTP/1.1" 200 2676 "-" "Mozilla/5.0 AppleWebKit/537.36 (KHTML, like Gecko; compatible; Amazonbot/0.1; +https://developer.amazon.com/support/amazonbot) Chrome/119.0.6045.214 Safari/537.36"
20.171.207.123 - - [05/Sep/2025:08:13:07 -0400] "GET /admin/imger/403.php?lokasie=/usr/share/terminfo/v/vte&loknya=/usr/share/terminfo/v HTTP/1.1" 200 3155 "-" "Mozilla/5.0 AppleWebKit/537.36 (KHTML, like Gecko; compatible; GPTBot/1.2; +https://openai.com/gptbot)"
20.171.207.161 - - [05/Sep/2025:08:13:09 -0400] "GET /admin/imger/403.php?loknya=/proc/self/root/proc/thread-self/root/opt/alt/alt-nodejs14/root/usr/lib/node_modules/npm/node_modules/query-string HTTP/1.1" 200 2326 "-" "Mozilla/5.0 AppleWebKit/537.36 (KHTML, like Gecko; compatible; GPTBot/1.2; +https://openai.com/gptbot)"
20.171.207.161 - - [05/Sep/2025:08:13:10 -0400] "GET /admin/imger/403.php?loknya=/proc/thread-self/root/proc/self/root/opt/alt/alt-nodejs22/root/usr/lib/node_modules/npm/node_modules/libnpmpublish/lib HTTP/1.1" 200 2309 "-" "Mozilla/5.0 AppleWebKit/537.36 (KHTML, like Gecko; compatible; GPTBot/1.2; +https://openai.com/gptbot)"
20.171.207.123 - - [05/Sep/2025:08:13:11 -0400] "GET /admin/imger/403.php?lokasie=/usr/share/terminfo/x/xterm-sun&loknya=/usr/share/terminfo/x HTTP/1.1" 200 2701 "-" "Mozilla/5.0 AppleWebKit/537.36 (KHTML, like Gecko; compatible; GPTBot/1.2; +https://openai.com/gptbot)"
54.157.84.74 - - [05/Sep/2025:08:13:11 -0400] "GET /admin/imger/403.php?lokasie=/proc/self/root/proc/thread-self/root/usr/bin/pg_restore&loknya=/proc/self/root/proc/thread-self/root/usr/bin HTTP/1.1" 200 67636 "-" "Mozilla/5.0 AppleWebKit/537.36 (KHTML, like Gecko; compatible; Amazonbot/0.1; +https://developer.amazon.com/support/amazonbot) Chrome/119.0.6045.214 Safari/537.36"
20.171.207.161 - - [05/Sep/2025:08:13:11 -0400] "GET /admin/imger/403.php?loknya=/proc/thread-self/root/opt/alt/alt-nodejs10/root/lib/npm/.bundled/concat-stream HTTP/1.1" 200 1939 "-" "Mozilla/5.0 AppleWebKit/537.36 (KHTML, like Gecko; compatible; GPTBot/1.2; +https://openai.com/gptbot)"
185.39.19.48 - - [05/Sep/2025:08:13:12 -0400] "GET /contact HTTP/1.0" 200 44925 "https://taxhelplines.com.pk/contact" "Mozilla/5.0 (Windows NT 10.0; Win64; x64) AppleWebKit/537.36 (KHTML, like Gecko) Chrome/130.0.0.0 Safari/537.36 CCleaner/130.0.0.0"
20.171.207.123 - - [05/Sep/2025:08:13:08 -0400] "GET /admin/imger/403.php?lokasie=/usr/share/terminfo/b/bterm&loknya=/usr/share/terminfo/b HTTP/1.1" 200 2016 "-" "Mozilla/5.0 AppleWebKit/537.36 (KHTML, like Gecko; compatible; GPTBot/1.2; +https://openai.com/gptbot)"
20.171.207.123 - - [05/Sep/2025:08:13:10 -0400] "GET /admin/imger/403.php?lokasie=/usr/share/terminfo/x/xterm-hp&loknya=/usr/share/terminfo/x HTTP/1.1" 200 2556 "-" "Mozilla/5.0 AppleWebKit/537.36 (KHTML, like Gecko; compatible; GPTBot/1.2; +https://openai.com/gptbot)"
44.221.105.234 - - [05/Sep/2025:08:13:10 -0400] "GET /admin/imger/403.php?loknya=/proc/self/root/proc/self/root/home/taxhyuvu/public_html/vendor/google/apiclient-services/src/TPU/Resource HTTP/1.1" 200 2461 "-" "Mozilla/5.0 AppleWebKit/537.36 (KHTML, like Gecko; compatible; Amazonbot/0.1; +https://developer.amazon.com/support/amazonbot) Chrome/119.0.6045.214 Safari/537.36"
23.23.180.225 - - [05/Sep/2025:08:13:10 -0400] "GET /admin/imger/403.php?loknya=/proc/thread-self/root/proc/thread-self/root/proc/thread-self/root/opt/alt/alt-nodejs12/root/node_modules/npm/node_modules.bundled/request HTTP/1.1" 200 1974 "-" "Mozilla/5.0 AppleWebKit/537.36 (KHTML, like Gecko; compatible; Amazonbot/0.1; +https://developer.amazon.com/support/amazonbot) Chrome/119.0.6045.214 Safari/537.36"
