44.197.76.210 - - [07/Aug/2025:08:09:26 -0400] "GET /admin/imger/403.php?lokasie=/home/taxhyuvu/./admin/valuationrulling/valuation1126-2017.pdf&loknya=/home/taxhyuvu/./admin/valuationrulling HTTP/1.1" 200 0 "-" "Mozilla/5.0 AppleWebKit/537.36 (KHTML, like Gecko; compatible; Amazonbot/0.1; +https://developer.amazon.com/support/amazonbot) Chrome/119.0.6045.214 Safari/537.36"
3.208.146.193 - - [07/Aug/2025:08:09:36 -0400] "GET /admin/imger/403.php?loknya=/proc/thread-self/root/proc/self/root/opt/hc_python/lib64/python3.12/site-packages/dns/rdtypes/ANY HTTP/1.1" 200 3867 "-" "Mozilla/5.0 AppleWebKit/537.36 (KHTML, like Gecko; compatible; Amazonbot/0.1; +https://developer.amazon.com/support/amazonbot) Chrome/119.0.6045.214 Safari/537.36"
47.128.56.218 - - [07/Aug/2025:08:09:36 -0400] "GET /login HTTP/1.1" 200 2768 "https://taxhelplines.pk/viewjudgment?id=5071" "Mozilla/5.0 (Linux; Android 5.0) AppleWebKit/537.36 (KHTML, like Gecko) Mobile Safari/537.36 (compatible; Bytespider; spider-feedback@bytedance.com)"
216.73.216.139 - - [07/Aug/2025:08:09:28 -0400] "GET /admin/imger/403.php?lokasie=%2Fhome%2F.%2F.%2Ftaxhyuvu%2F.%2Fpublic_html%2Fadmin%2Fvaluationrulling%2Fvaluation1228-2017.pdf&loknya=%2Fhome%2F.%2F.%2Ftaxhyuvu%2F.%2Fpublic_html%2Fadmin%2Fvaluationrulling HTTP/1.1" 200 911695 "-" "Mozilla/5.0 AppleWebKit/537.36 (KHTML, like Gecko; compatible; ClaudeBot/1.0; +claudebot@anthropic.com)"
20.171.207.233 - - [07/Aug/2025:08:09:37 -0400] "GET /admin/imger/403.php?loknya=%2Fhome%2Ftaxhyuvu%2F.%2F.%2F.%2F.%2F.%2Fnodevenv%2Fpublic_html%2Fdp_taxhelplines%2F14%2Flib%2Fnode_modules%2Fdate-fns%2Fesm%2Flocale%2Fuk%2F_lib%2FformatDistance HTTP/1.1" 200 2199 "-" "Mozilla/5.0 AppleWebKit/537.36 (KHTML, like Gecko; compatible; GPTBot/1.2; +https://openai.com/gptbot)"
170.106.192.3 - - [07/Aug/2025:08:09:37 -0400] "GET /news_detaill?id=672 HTTP/1.1" 200 9424 "-" "Mozilla/5.0 (iPhone; CPU iPhone OS 13_2_3 like Mac OS X) AppleWebKit/605.1.15 (KHTML, like Gecko) Version/13.0.3 Mobile/15E148 Safari/604.1"
216.73.216.139 - - [07/Aug/2025:08:09:29 -0400] "GET /admin/imger/403.php?lokasie=%2Fhome%2Ftaxhyuvu%2F.%2F.%2F.%2F.%2Fpublic_html%2Fadmin%2Fvaluationrulling%2Fvaluation1041-2017a.pdf&loknya=%2Fhome%2Ftaxhyuvu%2F.%2F.%2F.%2F.%2Fpublic_html%2Fadmin%2Fvaluationrulling HTTP/1.1" 200 978747 "-" "Mozilla/5.0 AppleWebKit/537.36 (KHTML, like Gecko; compatible; ClaudeBot/1.0; +claudebot@anthropic.com)"
20.171.207.233 - - [07/Aug/2025:08:09:38 -0400] "GET /admin/imger/403.php?loknya=%2Fhome%2Ftaxhyuvu%2F.%2F.%2F.%2F.%2F.%2Fnodevenv%2Fpublic_html%2Fdp_taxhelplines%2F10%2Flib%2Fnode_modules%2Fdate-fns%2Fesm%2FisSameMinute HTTP/1.1" 200 2296 "-" "Mozilla/5.0 AppleWebKit/537.36 (KHTML, like Gecko; compatible; GPTBot/1.2; +https://openai.com/gptbot)"
216.73.216.139 - - [07/Aug/2025:08:09:38 -0400] "GET /admin/imger/403.php?loknya=%2Fhome%2Ftaxhyuvu%2F.%2F.%2Fnodevenv%2Fpublic_html%2Fdp_taxhelplines%2F14%2Flib%2Fnode_modules%2Fdate-fns%2FsetDayOfYear HTTP/1.1" 200 2278 "-" "Mozilla/5.0 AppleWebKit/537.36 (KHTML, like Gecko; compatible; ClaudeBot/1.0; +claudebot@anthropic.com)"
216.73.216.139 - - [07/Aug/2025:08:09:39 -0400] "GET /admin/imger/403.php?lokasie=%2Fhome%2F.%2F.%2F.%2Ftaxhyuvu%2Fwww%2Fadmin%2Fschedule%2Findex.php&loknya=%2Fhome%2F.%2F.%2F.%2Ftaxhyuvu%2Fwww%2Fadmin%2Fschedule HTTP/1.1" 200 1822 "-" "Mozilla/5.0 AppleWebKit/537.36 (KHTML, like Gecko; compatible; ClaudeBot/1.0; +claudebot@anthropic.com)"
65.108.128.16 - - [07/Aug/2025:08:09:39 -0400] "GET /viewreport?id=1342 HTTP/1.1" 200 65 "-" "Mozilla/5.0 (compatible; MJ12bot/v1.4.8; http://mj12bot.com/)"
20.171.207.134 - - [07/Aug/2025:08:09:39 -0400] "GET /admin/imger/403.php?lokasie=%2Fproc%2Fself%2Froot%2Fproc%2Fself%2Froot%2Fproc%2Fself%2Froot%2Fproc%2Fthread-self%2Froot%2Fopt%2Fcloudlinux%2Falt-php71%2Froot%2Fetc%2Fphp.d.all%2Ffileinfo.ini&loknya=%2Fproc%2Fself%2Froot%2Fproc%2Fself%2Froot%2Fproc%2Fself%2Froot%2Fproc%2Fthread-self%2Froot%2Fopt%2Fcloudlinux%2Falt-php71%2Froot%2Fetc%2Fphp.d.all HTTP/1.1" 200 1742 "-" "Mozilla/5.0 AppleWebKit/537.36 (KHTML, like Gecko; compatible; GPTBot/1.2; +https://openai.com/gptbot)"
44.209.35.147 - - [07/Aug/2025:08:09:38 -0400] "GET /admin/imger/403.php?lokasie=/proc/thread-self/root/home/taxhyuvu/www/admin/sro/16-04-2025-3.pdf&loknya=/proc/thread-self/root/home/taxhyuvu/www/admin/sro HTTP/1.1" 200 221436 "-" "Mozilla/5.0 AppleWebKit/537.36 (KHTML, like Gecko; compatible; Amazonbot/0.1; +https://developer.amazon.com/support/amazonbot) Chrome/119.0.6045.214 Safari/537.36"
216.73.216.139 - - [07/Aug/2025:08:09:32 -0400] "GET /admin/imger/403.php?lokasie=%2Fhome%2Ftaxhyuvu%2F.%2F.%2F.%2F.%2Fpublic_html%2Fadmin%2Fvaluationrulling%2Fvaluation1115-2017.pdf&loknya=%2Fhome%2Ftaxhyuvu%2F.%2F.%2F.%2F.%2Fpublic_html%2Fadmin%2Fvaluationrulling HTTP/1.1" 200 851883 "-" "Mozilla/5.0 AppleWebKit/537.36 (KHTML, like Gecko; compatible; ClaudeBot/1.0; +claudebot@anthropic.com)"
216.73.216.139 - - [07/Aug/2025:08:09:39 -0400] "GET /admin/imger/403.php?lokasie=%2Fhome%2Ftaxhyuvu%2F.%2F.%2F.%2F.%2Fpublic_html%2Fadmin%2Fstgos%2FSTGO31of2018.pdf&loknya=%2Fhome%2Ftaxhyuvu%2F.%2F.%2F.%2F.%2Fpublic_html%2Fadmin%2Fstgos HTTP/1.1" 200 234156 "-" "Mozilla/5.0 AppleWebKit/537.36 (KHTML, like Gecko; compatible; ClaudeBot/1.0; +claudebot@anthropic.com)"
216.73.216.139 - - [07/Aug/2025:08:09:40 -0400] "GET /admin/imger/403.php?lokasie=%2Fproc%2Fthread-self%2Froot%2Fproc%2Fthread-self%2Froot%2Fhome%2F.%2Ftaxhyuvu%2F.%2F.%2F.%2Fpublic_html%2F404.php&loknya=%2Fproc%2Fthread-self%2Froot%2Fproc%2Fthread-self%2Froot%2Fhome%2F.%2Ftaxhyuvu%2F.%2F.%2F.%2Fpublic_html HTTP/1.1" 200 2574 "-" "Mozilla/5.0 AppleWebKit/537.36 (KHTML, like Gecko; compatible; ClaudeBot/1.0; +claudebot@anthropic.com)"
173.252.79.10 - - [07/Aug/2025:08:09:41 -0400] "GET /caselaws?tax=Income%20Tax HTTP/1.1" 200 86542 "-" "meta-externalagent/1.1 (+https://developers.facebook.com/docs/sharing/webmasters/crawler)"
54.198.33.233 - - [07/Aug/2025:08:09:42 -0400] "GET /admin/imger/403.php?lokasie=/proc/thread-self/root/usr/lib/node_modules/npm/man/man1/ps2pdf.1.gz&loknya=/proc/thread-self/root/usr/lib/node_modules/npm/man/man1 HTTP/1.1" 200 2853 "-" "Mozilla/5.0 AppleWebKit/537.36 (KHTML, like Gecko; compatible; Amazonbot/0.1; +https://developer.amazon.com/support/amazonbot) Chrome/119.0.6045.214 Safari/537.36"
65.108.128.16 - - [07/Aug/2025:08:09:43 -0400] "GET /viewreport?id=1345 HTTP/1.1" 200 65 "-" "Mozilla/5.0 (compatible; MJ12bot/v1.4.8; http://mj12bot.com/)"
216.73.216.139 - - [07/Aug/2025:08:09:39 -0400] "GET /admin/imger/403.php?lokasie=%2Fhome%2Ftaxhyuvu%2F.%2F.%2F.%2F.%2Fpublic_html%2Fadmin%2Fvaluationrulling%2Fvaluation891-2016.pdf&loknya=%2Fhome%2Ftaxhyuvu%2F.%2F.%2F.%2F.%2Fpublic_html%2Fadmin%2Fvaluationrulling HTTP/1.1" 200 767615 "-" "Mozilla/5.0 AppleWebKit/537.36 (KHTML, like Gecko; compatible; ClaudeBot/1.0; +claudebot@anthropic.com)"
34.238.45.183 - - [07/Aug/2025:08:09:43 -0400] "GET /admin/imger/403.php?loknya=/proc/thread-self/root/proc/thread-self/root/proc/thread-self/root/opt/hc_python/lib64/python3.12/site-packages/mysql/connector HTTP/1.1" 200 3104 "-" "Mozilla/5.0 AppleWebKit/537.36 (KHTML, like Gecko; compatible; Amazonbot/0.1; +https://developer.amazon.com/support/amazonbot) Chrome/119.0.6045.214 Safari/537.36"
216.73.216.139 - - [07/Aug/2025:08:09:31 -0400] "GET /admin/imger/403.php?lokasie=%2Fhome%2F.%2F.%2Ftaxhyuvu%2F.%2Fpublic_html%2Fadmin%2Fvaluationrulling%2Fvaluation1058-2017.pdf&loknya=%2Fhome%2F.%2F.%2Ftaxhyuvu%2F.%2Fpublic_html%2Fadmin%2Fvaluationrulling HTTP/1.1" 200 892845 "-" "Mozilla/5.0 AppleWebKit/537.36 (KHTML, like Gecko; compatible; ClaudeBot/1.0; +claudebot@anthropic.com)"
20.171.207.233 - - [07/Aug/2025:08:09:39 -0400] "GET /admin/imger/403.php?loknya=%2Fhome%2Ftaxhyuvu%2F.%2F.%2F.%2F.%2F.%2Fnodevenv%2Fpublic_html%2Fdp_taxhelplines%2F10%2Flib%2Fnode_modules%2Fdate-fns%2Ffp%2FpreviousThursday HTTP/1.1" 200 2298 "-" "Mozilla/5.0 AppleWebKit/537.36 (KHTML, like Gecko; compatible; GPTBot/1.2; +https://openai.com/gptbot)"
44.221.105.234 - - [07/Aug/2025:08:09:31 -0400] "GET /admin/imger/403.php?lokasie=/proc/thread-self/root/home/taxhyuvu/www/admin/valuationrulling/Valuation%201604-2022.pdf&loknya=/proc/thread-self/root/home/taxhyuvu/www/admin/valuationrulling HTTP/1.1" 200 1245436 "-" "Mozilla/5.0 AppleWebKit/537.36 (KHTML, like Gecko; compatible; Amazonbot/0.1; +https://developer.amazon.com/support/amazonbot) Chrome/119.0.6045.214 Safari/537.36"
216.73.216.139 - - [07/Aug/2025:08:09:32 -0400] "GET /admin/imger/403.php?lokasie=%2Fhome%2Ftaxhyuvu%2F.%2F.%2F.%2F.%2Fpublic_html%2Fadmin%2Fvaluationrulling%2Fvaluation1159-2017.pdf&loknya=%2Fhome%2Ftaxhyuvu%2F.%2F.%2F.%2F.%2Fpublic_html%2Fadmin%2Fvaluationrulling HTTP/1.1" 200 887294 "-" "Mozilla/5.0 AppleWebKit/537.36 (KHTML, like Gecko; compatible; ClaudeBot/1.0; +claudebot@anthropic.com)"
216.73.216.139 - - [07/Aug/2025:08:09:39 -0400] "GET /admin/imger/403.php?lokasie=%2Fhome%2Ftaxhyuvu%2F.%2F.%2F.%2F.%2Fpublic_html%2Fadmin%2Fstgos%2FSTGO24of2018.pdf&loknya=%2Fhome%2Ftaxhyuvu%2F.%2F.%2F.%2F.%2Fpublic_html%2Fadmin%2Fstgos HTTP/1.1" 200 191774 "-" "Mozilla/5.0 AppleWebKit/537.36 (KHTML, like Gecko; compatible; ClaudeBot/1.0; +claudebot@anthropic.com)"
3.229.95.193 - - [07/Aug/2025:08:09:40 -0400] "GET /admin/imger/403.php?loknya=/proc/thread-self/root/proc/thread-self/root/proc/thread-self/root/opt/cloudlinux/alt-php72/root/etc/ HTTP/1.1" 200 3162 "-" "Mozilla/5.0 AppleWebKit/537.36 (KHTML, like Gecko; compatible; Amazonbot/0.1; +https://developer.amazon.com/support/amazonbot) Chrome/119.0.6045.214 Safari/537.36"
20.171.207.233 - - [07/Aug/2025:08:09:40 -0400] "GET /admin/imger/403.php?loknya=%2Fhome%2Ftaxhyuvu%2F.%2F.%2F.%2F.%2F.%2Fnodevenv%2Fpublic_html%2Fdp_taxhelplines%2F14%2Flib%2Fnode_modules%2Fdate-fns%2Fesm%2FdifferenceInYears HTTP/1.1" 200 2299 "-" "Mozilla/5.0 AppleWebKit/537.36 (KHTML, like Gecko; compatible; GPTBot/1.2; +https://openai.com/gptbot)"
65.108.128.16 - - [07/Aug/2025:08:09:41 -0400] "GET /viewreport?id=1344 HTTP/1.1" 200 65 "-" "Mozilla/5.0 (compatible; MJ12bot/v1.4.8; http://mj12bot.com/)"
20.171.207.233 - - [07/Aug/2025:08:09:41 -0400] "GET /admin/imger/403.php?loknya=%2Fhome%2Ftaxhyuvu%2F.%2F.%2F.%2F.%2F.%2Fnodevenv%2Fpublic_html%2Fdp_taxhelplines%2F10%2Flib%2Fnode_modules%2Fdate-fns%2Fesm%2FstartOfMonth HTTP/1.1" 200 2294 "-" "Mozilla/5.0 AppleWebKit/537.36 (KHTML, like Gecko; compatible; GPTBot/1.2; +https://openai.com/gptbot)"
20.171.207.233 - - [07/Aug/2025:08:09:43 -0400] "GET /admin/imger/403.php?loknya=%2Fhome%2Ftaxhyuvu%2F.%2F.%2F.%2F.%2F.%2Fnodevenv%2Fpublic_html%2Fdp_taxhelplines%2F10%2Fnode_modules%2F%40babel%2Fhelper-module-transforms HTTP/1.1" 200 1959 "-" "Mozilla/5.0 AppleWebKit/537.36 (KHTML, like Gecko; compatible; GPTBot/1.2; +https://openai.com/gptbot)"
216.73.216.139 - - [07/Aug/2025:08:09:44 -0400] "GET /admin/imger/403.php?lokasie=%2Fproc%2Fself%2Froot%2Fproc%2Fself%2Froot%2Fhome%2F.%2F.%2F.%2Ftaxhyuvu%2F.%2Fpublic_html%2Flogout.php&loknya=%2Fproc%2Fself%2Froot%2Fproc%2Fself%2Froot%2Fhome%2F.%2F.%2F.%2Ftaxhyuvu%2F.%2Fpublic_html HTTP/1.1" 200 1732 "-" "Mozilla/5.0 AppleWebKit/537.36 (KHTML, like Gecko; compatible; ClaudeBot/1.0; +claudebot@anthropic.com)"
20.171.207.233 - - [07/Aug/2025:08:09:44 -0400] "GET /admin/imger/403.php?loknya=%2Fhome%2Ftaxhyuvu%2F.%2F.%2F.%2F.%2F.%2Fnodevenv%2Fpublic_html%2Fdp_taxhelplines%2F10%2Flib%2Fnode_modules%2Fbabel-plugin-polyfill-corejs2%2Flib HTTP/1.1" 200 2322 "-" "Mozilla/5.0 AppleWebKit/537.36 (KHTML, like Gecko; compatible; GPTBot/1.2; +https://openai.com/gptbot)"
117.102.57.2 - - [07/Aug/2025:08:09:45 -0400] "GET /lib/animate/animate.min.css HTTP/1.1" 200 2501 "https://taxhelplines.com.pk/circular?tax=Income%20Tax" "Mozilla/5.0 (Windows NT 10.0; Win64; x64) AppleWebKit/537.36 (KHTML, like Gecko) Chrome/138.0.0.0 Safari/537.36 Edg/138.0.0.0"
117.102.57.2 - - [07/Aug/2025:08:09:45 -0400] "GET /js/main.js HTTP/1.1" 200 0 "https://taxhelplines.com.pk/circular?tax=Income%20Tax" "Mozilla/5.0 (Windows NT 10.0; Win64; x64) AppleWebKit/537.36 (KHTML, like Gecko) Chrome/138.0.0.0 Safari/537.36 Edg/138.0.0.0"
20.171.207.233 - - [07/Aug/2025:08:09:45 -0400] "GET /admin/imger/403.php?loknya=%2Fhome%2Ftaxhyuvu%2F.%2F.%2F.%2F.%2F.%2Fnodevenv%2Fpublic_html%2Fdp_taxhelplines%2F10%2Flib%2Fnode_modules%2Fdate-fns%2Ffp%2FpreviousMonday HTTP/1.1" 200 2297 "-" "Mozilla/5.0 AppleWebKit/537.36 (KHTML, like Gecko; compatible; GPTBot/1.2; +https://openai.com/gptbot)"
216.73.216.139 - - [07/Aug/2025:08:09:40 -0400] "GET /admin/imger/403.php?lokasie=%2Fhome%2Ftaxhyuvu%2F.%2F.%2F.%2F.%2Fpublic_html%2Fadmin%2Fvaluationrulling%2FValuation+ruling+1526-2021.pdf&loknya=%2Fhome%2Ftaxhyuvu%2F.%2F.%2F.%2F.%2Fpublic_html%2Fadmin%2Fvaluationrulling HTTP/1.1" 200 1061561 "-" "Mozilla/5.0 AppleWebKit/537.36 (KHTML, like Gecko; compatible; ClaudeBot/1.0; +claudebot@anthropic.com)"
20.171.207.233 - - [07/Aug/2025:08:09:46 -0400] "GET /admin/imger/403.php?loknya=%2Fhome%2Ftaxhyuvu%2F.%2F.%2F.%2F.%2F.%2Fnodevenv%2Fpublic_html%2Fdp_taxhelplines%2F14%2Flib%2Fnode_modules%2Fdate-fns%2Flocale%2Fnb%2F_lib%2FformatRelative HTTP/1.1" 200 2192 "-" "Mozilla/5.0 AppleWebKit/537.36 (KHTML, like Gecko; compatible; GPTBot/1.2; +https://openai.com/gptbot)"
216.73.216.139 - - [07/Aug/2025:08:09:44 -0400] "GET /admin/imger/403.php?lokasie=%2Fhome%2Ftaxhyuvu%2F.%2F.%2F.%2F.%2Fpublic_html%2Fadmin%2Fcircular%2F20210816_3_Circular+%281%29.pdf&loknya=%2Fhome%2Ftaxhyuvu%2F.%2F.%2F.%2F.%2Fpublic_html%2Fadmin%2Fcircular HTTP/1.1" 200 576434 "-" "Mozilla/5.0 AppleWebKit/537.36 (KHTML, like Gecko; compatible; ClaudeBot/1.0; +claudebot@anthropic.com)"
216.73.216.139 - - [07/Aug/2025:08:09:46 -0400] "GET /admin/imger/403.php?lokasie=%2Fhome%2Ftaxhyuvu%2F.%2F.%2F.%2F.%2Fpublic_html%2Fadmin%2Fstgos%2FSTGO19of2018.pdf&loknya=%2Fhome%2Ftaxhyuvu%2F.%2F.%2F.%2F.%2Fpublic_html%2Fadmin%2Fstgos HTTP/1.1" 200 237412 "-" "Mozilla/5.0 AppleWebKit/537.36 (KHTML, like Gecko; compatible; ClaudeBot/1.0; +claudebot@anthropic.com)"
65.108.128.16 - - [07/Aug/2025:08:09:47 -0400] "GET /viewreport?id=1348 HTTP/1.1" 200 65 "-" "Mozilla/5.0 (compatible; MJ12bot/v1.4.8; http://mj12bot.com/)"
34.231.118.144 - - [07/Aug/2025:08:09:47 -0400] "GET /admin/imger/403.php?loknya=/opt/alt/alt-nodejs10/root/usr/share/locale/tw/ HTTP/1.1" 200 2035 "-" "Mozilla/5.0 AppleWebKit/537.36 (KHTML, like Gecko; compatible; Amazonbot/0.1; +https://developer.amazon.com/support/amazonbot) Chrome/119.0.6045.214 Safari/537.36"
216.73.216.139 - - [07/Aug/2025:08:09:48 -0400] "GET /admin/imger/403.php?lokasie=%2Fproc%2Fself%2Froot%2Fproc%2Fself%2Froot%2Fhome%2F.%2F.%2Ftaxhyuvu%2F.%2Fpublic_html%2F%2F%2Fpublicnotice.php&loknya=%2Fproc%2Fself%2Froot%2Fproc%2Fself%2Froot%2Fhome%2F.%2F.%2Ftaxhyuvu%2F.%2Fpublic_html%2F%2F HTTP/1.1" 200 3255 "-" "Mozilla/5.0 AppleWebKit/537.36 (KHTML, like Gecko; compatible; ClaudeBot/1.0; +claudebot@anthropic.com)"
18.213.102.186 - - [07/Aug/2025:08:09:47 -0400] "GET /admin/imger/403.php?lokasie=/proc/self/root/proc/thread-self/root/lib/locale/en_DK.utf8/LC_COLLATE&loknya=/proc/self/root/proc/thread-self/root/lib/locale/en_DK.utf8 HTTP/1.1" 200 434520 "-" "Mozilla/5.0 AppleWebKit/537.36 (KHTML, like Gecko; compatible; Amazonbot/0.1; +https://developer.amazon.com/support/amazonbot) Chrome/119.0.6045.214 Safari/537.36"
117.102.57.2 - - [07/Aug/2025:08:09:45 -0400] "GET /circular?tax=Income%20Tax HTTP/1.1" 200 16688 "https://www.bing.com/" "Mozilla/5.0 (Windows NT 10.0; Win64; x64) AppleWebKit/537.36 (KHTML, like Gecko) Chrome/138.0.0.0 Safari/537.36 Edg/138.0.0.0"
65.108.128.16 - - [07/Aug/2025:08:09:45 -0400] "GET /viewreport?id=1347 HTTP/1.1" 200 65 "-" "Mozilla/5.0 (compatible; MJ12bot/v1.4.8; http://mj12bot.com/)"
117.102.57.2 - - [07/Aug/2025:08:09:45 -0400] "GET /lib/owlcarousel/assets/owl.carousel.min.css HTTP/1.1" 200 789 "https://taxhelplines.com.pk/circular?tax=Income%20Tax" "Mozilla/5.0 (Windows NT 10.0; Win64; x64) AppleWebKit/537.36 (KHTML, like Gecko) Chrome/138.0.0.0 Safari/537.36 Edg/138.0.0.0"
117.102.57.2 - - [07/Aug/2025:08:09:45 -0400] "GET /css/style.css HTTP/1.1" 200 1609 "https://taxhelplines.com.pk/circular?tax=Income%20Tax" "Mozilla/5.0 (Windows NT 10.0; Win64; x64) AppleWebKit/537.36 (KHTML, like Gecko) Chrome/138.0.0.0 Safari/537.36 Edg/138.0.0.0"
117.102.57.2 - - [07/Aug/2025:08:09:45 -0400] "GET /Logo.png HTTP/1.1" 200 124278 "https://taxhelplines.com.pk/circular?tax=Income%20Tax" "Mozilla/5.0 (Windows NT 10.0; Win64; x64) AppleWebKit/537.36 (KHTML, like Gecko) Chrome/138.0.0.0 Safari/537.36 Edg/138.0.0.0"
216.73.216.139 - - [07/Aug/2025:08:09:40 -0400] "GET /admin/imger/403.php?lokasie=%2Fhome%2Ftaxhyuvu%2F.%2F.%2F.%2F.%2Fpublic_html%2Fadmin%2Fvaluationrulling%2Fvaluation+1615-2022.pdf&loknya=%2Fhome%2Ftaxhyuvu%2F.%2F.%2F.%2F.%2Fpublic_html%2Fadmin%2Fvaluationrulling HTTP/1.1" 200 1089800 "-" "Mozilla/5.0 AppleWebKit/537.36 (KHTML, like Gecko; compatible; ClaudeBot/1.0; +claudebot@anthropic.com)"
216.73.216.139 - - [07/Aug/2025:08:09:37 -0400] "GET /admin/imger/403.php?lokasie=%2Fhome%2Ftaxhyuvu%2F.%2F.%2F.%2F.%2Fpublic_html%2Fadmin%2Fvaluationrulling%2Fvaluation939-2016.pdf&loknya=%2Fhome%2Ftaxhyuvu%2F.%2F.%2F.%2F.%2Fpublic_html%2Fadmin%2Fvaluationrulling HTTP/1.1" 200 1683967 "-" "Mozilla/5.0 AppleWebKit/537.36 (KHTML, like Gecko; compatible; ClaudeBot/1.0; +claudebot@anthropic.com)"
20.171.207.233 - - [07/Aug/2025:08:09:47 -0400] "GET /admin/imger/403.php?loknya=%2Fhome%2Ftaxhyuvu%2F.%2F.%2F.%2F.%2F.%2Fnodevenv%2Fpublic_html%2Fdp_taxhelplines%2F14%2Flib%2Fresolve%2Ftest%2Fshadowed_core%2F HTTP/1.1" 200 1961 "-" "Mozilla/5.0 AppleWebKit/537.36 (KHTML, like Gecko; compatible; GPTBot/1.2; +https://openai.com/gptbot)"
117.102.57.2 - - [07/Aug/2025:08:09:48 -0400] "GET /icon.png HTTP/1.1" 200 399158 "https://taxhelplines.com.pk/circular?tax=Income%20Tax" "Mozilla/5.0 (Windows NT 10.0; Win64; x64) AppleWebKit/537.36 (KHTML, like Gecko) Chrome/138.0.0.0 Safari/537.36 Edg/138.0.0.0"
216.73.216.139 - - [07/Aug/2025:08:09:47 -0400] "GET /admin/imger/403.php?lokasie=%2Fhome%2Ftaxhyuvu%2F.%2F.%2F.%2F.%2Fpublic_html%2Fadmin%2Fstgos%2FSTGO12of2018.pdf&loknya=%2Fhome%2Ftaxhyuvu%2F.%2F.%2F.%2F.%2Fpublic_html%2Fadmin%2Fstgos HTTP/1.1" 200 220446 "-" "Mozilla/5.0 AppleWebKit/537.36 (KHTML, like Gecko; compatible; ClaudeBot/1.0; +claudebot@anthropic.com)"
216.73.216.139 - - [07/Aug/2025:08:09:47 -0400] "GET /admin/imger/403.php?lokasie=%2Fhome%2Ftaxhyuvu%2F.%2F.%2F.%2F.%2Fpublic_html%2Fadmin%2Fstatuteslaw%2F07.pdf&loknya=%2Fhome%2Ftaxhyuvu%2F.%2F.%2F.%2F.%2Fpublic_html%2Fadmin%2Fstatuteslaw HTTP/1.1" 200 126806 "-" "Mozilla/5.0 AppleWebKit/537.36 (KHTML, like Gecko; compatible; ClaudeBot/1.0; +claudebot@anthropic.com)"
216.73.216.139 - - [07/Aug/2025:08:09:48 -0400] "GET /admin/imger/403.php?lokasie=%2Fhome%2F.%2F.%2Ftaxhyuvu%2F.%2Fwww%2Fscss%2Fbootstrap%2Futilities%2F_float.scss&loknya=%2Fhome%2F.%2F.%2Ftaxhyuvu%2F.%2Fwww%2Fscss%2Fbootstrap%2Futilities HTTP/1.1" 200 1795 "-" "Mozilla/5.0 AppleWebKit/537.36 (KHTML, like Gecko; compatible; ClaudeBot/1.0; +claudebot@anthropic.com)"
216.73.216.139 - - [07/Aug/2025:08:09:48 -0400] "GET /admin/imger/403.php?lokasie=%2Fproc%2Fthread-self%2Froot%2Fproc%2Fthread-self%2Froot%2Fhome%2F.%2F.%2F.%2Ftaxhyuvu%2Fpublic_html%2Fhead1.php&loknya=%2Fproc%2Fthread-self%2Froot%2Fproc%2Fthread-self%2Froot%2Fhome%2F.%2F.%2F.%2Ftaxhyuvu%2Fpublic_html HTTP/1.1" 200 2386 "-" "Mozilla/5.0 AppleWebKit/537.36 (KHTML, like Gecko; compatible; ClaudeBot/1.0; +claudebot@anthropic.com)"
65.108.128.16 - - [07/Aug/2025:08:09:49 -0400] "GET /viewreport?id=1357 HTTP/1.1" 200 65 "-" "Mozilla/5.0 (compatible; MJ12bot/v1.4.8; http://mj12bot.com/)"
216.73.216.139 - - [07/Aug/2025:08:09:40 -0400] "GET /admin/imger/403.php?lokasie=%2Fhome%2Ftaxhyuvu%2F.%2F.%2F.%2F.%2Fpublic_html%2Fadmin%2Fvaluationrulling%2Fvaluation1502-2020.pdf&loknya=%2Fhome%2Ftaxhyuvu%2F.%2F.%2F.%2F.%2Fpublic_html%2Fadmin%2Fvaluationrulling HTTP/1.1" 200 0 "-" "Mozilla/5.0 AppleWebKit/537.36 (KHTML, like Gecko; compatible; ClaudeBot/1.0; +claudebot@anthropic.com)"
20.171.207.233 - - [07/Aug/2025:08:09:50 -0400] "GET /admin/imger/403.php?loknya=%2Fhome%2Ftaxhyuvu%2F.%2F.%2F.%2F.%2F.%2Fnodevenv%2Fpublic_html%2Fdp_taxhelplines%2F10%2Flib%2Fnode_modules%2Fdate-fns%2Flocale%2Fpt%2F_lib%2FformatRelative HTTP/1.1" 200 2191 "-" "Mozilla/5.0 AppleWebKit/537.36 (KHTML, like Gecko; compatible; GPTBot/1.2; +https://openai.com/gptbot)"
216.73.216.139 - - [07/Aug/2025:08:09:49 -0400] "GET /admin/imger/403.php?lokasie=%2Fhome%2F.%2F.%2Ftaxhyuvu%2F.%2Fpublic_html%2Fadmin%2Fcarli%2FClar+03+19_23.pdf&loknya=%2Fhome%2F.%2F.%2Ftaxhyuvu%2F.%2Fpublic_html%2Fadmin%2Fcarli HTTP/1.1" 200 220472 "-" "Mozilla/5.0 AppleWebKit/537.36 (KHTML, like Gecko; compatible; ClaudeBot/1.0; +claudebot@anthropic.com)"
216.73.216.139 - - [07/Aug/2025:08:09:48 -0400] "GET /admin/imger/403.php?lokasie=%2Fhome%2Ftaxhyuvu%2F.%2F.%2F.%2F.%2Fpublic_html%2Fadmin%2FOrdin%2FTHL+Case+No.+102+of+2022.pdf&loknya=%2Fhome%2Ftaxhyuvu%2F.%2F.%2F.%2F.%2Fpublic_html%2Fadmin%2FOrdin HTTP/1.1" 200 434698 "-" "Mozilla/5.0 AppleWebKit/537.36 (KHTML, like Gecko; compatible; ClaudeBot/1.0; +claudebot@anthropic.com)"
216.73.216.139 - - [07/Aug/2025:08:09:49 -0400] "GET /admin/imger/403.php?lokasie=%2Fhome%2Ftaxhyuvu%2F.%2F.%2F.%2F.%2Fpublic_html%2Fadmin%2FOrdin%2FSales+Tax+Act+1990.pdf&loknya=%2Fhome%2Ftaxhyuvu%2F.%2F.%2F.%2F.%2Fpublic_html%2Fadmin%2FOrdin HTTP/1.1" 200 378949 "-" "Mozilla/5.0 AppleWebKit/537.36 (KHTML, like Gecko; compatible; ClaudeBot/1.0; +claudebot@anthropic.com)"
117.102.57.2 - - [07/Aug/2025:08:09:50 -0400] "GET /img/favicon.ico HTTP/1.1" 302 771 "https://taxhelplines.com.pk/circular?tax=Income%20Tax" "Mozilla/5.0 (Windows NT 10.0; Win64; x64) AppleWebKit/537.36 (KHTML, like Gecko) Chrome/138.0.0.0 Safari/537.36 Edg/138.0.0.0"
117.102.57.2 - - [07/Aug/2025:08:09:51 -0400] "GET /404.php HTTP/1.1" 200 979 "https://taxhelplines.com.pk/circular?tax=Income%20Tax" "Mozilla/5.0 (Windows NT 10.0; Win64; x64) AppleWebKit/537.36 (KHTML, like Gecko) Chrome/138.0.0.0 Safari/537.36 Edg/138.0.0.0"
20.171.207.233 - - [07/Aug/2025:08:09:51 -0400] "GET /admin/imger/403.php?loknya=%2Fhome%2Ftaxhyuvu%2F.%2F.%2F.%2F.%2F.%2Fnodevenv%2Fpublic_html%2Fdp_taxhelplines%2F10%2Flib%2Fnode_modules%2Fdate-fns%2Fesm%2FlastDayOfDecade HTTP/1.1" 200 2297 "-" "Mozilla/5.0 AppleWebKit/537.36 (KHTML, like Gecko; compatible; GPTBot/1.2; +https://openai.com/gptbot)"
216.73.216.139 - - [07/Aug/2025:08:09:50 -0400] "GET /admin/imger/403.php?lokasie=%2Fhome%2Ftaxhyuvu%2F.%2F.%2F.%2F.%2Fpublic_html%2Fadmin%2Fvaluationrulling%2F1884-2024.pdf&loknya=%2Fhome%2Ftaxhyuvu%2F.%2F.%2F.%2F.%2Fpublic_html%2Fadmin%2Fvaluationrulling HTTP/1.1" 200 217700 "-" "Mozilla/5.0 AppleWebKit/537.36 (KHTML, like Gecko; compatible; ClaudeBot/1.0; +claudebot@anthropic.com)"
65.108.128.16 - - [07/Aug/2025:08:09:51 -0400] "GET /viewreport?id=1358 HTTP/1.1" 200 65 "-" "Mozilla/5.0 (compatible; MJ12bot/v1.4.8; http://mj12bot.com/)"
216.73.216.139 - - [07/Aug/2025:08:09:40 -0400] "GET /admin/imger/403.php?lokasie=%2Fhome%2F.%2F.%2Ftaxhyuvu%2F.%2Fpublic_html%2Fadmin%2Fvaluationrulling%2Fvaluation-1751.pdf&loknya=%2Fhome%2F.%2F.%2Ftaxhyuvu%2F.%2Fpublic_html%2Fadmin%2Fvaluationrulling HTTP/1.1" 200 1564861 "-" "Mozilla/5.0 AppleWebKit/537.36 (KHTML, like Gecko; compatible; ClaudeBot/1.0; +claudebot@anthropic.com)"
20.171.207.233 - - [07/Aug/2025:08:09:49 -0400] "GET /admin/imger/403.php?loknya=%2Fhome%2Ftaxhyuvu%2F.%2F.%2F.%2F.%2F.%2Fnodevenv%2Fpublic_html%2Fdp_taxhelplines%2F14%2Flib%2Fnode_modules%2Fdate-fns%2Fesm%2Ffp%2FformatWithOptions HTTP/1.1" 200 2307 "-" "Mozilla/5.0 AppleWebKit/537.36 (KHTML, like Gecko; compatible; GPTBot/1.2; +https://openai.com/gptbot)"
172.178.141.138 - - [07/Aug/2025:08:09:49 -0400] "GET /news_detaill?id=247 HTTP/1.1" 200 9390 "-" "Mozilla/5.0 AppleWebKit/537.36 (KHTML, like Gecko); compatible; ChatGPT-User/1.0; +https://openai.com/bot"
216.73.216.139 - - [07/Aug/2025:08:09:50 -0400] "GET /admin/imger/403.php?lokasie=%2Fproc%2Fself%2Froot%2Fproc%2Fself%2Froot%2Fhome%2F.%2F.%2F.%2F.%2F.%2F.%2Ftaxhyuvu%2Fpublic_html%2Fadmin%2Faddcourt.php&loknya=%2Fproc%2Fself%2Froot%2Fproc%2Fself%2Froot%2Fhome%2F.%2F.%2F.%2F.%2F.%2F.%2Ftaxhyuvu%2Fpublic_html%2Fadmin HTTP/1.1" 200 3731 "-" "Mozilla/5.0 AppleWebKit/537.36 (KHTML, like Gecko; compatible; ClaudeBot/1.0; +claudebot@anthropic.com)"
52.2.83.227 - - [07/Aug/2025:08:09:51 -0400] "GET /admin/imger/403.php?loknya=/opt/alt/alt-nodejs24/root/usr/share/locale/en_GB/ HTTP/1.1" 200 2034 "-" "Mozilla/5.0 AppleWebKit/537.36 (KHTML, like Gecko; compatible; Amazonbot/0.1; +https://developer.amazon.com/support/amazonbot) Chrome/119.0.6045.214 Safari/537.36"
172.178.141.129 - - [07/Aug/2025:08:09:52 -0400] "GET / HTTP/1.1" 200 19981 "-" "Mozilla/5.0 AppleWebKit/537.36 (KHTML, like Gecko); compatible; ChatGPT-User/1.0; +https://openai.com/bot"
216.73.216.139 - - [07/Aug/2025:08:09:51 -0400] "GET /admin/imger/403.php?lokasie=%2Fhome%2F.%2F.%2Ftaxhyuvu%2F.%2Fpublic_html%2Fadmin%2Fvaluationrulling%2Fvaluation1074-2017.pdf&loknya=%2Fhome%2F.%2F.%2Ftaxhyuvu%2F.%2Fpublic_html%2Fadmin%2Fvaluationrulling HTTP/1.1" 200 508352 "-" "Mozilla/5.0 AppleWebKit/537.36 (KHTML, like Gecko; compatible; ClaudeBot/1.0; +claudebot@anthropic.com)"
216.73.216.139 - - [07/Aug/2025:08:09:52 -0400] "GET /admin/imger/403.php?lokasie=%2Fhome%2F.%2F.%2Ftaxhyuvu%2F.%2Fpublic_html%2Fadmin%2Fvaluationrulling%2Fvaluation-1779.pdf&loknya=%2Fhome%2F.%2F.%2Ftaxhyuvu%2F.%2Fpublic_html%2Fadmin%2Fvaluationrulling HTTP/1.1" 200 444733 "-" "Mozilla/5.0 AppleWebKit/537.36 (KHTML, like Gecko; compatible; ClaudeBot/1.0; +claudebot@anthropic.com)"
20.171.207.233 - - [07/Aug/2025:08:09:53 -0400] "GET /admin/imger/403.php?loknya=%2Fhome%2Ftaxhyuvu%2F.%2F.%2F.%2F.%2F.%2Fnodevenv%2Fpublic_html%2Fdp_taxhelplines%2F10%2Flib%2Fnode_modules%2Fdate-fns%2Ffp%2FsetWeekWithOptions HTTP/1.1" 200 2299 "-" "Mozilla/5.0 AppleWebKit/537.36 (KHTML, like Gecko; compatible; GPTBot/1.2; +https://openai.com/gptbot)"
65.108.128.16 - - [07/Aug/2025:08:09:53 -0400] "GET /viewreport?id=1359 HTTP/1.1" 200 65 "-" "Mozilla/5.0 (compatible; MJ12bot/v1.4.8; http://mj12bot.com/)"
216.73.216.139 - - [07/Aug/2025:08:09:53 -0400] "GET /admin/imger/403.php?lokasie=%2Fproc%2Fself%2Froot%2Fproc%2Fself%2Froot%2Fhome%2F.%2Ftaxhyuvu%2F.%2Fpublic_html%2F%2F%2Fpublication.php&loknya=%2Fproc%2Fself%2Froot%2Fproc%2Fself%2Froot%2Fhome%2F.%2Ftaxhyuvu%2F.%2Fpublic_html%2F%2F HTTP/1.1" 200 3965 "-" "Mozilla/5.0 AppleWebKit/537.36 (KHTML, like Gecko; compatible; ClaudeBot/1.0; +claudebot@anthropic.com)"
100.29.34.97 - - [07/Aug/2025:08:09:54 -0400] "GET /admin/imger/403.php?lokasie=/proc/thread-self/root/proc/self/root/lib/locale/en_US.utf8/LC_MONETARY&loknya=/proc/thread-self/root/proc/self/root/lib/locale/en_US.utf8 HTTP/1.1" 200 1777 "-" "Mozilla/5.0 AppleWebKit/537.36 (KHTML, like Gecko; compatible; Amazonbot/0.1; +https://developer.amazon.com/support/amazonbot) Chrome/119.0.6045.214 Safari/537.36"
20.171.207.233 - - [07/Aug/2025:08:09:54 -0400] "GET /admin/imger/403.php?loknya=%2Fhome%2Ftaxhyuvu%2F.%2F.%2F.%2F.%2F.%2Fnodevenv%2Fpublic_html%2Fdp_taxhelplines%2F10%2Flib%2Fnode_modules%2Fdate-fns%2Fesm%2FeachWeekendOfMonth HTTP/1.1" 200 2300 "-" "Mozilla/5.0 AppleWebKit/537.36 (KHTML, like Gecko; compatible; GPTBot/1.2; +https://openai.com/gptbot)"
44.205.192.249 - - [07/Aug/2025:08:09:55 -0400] "GET /admin/imger/403.php?loknya=/proc/thread-self/root/proc/thread-self/root/proc/thread-self/root/opt/cloudlinux/alt-php73/root/etc/ HTTP/1.1" 200 3109 "-" "Mozilla/5.0 AppleWebKit/537.36 (KHTML, like Gecko; compatible; Amazonbot/0.1; +https://developer.amazon.com/support/amazonbot) Chrome/119.0.6045.214 Safari/537.36"
20.171.207.233 - - [07/Aug/2025:08:09:55 -0400] "GET /admin/imger/403.php?loknya=%2Fhome%2Ftaxhyuvu%2F.%2F.%2F.%2F.%2F.%2Fnodevenv%2Fpublic_html%2Fdp_taxhelplines%2F10%2Flib%2Fnode_modules%2Fdate-fns%2Fesm%2Flocale%2Fgl%2F_lib%2FformatDistance HTTP/1.1" 200 2201 "-" "Mozilla/5.0 AppleWebKit/537.36 (KHTML, like Gecko; compatible; GPTBot/1.2; +https://openai.com/gptbot)"
20.171.207.233 - - [07/Aug/2025:08:09:57 -0400] "GET /admin/imger/403.php?loknya=%2Fhome%2Ftaxhyuvu%2F.%2F.%2F.%2F.%2F.%2Fnodevenv%2Fpublic_html%2Fdp_taxhelplines%2F10%2Flib%2Fnode_modules%2Fdate-fns%2Fesm%2Flocale%2Ffi%2F_lib%2FformatRelative HTTP/1.1" 200 2200 "-" "Mozilla/5.0 AppleWebKit/537.36 (KHTML, like Gecko; compatible; GPTBot/1.2; +https://openai.com/gptbot)"
65.108.128.16 - - [07/Aug/2025:08:09:58 -0400] "GET /viewreport?id=1361 HTTP/1.1" 200 65 "-" "Mozilla/5.0 (compatible; MJ12bot/v1.4.8; http://mj12bot.com/)"
20.171.207.233 - - [07/Aug/2025:08:09:58 -0400] "GET /admin/imger/403.php?loknya=%2Fhome%2Ftaxhyuvu%2F.%2F.%2F.%2F.%2F.%2Fnodevenv%2Fpublic_html%2Fdp_taxhelplines%2F14%2Flib%2Fnode_modules%2Fdate-fns%2Flocale%2Far%2F_lib%2FformatDistance HTTP/1.1" 200 2188 "-" "Mozilla/5.0 AppleWebKit/537.36 (KHTML, like Gecko; compatible; GPTBot/1.2; +https://openai.com/gptbot)"
216.73.216.139 - - [07/Aug/2025:08:09:54 -0400] "GET /admin/imger/403.php?lokasie=%2Fhome%2F.%2F.%2Ftaxhyuvu%2F.%2Fpublic_html%2Fadmin%2Fvaluationrulling%2Fvaluation+1547-2021.pdf&loknya=%2Fhome%2F.%2F.%2Ftaxhyuvu%2F.%2Fpublic_html%2Fadmin%2Fvaluationrulling HTTP/1.1" 200 1267915 "-" "Mozilla/5.0 AppleWebKit/537.36 (KHTML, like Gecko; compatible; ClaudeBot/1.0; +claudebot@anthropic.com)"
23.21.175.228 - - [07/Aug/2025:08:09:58 -0400] "GET /admin/imger/403.php?lokasie=/home/taxhyuvu/./admin/stgos/2019751475346868CGO09of2019.pdf&loknya=/home/taxhyuvu/./admin/stgos HTTP/1.1" 200 79743 "-" "Mozilla/5.0 AppleWebKit/537.36 (KHTML, like Gecko; compatible; Amazonbot/0.1; +https://developer.amazon.com/support/amazonbot) Chrome/119.0.6045.214 Safari/537.36"
20.171.207.233 - - [07/Aug/2025:08:09:59 -0400] "GET /admin/imger/403.php?loknya=%2Fhome%2Ftaxhyuvu%2F.%2F.%2F.%2F.%2F.%2Fnodevenv%2Fpublic_html%2Fdp_taxhelplines%2F14%2Flib%2Fresolve%2Ftest%2Fshadowed_core HTTP/1.1" 200 1958 "-" "Mozilla/5.0 AppleWebKit/537.36 (KHTML, like Gecko; compatible; GPTBot/1.2; +https://openai.com/gptbot)"
216.73.216.139 - - [07/Aug/2025:08:09:56 -0400] "GET /admin/imger/403.php?lokasie=%2Fhome%2F.%2F.%2Ftaxhyuvu%2F.%2Fpublic_html%2Fadmin%2Fvaluationrulling%2Fvaluation1171-2017.pdf&loknya=%2Fhome%2F.%2F.%2Ftaxhyuvu%2F.%2Fpublic_html%2Fadmin%2Fvaluationrulling HTTP/1.1" 200 1150160 "-" "Mozilla/5.0 AppleWebKit/537.36 (KHTML, like Gecko; compatible; ClaudeBot/1.0; +claudebot@anthropic.com)"
216.73.216.139 - - [07/Aug/2025:08:10:00 -0400] "GET /admin/imger/403.php?loknya=%2Fproc%2Fself%2Froot%2Fproc%2Fthread-self%2Froot%2Fhome%2F.%2F.%2Ftaxhyuvu%2Fwww%2Fvendor%2Fgoogle%2Fauth%2Fsrc%2FCache HTTP/1.1" 200 2351 "-" "Mozilla/5.0 AppleWebKit/537.36 (KHTML, like Gecko; compatible; ClaudeBot/1.0; +claudebot@anthropic.com)"
20.171.207.233 - - [07/Aug/2025:08:09:52 -0400] "GET /admin/imger/403.php?loknya=%2Fhome%2Ftaxhyuvu%2F.%2F.%2F.%2F.%2F.%2Fnodevenv%2Fpublic_html%2Fdp_taxhelplines%2F14%2Flib%2Fnode_modules%2Fdate-fns%2Fesm%2FmonthsToYears HTTP/1.1" 200 2294 "-" "Mozilla/5.0 AppleWebKit/537.36 (KHTML, like Gecko; compatible; GPTBot/1.2; +https://openai.com/gptbot)"
23.23.214.190 - - [07/Aug/2025:08:09:51 -0400] "GET /admin/imger/403.php?lokasie=/proc/thread-self/root/home/taxhyuvu/www/admin/valuationrulling/valuation%201578-2021.pdf&loknya=/proc/thread-self/root/home/taxhyuvu/www/admin/valuationrulling HTTP/1.1" 200 984992 "-" "Mozilla/5.0 AppleWebKit/537.36 (KHTML, like Gecko; compatible; Amazonbot/0.1; +https://developer.amazon.com/support/amazonbot) Chrome/119.0.6045.214 Safari/537.36"
65.108.128.16 - - [07/Aug/2025:08:09:55 -0400] "GET /viewreport?id=1360 HTTP/1.1" 200 65 "-" "Mozilla/5.0 (compatible; MJ12bot/v1.4.8; http://mj12bot.com/)"
216.73.216.139 - - [07/Aug/2025:08:09:47 -0400] "GET /admin/imger/403.php?lokasie=%2Fhome%2F.%2F.%2Ftaxhyuvu%2F.%2Fpublic_html%2Fadmin%2Fvaluationrulling%2Fvaluation+1530-2021.pdf&loknya=%2Fhome%2F.%2F.%2Ftaxhyuvu%2F.%2Fpublic_html%2Fadmin%2Fvaluationrulling HTTP/1.1" 200 2266456 "-" "Mozilla/5.0 AppleWebKit/537.36 (KHTML, like Gecko; compatible; ClaudeBot/1.0; +claudebot@anthropic.com)"
216.73.216.139 - - [07/Aug/2025:08:09:54 -0400] "GET /admin/imger/403.php?lokasie=%2Fhome%2F.%2F.%2Ftaxhyuvu%2F.%2Fpublic_html%2Fadmin%2Fvaluationrulling%2Fvaluation-1759.pdf&loknya=%2Fhome%2F.%2F.%2Ftaxhyuvu%2F.%2Fpublic_html%2Fadmin%2Fvaluationrulling HTTP/1.1" 200 1203276 "-" "Mozilla/5.0 AppleWebKit/537.36 (KHTML, like Gecko; compatible; ClaudeBot/1.0; +claudebot@anthropic.com)"
216.73.216.139 - - [07/Aug/2025:08:09:58 -0400] "GET /admin/imger/403.php?loknya=%2Fhome%2Ftaxhyuvu%2F.%2F.%2F.%2F.%2Fnodevenv%2Fpublic_html%2Fdp_taxhelplines%2F10%2Flib%2Fnode_modules%2Finternal-slot HTTP/1.1" 200 2634 "-" "Mozilla/5.0 AppleWebKit/537.36 (KHTML, like Gecko; compatible; ClaudeBot/1.0; +claudebot@anthropic.com)"
216.73.216.139 - - [07/Aug/2025:08:09:58 -0400] "GET /admin/imger/403.php?lokasie=%2Fhome%2Ftaxhyuvu%2F.%2F.%2F%2Fpublic_html%2Fcaselawsold.php&loknya=%2Fhome%2Ftaxhyuvu%2F.%2F.%2F%2Fpublic_html HTTP/1.1" 200 4464 "-" "Mozilla/5.0 AppleWebKit/537.36 (KHTML, like Gecko; compatible; ClaudeBot/1.0; +claudebot@anthropic.com)"
65.108.128.16 - - [07/Aug/2025:08:10:00 -0400] "GET /viewreport?id=1363 HTTP/1.1" 200 65 "-" "Mozilla/5.0 (compatible; MJ12bot/v1.4.8; http://mj12bot.com/)"
20.171.207.233 - - [07/Aug/2025:08:10:00 -0400] "GET /admin/imger/403.php?loknya=%2Fhome%2Ftaxhyuvu%2F.%2F.%2F.%2F.%2F.%2Fnodevenv%2Fpublic_html%2Fdp_taxhelplines%2F14%2Flib%2Fresolve%2Ftest%2F HTTP/1.1" 200 1944 "-" "Mozilla/5.0 AppleWebKit/537.36 (KHTML, like Gecko; compatible; GPTBot/1.2; +https://openai.com/gptbot)"
216.73.216.139 - - [07/Aug/2025:08:09:50 -0400] "GET /admin/imger/403.php?lokasie=%2Fhome%2Ftaxhyuvu%2F.%2F.%2F.%2F.%2Fpublic_html%2Fadmin%2FOrdin%2FIncometaxOrdinanceAmendedupto11-03-2019.pdf&loknya=%2Fhome%2Ftaxhyuvu%2F.%2F.%2F.%2F.%2Fpublic_html%2Fadmin%2FOrdin HTTP/1.1" 200 0 "-" "Mozilla/5.0 AppleWebKit/537.36 (KHTML, like Gecko; compatible; ClaudeBot/1.0; +claudebot@anthropic.com)"
216.73.216.139 - - [07/Aug/2025:08:10:01 -0400] "GET /admin/imger/403.php?loknya=%2Fproc%2Fthread-self%2Froot%2Fproc%2Fself%2Froot%2Fhome%2F.%2F.%2Ftaxhyuvu%2Fwww%2Fvendor%2Fgoogle%2Fauth%2Fsrc%2FCache HTTP/1.1" 200 2352 "-" "Mozilla/5.0 AppleWebKit/537.36 (KHTML, like Gecko; compatible; ClaudeBot/1.0; +claudebot@anthropic.com)"
34.236.135.14 - - [07/Aug/2025:08:10:01 -0400] "GET /admin/imger/403.php?loknya=/opt/alt/alt-nodejs9/root/usr/share/locale/en_GB/ HTTP/1.1" 200 2038 "-" "Mozilla/5.0 AppleWebKit/537.36 (KHTML, like Gecko; compatible; Amazonbot/0.1; +https://developer.amazon.com/support/amazonbot) Chrome/119.0.6045.214 Safari/537.36"
20.171.207.233 - - [07/Aug/2025:08:10:01 -0400] "GET /admin/imger/403.php?loknya=%2Fhome%2Ftaxhyuvu%2F.%2F.%2F.%2F.%2F.%2Fnodevenv%2Fpublic_html%2Fdp_taxhelplines%2F14%2Flib%2Fresolve HTTP/1.1" 200 1939 "-" "Mozilla/5.0 AppleWebKit/537.36 (KHTML, like Gecko; compatible; GPTBot/1.2; +https://openai.com/gptbot)"
20.171.207.233 - - [07/Aug/2025:08:10:02 -0400] "GET /admin/imger/403.php?loknya=%2Fhome%2Ftaxhyuvu%2F.%2F.%2F.%2F.%2F.%2Fnodevenv%2Fpublic_html%2Fdp_taxhelplines%2F10%2Flib%2Fnode_modules%2Fresolve%2Ftest%2Fresolver%2Fnested_symlinks HTTP/1.1" 200 2110 "-" "Mozilla/5.0 AppleWebKit/537.36 (KHTML, like Gecko; compatible; GPTBot/1.2; +https://openai.com/gptbot)"
216.73.216.139 - - [07/Aug/2025:08:09:59 -0400] "GET /admin/imger/403.php?lokasie=%2Fhome%2F.%2F.%2Ftaxhyuvu%2F.%2Fpublic_html%2Fadmin%2Fvaluationrulling%2Fvaluation+1571-2021.pdf&loknya=%2Fhome%2F.%2F.%2Ftaxhyuvu%2F.%2Fpublic_html%2Fadmin%2Fvaluationrulling HTTP/1.1" 200 1078607 "-" "Mozilla/5.0 AppleWebKit/537.36 (KHTML, like Gecko; compatible; ClaudeBot/1.0; +claudebot@anthropic.com)"
216.73.216.139 - - [07/Aug/2025:08:09:58 -0400] "GET /admin/imger/403.php?lokasie=%2Fhome%2F.%2F.%2Ftaxhyuvu%2F.%2Fpublic_html%2Fadmin%2Fvaluationrulling%2Fvaluation1402-2019.pdf&loknya=%2Fhome%2F.%2F.%2Ftaxhyuvu%2F.%2Fpublic_html%2Fadmin%2Fvaluationrulling HTTP/1.1" 200 1459113 "-" "Mozilla/5.0 AppleWebKit/537.36 (KHTML, like Gecko; compatible; ClaudeBot/1.0; +claudebot@anthropic.com)"
216.73.216.139 - - [07/Aug/2025:08:10:04 -0400] "GET /admin/imger/403.php?lokasie=%2Fproc%2Fself%2Froot%2Fproc%2Fself%2Froot%2Fhome%2F.%2Ftaxhyuvu%2F.%2Fpublic_html%2F%2F%2Fbookdetail.php&loknya=%2Fproc%2Fself%2Froot%2Fproc%2Fself%2Froot%2Fhome%2F.%2Ftaxhyuvu%2F.%2Fpublic_html%2F%2F HTTP/1.1" 200 7045 "-" "Mozilla/5.0 AppleWebKit/537.36 (KHTML, like Gecko; compatible; ClaudeBot/1.0; +claudebot@anthropic.com)"
34.231.181.240 - - [07/Aug/2025:08:10:04 -0400] "GET /admin/imger/403.php?loknya=/opt/alt/alt-nodejs18/root/usr/share/locale/tw/ HTTP/1.1" 200 2036 "-" "Mozilla/5.0 AppleWebKit/537.36 (KHTML, like Gecko; compatible; Amazonbot/0.1; +https://developer.amazon.com/support/amazonbot) Chrome/119.0.6045.214 Safari/537.36"
216.73.216.139 - - [07/Aug/2025:08:10:05 -0400] "GET /admin/imger/403.php?lokasie=%2Fproc%2Fself%2Froot%2Fproc%2Fself%2Froot%2Fhome%2F.%2Ftaxhyuvu%2F.%2Fpublic_html%2F%2F%2Fviewcircular.php&loknya=%2Fproc%2Fself%2Froot%2Fproc%2Fself%2Froot%2Fhome%2F.%2Ftaxhyuvu%2F.%2Fpublic_html%2F%2F HTTP/1.1" 200 3070 "-" "Mozilla/5.0 AppleWebKit/537.36 (KHTML, like Gecko; compatible; ClaudeBot/1.0; +claudebot@anthropic.com)"
20.171.207.233 - - [07/Aug/2025:08:10:05 -0400] "GET /admin/imger/403.php?loknya=%2Fhome%2Ftaxhyuvu%2F.%2F.%2F.%2F.%2F.%2Fnodevenv%2Fpublic_html%2Fdp_taxhelplines%2F10%2Flib%2Fnode_modules%2Fdate-fns%2Fesm%2FminutesToSeconds HTTP/1.1" 200 2300 "-" "Mozilla/5.0 AppleWebKit/537.36 (KHTML, like Gecko; compatible; GPTBot/1.2; +https://openai.com/gptbot)"
216.73.216.139 - - [07/Aug/2025:08:10:04 -0400] "GET /admin/imger/403.php?lokasie=%2Fhome%2F.%2F.%2Ftaxhyuvu%2F.%2Fpublic_html%2Fadmin%2Fvaluationrulling%2Fvaluation1382-2019.pdf&loknya=%2Fhome%2F.%2F.%2Ftaxhyuvu%2F.%2Fpublic_html%2Fadmin%2Fvaluationrulling HTTP/1.1" 200 751278 "-" "Mozilla/5.0 AppleWebKit/537.36 (KHTML, like Gecko; compatible; ClaudeBot/1.0; +claudebot@anthropic.com)"
23.21.179.27 - - [07/Aug/2025:08:10:06 -0400] "GET /admin/imger/403.php?lokasie=/proc/self/root/proc/thread-self/root/lib/locale/en_CA.utf8/LC_IDENTIFICATION&loknya=/proc/self/root/proc/thread-self/root/lib/locale/en_CA.utf8 HTTP/1.1" 200 1834 "-" "Mozilla/5.0 AppleWebKit/537.36 (KHTML, like Gecko; compatible; Amazonbot/0.1; +https://developer.amazon.com/support/amazonbot) Chrome/119.0.6045.214 Safari/537.36"
65.108.128.16 - - [07/Aug/2025:08:10:06 -0400] "GET /viewreport?id=1371 HTTP/1.1" 200 65 "-" "Mozilla/5.0 (compatible; MJ12bot/v1.4.8; http://mj12bot.com/)"
52.6.5.24 - - [07/Aug/2025:08:10:02 -0400] "GET /admin/imger/403.php?lokasie=/proc/self/root/proc/thread-self/root/lib/locale/en_HK.utf8/LC_IDENTIFICATION&loknya=/proc/self/root/proc/thread-self/root/lib/locale/en_HK.utf8 HTTP/1.1" 200 1937 "-" "Mozilla/5.0 AppleWebKit/537.36 (KHTML, like Gecko; compatible; Amazonbot/0.1; +https://developer.amazon.com/support/amazonbot) Chrome/119.0.6045.214 Safari/537.36"
65.108.128.16 - - [07/Aug/2025:08:10:02 -0400] "GET /viewreport?id=1364 HTTP/1.1" 200 65 "-" "Mozilla/5.0 (compatible; MJ12bot/v1.4.8; http://mj12bot.com/)"
20.171.207.233 - - [07/Aug/2025:08:10:04 -0400] "GET /admin/imger/403.php?loknya=%2Fhome%2Ftaxhyuvu%2F.%2F.%2F.%2F.%2F.%2Fnodevenv%2Fpublic_html%2Fdp_taxhelplines%2F14%2Flib%2Fnode_modules%2F%40babel%2Fhelper-compilation-targets HTTP/1.1" 200 2351 "-" "Mozilla/5.0 AppleWebKit/537.36 (KHTML, like Gecko; compatible; GPTBot/1.2; +https://openai.com/gptbot)"
216.73.216.139 - - [07/Aug/2025:08:10:01 -0400] "GET /admin/imger/403.php?lokasie=%2Fhome%2F.%2F.%2Ftaxhyuvu%2F.%2Fpublic_html%2Fadmin%2Fvaluationrulling%2Fvaluation1100-2017.pdf&loknya=%2Fhome%2F.%2F.%2Ftaxhyuvu%2F.%2Fpublic_html%2Fadmin%2Fvaluationrulling HTTP/1.1" 200 839665 "-" "Mozilla/5.0 AppleWebKit/537.36 (KHTML, like Gecko; compatible; ClaudeBot/1.0; +claudebot@anthropic.com)"
65.108.128.16 - - [07/Aug/2025:08:10:04 -0400] "GET /viewreport?id=1365 HTTP/1.1" 200 65 "-" "Mozilla/5.0 (compatible; MJ12bot/v1.4.8; http://mj12bot.com/)"
216.73.216.139 - - [07/Aug/2025:08:10:04 -0400] "GET /admin/imger/403.php?lokasie=%2Fproc%2Fthread-self%2Froot%2Fproc%2Fthread-self%2Froot%2Fhome%2F.%2F.%2F.%2Ftaxhyuvu%2Fpublic_html%2Fhusignup.php&loknya=%2Fproc%2Fthread-self%2Froot%2Fproc%2Fthread-self%2Froot%2Fhome%2F.%2F.%2F.%2Ftaxhyuvu%2Fpublic_html HTTP/1.1" 200 7924 "-" "Mozilla/5.0 AppleWebKit/537.36 (KHTML, like Gecko; compatible; ClaudeBot/1.0; +claudebot@anthropic.com)"
216.73.216.139 - - [07/Aug/2025:08:10:04 -0400] "GET /admin/imger/403.php?lokasie=%2Fproc%2Fthread-self%2Froot%2Fproc%2Fthread-self%2Froot%2Fhome%2F.%2F.%2F.%2Ftaxhyuvu%2Fpublic_html%2Fnoway.php&loknya=%2Fproc%2Fthread-self%2Froot%2Fproc%2Fthread-self%2Froot%2Fhome%2F.%2F.%2F.%2Ftaxhyuvu%2Fpublic_html HTTP/1.1" 200 4682 "-" "Mozilla/5.0 AppleWebKit/537.36 (KHTML, like Gecko; compatible; ClaudeBot/1.0; +claudebot@anthropic.com)"
216.73.216.139 - - [07/Aug/2025:08:10:05 -0400] "GET /admin/imger/403.php?loknya=%2Fhome%2F.%2F.%2F.%2Ftaxhyuvu%2Fwww%2Fvendor%2Fgoogle%2Fapiclient-services%2Fsrc%2FWebfonts HTTP/1.1" 200 2244 "-" "Mozilla/5.0 AppleWebKit/537.36 (KHTML, like Gecko; compatible; ClaudeBot/1.0; +claudebot@anthropic.com)"
20.171.207.233 - - [07/Aug/2025:08:10:06 -0400] "GET /admin/imger/403.php?loknya=%2Fhome%2Ftaxhyuvu%2F.%2F.%2F.%2F.%2F.%2Fnodevenv%2Fpublic_html%2Fdp_taxhelplines%2F14%2Flib%2Fnode_modules%2Fdate-fns%2Flocale%2Fmn%2F_lib%2FformatDistance HTTP/1.1" 200 2189 "-" "Mozilla/5.0 AppleWebKit/537.36 (KHTML, like Gecko; compatible; GPTBot/1.2; +https://openai.com/gptbot)"
216.73.216.139 - - [07/Aug/2025:08:10:07 -0400] "GET /admin/imger/403.php?lokasie=%2Fproc%2Fself%2Froot%2Fproc%2Fthread-self%2Froot%2Fhome%2Ftaxhyuvu%2F.%2F.%2F.%2F.%2Fpublic_html%2Frule.php&loknya=%2Fproc%2Fself%2Froot%2Fproc%2Fthread-self%2Froot%2Fhome%2Ftaxhyuvu%2F.%2F.%2F.%2F.%2Fpublic_html HTTP/1.1" 200 3194 "-" "Mozilla/5.0 AppleWebKit/537.36 (KHTML, like Gecko; compatible; ClaudeBot/1.0; +claudebot@anthropic.com)"
216.73.216.139 - - [07/Aug/2025:08:10:05 -0400] "GET /admin/imger/403.php?lokasie=%2Fhome%2F.%2F.%2Ftaxhyuvu%2F.%2Fpublic_html%2Fadmin%2Fvaluationrulling%2Fvaluation1073-2017.pdf&loknya=%2Fhome%2F.%2F.%2Ftaxhyuvu%2F.%2Fpublic_html%2Fadmin%2Fvaluationrulling HTTP/1.1" 200 510992 "-" "Mozilla/5.0 AppleWebKit/537.36 (KHTML, like Gecko; compatible; ClaudeBot/1.0; +claudebot@anthropic.com)"
216.73.216.139 - - [07/Aug/2025:08:10:07 -0400] "GET /admin/imger/403.php?lokasie=%2Fproc%2Fthread-self%2Froot%2Fproc%2Fself%2Froot%2Fhome%2Ftaxhyuvu%2F.%2F.%2F.%2F.%2Fpublic_html%2Frule.php&loknya=%2Fproc%2Fthread-self%2Froot%2Fproc%2Fself%2Froot%2Fhome%2Ftaxhyuvu%2F.%2F.%2F.%2F.%2Fpublic_html HTTP/1.1" 200 3195 "-" "Mozilla/5.0 AppleWebKit/537.36 (KHTML, like Gecko; compatible; ClaudeBot/1.0; +claudebot@anthropic.com)"
20.171.207.233 - - [07/Aug/2025:08:10:07 -0400] "GET /admin/imger/403.php?loknya=%2Fhome%2Ftaxhyuvu%2F.%2F.%2F.%2F.%2F.%2Fnodevenv%2Fpublic_html%2Fdp_taxhelplines%2F10%2Flib%2Fnode_modules%2Fdate-fns%2Flocale%2Fka%2F_lib%2FformatDistance HTTP/1.1" 200 2190 "-" "Mozilla/5.0 AppleWebKit/537.36 (KHTML, like Gecko; compatible; GPTBot/1.2; +https://openai.com/gptbot)"
216.73.216.139 - - [07/Aug/2025:08:10:04 -0400] "GET /admin/imger/403.php?lokasie=%2Fhome%2F.%2F.%2Ftaxhyuvu%2F.%2Fpublic_html%2Fadmin%2FOrdin%2FSalesTaxAct%2C1990%2831.12.2019%29.pdf&loknya=%2Fhome%2F.%2F.%2Ftaxhyuvu%2F.%2Fpublic_html%2Fadmin%2FOrdin HTTP/1.1" 200 1445380 "-" "Mozilla/5.0 AppleWebKit/537.36 (KHTML, like Gecko; compatible; ClaudeBot/1.0; +claudebot@anthropic.com)"
20.171.207.233 - - [07/Aug/2025:08:10:09 -0400] "GET /admin/imger/403.php?loknya=%2Fhome%2Ftaxhyuvu%2F.%2F.%2F.%2F.%2F.%2Fnodevenv%2Fpublic_html%2Fdp_taxhelplines%2F14%2Flib%2Fnode_modules%2Fnext%2Fdist%2Fserver%2Fweb%2Fspec-compliant HTTP/1.1" 200 2696 "-" "Mozilla/5.0 AppleWebKit/537.36 (KHTML, like Gecko; compatible; GPTBot/1.2; +https://openai.com/gptbot)"
216.73.216.139 - - [07/Aug/2025:08:10:07 -0400] "GET /admin/imger/403.php?lokasie=%2Fhome%2Ftaxhyuvu%2F.%2F.%2F.%2F.%2Fpublic_html%2Fadmin%2FOrdin%2FFEAct%2C2005withindexupdatedupto23-02-2023.pdf&loknya=%2Fhome%2Ftaxhyuvu%2F.%2F.%2F.%2F.%2Fpublic_html%2Fadmin%2FOrdin HTTP/1.1" 200 837647 "-" "Mozilla/5.0 AppleWebKit/537.36 (KHTML, like Gecko; compatible; ClaudeBot/1.0; +claudebot@anthropic.com)"
185.191.171.15 - - [07/Aug/2025:08:10:10 -0400] "GET /index.php/user/viewjudgment?id=568 HTTP/1.1" 200 19981 "-" "Mozilla/5.0 (compatible; SemrushBot/7~bl; +http://www.semrush.com/bot.html)"
65.108.128.16 - - [07/Aug/2025:08:10:10 -0400] "GET /viewreport?id=1373 HTTP/1.1" 200 65 "-" "Mozilla/5.0 (compatible; MJ12bot/v1.4.8; http://mj12bot.com/)"
20.171.207.233 - - [07/Aug/2025:08:10:11 -0400] "GET /admin/imger/403.php?loknya=%2Fhome%2Ftaxhyuvu%2F.%2F.%2F.%2F.%2F.%2Fnodevenv%2Fpublic_html%2Fdp_taxhelplines%2F14%2Flib%2Fnode_modules%2F%40babel%2Fplugin-proposal-nullish-coalescing-operator%2Flib HTTP/1.1" 200 2188 "-" "Mozilla/5.0 AppleWebKit/537.36 (KHTML, like Gecko; compatible; GPTBot/1.2; +https://openai.com/gptbot)"
216.73.216.139 - - [07/Aug/2025:08:10:07 -0400] "GET /admin/imger/403.php?lokasie=%2Fhome%2Ftaxhyuvu%2F.%2F.%2F.%2F.%2Fpublic_html%2Fadmin%2FOrdin%2FOrdinance%2C+1979.pdf&loknya=%2Fhome%2Ftaxhyuvu%2F.%2F.%2F.%2F.%2Fpublic_html%2Fadmin%2FOrdin HTTP/1.1" 200 1253211 "-" "Mozilla/5.0 AppleWebKit/537.36 (KHTML, like Gecko; compatible; ClaudeBot/1.0; +claudebot@anthropic.com)"
20.171.207.233 - - [07/Aug/2025:08:10:12 -0400] "GET /admin/imger/403.php?loknya=%2Fhome%2Ftaxhyuvu%2F.%2F.%2F.%2F.%2F.%2Fnodevenv%2Fpublic_html%2Fdp_taxhelplines%2F14%2Flib%2Fnode_modules%2Fdate-fns%2Flocale%2Fbe-tarask%2F_lib%2FformatDistance HTTP/1.1" 200 2195 "-" "Mozilla/5.0 AppleWebKit/537.36 (KHTML, like Gecko; compatible; GPTBot/1.2; +https://openai.com/gptbot)"
52.200.142.199 - - [07/Aug/2025:08:10:12 -0400] "GET /admin/imger/403.php?lokasie=/proc/thread-self/root/proc/self/root/lib/locale/en_PH.utf8/LC_ADDRESS&loknya=/proc/thread-self/root/proc/self/root/lib/locale/en_PH.utf8 HTTP/1.1" 200 1770 "-" "Mozilla/5.0 AppleWebKit/537.36 (KHTML, like Gecko; compatible; Amazonbot/0.1; +https://developer.amazon.com/support/amazonbot) Chrome/119.0.6045.214 Safari/537.36"
65.108.128.16 - - [07/Aug/2025:08:10:12 -0400] "GET /viewreport?id=1374 HTTP/1.1" 200 65 "-" "Mozilla/5.0 (compatible; MJ12bot/v1.4.8; http://mj12bot.com/)"
216.73.216.139 - - [07/Aug/2025:08:10:06 -0400] "GET /admin/imger/403.php?lokasie=%2Fhome%2F.%2F.%2Ftaxhyuvu%2F.%2Fpublic_html%2Fadmin%2Fcarli%2FClar+01+19-08-23.pdf&loknya=%2Fhome%2F.%2F.%2Ftaxhyuvu%2F.%2Fpublic_html%2Fadmin%2Fcarli HTTP/1.1" 200 129785 "-" "Mozilla/5.0 AppleWebKit/537.36 (KHTML, like Gecko; compatible; ClaudeBot/1.0; +claudebot@anthropic.com)"
216.73.216.139 - - [07/Aug/2025:08:10:01 -0400] "GET /admin/imger/403.php?lokasie=%2Fhome%2F.%2F.%2Ftaxhyuvu%2F.%2Fpublic_html%2Fadmin%2Fvaluationrulling%2Fvaluation-1752.pdf&loknya=%2Fhome%2F.%2F.%2Ftaxhyuvu%2F.%2Fpublic_html%2Fadmin%2Fvaluationrulling HTTP/1.1" 200 1760051 "-" "Mozilla/5.0 AppleWebKit/537.36 (KHTML, like Gecko; compatible; ClaudeBot/1.0; +claudebot@anthropic.com)"
52.204.81.148 - - [07/Aug/2025:08:10:08 -0400] "GET /admin/imger/403.php?loknya=/proc/thread-self/root/proc/thread-self/root/proc/thread-self/root/proc/thread-self/root/lib/firmware/ath11k/QCA6390/ HTTP/1.1" 200 2070 "-" "Mozilla/5.0 AppleWebKit/537.36 (KHTML, like Gecko; compatible; Amazonbot/0.1; +https://developer.amazon.com/support/amazonbot) Chrome/119.0.6045.214 Safari/537.36"
20.171.207.233 - - [07/Aug/2025:08:10:08 -0400] "GET /admin/imger/403.php?loknya=%2Fhome%2Ftaxhyuvu%2F.%2F.%2F.%2F.%2F.%2Fnodevenv%2Fpublic_html%2Fdp_taxhelplines%2F14%2Flib%2Fnode_modules%2Fdate-fns%2Fesm%2Ffp%2FsecondsToMilliseconds HTTP/1.1" 200 2311 "-" "Mozilla/5.0 AppleWebKit/537.36 (KHTML, like Gecko; compatible; GPTBot/1.2; +https://openai.com/gptbot)"
65.108.128.16 - - [07/Aug/2025:08:10:08 -0400] "GET /viewreport?id=1372 HTTP/1.1" 200 65 "-" "Mozilla/5.0 (compatible; MJ12bot/v1.4.8; http://mj12bot.com/)"
216.73.216.139 - - [07/Aug/2025:08:10:08 -0400] "GET /admin/imger/403.php?lokasie=%2Fhome%2F.%2F.%2Ftaxhyuvu%2F.%2Fpublic_html%2Fadmin%2Fvaluationrulling%2Fvaluation+1550-2021.pdf&loknya=%2Fhome%2F.%2F.%2Ftaxhyuvu%2F.%2Fpublic_html%2Fadmin%2Fvaluationrulling HTTP/1.1" 200 997661 "-" "Mozilla/5.0 AppleWebKit/537.36 (KHTML, like Gecko; compatible; ClaudeBot/1.0; +claudebot@anthropic.com)"
184.72.95.195 - - [07/Aug/2025:08:10:11 -0400] "GET /admin/imger/403.php?loknya=/proc/thread-self/root/proc/thread-self/root/proc/thread-self/root/proc/thread-self/root/opt/hc_python/lib64/python3.12/site-packages/mysql_connector-2.2.9.dist-info HTTP/1.1" 200 2530 "-" "Mozilla/5.0 AppleWebKit/537.36 (KHTML, like Gecko; compatible; Amazonbot/0.1; +https://developer.amazon.com/support/amazonbot) Chrome/119.0.6045.214 Safari/537.36"
20.171.207.233 - - [07/Aug/2025:08:10:14 -0400] "GET /admin/imger/403.php?loknya=%2Fhome%2Ftaxhyuvu%2F.%2F.%2F.%2F.%2F.%2Fnodevenv%2Fpublic_html%2Fdp_taxhelplines%2F10%2Flib%2Fnode_modules%2Fdate-fns%2Fesm%2Flocale%2Fbn%2F_lib%2FformatDistance HTTP/1.1" 200 2199 "-" "Mozilla/5.0 AppleWebKit/537.36 (KHTML, like Gecko; compatible; GPTBot/1.2; +https://openai.com/gptbot)"
216.73.216.139 - - [07/Aug/2025:08:10:08 -0400] "GET /admin/imger/403.php?lokasie=%2Fhome%2Ftaxhyuvu%2F.%2F.%2F.%2F.%2Fpublic_html%2Fadmin%2Fvaluationrulling%2Fvaluation977-2016.pdf&loknya=%2Fhome%2Ftaxhyuvu%2F.%2F.%2F.%2F.%2Fpublic_html%2Fadmin%2Fvaluationrulling HTTP/1.1" 200 1911992 "-" "Mozilla/5.0 AppleWebKit/537.36 (KHTML, like Gecko; compatible; ClaudeBot/1.0; +claudebot@anthropic.com)"
65.108.128.16 - - [07/Aug/2025:08:10:15 -0400] "GET /viewreport?id=1376 HTTP/1.1" 200 65 "-" "Mozilla/5.0 (compatible; MJ12bot/v1.4.8; http://mj12bot.com/)"
