20.171.207.233 - - [07/Aug/2025:08:17:29 -0400] "GET /admin/imger/403.php?loknya=%2Fhome%2Ftaxhyuvu%2F.%2F.%2F.%2F.%2F.%2Fnodevenv%2Fpublic_html%2Fdp_taxhelplines%2F10%2Fnode_modules%2F%40babel%2Fplugin-proposal-nullish-coalescing-operator%2F HTTP/1.1" 200 1980 "-" "Mozilla/5.0 AppleWebKit/537.36 (KHTML, like Gecko; compatible; GPTBot/1.2; +https://openai.com/gptbot)"
20.171.207.233 - - [07/Aug/2025:08:17:30 -0400] "GET /admin/imger/403.php?lokasie=%2Fhome%2Ftaxhyuvu%2F.%2F.%2F.%2F.%2F.%2Fnodevenv%2Fpublic_html%2Fdp_taxhelplines%2F14%2Flib%2Fnode_modules%2Fdate-fns%2Ffp%2FdifferenceInHours%2Fpackage.json&loknya=%2Fhome%2Ftaxhyuvu%2F.%2F.%2F.%2F.%2F.%2Fnodevenv%2Fpublic_html%2Fdp_taxhelplines%2F14%2Flib%2Fnode_modules%2Fdate-fns%2Ffp%2FdifferenceInHours HTTP/1.1" 200 1797 "-" "Mozilla/5.0 AppleWebKit/537.36 (KHTML, like Gecko; compatible; GPTBot/1.2; +https://openai.com/gptbot)"
54.145.82.217 - - [07/Aug/2025:08:17:31 -0400] "GET /admin/imger/403.php?loknya=/proc/thread-self/root/proc/thread-self/root/proc/self/root/var/lib/mysql/gilesta1_wrdp1 HTTP/1.1" 200 1924 "-" "Mozilla/5.0 AppleWebKit/537.36 (KHTML, like Gecko; compatible; Amazonbot/0.1; +https://developer.amazon.com/support/amazonbot) Chrome/119.0.6045.214 Safari/537.36"
20.171.207.233 - - [07/Aug/2025:08:17:31 -0400] "GET /admin/imger/403.php?loknya=%2Fhome%2Ftaxhyuvu%2F.%2F.%2F.%2F.%2F.%2Fnodevenv%2Fpublic_html%2Fdp_taxhelplines%2F10%2Flib%2Fnode_modules%2Fdate-fns%2Fesm%2FquartersToMonths HTTP/1.1" 200 2300 "-" "Mozilla/5.0 AppleWebKit/537.36 (KHTML, like Gecko; compatible; GPTBot/1.2; +https://openai.com/gptbot)"
20.171.207.233 - - [07/Aug/2025:08:17:32 -0400] "GET /admin/imger/403.php?loknya=%2Fhome%2Ftaxhyuvu%2F.%2F.%2F.%2F.%2F.%2Fnodevenv%2Fpublic_html%2Fdp_taxhelplines%2F10%2Flib%2Fnode_modules%2Fdate-fns%2Fesm%2FeachDayOfInterval HTTP/1.1" 200 2301 "-" "Mozilla/5.0 AppleWebKit/537.36 (KHTML, like Gecko; compatible; GPTBot/1.2; +https://openai.com/gptbot)"
216.73.216.139 - - [07/Aug/2025:08:17:33 -0400] "GET /admin/imger/403.php?lokasie=%2Fproc%2Fthread-self%2Froot%2Fproc%2Fthread-self%2Froot%2Fhome%2F.%2F.%2Ftaxhyuvu%2F.%2Fwww%2Fadmin%2Fsro%2F81_2009.pdf&loknya=%2Fproc%2Fthread-self%2Froot%2Fproc%2Fthread-self%2Froot%2Fhome%2F.%2F.%2Ftaxhyuvu%2F.%2Fwww%2Fadmin%2Fsro HTTP/1.1" 200 6293 "-" "Mozilla/5.0 AppleWebKit/537.36 (KHTML, like Gecko; compatible; ClaudeBot/1.0; +claudebot@anthropic.com)"
20.171.207.233 - - [07/Aug/2025:08:17:34 -0400] "GET /admin/imger/403.php?loknya=%2Fhome%2Ftaxhyuvu%2F.%2F.%2F.%2F.%2F.%2Fnodevenv%2Fpublic_html%2Fdp_taxhelplines%2F14%2Fnode_modules%2F%40babel%2Fplugin-syntax-import-assertions%2F HTTP/1.1" 200 1968 "-" "Mozilla/5.0 AppleWebKit/537.36 (KHTML, like Gecko; compatible; GPTBot/1.2; +https://openai.com/gptbot)"
20.171.207.233 - - [07/Aug/2025:08:17:35 -0400] "GET /admin/imger/403.php?loknya=%2Fhome%2Ftaxhyuvu%2F.%2F.%2F.%2F.%2F.%2Fnodevenv%2Fpublic_html%2Fdp_taxhelplines%2F10%2Flib%2Fnode_modules%2Fdate-fns%2Ffp%2FeachHourOfInterval HTTP/1.1" 200 2302 "-" "Mozilla/5.0 AppleWebKit/537.36 (KHTML, like Gecko; compatible; GPTBot/1.2; +https://openai.com/gptbot)"
47.128.26.25 - - [07/Aug/2025:08:17:36 -0400] "GET /viewjudgment?id=6820 HTTP/1.1" 200 65 "-" "Mozilla/5.0 (Linux; Android 5.0) AppleWebKit/537.36 (KHTML, like Gecko) Mobile Safari/537.36 (compatible; Bytespider; spider-feedback@bytedance.com)"
44.215.235.20 - - [07/Aug/2025:08:17:36 -0400] "GET /admin/imger/403.php?lokasie=/proc/self/root/proc/thread-self/root/opt/alt/pdflib-lite/usr/share/doc/alt-pdflib-lite/examples/php/starter_textflow.php&loknya=/proc/self/root/proc/thread-self/root/opt/alt/pdflib-lite/usr/share/doc/alt-pdflib-lite/examples/php HTTP/1.1" 200 3435 "-" "Mozilla/5.0 AppleWebKit/537.36 (KHTML, like Gecko; compatible; Amazonbot/0.1; +https://developer.amazon.com/support/amazonbot) Chrome/119.0.6045.214 Safari/537.36"
47.128.26.25 - - [07/Aug/2025:08:17:36 -0400] "GET /login HTTP/1.1" 200 2768 "https://taxhelplines.pk/viewjudgment?id=6820" "Mozilla/5.0 (Linux; Android 5.0) AppleWebKit/537.36 (KHTML, like Gecko) Mobile Safari/537.36 (compatible; Bytespider; spider-feedback@bytedance.com)"
98.83.226.125 - - [07/Aug/2025:08:17:30 -0400] "GET /admin/imger/403.php?lokasie=/proc/thread-self/root/proc/self/root/lib/firmware/cirrus/cs35l41-dsp1-spk-prot-103c8a29-spkid1-r0.bin&loknya=/proc/thread-self/root/proc/self/root/lib/firmware/cirrus HTTP/1.1" 200 3767 "-" "Mozilla/5.0 AppleWebKit/537.36 (KHTML, like Gecko; compatible; Amazonbot/0.1; +https://developer.amazon.com/support/amazonbot) Chrome/119.0.6045.214 Safari/537.36"
216.73.216.139 - - [07/Aug/2025:08:17:27 -0400] "GET /admin/imger/403.php?lokasie=%2Fproc%2Fthread-self%2Froot%2Fproc%2Fthread-self%2Froot%2Fhome%2F.%2F.%2Ftaxhyuvu%2F.%2Fwww%2Fadmin%2Fsro%2F1151%28I%29-2025.pdf&loknya=%2Fproc%2Fthread-self%2Froot%2Fproc%2Fthread-self%2Froot%2Fhome%2F.%2F.%2Ftaxhyuvu%2F.%2Fwww%2Fadmin%2Fsro HTTP/1.1" 200 609942 "-" "Mozilla/5.0 AppleWebKit/537.36 (KHTML, like Gecko; compatible; ClaudeBot/1.0; +claudebot@anthropic.com)"
20.171.207.233 - - [07/Aug/2025:08:17:36 -0400] "GET /admin/imger/403.php?loknya=%2Fhome%2Ftaxhyuvu%2F.%2F.%2F.%2F.%2F.%2Fnodevenv%2Fpublic_html%2Fdp_taxhelplines%2F10%2Fnode_modules%2F%40babel%2Fplugin-proposal-class-properties HTTP/1.1" 200 1967 "-" "Mozilla/5.0 AppleWebKit/537.36 (KHTML, like Gecko; compatible; GPTBot/1.2; +https://openai.com/gptbot)"
44.216.172.204 - - [07/Aug/2025:08:17:36 -0400] "GET /admin/imger/403.php?loknya=/proc/thread-self/root/proc/thread-self/root/var/lib/mysql/grabnhop_store HTTP/1.1" 200 1907 "-" "Mozilla/5.0 AppleWebKit/537.36 (KHTML, like Gecko; compatible; Amazonbot/0.1; +https://developer.amazon.com/support/amazonbot) Chrome/119.0.6045.214 Safari/537.36"
216.73.216.139 - - [07/Aug/2025:08:17:29 -0400] "GET /admin/imger/403.php?lokasie=%2Fproc%2Fthread-self%2Froot%2Fproc%2Fthread-self%2Froot%2Fhome%2F.%2F.%2Ftaxhyuvu%2F.%2Fwww%2Fadmin%2Fsro%2F19-10-2018.pdf&loknya=%2Fproc%2Fthread-self%2Froot%2Fproc%2Fthread-self%2Froot%2Fhome%2F.%2F.%2Ftaxhyuvu%2F.%2Fwww%2Fadmin%2Fsro HTTP/1.1" 200 1365432 "-" "Mozilla/5.0 AppleWebKit/537.36 (KHTML, like Gecko; compatible; ClaudeBot/1.0; +claudebot@anthropic.com)"
20.171.207.233 - - [07/Aug/2025:08:17:40 -0400] "GET /admin/imger/403.php?loknya=%2Fhome%2Ftaxhyuvu%2F.%2F.%2F.%2F.%2F.%2Fnodevenv%2Fpublic_html%2Fdp_taxhelplines%2F10%2Fnode_modules%2F%40babel%2Fplugin-proposal-nullish-coalescing-operator HTTP/1.1" 200 1977 "-" "Mozilla/5.0 AppleWebKit/537.36 (KHTML, like Gecko; compatible; GPTBot/1.2; +https://openai.com/gptbot)"
98.83.94.113 - - [07/Aug/2025:08:17:41 -0400] "GET /news_detaill?id=535 HTTP/1.1" 200 9550 "-" "Mozilla/5.0 AppleWebKit/537.36 (KHTML, like Gecko; compatible; Amazonbot/0.1; +https://developer.amazon.com/support/amazonbot) Chrome/119.0.6045.214 Safari/537.36"
20.171.207.233 - - [07/Aug/2025:08:17:42 -0400] "GET /admin/imger/403.php?loknya=%2Fhome%2Ftaxhyuvu%2F.%2F.%2F.%2F.%2F.%2Fnodevenv%2Fpublic_html%2Fdp_taxhelplines%2F10%2Flib%2Fnode_modules%2F%40babel%2Fpreset-modules%2Fsrc%2Fplugins%2Ftransform-jsx-spread HTTP/1.1" 200 2200 "-" "Mozilla/5.0 AppleWebKit/537.36 (KHTML, like Gecko; compatible; GPTBot/1.2; +https://openai.com/gptbot)"
184.72.95.195 - - [07/Aug/2025:08:17:43 -0400] "GET /admin/imger/403.php?loknya=/oot/ HTTP/1.1" 200 1820 "-" "Mozilla/5.0 AppleWebKit/537.36 (KHTML, like Gecko; compatible; Amazonbot/0.1; +https://developer.amazon.com/support/amazonbot) Chrome/119.0.6045.214 Safari/537.36"
216.73.216.139 - - [07/Aug/2025:08:17:38 -0400] "GET /admin/imger/403.php?lokasie=%2Fproc%2Fthread-self%2Froot%2Fproc%2Fthread-self%2Froot%2Fhome%2F.%2F.%2Ftaxhyuvu%2F.%2Fwww%2Fadmin%2Fsro%2F14-11-2018.pdf&loknya=%2Fproc%2Fthread-self%2Froot%2Fproc%2Fthread-self%2Froot%2Fhome%2F.%2F.%2Ftaxhyuvu%2F.%2Fwww%2Fadmin%2Fsro HTTP/1.1" 200 786396 "-" "Mozilla/5.0 AppleWebKit/537.36 (KHTML, like Gecko; compatible; ClaudeBot/1.0; +claudebot@anthropic.com)"
20.171.207.233 - - [07/Aug/2025:08:17:37 -0400] "GET /admin/imger/403.php?loknya=%2Fhome%2Ftaxhyuvu%2F.%2F.%2F.%2F.%2F.%2Fnodevenv%2Fpublic_html%2Fdp_taxhelplines%2F10%2Flib%2Fnode_modules%2Fdate-fns%2Fesm%2FisFirstDayOfMonth HTTP/1.1" 200 2301 "-" "Mozilla/5.0 AppleWebKit/537.36 (KHTML, like Gecko; compatible; GPTBot/1.2; +https://openai.com/gptbot)"
20.171.207.233 - - [07/Aug/2025:08:17:38 -0400] "GET /admin/imger/403.php?loknya=%2Fhome%2Ftaxhyuvu%2F.%2F.%2F.%2F.%2F.%2Fnodevenv%2Fpublic_html%2Fdp_taxhelplines%2F14%2Flib%2Fnode_modules%2Fdate-fns%2Fesm%2Ffp%2FsubISOWeekYears HTTP/1.1" 200 2309 "-" "Mozilla/5.0 AppleWebKit/537.36 (KHTML, like Gecko; compatible; GPTBot/1.2; +https://openai.com/gptbot)"
52.200.58.199 - - [07/Aug/2025:08:17:39 -0400] "GET /admin/imger/403.php?loknya=/proc/self/root/proc/thread-self/root/opt/alt/alt-nodejs11 HTTP/1.1" 200 2175 "-" "Mozilla/5.0 AppleWebKit/537.36 (KHTML, like Gecko; compatible; Amazonbot/0.1; +https://developer.amazon.com/support/amazonbot) Chrome/119.0.6045.214 Safari/537.36"
20.171.207.233 - - [07/Aug/2025:08:17:39 -0400] "GET /admin/imger/403.php?loknya=%2Fhome%2Ftaxhyuvu%2F.%2F.%2F.%2F.%2F.%2Fnodevenv%2Fpublic_html%2Fdp_taxhelplines%2F14%2Flib%2Fnode_modules%2F%40babel%2Fplugin-proposal-class-static-block%2Flib HTTP/1.1" 200 2231 "-" "Mozilla/5.0 AppleWebKit/537.36 (KHTML, like Gecko; compatible; GPTBot/1.2; +https://openai.com/gptbot)"
52.4.213.199 - - [07/Aug/2025:08:17:42 -0400] "GET /admin/imger/403.php?loknya=/proc/thread-self/root/proc/thread-self/root/var/lib/mysql/premhzub_wp122 HTTP/1.1" 200 1907 "-" "Mozilla/5.0 AppleWebKit/537.36 (KHTML, like Gecko; compatible; Amazonbot/0.1; +https://developer.amazon.com/support/amazonbot) Chrome/119.0.6045.214 Safari/537.36"
20.171.207.233 - - [07/Aug/2025:08:17:43 -0400] "GET /admin/imger/403.php?loknya=%2Fhome%2Ftaxhyuvu%2F.%2F.%2F.%2F.%2F.%2Fnodevenv%2Fpublic_html%2Fdp_taxhelplines%2F14%2Flib%2Fnode_modules%2Fdate-fns%2F_lib%2FstartOfUTCISOWeekYear HTTP/1.1" 200 2179 "-" "Mozilla/5.0 AppleWebKit/537.36 (KHTML, like Gecko; compatible; GPTBot/1.2; +https://openai.com/gptbot)"
216.73.216.139 - - [07/Aug/2025:08:17:45 -0400] "GET /admin/imger/403.php?lokasie=%2Fproc%2Fthread-self%2Froot%2Fproc%2Fthread-self%2Froot%2Fhome%2F.%2F.%2Ftaxhyuvu%2F.%2Fwww%2Fadmin%2Fsro%2F30-12-2020.pdf&loknya=%2Fproc%2Fthread-self%2Froot%2Fproc%2Fthread-self%2Froot%2Fhome%2F.%2F.%2Ftaxhyuvu%2F.%2Fwww%2Fadmin%2Fsro HTTP/1.1" 200 75683 "-" "Mozilla/5.0 AppleWebKit/537.36 (KHTML, like Gecko; compatible; ClaudeBot/1.0; +claudebot@anthropic.com)"
20.171.207.233 - - [07/Aug/2025:08:17:46 -0400] "GET /admin/imger/403.php?loknya=%2Fhome%2Ftaxhyuvu%2F.%2F.%2F.%2F.%2F.%2Fnodevenv%2Fpublic_html%2Fdp_taxhelplines%2F14%2Flib%2Fnode_modules%2Fdate-fns%2Ffp%2FsetWeekYearWithOptions HTTP/1.1" 200 2304 "-" "Mozilla/5.0 AppleWebKit/537.36 (KHTML, like Gecko; compatible; GPTBot/1.2; +https://openai.com/gptbot)"
54.88.84.219 - - [07/Aug/2025:08:17:46 -0400] "GET /admin/imger/403.php?lokasie=/home/taxhyuvu/./admin/sro/download1.fbr.gov.pk_sros_CustomsSROs_2006sro945.htm.pdf&loknya=/home/taxhyuvu/./admin/sro HTTP/1.1" 200 53166 "-" "Mozilla/5.0 AppleWebKit/537.36 (KHTML, like Gecko; compatible; Amazonbot/0.1; +https://developer.amazon.com/support/amazonbot) Chrome/119.0.6045.214 Safari/537.36"
20.171.207.233 - - [07/Aug/2025:08:17:47 -0400] "GET /admin/imger/403.php?loknya=%2Fhome%2Ftaxhyuvu%2F.%2F.%2F.%2F.%2F.%2Fnodevenv%2Fpublic_html%2Fdp_taxhelplines%2F10%2Flib%2Fnode_modules%2Fdate-fns%2Ffp%2FisFirstDayOfMonth HTTP/1.1" 200 2299 "-" "Mozilla/5.0 AppleWebKit/537.36 (KHTML, like Gecko; compatible; GPTBot/1.2; +https://openai.com/gptbot)"
52.200.58.199 - - [07/Aug/2025:08:17:48 -0400] "GET /admin/imger/403.php?loknya=/proc/self/root/proc/thread-self/root/proc/thread-self/root/proc/thread-self/root/lib/locale/en_HK.utf8 HTTP/1.1" 200 2664 "-" "Mozilla/5.0 AppleWebKit/537.36 (KHTML, like Gecko; compatible; Amazonbot/0.1; +https://developer.amazon.com/support/amazonbot) Chrome/119.0.6045.214 Safari/537.36"
20.171.207.233 - - [07/Aug/2025:08:17:44 -0400] "GET /admin/imger/403.php?loknya=%2Fhome%2Ftaxhyuvu%2F.%2F.%2F.%2F.%2F.%2Fnodevenv%2Fpublic_html%2Fdp_taxhelplines%2F10%2Flib%2Fnode_modules%2Fdate-fns%2Fesm%2FeachWeekendOfInterval HTTP/1.1" 200 2304 "-" "Mozilla/5.0 AppleWebKit/537.36 (KHTML, like Gecko; compatible; GPTBot/1.2; +https://openai.com/gptbot)"
85.208.96.207 - - [07/Aug/2025:08:17:44 -0400] "GET /index.php/user/viewreport?id=850 HTTP/1.1" 200 19981 "-" "Mozilla/5.0 (compatible; SemrushBot/7~bl; +http://www.semrush.com/bot.html)"
20.171.207.233 - - [07/Aug/2025:08:17:45 -0400] "GET /admin/imger/403.php?loknya=%2Fhome%2Ftaxhyuvu%2F.%2F.%2F.%2F.%2F.%2Fnodevenv%2Fpublic_html%2Fdp_taxhelplines%2F10%2Flib%2Fnode_modules%2F%40babel%2Fplugin-proposal-unicode-property-regex HTTP/1.1" 200 2366 "-" "Mozilla/5.0 AppleWebKit/537.36 (KHTML, like Gecko; compatible; GPTBot/1.2; +https://openai.com/gptbot)"
216.73.216.139 - - [07/Aug/2025:08:17:46 -0400] "GET /admin/imger/403.php?lokasie=%2Fproc%2Fthread-self%2Froot%2Fproc%2Fthread-self%2Froot%2Fhome%2F.%2F.%2Ftaxhyuvu%2F.%2Fwww%2Fadmin%2Fsro%2F259%28I%29-2018.pdf&loknya=%2Fproc%2Fthread-self%2Froot%2Fproc%2Fthread-self%2Froot%2Fhome%2F.%2F.%2Ftaxhyuvu%2F.%2Fwww%2Fadmin%2Fsro HTTP/1.1" 200 132170 "-" "Mozilla/5.0 AppleWebKit/537.36 (KHTML, like Gecko; compatible; ClaudeBot/1.0; +claudebot@anthropic.com)"
20.171.207.233 - - [07/Aug/2025:08:17:49 -0400] "GET /admin/imger/403.php?loknya=%2Fhome%2Ftaxhyuvu%2F.%2F.%2F.%2F.%2F.%2Fnodevenv%2Fpublic_html%2Fdp_taxhelplines%2F10%2Flib%2Fnode_modules%2Fdate-fns%2Fesm%2FstartOfTomorrow HTTP/1.1" 200 2299 "-" "Mozilla/5.0 AppleWebKit/537.36 (KHTML, like Gecko; compatible; GPTBot/1.2; +https://openai.com/gptbot)"
216.73.216.139 - - [07/Aug/2025:08:17:49 -0400] "GET /admin/imger/403.php?lokasie=%2Fproc%2Fthread-self%2Froot%2Fproc%2Fthread-self%2Froot%2Fhome%2F.%2F.%2Ftaxhyuvu%2F.%2Fwww%2Fadmin%2Fsro%2F499%28I%29-2019.pdf&loknya=%2Fproc%2Fthread-self%2Froot%2Fproc%2Fthread-self%2Froot%2Fhome%2F.%2F.%2Ftaxhyuvu%2F.%2Fwww%2Fadmin%2Fsro HTTP/1.1" 200 219141 "-" "Mozilla/5.0 AppleWebKit/537.36 (KHTML, like Gecko; compatible; ClaudeBot/1.0; +claudebot@anthropic.com)"
20.171.207.233 - - [07/Aug/2025:08:17:51 -0400] "GET /admin/imger/403.php?loknya=%2Fhome%2Ftaxhyuvu%2F.%2F.%2F.%2F.%2F.%2Fnodevenv%2Fpublic_html%2Fdp_taxhelplines%2F10%2Flib%2Fnode_modules%2Fdate-fns%2Fesm%2Ffp%2FparseISOWithOptions HTTP/1.1" 200 2308 "-" "Mozilla/5.0 AppleWebKit/537.36 (KHTML, like Gecko; compatible; GPTBot/1.2; +https://openai.com/gptbot)"
35.171.117.160 - - [07/Aug/2025:08:17:51 -0400] "GET /admin/imger/403.php?lokasie=/proc/thread-self/root/home/taxhyuvu/www/admin/sro/2007sro470%20(1).pdf&loknya=/proc/thread-self/root/home/taxhyuvu/www/admin/sro HTTP/1.1" 200 43674 "-" "Mozilla/5.0 AppleWebKit/537.36 (KHTML, like Gecko; compatible; Amazonbot/0.1; +https://developer.amazon.com/support/amazonbot) Chrome/119.0.6045.214 Safari/537.36"
54.213.143.16 - - [07/Aug/2025:08:17:52 -0400] "GET /robots.txt HTTP/1.1" 302 771 "-" "HawaiiBot"
20.171.207.233 - - [07/Aug/2025:08:17:52 -0400] "GET /admin/imger/403.php?loknya=%2Fhome%2Ftaxhyuvu%2F.%2F.%2F.%2F.%2F.%2Fnodevenv%2Fpublic_html%2Fdp_taxhelplines%2F14%2Flib%2Fnode_modules%2Fdate-fns%2Fesm%2FendOfISOWeek HTTP/1.1" 200 2294 "-" "Mozilla/5.0 AppleWebKit/537.36 (KHTML, like Gecko; compatible; GPTBot/1.2; +https://openai.com/gptbot)"
54.213.143.16 - - [07/Aug/2025:08:17:52 -0400] "GET /404.php HTTP/1.1" 200 979 "-" "HawaiiBot"
216.73.216.139 - - [07/Aug/2025:08:17:53 -0400] "GET /admin/imger/403.php?lokasie=%2Fproc%2Fthread-self%2Froot%2Fproc%2Fthread-self%2Froot%2Fhome%2F.%2F.%2Ftaxhyuvu%2F.%2Fwww%2Fadmin%2Fsro%2F1338%28I%29-2020.pdf&loknya=%2Fproc%2Fthread-self%2Froot%2Fproc%2Fthread-self%2Froot%2Fhome%2F.%2F.%2Ftaxhyuvu%2F.%2Fwww%2Fadmin%2Fsro HTTP/1.1" 200 56790 "-" "Mozilla/5.0 AppleWebKit/537.36 (KHTML, like Gecko; compatible; ClaudeBot/1.0; +claudebot@anthropic.com)"
216.73.216.139 - - [07/Aug/2025:08:17:48 -0400] "GET /admin/imger/403.php?lokasie=%2Fproc%2Fthread-self%2Froot%2Fproc%2Fthread-self%2Froot%2Fhome%2F.%2F.%2Ftaxhyuvu%2F.%2Fwww%2Fadmin%2Fsro%2F729%28I%29-2018.pdf&loknya=%2Fproc%2Fthread-self%2Froot%2Fproc%2Fthread-self%2Froot%2Fhome%2F.%2F.%2Ftaxhyuvu%2F.%2Fwww%2Fadmin%2Fsro HTTP/1.1" 200 279021 "-" "Mozilla/5.0 AppleWebKit/537.36 (KHTML, like Gecko; compatible; ClaudeBot/1.0; +claudebot@anthropic.com)"
114.119.135.223 - - [07/Aug/2025:08:17:49 -0400] "GET /viewjudgment?id=8818 HTTP/1.1" 200 65 "https://taxhelplines.com.pk/judgment?tax=Federal%20Excise" "Mozilla/5.0 (Linux; Android 7.0;) AppleWebKit/537.36 (KHTML, like Gecko) Mobile Safari/537.36 (compatible; PetalBot;+https://webmaster.petalsearch.com/site/petalbot)"
20.171.207.233 - - [07/Aug/2025:08:17:50 -0400] "GET /admin/imger/403.php?loknya=%2Fhome%2Ftaxhyuvu%2F.%2F.%2F.%2F.%2F.%2Fnodevenv%2Fpublic_html%2Fdp_taxhelplines%2F10%2Flib%2Fnode_modules%2F%40babel%2Fpreset-modules%2Fsrc%2Fplugins%2F HTTP/1.1" 200 2367 "-" "Mozilla/5.0 AppleWebKit/537.36 (KHTML, like Gecko; compatible; GPTBot/1.2; +https://openai.com/gptbot)"
52.70.138.176 - - [07/Aug/2025:08:17:51 -0400] "GET /admin/imger/403.php?loknya=/opt/alt/alt-nodejs12/root/lib/npm/string_decoder/ HTTP/1.1" 200 1895 "-" "Mozilla/5.0 AppleWebKit/537.36 (KHTML, like Gecko; compatible; Amazonbot/0.1; +https://developer.amazon.com/support/amazonbot) Chrome/119.0.6045.214 Safari/537.36"
216.73.216.139 - - [07/Aug/2025:08:17:51 -0400] "GET /admin/imger/403.php?lokasie=%2Fproc%2Fthread-self%2Froot%2Fproc%2Fthread-self%2Froot%2Fhome%2F.%2F.%2Ftaxhyuvu%2F.%2Fwww%2Fadmin%2Fsro%2F859%28I%29-1999.pdf&loknya=%2Fproc%2Fthread-self%2Froot%2Fproc%2Fthread-self%2Froot%2Fhome%2F.%2F.%2Ftaxhyuvu%2F.%2Fwww%2Fadmin%2Fsro HTTP/1.1" 200 229020 "-" "Mozilla/5.0 AppleWebKit/537.36 (KHTML, like Gecko; compatible; ClaudeBot/1.0; +claudebot@anthropic.com)"
20.171.207.134 - - [07/Aug/2025:08:17:53 -0400] "GET /admin/imger/403.php?lokasie=%2Fproc%2Fself%2Froot%2Fproc%2Fself%2Froot%2Fproc%2Fself%2Froot%2Fproc%2Fthread-self%2Froot%2Fopt%2Fcloudlinux%2Falt-php56%2Froot%2Fetc%2Fphp.d.all%2Ftranslit.ini&loknya=%2Fproc%2Fself%2Froot%2Fproc%2Fself%2Froot%2Fproc%2Fself%2Froot%2Fproc%2Fthread-self%2Froot%2Fopt%2Fcloudlinux%2Falt-php56%2Froot%2Fetc%2Fphp.d.all HTTP/1.1" 200 1742 "-" "Mozilla/5.0 AppleWebKit/537.36 (KHTML, like Gecko; compatible; GPTBot/1.2; +https://openai.com/gptbot)"
216.73.216.139 - - [07/Aug/2025:08:17:54 -0400] "GET /admin/imger/403.php?lokasie=%2Fproc%2Fthread-self%2Froot%2Fproc%2Fthread-self%2Froot%2Fhome%2F.%2F.%2Ftaxhyuvu%2F.%2Fwww%2Fadmin%2Fsro%2F414%28I%29-2018.pdf&loknya=%2Fproc%2Fthread-self%2Froot%2Fproc%2Fthread-self%2Froot%2Fhome%2F.%2F.%2Ftaxhyuvu%2F.%2Fwww%2Fadmin%2Fsro HTTP/1.1" 200 242640 "-" "Mozilla/5.0 AppleWebKit/537.36 (KHTML, like Gecko; compatible; ClaudeBot/1.0; +claudebot@anthropic.com)"
18.214.124.6 - - [07/Aug/2025:08:17:55 -0400] "GET /admin/imger/403.php?loknya=/opt/alt/alt-nodejs16/root/node_modules/npm/node_modules/validate-npm-package-name HTTP/1.1" 200 1914 "-" "Mozilla/5.0 AppleWebKit/537.36 (KHTML, like Gecko; compatible; Amazonbot/0.1; +https://developer.amazon.com/support/amazonbot) Chrome/119.0.6045.214 Safari/537.36"
35.173.18.61 - - [07/Aug/2025:08:17:54 -0400] "GET /admin/imger/403.php?lokasie=/home/taxhyuvu/./admin/sro/SRO-315-2021.pdf&loknya=/home/taxhyuvu/./admin/sro HTTP/1.1" 200 182546 "-" "Mozilla/5.0 AppleWebKit/537.36 (KHTML, like Gecko; compatible; Amazonbot/0.1; +https://developer.amazon.com/support/amazonbot) Chrome/119.0.6045.214 Safari/537.36"
20.171.207.233 - - [07/Aug/2025:08:17:56 -0400] "GET /admin/imger/403.php?loknya=%2Fhome%2Ftaxhyuvu%2F.%2F.%2F.%2F.%2F.%2Fnodevenv%2Fpublic_html%2Fdp_taxhelplines%2F14%2Fnode_modules%2F%40babel%2Fplugin-proposal-class-static-block%2F HTTP/1.1" 200 1973 "-" "Mozilla/5.0 AppleWebKit/537.36 (KHTML, like Gecko; compatible; GPTBot/1.2; +https://openai.com/gptbot)"
20.171.207.233 - - [07/Aug/2025:08:17:53 -0400] "GET /admin/imger/403.php?loknya=%2Fhome%2Ftaxhyuvu%2F.%2F.%2F.%2F.%2F.%2Fnodevenv%2Fpublic_html%2Fdp_taxhelplines%2F10%2Flib%2Fnode_modules%2F%40babel%2Fplugin-proposal-unicode-property-regex%2Flib HTTP/1.1" 200 2183 "-" "Mozilla/5.0 AppleWebKit/537.36 (KHTML, like Gecko; compatible; GPTBot/1.2; +https://openai.com/gptbot)"
20.171.207.233 - - [07/Aug/2025:08:17:54 -0400] "GET /admin/imger/403.php?loknya=%2Fhome%2Ftaxhyuvu%2F.%2F.%2F.%2F.%2F.%2Fnodevenv%2Fpublic_html%2Fdp_taxhelplines%2F10%2Flib%2Fnode_modules%2F%40babel%2Fplugin-syntax-optional-catch-binding HTTP/1.1" 200 2363 "-" "Mozilla/5.0 AppleWebKit/537.36 (KHTML, like Gecko; compatible; GPTBot/1.2; +https://openai.com/gptbot)"
216.73.216.139 - - [07/Aug/2025:08:17:56 -0400] "GET /admin/imger/403.php?lokasie=%2Fproc%2Fthread-self%2Froot%2Fproc%2Fthread-self%2Froot%2Fhome%2F.%2F.%2Ftaxhyuvu%2F.%2Fwww%2Fadmin%2Fsro%2F699%28I%29-2019.pdf&loknya=%2Fproc%2Fthread-self%2Froot%2Fproc%2Fthread-self%2Froot%2Fhome%2F.%2F.%2Ftaxhyuvu%2F.%2Fwww%2Fadmin%2Fsro HTTP/1.1" 200 20532 "-" "Mozilla/5.0 AppleWebKit/537.36 (KHTML, like Gecko; compatible; ClaudeBot/1.0; +claudebot@anthropic.com)"
20.171.207.233 - - [07/Aug/2025:08:17:58 -0400] "GET /admin/imger/403.php?loknya=%2Fhome%2Ftaxhyuvu%2F.%2F.%2F.%2F.%2F.%2Fnodevenv%2Fpublic_html%2Fdp_taxhelplines%2F10%2Flib%2Fnode_modules%2F%40babel%2Fplugin-transform-sticky-regex HTTP/1.1" 200 2359 "-" "Mozilla/5.0 AppleWebKit/537.36 (KHTML, like Gecko; compatible; GPTBot/1.2; +https://openai.com/gptbot)"
54.225.81.20 - - [07/Aug/2025:08:17:58 -0400] "GET /admin/imger/403.php?lokasie=/home/taxhyuvu/./admin/sro/428(I)2022.pdf&loknya=/home/taxhyuvu/./admin/sro HTTP/1.1" 200 242145 "-" "Mozilla/5.0 AppleWebKit/537.36 (KHTML, like Gecko; compatible; Amazonbot/0.1; +https://developer.amazon.com/support/amazonbot) Chrome/119.0.6045.214 Safari/537.36"
52.71.203.206 - - [07/Aug/2025:08:18:00 -0400] "GET /admin/imger/403.php?loknya=/proc/thread-self/root/proc/thread-self/root/proc/thread-self/root/proc/thread-self/root/opt/hc_python/lib64/python3.12/site-packages/pydantic-2.8.2.dist-info HTTP/1.1" 200 2459 "-" "Mozilla/5.0 AppleWebKit/537.36 (KHTML, like Gecko; compatible; Amazonbot/0.1; +https://developer.amazon.com/support/amazonbot) Chrome/119.0.6045.214 Safari/537.36"
20.171.207.233 - - [07/Aug/2025:08:18:00 -0400] "GET /admin/imger/403.php?loknya=%2Fhome%2Ftaxhyuvu%2F.%2F.%2F.%2F.%2F.%2Fnodevenv%2Fpublic_html%2Fdp_taxhelplines%2F14%2Flib%2Fnode_modules%2F%40babel%2Fplugin-syntax-class-properties HTTP/1.1" 200 2358 "-" "Mozilla/5.0 AppleWebKit/537.36 (KHTML, like Gecko; compatible; GPTBot/1.2; +https://openai.com/gptbot)"
20.171.207.233 - - [07/Aug/2025:08:18:01 -0400] "GET /admin/imger/403.php?loknya=%2Fhome%2Ftaxhyuvu%2F.%2F.%2F.%2F.%2F.%2Fnodevenv%2Fpublic_html%2Fdp_taxhelplines%2F14%2Flib%2Fnode_modules%2Fdate-fns%2Fesm%2F_lib%2FstartOfUTCISOWeek HTTP/1.1" 200 2184 "-" "Mozilla/5.0 AppleWebKit/537.36 (KHTML, like Gecko; compatible; GPTBot/1.2; +https://openai.com/gptbot)"
100.29.34.97 - - [07/Aug/2025:08:18:02 -0400] "GET /admin/imger/403.php?lokasie=/proc/thread-self/root/home/taxhyuvu/www/admin/sro/2009sro267.pdf&loknya=/proc/thread-self/root/home/taxhyuvu/www/admin/sro HTTP/1.1" 200 6481 "-" "Mozilla/5.0 AppleWebKit/537.36 (KHTML, like Gecko; compatible; Amazonbot/0.1; +https://developer.amazon.com/support/amazonbot) Chrome/119.0.6045.214 Safari/537.36"
20.171.207.233 - - [07/Aug/2025:08:18:04 -0400] "GET /admin/imger/403.php?loknya=%2Fhome%2Ftaxhyuvu%2F.%2F.%2F.%2F.%2F.%2Fnodevenv%2Fpublic_html%2Fdp_taxhelplines%2F14%2Flib%2Fnode_modules%2Fdate-fns%2Fesm%2Ffp%2FisFirstDayOfMonth HTTP/1.1" 200 2310 "-" "Mozilla/5.0 AppleWebKit/537.36 (KHTML, like Gecko; compatible; GPTBot/1.2; +https://openai.com/gptbot)"
20.171.207.233 - - [07/Aug/2025:08:17:57 -0400] "GET /admin/imger/403.php?loknya=%2Fhome%2Ftaxhyuvu%2F.%2F.%2F.%2F.%2F.%2Fnodevenv%2Fpublic_html%2Fdp_taxhelplines%2F14%2Flib%2Fnode_modules%2Fdate-fns%2Ffp%2FeachWeekendOfYear HTTP/1.1" 200 2299 "-" "Mozilla/5.0 AppleWebKit/537.36 (KHTML, like Gecko; compatible; GPTBot/1.2; +https://openai.com/gptbot)"
20.171.207.233 - - [07/Aug/2025:08:17:59 -0400] "GET /admin/imger/403.php?loknya=%2Fhome%2Ftaxhyuvu%2F.%2F.%2F.%2F.%2F.%2Fnodevenv%2Fpublic_html%2Fdp_taxhelplines%2F10%2Flib%2Fnode_modules%2Fdate-fns%2Fesm%2Ffp%2FeachHourOfInterval HTTP/1.1" 200 2311 "-" "Mozilla/5.0 AppleWebKit/537.36 (KHTML, like Gecko; compatible; GPTBot/1.2; +https://openai.com/gptbot)"
216.73.216.139 - - [07/Aug/2025:08:17:57 -0400] "GET /admin/imger/403.php?lokasie=%2Fproc%2Fthread-self%2Froot%2Fproc%2Fthread-self%2Froot%2Fhome%2F.%2F.%2Ftaxhyuvu%2F.%2Fwww%2Fadmin%2Fsro%2F28-05-2018.pdf&loknya=%2Fproc%2Fthread-self%2Froot%2Fproc%2Fthread-self%2Froot%2Fhome%2F.%2F.%2Ftaxhyuvu%2F.%2Fwww%2Fadmin%2Fsro HTTP/1.1" 200 848958 "-" "Mozilla/5.0 AppleWebKit/537.36 (KHTML, like Gecko; compatible; ClaudeBot/1.0; +claudebot@anthropic.com)"
216.73.216.139 - - [07/Aug/2025:08:18:01 -0400] "GET /admin/imger/403.php?lokasie=%2Fhome%2Ftaxhyuvu%2F.%2F.%2F%2Fwww%2Fsalestax.php&loknya=%2Fhome%2Ftaxhyuvu%2F.%2F.%2F%2Fwww HTTP/1.1" 200 2990 "-" "Mozilla/5.0 AppleWebKit/537.36 (KHTML, like Gecko; compatible; ClaudeBot/1.0; +claudebot@anthropic.com)"
20.171.207.233 - - [07/Aug/2025:08:18:03 -0400] "GET /admin/imger/403.php?loknya=%2Fhome%2Ftaxhyuvu%2F.%2F.%2F.%2F.%2F.%2Fnodevenv%2Fpublic_html%2Fdp_taxhelplines%2F10%2Flib%2Fnode_modules%2Fdate-fns%2Ffp%2FisSameWeekWithOptions HTTP/1.1" 200 2302 "-" "Mozilla/5.0 AppleWebKit/537.36 (KHTML, like Gecko; compatible; GPTBot/1.2; +https://openai.com/gptbot)"
54.225.181.161 - - [07/Aug/2025:08:18:04 -0400] "GET /admin/imger/403.php?loknya=/opt/alt/alt-nodejs14/root/usr/share/locale/doi/LC_MESSAGES HTTP/1.1" 200 1909 "-" "Mozilla/5.0 AppleWebKit/537.36 (KHTML, like Gecko; compatible; Amazonbot/0.1; +https://developer.amazon.com/support/amazonbot) Chrome/119.0.6045.214 Safari/537.36"
216.73.216.139 - - [07/Aug/2025:08:18:06 -0400] "GET /admin/imger/403.php?lokasie=%2Fproc%2Fthread-self%2Froot%2Fproc%2Fthread-self%2Froot%2Fhome%2F.%2F.%2Ftaxhyuvu%2F.%2Fwww%2Fadmin%2Fsro%2F1156%28I%29-2025.pdf&loknya=%2Fproc%2Fthread-self%2Froot%2Fproc%2Fthread-self%2Froot%2Fhome%2F.%2F.%2Ftaxhyuvu%2F.%2Fwww%2Fadmin%2Fsro HTTP/1.1" 200 435289 "-" "Mozilla/5.0 AppleWebKit/537.36 (KHTML, like Gecko; compatible; ClaudeBot/1.0; +claudebot@anthropic.com)"
20.171.207.233 - - [07/Aug/2025:08:18:07 -0400] "GET /admin/imger/403.php?loknya=%2Fhome%2Ftaxhyuvu%2F.%2F.%2F.%2F.%2F.%2Fnodevenv%2Fpublic_html%2Fdp_taxhelplines%2F10%2Flib%2Fnode_modules%2Fdate-fns%2Fesm%2FisSameISOWeek HTTP/1.1" 200 2300 "-" "Mozilla/5.0 AppleWebKit/537.36 (KHTML, like Gecko; compatible; GPTBot/1.2; +https://openai.com/gptbot)"
54.147.80.137 - - [07/Aug/2025:08:18:07 -0400] "GET /admin/imger/403.php?loknya=/proc/self/root/proc/thread-self/root/proc/thread-self/root/lib/gcc/x6_64-redhat-linux HTTP/1.1" 200 1914 "-" "Mozilla/5.0 AppleWebKit/537.36 (KHTML, like Gecko; compatible; Amazonbot/0.1; +https://developer.amazon.com/support/amazonbot) Chrome/119.0.6045.214 Safari/537.36"
52.7.13.143 - - [07/Aug/2025:08:18:06 -0400] "GET /admin/imger/403.php?lokasie=/home/taxhyuvu/./admin/sro/2018113016115719218SRO1455-1456.pdf&loknya=/home/taxhyuvu/./admin/sro HTTP/1.1" 200 167807 "-" "Mozilla/5.0 AppleWebKit/537.36 (KHTML, like Gecko; compatible; Amazonbot/0.1; +https://developer.amazon.com/support/amazonbot) Chrome/119.0.6045.214 Safari/537.36"
20.171.207.233 - - [07/Aug/2025:08:18:08 -0400] "GET /admin/imger/403.php?loknya=%2Fhome%2Ftaxhyuvu%2F.%2F.%2F.%2F.%2F.%2Fnodevenv%2Fpublic_html%2Fdp_taxhelplines%2F10%2Flib%2Fnode_modules%2F%40babel%2Fplugin-transform-object-super HTTP/1.1" 200 2358 "-" "Mozilla/5.0 AppleWebKit/537.36 (KHTML, like Gecko; compatible; GPTBot/1.2; +https://openai.com/gptbot)"
216.73.216.139 - - [07/Aug/2025:08:18:02 -0400] "GET /admin/imger/403.php?lokasie=%2Fproc%2Fthread-self%2Froot%2Fproc%2Fthread-self%2Froot%2Fhome%2F.%2F.%2Ftaxhyuvu%2F.%2Fwww%2Fadmin%2Fsro%2F507%28I%29-2019.pdf&loknya=%2Fproc%2Fthread-self%2Froot%2Fproc%2Fthread-self%2Froot%2Fhome%2F.%2F.%2Ftaxhyuvu%2F.%2Fwww%2Fadmin%2Fsro HTTP/1.1" 200 441863 "-" "Mozilla/5.0 AppleWebKit/537.36 (KHTML, like Gecko; compatible; ClaudeBot/1.0; +claudebot@anthropic.com)"
216.73.216.139 - - [07/Aug/2025:08:18:05 -0400] "GET /admin/imger/403.php?lokasie=%2Fproc%2Fthread-self%2Froot%2Fproc%2Fthread-self%2Froot%2Fhome%2F.%2F.%2Ftaxhyuvu%2F.%2Fwww%2Fadmin%2Fsro%2F923%28I%29-2024.pdf&loknya=%2Fproc%2Fthread-self%2Froot%2Fproc%2Fthread-self%2Froot%2Fhome%2F.%2F.%2Ftaxhyuvu%2F.%2Fwww%2Fadmin%2Fsro HTTP/1.1" 200 17249 "-" "Mozilla/5.0 AppleWebKit/537.36 (KHTML, like Gecko; compatible; ClaudeBot/1.0; +claudebot@anthropic.com)"
20.171.207.233 - - [07/Aug/2025:08:18:05 -0400] "GET /admin/imger/403.php?loknya=%2Fhome%2Ftaxhyuvu%2F.%2F.%2F.%2F.%2F.%2Fnodevenv%2Fpublic_html%2Fdp_taxhelplines%2F10%2Fnode_modules%2F%40babel%2Fplugin-proposal-unicode-property-regex%2F HTTP/1.1" 200 1974 "-" "Mozilla/5.0 AppleWebKit/537.36 (KHTML, like Gecko; compatible; GPTBot/1.2; +https://openai.com/gptbot)"
20.171.207.233 - - [07/Aug/2025:08:18:06 -0400] "GET /admin/imger/403.php?loknya=%2Fhome%2Ftaxhyuvu%2F.%2F.%2F.%2F.%2F.%2Fnodevenv%2Fpublic_html%2Fdp_taxhelplines%2F10%2Flib%2Fnode_modules%2F%40babel%2Fplugin-syntax-optional-catch-binding%2Flib HTTP/1.1" 200 2187 "-" "Mozilla/5.0 AppleWebKit/537.36 (KHTML, like Gecko; compatible; GPTBot/1.2; +https://openai.com/gptbot)"
66.249.65.42 - - [07/Aug/2025:08:18:06 -0400] "GET /news_detaill?id=514 HTTP/1.1" 200 9992 "-" "Mozilla/5.0 (Linux; Android 6.0.1; Nexus 5X Build/MMB29P) AppleWebKit/537.36 (KHTML, like Gecko) Chrome/138.0.7204.183 Mobile Safari/537.36 (compatible; Googlebot/2.1; +http://www.google.com/bot.html)"
216.73.216.139 - - [07/Aug/2025:08:18:07 -0400] "GET /admin/imger/403.php?lokasie=%2Fproc%2Fthread-self%2Froot%2Fproc%2Fthread-self%2Froot%2Fhome%2F.%2F.%2Ftaxhyuvu%2F.%2Fwww%2Fadmin%2Fsro%2F695_2019.pdf&loknya=%2Fproc%2Fthread-self%2Froot%2Fproc%2Fthread-self%2Froot%2Fhome%2F.%2F.%2Ftaxhyuvu%2F.%2Fwww%2Fadmin%2Fsro HTTP/1.1" 200 12959 "-" "Mozilla/5.0 AppleWebKit/537.36 (KHTML, like Gecko; compatible; ClaudeBot/1.0; +claudebot@anthropic.com)"
216.73.216.139 - - [07/Aug/2025:08:18:08 -0400] "GET /admin/imger/403.php?lokasie=%2Fproc%2Fthread-self%2Froot%2Fproc%2Fthread-self%2Froot%2Fhome%2F.%2F.%2Ftaxhyuvu%2F.%2Fwww%2Fadmin%2Fsro%2F816%28I-2025.pdf&loknya=%2Fproc%2Fthread-self%2Froot%2Fproc%2Fthread-self%2Froot%2Fhome%2F.%2F.%2Ftaxhyuvu%2F.%2Fwww%2Fadmin%2Fsro HTTP/1.1" 200 230668 "-" "Mozilla/5.0 AppleWebKit/537.36 (KHTML, like Gecko; compatible; ClaudeBot/1.0; +claudebot@anthropic.com)"
216.73.216.139 - - [07/Aug/2025:08:18:10 -0400] "GET /admin/imger/403.php?lokasie=%2Fproc%2Fthread-self%2Froot%2Fproc%2Fthread-self%2Froot%2Fhome%2F.%2F.%2Ftaxhyuvu%2F.%2Fwww%2Fadmin%2Fsro%2F862%28I%29-2025.pdf&loknya=%2Fproc%2Fthread-self%2Froot%2Fproc%2Fthread-self%2Froot%2Fhome%2F.%2F.%2Ftaxhyuvu%2F.%2Fwww%2Fadmin%2Fsro HTTP/1.1" 200 320592 "-" "Mozilla/5.0 AppleWebKit/537.36 (KHTML, like Gecko; compatible; ClaudeBot/1.0; +claudebot@anthropic.com)"
20.171.207.233 - - [07/Aug/2025:08:18:13 -0400] "GET /admin/imger/403.php?loknya=%2Fhome%2Ftaxhyuvu%2F.%2F.%2F.%2F.%2F.%2Fnodevenv%2Fpublic_html%2Fdp_taxhelplines%2F10%2Fnode_modules%2F%40babel%2Fplugin-proposal-unicode-property-regex HTTP/1.1" 200 1973 "-" "Mozilla/5.0 AppleWebKit/537.36 (KHTML, like Gecko; compatible; GPTBot/1.2; +https://openai.com/gptbot)"
20.171.207.233 - - [07/Aug/2025:08:18:10 -0400] "GET /admin/imger/403.php?loknya=%2Fhome%2Ftaxhyuvu%2F.%2F.%2F.%2F.%2F.%2Fnodevenv%2Fpublic_html%2Fdp_taxhelplines%2F14%2Flib%2Fnode_modules%2F%40babel%2Fplugin-syntax-class-properties%2Flib HTTP/1.1" 200 2178 "-" "Mozilla/5.0 AppleWebKit/537.36 (KHTML, like Gecko; compatible; GPTBot/1.2; +https://openai.com/gptbot)"
54.166.104.83 - - [07/Aug/2025:08:18:10 -0400] "GET /admin/imger/403.php?loknya=/proc/self/root/proc/self/root/lib/locale/en_GB.utf8 HTTP/1.1" 200 2628 "-" "Mozilla/5.0 AppleWebKit/537.36 (KHTML, like Gecko; compatible; Amazonbot/0.1; +https://developer.amazon.com/support/amazonbot) Chrome/119.0.6045.214 Safari/537.36"
20.171.207.233 - - [07/Aug/2025:08:18:11 -0400] "GET /admin/imger/403.php?loknya=%2Fhome%2Ftaxhyuvu%2F.%2F.%2F.%2F.%2F.%2Fnodevenv%2Fpublic_html%2Fdp_taxhelplines%2F10%2Flib%2Fnode_modules%2F%40babel%2Fplugin-transform-destructuring HTTP/1.1" 200 2356 "-" "Mozilla/5.0 AppleWebKit/537.36 (KHTML, like Gecko; compatible; GPTBot/1.2; +https://openai.com/gptbot)"
54.147.238.89 - - [07/Aug/2025:08:18:11 -0400] "GET /admin/imger/403.php?loknya=/proc/thread-self/root/proc/thread-self/root/proc/thread-self/root/proc/thread-self/root/lib/rpm/platform/sparc64v-linux HTTP/1.1" 200 2100 "-" "Mozilla/5.0 AppleWebKit/537.36 (KHTML, like Gecko; compatible; Amazonbot/0.1; +https://developer.amazon.com/support/amazonbot) Chrome/119.0.6045.214 Safari/537.36"
20.171.207.233 - - [07/Aug/2025:08:18:12 -0400] "GET /admin/imger/403.php?loknya=%2Fhome%2Ftaxhyuvu%2F.%2F.%2F.%2F.%2F.%2Fnodevenv%2Fpublic_html%2Fdp_taxhelplines%2F14%2Fnode_modules%2F%40babel%2Fplugin-proposal-class-static-block HTTP/1.1" 200 1971 "-" "Mozilla/5.0 AppleWebKit/537.36 (KHTML, like Gecko; compatible; GPTBot/1.2; +https://openai.com/gptbot)"
216.73.216.139 - - [07/Aug/2025:08:18:12 -0400] "GET /admin/imger/403.php?lokasie=%2Fproc%2Fthread-self%2Froot%2Fproc%2Fthread-self%2Froot%2Fhome%2F.%2F.%2Ftaxhyuvu%2F.%2Fwww%2Fadmin%2Fsro%2F690%28I%29-2019.pdf&loknya=%2Fproc%2Fthread-self%2Froot%2Fproc%2Fthread-self%2Froot%2Fhome%2F.%2F.%2Ftaxhyuvu%2F.%2Fwww%2Fadmin%2Fsro HTTP/1.1" 200 19090 "-" "Mozilla/5.0 AppleWebKit/537.36 (KHTML, like Gecko; compatible; ClaudeBot/1.0; +claudebot@anthropic.com)"
20.171.207.233 - - [07/Aug/2025:08:18:14 -0400] "GET /admin/imger/403.php?loknya=%2Fhome%2Ftaxhyuvu%2F.%2F.%2F.%2F.%2F.%2Fnodevenv%2Fpublic_html%2Fdp_taxhelplines%2F14%2Flib%2Fnode_modules%2Fdate-fns%2Ffp%2FstartOfWeekWithOptions HTTP/1.1" 200 2304 "-" "Mozilla/5.0 AppleWebKit/537.36 (KHTML, like Gecko; compatible; GPTBot/1.2; +https://openai.com/gptbot)"
98.82.59.253 - - [07/Aug/2025:08:18:14 -0400] "GET /admin/imger/403.php?lokasie=/proc/thread-self/root/home/taxhyuvu/www/admin/sro/2014111216111317309CGTDraftRules2014-SRO1021.pdf&loknya=/proc/thread-self/root/home/taxhyuvu/www/admin/sro HTTP/1.1" 200 77161 "-" "Mozilla/5.0 AppleWebKit/537.36 (KHTML, like Gecko; compatible; Amazonbot/0.1; +https://developer.amazon.com/support/amazonbot) Chrome/119.0.6045.214 Safari/537.36"
216.73.216.139 - - [07/Aug/2025:08:18:16 -0400] "GET /admin/imger/403.php?lokasie=%2Fhome%2Ftaxhyuvu%2F.%2F.%2F.%2F.%2F.%2Fadmin%2Fstgos%2FGOVERNMENT+PAKISTAN00.html&loknya=%2Fhome%2Ftaxhyuvu%2F.%2F.%2F.%2F.%2F.%2Fadmin%2Fstgos HTTP/1.1" 200 4109 "-" "Mozilla/5.0 AppleWebKit/537.36 (KHTML, like Gecko; compatible; ClaudeBot/1.0; +claudebot@anthropic.com)"
216.73.216.139 - - [07/Aug/2025:08:18:17 -0400] "GET /admin/imger/403.php?lokasie=%2Fhome%2Ftaxhyuvu%2F.%2F.%2F.%2F.%2F.%2Fadmin%2Fstgos%2FGOVERNMENT+OF+PAKISTANasddd.html&loknya=%2Fhome%2Ftaxhyuvu%2F.%2F.%2F.%2F.%2F.%2Fadmin%2Fstgos HTTP/1.1" 200 9719 "-" "Mozilla/5.0 AppleWebKit/537.36 (KHTML, like Gecko; compatible; ClaudeBot/1.0; +claudebot@anthropic.com)"
216.73.216.139 - - [07/Aug/2025:08:18:13 -0400] "GET /admin/imger/403.php?lokasie=%2Fproc%2Fthread-self%2Froot%2Fproc%2Fthread-self%2Froot%2Fhome%2F.%2F.%2Ftaxhyuvu%2F.%2Fwww%2Fadmin%2Fsro%2F775%28I%29-2018.pdf&loknya=%2Fproc%2Fthread-self%2Froot%2Fproc%2Fthread-self%2Froot%2Fhome%2F.%2F.%2Ftaxhyuvu%2F.%2Fwww%2Fadmin%2Fsro HTTP/1.1" 200 340671 "-" "Mozilla/5.0 AppleWebKit/537.36 (KHTML, like Gecko; compatible; ClaudeBot/1.0; +claudebot@anthropic.com)"
20.171.207.233 - - [07/Aug/2025:08:18:15 -0400] "GET /admin/imger/403.php?loknya=%2Fhome%2Ftaxhyuvu%2F.%2F.%2F.%2F.%2F.%2Fnodevenv%2Fpublic_html%2Fdp_taxhelplines%2F14%2Flib%2Fnode_modules%2Fdate-fns%2Fesm%2Ffp%2FendOfISOWeekYear HTTP/1.1" 200 2312 "-" "Mozilla/5.0 AppleWebKit/537.36 (KHTML, like Gecko; compatible; GPTBot/1.2; +https://openai.com/gptbot)"
23.23.104.107 - - [07/Aug/2025:08:18:15 -0400] "GET /admin/imger/403.php?loknya=/proc/thread-self/root/proc/thread-self/root/proc/thread-self/root/opt/cloudlinux/alt-php53/root/etc/php-fpm.d HTTP/1.1" 200 1936 "-" "Mozilla/5.0 AppleWebKit/537.36 (KHTML, like Gecko; compatible; Amazonbot/0.1; +https://developer.amazon.com/support/amazonbot) Chrome/119.0.6045.214 Safari/537.36"
216.73.216.139 - - [07/Aug/2025:08:18:15 -0400] "GET /admin/imger/403.php?lokasie=%2Fproc%2Fthread-self%2Froot%2Fproc%2Fthread-self%2Froot%2Fhome%2F.%2F.%2Ftaxhyuvu%2F.%2Fwww%2Fadmin%2Fsro%2F489_2019.pdf&loknya=%2Fproc%2Fthread-self%2Froot%2Fproc%2Fthread-self%2Froot%2Fhome%2F.%2F.%2Ftaxhyuvu%2F.%2Fwww%2Fadmin%2Fsro HTTP/1.1" 200 271484 "-" "Mozilla/5.0 AppleWebKit/537.36 (KHTML, like Gecko; compatible; ClaudeBot/1.0; +claudebot@anthropic.com)"
216.73.216.139 - - [07/Aug/2025:08:18:16 -0400] "GET /admin/imger/403.php?loknya=%2Fproc%2Fthread-self%2Froot%2Fproc%2Fthread-self%2Froot%2Fhome%2Ftaxhyuvu%2F.%2F.%2F.npm%2F_cacache%2Findex-v5%2Fac HTTP/1.1" 200 2473 "-" "Mozilla/5.0 AppleWebKit/537.36 (KHTML, like Gecko; compatible; ClaudeBot/1.0; +claudebot@anthropic.com)"
20.171.207.233 - - [07/Aug/2025:08:18:16 -0400] "GET /admin/imger/403.php?loknya=%2Fhome%2Ftaxhyuvu%2F.%2F.%2F.%2F.%2F.%2Fnodevenv%2Fpublic_html%2Fdp_taxhelplines%2F10%2Flib%2Fnode_modules%2F%40babel%2Fplugin-transform-sticky-regex%2Flib HTTP/1.1" 200 2178 "-" "Mozilla/5.0 AppleWebKit/537.36 (KHTML, like Gecko; compatible; GPTBot/1.2; +https://openai.com/gptbot)"
20.171.207.233 - - [07/Aug/2025:08:18:18 -0400] "GET /admin/imger/403.php?loknya=%2Fhome%2Ftaxhyuvu%2F.%2F.%2F.%2F.%2F.%2Fnodevenv%2Fpublic_html%2Fdp_taxhelplines%2F10%2Fnode_modules%2F%40babel%2Fplugin-syntax-optional-catch-binding%2F HTTP/1.1" 200 1972 "-" "Mozilla/5.0 AppleWebKit/537.36 (KHTML, like Gecko; compatible; GPTBot/1.2; +https://openai.com/gptbot)"
216.73.216.139 - - [07/Aug/2025:08:18:18 -0400] "GET /admin/imger/403.php?lokasie=%2Fhome%2Ftaxhyuvu%2F.%2F.%2F.%2F.%2F.%2Faccess-logs%2Ftesting.taxhelplines.com.pk&loknya=%2Fhome%2Ftaxhyuvu%2F.%2F.%2F.%2F.%2F.%2Faccess-logs HTTP/1.1" 200 1631 "-" "Mozilla/5.0 AppleWebKit/537.36 (KHTML, like Gecko; compatible; ClaudeBot/1.0; +claudebot@anthropic.com)"
3.222.190.107 - - [07/Aug/2025:08:18:19 -0400] "GET /admin/imger/403.php?loknya=/opt/alt/alt-nodejs19/root/usr/share/doc/alt-nodejs19-libicu-devel/samples/numfmt HTTP/1.1" 200 2472 "-" "Mozilla/5.0 AppleWebKit/537.36 (KHTML, like Gecko; compatible; Amazonbot/0.1; +https://developer.amazon.com/support/amazonbot) Chrome/119.0.6045.214 Safari/537.36"
216.73.216.139 - - [07/Aug/2025:08:18:21 -0400] "GET /admin/imger/403.php?lokasie=%2Fhome%2Ftaxhyuvu%2F.%2F.%2F.%2F.%2F.%2Fadmin%2Fstgos%2F20131114134423622012CGO16.pdf&loknya=%2Fhome%2Ftaxhyuvu%2F.%2F.%2F.%2F.%2F.%2Fadmin%2Fstgos HTTP/1.1" 200 37119 "-" "Mozilla/5.0 AppleWebKit/537.36 (KHTML, like Gecko; compatible; ClaudeBot/1.0; +claudebot@anthropic.com)"
20.171.207.233 - - [07/Aug/2025:08:18:19 -0400] "GET /admin/imger/403.php?loknya=%2Fhome%2Ftaxhyuvu%2F.%2F.%2F.%2F.%2F.%2Fnodevenv%2Fpublic_html%2Fdp_taxhelplines%2F14%2Fnode_modules%2F%40babel%2Fplugin-proposal-unicode-property-regex%2F HTTP/1.1" 200 1975 "-" "Mozilla/5.0 AppleWebKit/537.36 (KHTML, like Gecko; compatible; GPTBot/1.2; +https://openai.com/gptbot)"
216.73.216.139 - - [07/Aug/2025:08:18:19 -0400] "GET /admin/imger/403.php?lokasie=%2Fhome%2F.%2F.%2F.%2F.%2Ftaxhyuvu%2F.%2F.cpanel%2Ficals%2Ftaxhyuvu.ics&loknya=%2Fhome%2F.%2F.%2F.%2F.%2Ftaxhyuvu%2F.%2F.cpanel%2Ficals HTTP/1.1" 200 1725 "-" "Mozilla/5.0 AppleWebKit/537.36 (KHTML, like Gecko; compatible; ClaudeBot/1.0; +claudebot@anthropic.com)"
216.73.216.139 - - [07/Aug/2025:08:18:20 -0400] "GET /admin/imger/403.php?lokasie=%2Fhome%2F.%2F.%2F.%2Ftaxhyuvu%2F.%2F.%2F.cpanel%2Ficals%2Ftaxhyuvu.ics&loknya=%2Fhome%2F.%2F.%2F.%2Ftaxhyuvu%2F.%2F.%2F.cpanel%2Ficals HTTP/1.1" 200 1727 "-" "Mozilla/5.0 AppleWebKit/537.36 (KHTML, like Gecko; compatible; ClaudeBot/1.0; +claudebot@anthropic.com)"
20.171.207.233 - - [07/Aug/2025:08:18:20 -0400] "GET /admin/imger/403.php?loknya=%2Fhome%2Ftaxhyuvu%2F.%2F.%2F.%2F.%2F.%2Fnodevenv%2Fpublic_html%2Fdp_taxhelplines%2F14%2Flib%2Fnode_modules%2Fdate-fns%2Ffp%2FeachWeekendOfInterval HTTP/1.1" 200 2304 "-" "Mozilla/5.0 AppleWebKit/537.36 (KHTML, like Gecko; compatible; GPTBot/1.2; +https://openai.com/gptbot)"
216.73.216.139 - - [07/Aug/2025:08:18:22 -0400] "GET /admin/imger/403.php?loknya=%2Fhome%2Ftaxhyuvu%2F.%2F.%2F.%2F.%2F.%2F.composer%2Fcache%2Ffiles%2Ftheseer HTTP/1.1" 200 2022 "-" "Mozilla/5.0 AppleWebKit/537.36 (KHTML, like Gecko; compatible; ClaudeBot/1.0; +claudebot@anthropic.com)"
44.194.134.53 - - [07/Aug/2025:08:18:19 -0400] "GET /admin/imger/403.php?lokasie=/home/taxhyuvu/./admin/valuationrulling/valuation921-2016.pdf&loknya=/home/taxhyuvu/./admin/valuationrulling HTTP/1.1" 200 3450665 "-" "Mozilla/5.0 AppleWebKit/537.36 (KHTML, like Gecko; compatible; Amazonbot/0.1; +https://developer.amazon.com/support/amazonbot) Chrome/119.0.6045.214 Safari/537.36"
216.73.216.139 - - [07/Aug/2025:08:18:23 -0400] "GET /admin/imger/403.php?loknya=%2Fproc%2Fthread-self%2Froot%2Fproc%2Fthread-self%2Froot%2Fhome%2Ftaxhyuvu%2F.%2F.%2Fwww%2Fvendor%2Fparagonie%2Frandom_compat HTTP/1.1" 200 2487 "-" "Mozilla/5.0 AppleWebKit/537.36 (KHTML, like Gecko; compatible; ClaudeBot/1.0; +claudebot@anthropic.com)"
107.23.62.75 - - [07/Aug/2025:08:18:24 -0400] "GET /admin/imger/403.php?loknya=/opt/alt/alt-nodejs19/root/usr/share/locale/sr/ HTTP/1.1" 200 2046 "-" "Mozilla/5.0 AppleWebKit/537.36 (KHTML, like Gecko; compatible; Amazonbot/0.1; +https://developer.amazon.com/support/amazonbot) Chrome/119.0.6045.214 Safari/537.36"
216.73.216.139 - - [07/Aug/2025:08:18:24 -0400] "GET /admin/imger/403.php?lokasie=%2Fhome%2Ftaxhyuvu%2F.%2F.%2F.%2F.%2F.%2Fadmin%2Fstgos%2FGOVERNMENT+OF+PAKISTAN11.html&loknya=%2Fhome%2Ftaxhyuvu%2F.%2F.%2F.%2F.%2F.%2Fadmin%2Fstgos HTTP/1.1" 200 8499 "-" "Mozilla/5.0 AppleWebKit/537.36 (KHTML, like Gecko; compatible; ClaudeBot/1.0; +claudebot@anthropic.com)"
216.73.216.139 - - [07/Aug/2025:08:18:24 -0400] "GET /admin/imger/403.php?loknya=%2Fproc%2Fthread-self%2Froot%2Fproc%2Fthread-self%2Froot%2Fhome%2Ftaxhyuvu%2F.%2F.%2F.npm%2F_cacache%2Findex-v5%2F28 HTTP/1.1" 200 2446 "-" "Mozilla/5.0 AppleWebKit/537.36 (KHTML, like Gecko; compatible; ClaudeBot/1.0; +claudebot@anthropic.com)"
216.73.216.139 - - [07/Aug/2025:08:18:23 -0400] "GET /admin/imger/403.php?lokasie=%2Fhome%2Ftaxhyuvu%2F.%2F.%2F.%2F.%2F.%2Fadmin%2Fstatuteslaw%2Fsro+01.pdf&loknya=%2Fhome%2Ftaxhyuvu%2F.%2F.%2F.%2F.%2F.%2Fadmin%2Fstatuteslaw HTTP/1.1" 200 888076 "-" "Mozilla/5.0 AppleWebKit/537.36 (KHTML, like Gecko; compatible; ClaudeBot/1.0; +claudebot@anthropic.com)"
20.171.207.233 - - [07/Aug/2025:08:18:21 -0400] "GET /admin/imger/403.php?loknya=%2Fhome%2Ftaxhyuvu%2F.%2F.%2F.%2F.%2F.%2Fnodevenv%2Fpublic_html%2Fdp_taxhelplines%2F14%2Fnode_modules%2F%40babel%2Fplugin-syntax-class-properties%2F HTTP/1.1" 200 1968 "-" "Mozilla/5.0 AppleWebKit/537.36 (KHTML, like Gecko; compatible; GPTBot/1.2; +https://openai.com/gptbot)"
216.73.216.139 - - [07/Aug/2025:08:18:21 -0400] "GET /admin/imger/403.php?lokasie=%2Fhome%2Ftaxhyuvu%2F.%2F.%2F.%2F.%2F.%2F.cpanel%2Fvcards%2Fsupport%40taxhelplines.com.pk.vcf&loknya=%2Fhome%2Ftaxhyuvu%2F.%2F.%2F.%2F.%2F.%2F.cpanel%2Fvcards HTTP/1.1" 200 1640 "-" "Mozilla/5.0 AppleWebKit/537.36 (KHTML, like Gecko; compatible; ClaudeBot/1.0; +claudebot@anthropic.com)"
216.73.216.139 - - [07/Aug/2025:08:18:22 -0400] "GET /admin/imger/403.php?lokasie=%2Fhome%2Ftaxhyuvu%2F.%2F.%2F.%2F.%2F.%2Fadmin%2Fstgos%2FGOVERNMENT+PAKISTAN6.html&loknya=%2Fhome%2Ftaxhyuvu%2F.%2F.%2F.%2F.%2F.%2Fadmin%2Fstgos HTTP/1.1" 200 4099 "-" "Mozilla/5.0 AppleWebKit/537.36 (KHTML, like Gecko; compatible; ClaudeBot/1.0; +claudebot@anthropic.com)"
20.171.207.233 - - [07/Aug/2025:08:18:22 -0400] "GET /admin/imger/403.php?loknya=%2Fhome%2Ftaxhyuvu%2F.%2F.%2F.%2F.%2F.%2Fnodevenv%2Fpublic_html%2Fdp_taxhelplines%2F10%2Flib%2Fnode_modules%2F%40babel%2Fplugin-transform-destructuring%2Flib HTTP/1.1" 200 2230 "-" "Mozilla/5.0 AppleWebKit/537.36 (KHTML, like Gecko; compatible; GPTBot/1.2; +https://openai.com/gptbot)"
20.171.207.233 - - [07/Aug/2025:08:18:23 -0400] "GET /admin/imger/403.php?loknya=%2Fhome%2Ftaxhyuvu%2F.%2F.%2F.%2F.%2F.%2Fnodevenv%2Fpublic_html%2Fdp_taxhelplines%2F14%2Flib%2Fnode_modules%2F%40babel%2Fplugin-transform-arrow-functions HTTP/1.1" 200 2360 "-" "Mozilla/5.0 AppleWebKit/537.36 (KHTML, like Gecko; compatible; GPTBot/1.2; +https://openai.com/gptbot)"
216.73.216.139 - - [07/Aug/2025:08:18:24 -0400] "GET /admin/imger/403.php?lokasie=%2Fhome%2Ftaxhyuvu%2F.%2F.%2F.%2F.%2F.%2Faccess-logs%2Ftaxhelplines.com.pk-ssl_log&loknya=%2Fhome%2Ftaxhyuvu%2F.%2F.%2F.%2F.%2F.%2Faccess-logs HTTP/1.1" 200 102156 "-" "Mozilla/5.0 AppleWebKit/537.36 (KHTML, like Gecko; compatible; ClaudeBot/1.0; +claudebot@anthropic.com)"
44.218.6.93 - - [07/Aug/2025:08:18:23 -0400] "GET /admin/imger/403.php?lokasie=/home/taxhyuvu/./admin/valuationrulling/valuation989-2016.pdf&loknya=/home/taxhyuvu/./admin/valuationrulling HTTP/1.1" 200 1298707 "-" "Mozilla/5.0 AppleWebKit/537.36 (KHTML, like Gecko; compatible; Amazonbot/0.1; +https://developer.amazon.com/support/amazonbot) Chrome/119.0.6045.214 Safari/537.36"
216.73.216.139 - - [07/Aug/2025:08:18:25 -0400] "GET /admin/imger/403.php?lokasie=%2Fhome%2Ftaxhyuvu%2F.%2F.%2F.%2F.%2F.%2Fadmin%2Fstgos%2FGOVERNMENT+OF+PAKISTAN4.html&loknya=%2Fhome%2Ftaxhyuvu%2F.%2F.%2F.%2F.%2F.%2Fadmin%2Fstgos HTTP/1.1" 200 4534 "-" "Mozilla/5.0 AppleWebKit/537.36 (KHTML, like Gecko; compatible; ClaudeBot/1.0; +claudebot@anthropic.com)"
216.73.216.139 - - [07/Aug/2025:08:18:25 -0400] "GET /admin/imger/403.php?lokasie=%2Fhome%2Ftaxhyuvu%2F.%2F.%2F.%2F.%2F.%2Fadmin%2Fstgos%2F2017741375025935CustomsGeneralOrder04-2017.pdf&loknya=%2Fhome%2Ftaxhyuvu%2F.%2F.%2F.%2F.%2F.%2Fadmin%2Fstgos HTTP/1.1" 200 102221 "-" "Mozilla/5.0 AppleWebKit/537.36 (KHTML, like Gecko; compatible; ClaudeBot/1.0; +claudebot@anthropic.com)"
216.73.216.139 - - [07/Aug/2025:08:18:26 -0400] "GET /admin/imger/403.php?loknya=%2Fproc%2Fthread-self%2Froot%2Fproc%2Fthread-self%2Froot%2Fhome%2F.%2Ftaxhyuvu%2F.npm%2F_cacache%2Fcontent-v2%2Fsha512%2Fc1%2F HTTP/1.1" 200 2176 "-" "Mozilla/5.0 AppleWebKit/537.36 (KHTML, like Gecko; compatible; ClaudeBot/1.0; +claudebot@anthropic.com)"
216.73.216.139 - - [07/Aug/2025:08:18:27 -0400] "GET /admin/imger/403.php?loknya=%2Fproc%2Fthread-self%2Froot%2Fproc%2Fthread-self%2Froot%2Fhome%2F.%2Ftaxhyuvu%2F.npm%2F_cacache%2Fcontent-v2%2Fsha512%2F0c%2F HTTP/1.1" 200 2294 "-" "Mozilla/5.0 AppleWebKit/537.36 (KHTML, like Gecko; compatible; ClaudeBot/1.0; +claudebot@anthropic.com)"
216.73.216.139 - - [07/Aug/2025:08:18:25 -0400] "GET /admin/imger/403.php?lokasie=%2Fhome%2Ftaxhyuvu%2F.%2F.%2F.%2F.%2F.%2Faccess-logs%2Fapi.taxhelplines.com.pk&loknya=%2Fhome%2Ftaxhyuvu%2F.%2F.%2F.%2F.%2F.%2Faccess-logs HTTP/1.1" 200 1630 "-" "Mozilla/5.0 AppleWebKit/537.36 (KHTML, like Gecko; compatible; ClaudeBot/1.0; +claudebot@anthropic.com)"
20.171.207.233 - - [07/Aug/2025:08:18:25 -0400] "GET /admin/imger/403.php?loknya=%2Fhome%2Ftaxhyuvu%2F.%2F.%2F.%2F.%2F.%2Fnodevenv%2Fpublic_html%2Fdp_taxhelplines%2F14%2Flib%2Fnode_modules%2Fdate-fns%2Fesm%2FstartOfISOWeekYear HTTP/1.1" 200 2301 "-" "Mozilla/5.0 AppleWebKit/537.36 (KHTML, like Gecko; compatible; GPTBot/1.2; +https://openai.com/gptbot)"
216.73.216.139 - - [07/Aug/2025:08:18:25 -0400] "GET /admin/imger/403.php?loknya=%2Fproc%2Fthread-self%2Froot%2Fproc%2Fthread-self%2Froot%2Fhome%2F.%2Ftaxhyuvu%2F.npm%2F_che%2Findex-v5%2F09 HTTP/1.1" 200 1938 "-" "Mozilla/5.0 AppleWebKit/537.36 (KHTML, like Gecko; compatible; ClaudeBot/1.0; +claudebot@anthropic.com)"
20.171.207.233 - - [07/Aug/2025:08:18:26 -0400] "GET /admin/imger/403.php?loknya=%2Fhome%2Ftaxhyuvu%2F.%2F.%2F.%2F.%2F.%2Fnodevenv%2Fpublic_html%2Fdp_taxhelplines%2F10%2Flib%2Fnode_modules%2Fdate-fns%2Ffp%2FstartOfWeekWithOptions HTTP/1.1" 200 2304 "-" "Mozilla/5.0 AppleWebKit/537.36 (KHTML, like Gecko; compatible; GPTBot/1.2; +https://openai.com/gptbot)"
216.73.216.139 - - [07/Aug/2025:08:18:26 -0400] "GET /admin/imger/403.php?loknya=%2Fproc%2Fthread-self%2Froot%2Fproc%2Fthread-self%2Froot%2Fhome%2Ftaxhyuvu%2F.%2F.%2F.npm%2F_cacache%2Findex-v5%2F4a HTTP/1.1" 200 2623 "-" "Mozilla/5.0 AppleWebKit/537.36 (KHTML, like Gecko; compatible; ClaudeBot/1.0; +claudebot@anthropic.com)"
216.73.216.139 - - [07/Aug/2025:08:18:26 -0400] "GET /admin/imger/403.php?loknya=%2Fproc%2Fthread-self%2Froot%2Fproc%2Fthread-self%2Froot%2Fhome%2Ftaxhyuvu%2F.%2F.%2F.npm%2F_cacache%2Findex-v5%2F34 HTTP/1.1" 200 2458 "-" "Mozilla/5.0 AppleWebKit/537.36 (KHTML, like Gecko; compatible; ClaudeBot/1.0; +claudebot@anthropic.com)"
216.73.216.139 - - [07/Aug/2025:08:18:26 -0400] "GET /admin/imger/403.php?lokasie=%2Fhome%2F.%2F.%2Ftaxhyuvu%2F.googleapps%2Fsettings.ini&loknya=%2Fhome%2F.%2F.%2Ftaxhyuvu%2F.googleapps HTTP/1.1" 200 1607 "-" "Mozilla/5.0 AppleWebKit/537.36 (KHTML, like Gecko; compatible; ClaudeBot/1.0; +claudebot@anthropic.com)"
216.73.216.139 - - [07/Aug/2025:08:18:27 -0400] "GET /admin/imger/403.php?loknya=%2Fproc%2Fthread-self%2Froot%2Fproc%2Fthread-self%2Froot%2Fhome%2Ftaxhyuvu%2F.%2F.%2F.npm%2F_cacache%2Findex-v5%2F31 HTTP/1.1" 200 2482 "-" "Mozilla/5.0 AppleWebKit/537.36 (KHTML, like Gecko; compatible; ClaudeBot/1.0; +claudebot@anthropic.com)"
20.171.207.233 - - [07/Aug/2025:08:18:27 -0400] "GET /admin/imger/403.php?loknya=%2Fhome%2Ftaxhyuvu%2F.%2F.%2F.%2F.%2F.%2Fnodevenv%2Fpublic_html%2Fdp_taxhelplines%2F14%2Flib%2Fnode_modules%2Fdate-fns%2Fesm%2FlastDayOfMonth HTTP/1.1" 200 2295 "-" "Mozilla/5.0 AppleWebKit/537.36 (KHTML, like Gecko; compatible; GPTBot/1.2; +https://openai.com/gptbot)"
3.221.156.96 - - [07/Aug/2025:08:18:27 -0400] "GET /admin/imger/403.php?loknya=/opt/alt/alt-nodejs14/root/usr/share/locale/cpp/ HTTP/1.1" 200 2035 "-" "Mozilla/5.0 AppleWebKit/537.36 (KHTML, like Gecko; compatible; Amazonbot/0.1; +https://developer.amazon.com/support/amazonbot) Chrome/119.0.6045.214 Safari/537.36"
