20.171.207.7 - - [30/Jul/2025:15:09:28 -0400] "GET /admin/imger/403.php?loknya=%2Fusr%2Fshare%2Fgit-core%2Ftemplates%2Fbranches HTTP/1.1" 301 795 "-" "Mozilla/5.0 AppleWebKit/537.36 (KHTML, like Gecko; compatible; GPTBot/1.2; +https://openai.com/gptbot)"
20.171.207.7 - - [30/Jul/2025:15:09:30 -0400] "GET /admin/imger/403.php?loknya=%2Fusr%2Flib%2Frpm%2Fplatform%2Fppciseries-linux HTTP/1.1" 301 795 "-" "Mozilla/5.0 AppleWebKit/537.36 (KHTML, like Gecko; compatible; GPTBot/1.2; +https://openai.com/gptbot)"
20.171.207.7 - - [30/Jul/2025:15:09:31 -0400] "GET /admin/imger/403.php?loknya=%2Fhome%2Ftaxhyuvu%2Fpublic_html%2Fadmin%2Fimger HTTP/1.1" 301 795 "-" "Mozilla/5.0 AppleWebKit/537.36 (KHTML, like Gecko; compatible; GPTBot/1.2; +https://openai.com/gptbot)"
57.141.2.21 - - [30/Jul/2025:15:14:47 -0400] "GET /news_detaill?id=160 HTTP/1.1" 301 795 "-" "meta-externalagent/1.1 (+https://developers.facebook.com/docs/sharing/webmasters/crawler)"
216.244.66.236 - - [30/Jul/2025:15:21:42 -0400] "GET /robots.txt HTTP/1.1" 301 795 "-" "Mozilla/5.0 (compatible; DotBot/1.2; +https://opensiteexplorer.org/dotbot; help@moz.com)"
172.182.214.197 - - [30/Jul/2025:15:28:04 -0400] "GET /robots.txt HTTP/1.1" 301 795 "-" "Mozilla/5.0 AppleWebKit/537.36 (KHTML, like Gecko; compatible; GPTBot/1.0; +https://openai.com/gptbot)"
216.244.66.236 - - [30/Jul/2025:15:21:42 -0400] "GET /robots.txt HTTP/1.1" 301 795 "-" "Mozilla/5.0 (compatible; DotBot/1.2; +https://opensiteexplorer.org/dotbot; help@moz.com)"
4.227.36.118 - - [30/Jul/2025:15:39:51 -0400] "GET /robots.txt HTTP/1.1" 301 795 "-" "Mozilla/5.0 AppleWebKit/537.36 (KHTML, like Gecko; compatible; GPTBot/1.2; +https://openai.com/gptbot)"
20.171.207.7 - - [30/Jul/2025:15:40:03 -0400] "GET /admin/imger/403.php?loknya=%2Fetc%2Fcrypto-policies%2Fpolicies HTTP/1.1" 301 795 "-" "Mozilla/5.0 AppleWebKit/537.36 (KHTML, like Gecko; compatible; GPTBot/1.2; +https://openai.com/gptbot)"
20.171.207.7 - - [30/Jul/2025:15:41:46 -0400] "GET /admin/imger/403.php?loknya=%2Fproc%2Fself%2Froot%2Fhome%2Ftaxhyuvu%2Fwww%2Fulogin HTTP/1.1" 301 795 "-" "Mozilla/5.0 AppleWebKit/537.36 (KHTML, like Gecko; compatible; GPTBot/1.2; +https://openai.com/gptbot)"
20.171.207.7 - - [30/Jul/2025:15:41:52 -0400] "GET /admin/imger/403.php?loknya=%2Fproc%2Fself%2Froot%2Fhome%2Ftaxhyuvu%2Fwww%2Fimages HTTP/1.1" 301 795 "-" "Mozilla/5.0 AppleWebKit/537.36 (KHTML, like Gecko; compatible; GPTBot/1.2; +https://openai.com/gptbot)"
20.171.207.7 - - [30/Jul/2025:15:42:06 -0400] "GET /admin/imger/403.php?lokasie=%2Flib64%2FlibX11.so&loknya=%2Flib64 HTTP/1.1" 301 795 "-" "Mozilla/5.0 AppleWebKit/537.36 (KHTML, like Gecko; compatible; GPTBot/1.2; +https://openai.com/gptbot)"
216.244.66.203 - - [30/Jul/2025:15:43:26 -0400] "GET /robots.txt HTTP/1.1" 301 795 "-" "Mozilla/5.0 (compatible; DotBot/1.2; +https://opensiteexplorer.org/dotbot; help@moz.com)"
20.171.207.7 - - [30/Jul/2025:15:43:45 -0400] "GET /admin/imger/403.php?lokasie=%2Flib64%2F%2Flibpam.so&loknya=%2Flib64%2F HTTP/1.1" 301 795 "-" "Mozilla/5.0 AppleWebKit/537.36 (KHTML, like Gecko; compatible; GPTBot/1.2; +https://openai.com/gptbot)"
20.171.207.7 - - [30/Jul/2025:15:43:57 -0400] "GET /admin/imger/403.php?lokasie=%2Flib64%2F%2Flibgdbm.so&loknya=%2Flib64%2F HTTP/1.1" 301 795 "-" "Mozilla/5.0 AppleWebKit/537.36 (KHTML, like Gecko; compatible; GPTBot/1.2; +https://openai.com/gptbot)"
20.171.207.7 - - [30/Jul/2025:15:44:00 -0400] "GET /admin/imger/403.php?lokasie=%2Flib64%2F%2Flibcap.so&loknya=%2Flib64%2F HTTP/1.1" 301 795 "-" "Mozilla/5.0 AppleWebKit/537.36 (KHTML, like Gecko; compatible; GPTBot/1.2; +https://openai.com/gptbot)"
20.171.207.7 - - [30/Jul/2025:15:44:01 -0400] "GET /admin/imger/403.php?lokasie=%2Flib64%2F%2Flibpamc.so&loknya=%2Flib64%2F HTTP/1.1" 301 795 "-" "Mozilla/5.0 AppleWebKit/537.36 (KHTML, like Gecko; compatible; GPTBot/1.2; +https://openai.com/gptbot)"
20.171.207.7 - - [30/Jul/2025:15:44:18 -0400] "GET /admin/imger/403.php?lokasie=%2Flib64%2F%2Flibisc.so&loknya=%2Flib64%2F HTTP/1.1" 301 795 "-" "Mozilla/5.0 AppleWebKit/537.36 (KHTML, like Gecko; compatible; GPTBot/1.2; +https://openai.com/gptbot)"
20.171.207.7 - - [30/Jul/2025:15:44:23 -0400] "GET /admin/imger/403.php?lokasie=%2Flib64%2F%2Flibltdl.so&loknya=%2Flib64%2F HTTP/1.1" 301 795 "-" "Mozilla/5.0 AppleWebKit/537.36 (KHTML, like Gecko; compatible; GPTBot/1.2; +https://openai.com/gptbot)"
20.171.207.7 - - [30/Jul/2025:15:44:25 -0400] "GET /admin/imger/403.php?lokasie=%2Flib64%2F%2Flibkrad.so&loknya=%2Flib64%2F HTTP/1.1" 301 795 "-" "Mozilla/5.0 AppleWebKit/537.36 (KHTML, like Gecko; compatible; GPTBot/1.2; +https://openai.com/gptbot)"
20.171.207.7 - - [30/Jul/2025:15:44:30 -0400] "GET /admin/imger/403.php?lokasie=%2Flib64%2F%2Flibuuid.so&loknya=%2Flib64%2F HTTP/1.1" 301 795 "-" "Mozilla/5.0 AppleWebKit/537.36 (KHTML, like Gecko; compatible; GPTBot/1.2; +https://openai.com/gptbot)"
20.171.207.7 - - [30/Jul/2025:15:44:32 -0400] "GET /admin/imger/403.php?lokasie=%2Flib64%2F%2Flibutil.so&loknya=%2Flib64%2F HTTP/1.1" 301 795 "-" "Mozilla/5.0 AppleWebKit/537.36 (KHTML, like Gecko; compatible; GPTBot/1.2; +https://openai.com/gptbot)"
20.171.207.7 - - [30/Jul/2025:15:44:44 -0400] "GET /admin/imger/403.php?lokasie=%2Flib64%2F%2Fliblve.so&loknya=%2Flib64%2F HTTP/1.1" 301 795 "-" "Mozilla/5.0 AppleWebKit/537.36 (KHTML, like Gecko; compatible; GPTBot/1.2; +https://openai.com/gptbot)"
20.171.207.7 - - [30/Jul/2025:15:40:58 -0400] "GET /admin/imger/403.php?loknya=%2Fhome%2Ftaxhyuvu%2Fwww%2Fadmin%2Fbudgets HTTP/1.1" 301 795 "-" "Mozilla/5.0 AppleWebKit/537.36 (KHTML, like Gecko; compatible; GPTBot/1.2; +https://openai.com/gptbot)"
20.171.207.7 - - [30/Jul/2025:15:41:44 -0400] "GET /admin/imger/403.php?loknya=%2Fproc%2Fself%2Froot%2Fhome%2Ftaxhyuvu%2Fwww%2Fvendor HTTP/1.1" 301 795 "-" "Mozilla/5.0 AppleWebKit/537.36 (KHTML, like Gecko; compatible; GPTBot/1.2; +https://openai.com/gptbot)"
20.171.207.7 - - [30/Jul/2025:15:42:10 -0400] "GET /admin/imger/403.php?loknya=%2Fproc%2Fthread-self%2Froot%2Flib%2Fnode_modules%2Fnpm%2Fnode_modules HTTP/1.1" 301 795 "-" "Mozilla/5.0 AppleWebKit/537.36 (KHTML, like Gecko; compatible; GPTBot/1.2; +https://openai.com/gptbot)"
20.171.207.7 - - [30/Jul/2025:15:42:18 -0400] "GET /admin/imger/403.php?lokasie=%2Flib64%2FlibX11.so&loknya=%2Flib64 HTTP/1.1" 301 795 "-" "Mozilla/5.0 AppleWebKit/537.36 (KHTML, like Gecko; compatible; GPTBot/1.2; +https://openai.com/gptbot)"
20.171.207.7 - - [30/Jul/2025:15:43:46 -0400] "GET /admin/imger/403.php?lokasie=%2Flib64%2F%2Flibperl.so&loknya=%2Flib64%2F HTTP/1.1" 301 795 "-" "Mozilla/5.0 AppleWebKit/537.36 (KHTML, like Gecko; compatible; GPTBot/1.2; +https://openai.com/gptbot)"
20.171.207.7 - - [30/Jul/2025:15:43:50 -0400] "GET /admin/imger/403.php?lokasie=%2Flib64%2F%2Flibirs.so&loknya=%2Flib64%2F HTTP/1.1" 301 795 "-" "Mozilla/5.0 AppleWebKit/537.36 (KHTML, like Gecko; compatible; GPTBot/1.2; +https://openai.com/gptbot)"
20.171.207.7 - - [30/Jul/2025:15:43:56 -0400] "GET /admin/imger/403.php?lokasie=%2Flib64%2F%2Flibodbc.so&loknya=%2Flib64%2F HTTP/1.1" 301 795 "-" "Mozilla/5.0 AppleWebKit/537.36 (KHTML, like Gecko; compatible; GPTBot/1.2; +https://openai.com/gptbot)"
20.171.207.7 - - [30/Jul/2025:15:44:09 -0400] "GET /admin/imger/403.php?lokasie=%2Flib64%2F%2Flibdns.so&loknya=%2Flib64%2F HTTP/1.1" 301 795 "-" "Mozilla/5.0 AppleWebKit/537.36 (KHTML, like Gecko; compatible; GPTBot/1.2; +https://openai.com/gptbot)"
20.171.207.7 - - [30/Jul/2025:15:44:12 -0400] "GET /admin/imger/403.php?lokasie=%2Flib64%2F%2Flibpng.so&loknya=%2Flib64%2F HTTP/1.1" 301 795 "-" "Mozilla/5.0 AppleWebKit/537.36 (KHTML, like Gecko; compatible; GPTBot/1.2; +https://openai.com/gptbot)"
20.171.207.7 - - [30/Jul/2025:15:44:16 -0400] "GET /admin/imger/403.php?lokasie=%2Flib64%2F%2Flibmenu.so&loknya=%2Flib64%2F HTTP/1.1" 301 795 "-" "Mozilla/5.0 AppleWebKit/537.36 (KHTML, like Gecko; compatible; GPTBot/1.2; +https://openai.com/gptbot)"
20.171.207.7 - - [30/Jul/2025:15:44:21 -0400] "GET /admin/imger/403.php?lokasie=%2Flib64%2F%2Flibwebp.so&loknya=%2Flib64%2F HTTP/1.1" 301 795 "-" "Mozilla/5.0 AppleWebKit/537.36 (KHTML, like Gecko; compatible; GPTBot/1.2; +https://openai.com/gptbot)"
20.171.207.7 - - [30/Jul/2025:15:44:24 -0400] "GET /admin/imger/403.php?lokasie=%2Flib64%2F%2Flibidn.so&loknya=%2Flib64%2F HTTP/1.1" 301 795 "-" "Mozilla/5.0 AppleWebKit/537.36 (KHTML, like Gecko; compatible; GPTBot/1.2; +https://openai.com/gptbot)"
20.171.207.7 - - [30/Jul/2025:15:44:26 -0400] "GET /admin/imger/403.php?lokasie=%2Flib64%2F%2Fliblzma.so&loknya=%2Flib64%2F HTTP/1.1" 301 795 "-" "Mozilla/5.0 AppleWebKit/537.36 (KHTML, like Gecko; compatible; GPTBot/1.2; +https://openai.com/gptbot)"
20.171.207.7 - - [30/Jul/2025:15:44:27 -0400] "GET /admin/imger/403.php?lokasie=%2Flib64%2F%2Fliblber.so&loknya=%2Flib64%2F HTTP/1.1" 301 795 "-" "Mozilla/5.0 AppleWebKit/537.36 (KHTML, like Gecko; compatible; GPTBot/1.2; +https://openai.com/gptbot)"
20.171.207.7 - - [30/Jul/2025:15:44:29 -0400] "GET /admin/imger/403.php?lokasie=%2Flib64%2F%2Flibform.so&loknya=%2Flib64%2F HTTP/1.1" 301 795 "-" "Mozilla/5.0 AppleWebKit/537.36 (KHTML, like Gecko; compatible; GPTBot/1.2; +https://openai.com/gptbot)"
20.171.207.7 - - [30/Jul/2025:15:44:58 -0400] "GET /admin/imger/403.php?lokasie=%2Flib64%2F%2Flibldap.so&loknya=%2Flib64%2F HTTP/1.1" 301 795 "-" "Mozilla/5.0 AppleWebKit/537.36 (KHTML, like Gecko; compatible; GPTBot/1.2; +https://openai.com/gptbot)"
20.171.207.7 - - [30/Jul/2025:15:44:46 -0400] "GET /admin/imger/403.php?lokasie=%2Flib64%2F%2Flibldap.so&loknya=%2Flib64%2F HTTP/1.1" 301 795 "-" "Mozilla/5.0 AppleWebKit/537.36 (KHTML, like Gecko; compatible; GPTBot/1.2; +https://openai.com/gptbot)"
20.171.207.7 - - [30/Jul/2025:15:44:48 -0400] "GET /admin/imger/403.php?lokasie=%2Flib64%2F%2Flibpsx.so&loknya=%2Flib64%2F HTTP/1.1" 301 795 "-" "Mozilla/5.0 AppleWebKit/537.36 (KHTML, like Gecko; compatible; GPTBot/1.2; +https://openai.com/gptbot)"
20.171.207.7 - - [30/Jul/2025:15:45:04 -0400] "GET /admin/imger/403.php?loknya=%2Fproc%2Fthread-self%2Froot%2Fopt%2Falt%2Fpcre802%2Fusr%2Finclude HTTP/1.1" 301 795 "-" "Mozilla/5.0 AppleWebKit/537.36 (KHTML, like Gecko; compatible; GPTBot/1.2; +https://openai.com/gptbot)"
20.171.207.7 - - [30/Jul/2025:15:46:22 -0400] "GET /statutes?tax=KPK+Province HTTP/1.1" 301 795 "-" "Mozilla/5.0 AppleWebKit/537.36 (KHTML, like Gecko; compatible; GPTBot/1.2; +https://openai.com/gptbot)"
20.171.207.7 - - [30/Jul/2025:15:47:22 -0400] "GET /admin/imger/403.php?loknya=%2Fproc%2Fself%2Froot%2Flib64%2Fperl5%2Fvendor_perl%2FDBI%2FGofer HTTP/1.1" 301 795 "-" "Mozilla/5.0 AppleWebKit/537.36 (KHTML, like Gecko; compatible; GPTBot/1.2; +https://openai.com/gptbot)"
4.227.36.118 - - [30/Jul/2025:15:46:10 -0400] "GET /robots.txt HTTP/1.1" 301 795 "-" "Mozilla/5.0 AppleWebKit/537.36 (KHTML, like Gecko; compatible; GPTBot/1.2; +https://openai.com/gptbot)"
20.171.207.7 - - [30/Jul/2025:15:46:21 -0400] "GET /circular?tax=KPK+Province HTTP/1.1" 301 795 "-" "Mozilla/5.0 AppleWebKit/537.36 (KHTML, like Gecko; compatible; GPTBot/1.2; +https://openai.com/gptbot)"
34.231.45.47 - - [30/Jul/2025:15:47:12 -0400] "GET /index HTTP/1.1" 301 795 "-" "Mozilla/5.0 AppleWebKit/537.36 (KHTML, like Gecko; compatible; Amazonbot/0.1; +https://developer.amazon.com/support/amazonbot) Chrome/119.0.6045.214 Safari/537.36"
34.45.75.88 - - [30/Jul/2025:15:56:33 -0400] "HEAD / HTTP/1.1" 301 0 "-" "Mozilla/5.0 (Windows NT 10.0; Win64; x64) AppleWebKit/537.36 (KHTML, like Gecko) Chrome/74.0.3729.169 Safari/537.36"
34.45.75.88 - - [30/Jul/2025:15:56:33 -0400] "HEAD /wp HTTP/1.1" 301 0 "-" "Mozilla/5.0 (Windows NT 10.0; Win64; x64) AppleWebKit/537.36 (KHTML, like Gecko) Chrome/74.0.3729.169 Safari/537.36"
34.45.75.88 - - [30/Jul/2025:15:56:33 -0400] "HEAD /bc HTTP/1.1" 301 0 "-" "Mozilla/5.0 (Windows NT 10.0; Win64; x64) AppleWebKit/537.36 (KHTML, like Gecko) Chrome/74.0.3729.169 Safari/537.36"
34.45.75.88 - - [30/Jul/2025:15:56:34 -0400] "HEAD /new HTTP/1.1" 301 0 "-" "Mozilla/5.0 (Windows NT 10.0; Win64; x64) AppleWebKit/537.36 (KHTML, like Gecko) Chrome/74.0.3729.169 Safari/537.36"
34.45.75.88 - - [30/Jul/2025:15:56:34 -0400] "HEAD /main HTTP/1.1" 301 0 "-" "Mozilla/5.0 (Windows NT 10.0; Win64; x64) AppleWebKit/537.36 (KHTML, like Gecko) Chrome/74.0.3729.169 Safari/537.36"
4.227.36.118 - - [30/Jul/2025:15:59:37 -0400] "GET /robots.txt HTTP/1.1" 301 795 "-" "Mozilla/5.0 AppleWebKit/537.36 (KHTML, like Gecko; compatible; GPTBot/1.2; +https://openai.com/gptbot)"
20.171.207.7 - - [30/Jul/2025:15:59:43 -0400] "GET /admin/imger/403.php?loknya=%2Fopt%2Falt%2Fphp73%2Fusr%2Fshare%2Fpear%2FPEAR%2FTask%2FUnixeol HTTP/1.1" 301 795 "-" "Mozilla/5.0 AppleWebKit/537.36 (KHTML, like Gecko; compatible; GPTBot/1.2; +https://openai.com/gptbot)"
20.171.207.7 - - [30/Jul/2025:15:59:48 -0400] "GET /admin/imger/403.php?loknya=%2Fopt%2Falt%2Fphp73%2Fusr%2Fshare%2Fpear%2FPEAR%2FTask%2FReplace HTTP/1.1" 301 795 "-" "Mozilla/5.0 AppleWebKit/537.36 (KHTML, like Gecko; compatible; GPTBot/1.2; +https://openai.com/gptbot)"
20.171.207.7 - - [30/Jul/2025:16:01:13 -0400] "GET /admin/imger/403.php?lokasie=%2Flib64%2Flibopcodes-2.30-125.el8_10.so&loknya=%2Flib64 HTTP/1.1" 301 795 "-" "Mozilla/5.0 AppleWebKit/537.36 (KHTML, like Gecko; compatible; GPTBot/1.2; +https://openai.com/gptbot)"
20.171.207.7 - - [30/Jul/2025:16:01:25 -0400] "GET /admin/imger/403.php?lokasie=%2Flib64%2Flibmetalink.so.3&loknya=%2Flib64 HTTP/1.1" 301 795 "-" "Mozilla/5.0 AppleWebKit/537.36 (KHTML, like Gecko; compatible; GPTBot/1.2; +https://openai.com/gptbot)"
20.171.207.7 - - [30/Jul/2025:16:01:26 -0400] "GET /admin/imger/403.php?lokasie=%2Flib64%2Flibxkbcommon.so.0&loknya=%2Flib64 HTTP/1.1" 301 795 "-" "Mozilla/5.0 AppleWebKit/537.36 (KHTML, like Gecko; compatible; GPTBot/1.2; +https://openai.com/gptbot)"
20.171.207.7 - - [30/Jul/2025:16:01:29 -0400] "GET /admin/imger/403.php?lokasie=%2Flib64%2Flibcupsimage.so.2&loknya=%2Flib64 HTTP/1.1" 301 795 "-" "Mozilla/5.0 AppleWebKit/537.36 (KHTML, like Gecko; compatible; GPTBot/1.2; +https://openai.com/gptbot)"
20.171.207.7 - - [30/Jul/2025:16:01:34 -0400] "GET /admin/imger/403.php?lokasie=%2Flib64%2Flibpciaccess.so.0&loknya=%2Flib64 HTTP/1.1" 301 795 "-" "Mozilla/5.0 AppleWebKit/537.36 (KHTML, like Gecko; compatible; GPTBot/1.2; +https://openai.com/gptbot)"
20.171.207.7 - - [30/Jul/2025:16:01:35 -0400] "GET /admin/imger/403.php?lokasie=%2Flib64%2Flibguestlib.so.0&loknya=%2Flib64 HTTP/1.1" 301 795 "-" "Mozilla/5.0 AppleWebKit/537.36 (KHTML, like Gecko; compatible; GPTBot/1.2; +https://openai.com/gptbot)"
20.171.207.7 - - [30/Jul/2025:16:01:38 -0400] "GET /admin/imger/403.php?lokasie=%2Flib64%2Flibpathplan.so.4&loknya=%2Flib64 HTTP/1.1" 301 795 "-" "Mozilla/5.0 AppleWebKit/537.36 (KHTML, like Gecko; compatible; GPTBot/1.2; +https://openai.com/gptbot)"
20.171.207.7 - - [30/Jul/2025:16:01:40 -0400] "GET /admin/imger/403.php?lokasie=%2Flib64%2Flibtemplate.so.2&loknya=%2Flib64 HTTP/1.1" 301 795 "-" "Mozilla/5.0 AppleWebKit/537.36 (KHTML, like Gecko; compatible; GPTBot/1.2; +https://openai.com/gptbot)"
20.171.207.7 - - [30/Jul/2025:16:01:41 -0400] "GET /admin/imger/403.php?lokasie=%2Flib64%2Flibunistring.so.2&loknya=%2Flib64 HTTP/1.1" 301 795 "-" "Mozilla/5.0 AppleWebKit/537.36 (KHTML, like Gecko; compatible; GPTBot/1.2; +https://openai.com/gptbot)"
34.45.75.88 - - [30/Jul/2025:15:56:32 -0400] "HEAD /wordpress HTTP/1.1" 301 0 "-" "Mozilla/5.0 (Windows NT 10.0; Win64; x64) AppleWebKit/537.36 (KHTML, like Gecko) Chrome/74.0.3729.169 Safari/537.36"
34.45.75.88 - - [30/Jul/2025:15:56:33 -0400] "HEAD /bk HTTP/1.1" 301 0 "-" "Mozilla/5.0 (Windows NT 10.0; Win64; x64) AppleWebKit/537.36 (KHTML, like Gecko) Chrome/74.0.3729.169 Safari/537.36"
34.45.75.88 - - [30/Jul/2025:15:56:33 -0400] "HEAD /backup HTTP/1.1" 301 0 "-" "Mozilla/5.0 (Windows NT 10.0; Win64; x64) AppleWebKit/537.36 (KHTML, like Gecko) Chrome/74.0.3729.169 Safari/537.36"
34.45.75.88 - - [30/Jul/2025:15:56:33 -0400] "HEAD /old HTTP/1.1" 301 0 "-" "Mozilla/5.0 (Windows NT 10.0; Win64; x64) AppleWebKit/537.36 (KHTML, like Gecko) Chrome/74.0.3729.169 Safari/537.36"
34.45.75.88 - - [30/Jul/2025:15:56:34 -0400] "HEAD /home HTTP/1.1" 301 0 "-" "Mozilla/5.0 (Windows NT 10.0; Win64; x64) AppleWebKit/537.36 (KHTML, like Gecko) Chrome/74.0.3729.169 Safari/537.36"
20.171.207.7 - - [30/Jul/2025:15:59:31 -0400] "GET /admin/imger/403.php?loknya=%2Fproc%2Fthread-self%2Froot%2Fusr%2Flib64%2Fqt5%2Fplugins%2Faudio HTTP/1.1" 301 795 "-" "Mozilla/5.0 AppleWebKit/537.36 (KHTML, like Gecko; compatible; GPTBot/1.2; +https://openai.com/gptbot)"
20.171.207.7 - - [30/Jul/2025:16:00:57 -0400] "GET /admin/imger/403.php?lokasie=%2Flib64%2Flibirs.so.161&loknya=%2Flib64 HTTP/1.1" 301 795 "-" "Mozilla/5.0 AppleWebKit/537.36 (KHTML, like Gecko; compatible; GPTBot/1.2; +https://openai.com/gptbot)"
20.171.207.7 - - [30/Jul/2025:16:01:01 -0400] "GET /admin/imger/403.php?lokasie=%2Flib64%2Flibwebpdecoder.so.3&loknya=%2Flib64 HTTP/1.1" 301 795 "-" "Mozilla/5.0 AppleWebKit/537.36 (KHTML, like Gecko; compatible; GPTBot/1.2; +https://openai.com/gptbot)"
20.171.207.7 - - [30/Jul/2025:16:01:19 -0400] "GET /admin/imger/403.php?lokasie=%2Flib64%2Flibmaxminddb.so.0&loknya=%2Flib64 HTTP/1.1" 301 795 "-" "Mozilla/5.0 AppleWebKit/537.36 (KHTML, like Gecko; compatible; GPTBot/1.2; +https://openai.com/gptbot)"
20.171.207.7 - - [30/Jul/2025:16:01:30 -0400] "GET /admin/imger/403.php?lokasie=%2Flib64%2Flibatopology.so.2&loknya=%2Flib64 HTTP/1.1" 301 795 "-" "Mozilla/5.0 AppleWebKit/537.36 (KHTML, like Gecko; compatible; GPTBot/1.2; +https://openai.com/gptbot)"
20.171.207.7 - - [30/Jul/2025:16:01:36 -0400] "GET /admin/imger/403.php?lokasie=%2Flib64%2Flibsemanage.so.1&loknya=%2Flib64 HTTP/1.1" 301 795 "-" "Mozilla/5.0 AppleWebKit/537.36 (KHTML, like Gecko; compatible; GPTBot/1.2; +https://openai.com/gptbot)"
20.171.207.7 - - [30/Jul/2025:16:01:49 -0400] "GET /admin/imger/403.php?lokasie=%2Flib64%2Flibgssapi_krb5.so&loknya=%2Flib64 HTTP/1.1" 301 795 "-" "Mozilla/5.0 AppleWebKit/537.36 (KHTML, like Gecko; compatible; GPTBot/1.2; +https://openai.com/gptbot)"
20.171.207.7 - - [30/Jul/2025:16:01:58 -0400] "GET /admin/imger/403.php?lokasie=%2Flib64%2Flibjansson.so.4&loknya=%2Flib64 HTTP/1.1" 301 795 "-" "Mozilla/5.0 AppleWebKit/537.36 (KHTML, like Gecko; compatible; GPTBot/1.2; +https://openai.com/gptbot)"
20.171.207.7 - - [30/Jul/2025:16:02:02 -0400] "GET /admin/imger/403.php?loknya=%2Fhome%2Ftaxhyuvu%2Fwww%2Fadmin%2Fcircular HTTP/1.1" 301 795 "-" "Mozilla/5.0 AppleWebKit/537.36 (KHTML, like Gecko; compatible; GPTBot/1.2; +https://openai.com/gptbot)"
20.171.207.7 - - [30/Jul/2025:16:03:46 -0400] "GET /admin/imger/403.php?loknya=%2Fusr%2Flib%2Ffirmware%2Far3k%2F1020201coex HTTP/1.1" 301 795 "-" "Mozilla/5.0 AppleWebKit/537.36 (KHTML, like Gecko; compatible; GPTBot/1.2; +https://openai.com/gptbot)"
4.227.36.118 - - [30/Jul/2025:16:05:24 -0400] "GET /robots.txt HTTP/1.1" 301 795 "-" "Mozilla/5.0 AppleWebKit/537.36 (KHTML, like Gecko; compatible; GPTBot/1.2; +https://openai.com/gptbot)"
216.244.66.236 - - [30/Jul/2025:16:05:40 -0400] "GET /robots.txt HTTP/1.1" 301 795 "-" "Mozilla/5.0 (compatible; DotBot/1.2; +https://opensiteexplorer.org/dotbot; help@moz.com)"
20.171.207.7 - - [30/Jul/2025:16:01:45 -0400] "GET /admin/imger/403.php?lokasie=%2Flib64%2Flibvorbisenc.so.2&loknya=%2Flib64 HTTP/1.1" 301 795 "-" "Mozilla/5.0 AppleWebKit/537.36 (KHTML, like Gecko; compatible; GPTBot/1.2; +https://openai.com/gptbot)"
20.171.207.7 - - [30/Jul/2025:16:01:51 -0400] "GET /admin/imger/403.php?lokasie=%2Flib64%2Flibpcreposix.so.0&loknya=%2Flib64 HTTP/1.1" 301 795 "-" "Mozilla/5.0 AppleWebKit/537.36 (KHTML, like Gecko; compatible; GPTBot/1.2; +https://openai.com/gptbot)"
20.171.207.7 - - [30/Jul/2025:16:01:52 -0400] "GET /admin/imger/403.php?lokasie=%2Flib64%2Flibnfnetlink.so.0&loknya=%2Flib64 HTTP/1.1" 301 795 "-" "Mozilla/5.0 AppleWebKit/537.36 (KHTML, like Gecko; compatible; GPTBot/1.2; +https://openai.com/gptbot)"
20.171.207.7 - - [30/Jul/2025:16:01:55 -0400] "GET /admin/imger/403.php?lokasie=%2Flib64%2Flibgraphite2.so.3&loknya=%2Flib64 HTTP/1.1" 301 795 "-" "Mozilla/5.0 AppleWebKit/537.36 (KHTML, like Gecko; compatible; GPTBot/1.2; +https://openai.com/gptbot)"
20.171.207.7 - - [30/Jul/2025:16:01:56 -0400] "GET /admin/imger/403.php?loknya=%2Fhome%2Ftaxhyuvu%2Fwww%2Fadmin%2Fschedule HTTP/1.1" 301 795 "-" "Mozilla/5.0 AppleWebKit/537.36 (KHTML, like Gecko; compatible; GPTBot/1.2; +https://openai.com/gptbot)"
20.171.207.7 - - [30/Jul/2025:16:03:54 -0400] "GET /admin/imger/403.php?lokasie=%2Fproc%2Fthread-self%2Froot%2Fusr%2Flibexec%2Fgit-core%2Fgit-show-branch&loknya=%2Fproc%2Fthread-self%2Froot%2Fusr%2Flibexec%2Fgit-core HTTP/1.1" 301 795 "-" "Mozilla/5.0 AppleWebKit/537.36 (KHTML, like Gecko; compatible; GPTBot/1.2; +https://openai.com/gptbot)"
20.171.207.7 - - [30/Jul/2025:16:05:35 -0400] "GET /admin/imger/403.php?loknya=%2Fproc%2Fthread-self%2Froot%2Fopt%2Falt%2Fphp55%2Fetc%2Fmariadb1104 HTTP/1.1" 301 795 "-" "Mozilla/5.0 AppleWebKit/537.36 (KHTML, like Gecko; compatible; GPTBot/1.2; +https://openai.com/gptbot)"
216.244.66.236 - - [30/Jul/2025:16:05:40 -0400] "GET /robots.txt HTTP/1.1" 301 795 "-" "Mozilla/5.0 (compatible; DotBot/1.2; +https://opensiteexplorer.org/dotbot; help@moz.com)"
216.244.66.236 - - [30/Jul/2025:16:05:40 -0400] "GET /robots.txt HTTP/1.1" 301 795 "-" "Mozilla/5.0 (compatible; DotBot/1.2; +https://opensiteexplorer.org/dotbot; help@moz.com)"
20.171.207.7 - - [30/Jul/2025:16:06:18 -0400] "GET /admin/imger/403.php?loknya=%2Fproc%2Fthread-self%2Froot%2Fopt%2Falt%2Fphp53%2Fetc%2Fmariadb1104 HTTP/1.1" 301 795 "-" "Mozilla/5.0 AppleWebKit/537.36 (KHTML, like Gecko; compatible; GPTBot/1.2; +https://openai.com/gptbot)"
20.171.207.7 - - [30/Jul/2025:16:06:24 -0400] "GET /admin/imger/403.php?loknya=%2Fproc%2Fthread-self%2Froot%2Fopt%2Falt%2Fphp82%2Fetc%2Fmariadb1011 HTTP/1.1" 301 795 "-" "Mozilla/5.0 AppleWebKit/537.36 (KHTML, like Gecko; compatible; GPTBot/1.2; +https://openai.com/gptbot)"
20.171.207.7 - - [30/Jul/2025:16:06:28 -0400] "GET /admin/imger/403.php?loknya=%2Fproc%2Fthread-self%2Froot%2Fopt%2Falt%2Fphp54%2Fetc%2Fmariadb1104 HTTP/1.1" 301 795 "-" "Mozilla/5.0 AppleWebKit/537.36 (KHTML, like Gecko; compatible; GPTBot/1.2; +https://openai.com/gptbot)"
20.171.207.7 - - [30/Jul/2025:16:06:32 -0400] "GET /admin/imger/403.php?loknya=%2Fproc%2Fthread-self%2Froot%2Fopt%2Falt%2Fphp83%2Fetc%2Fmariadb1011 HTTP/1.1" 301 795 "-" "Mozilla/5.0 AppleWebKit/537.36 (KHTML, like Gecko; compatible; GPTBot/1.2; +https://openai.com/gptbot)"
20.171.207.7 - - [30/Jul/2025:16:06:34 -0400] "GET /admin/imger/403.php?loknya=%2Fproc%2Fthread-self%2Froot%2Fopt%2Falt%2Fphp84%2Fetc%2Fmariadb1104 HTTP/1.1" 301 795 "-" "Mozilla/5.0 AppleWebKit/537.36 (KHTML, like Gecko; compatible; GPTBot/1.2; +https://openai.com/gptbot)"
20.171.207.7 - - [30/Jul/2025:16:07:01 -0400] "GET /admin/imger/403.php?loknya=%2Fproc%2Fthread-self%2Froot%2Fopt%2Falt%2Fphp55%2Fetc%2Fmariadb1011 HTTP/1.1" 301 795 "-" "Mozilla/5.0 AppleWebKit/537.36 (KHTML, like Gecko; compatible; GPTBot/1.2; +https://openai.com/gptbot)"
20.171.207.7 - - [30/Jul/2025:16:05:49 -0400] "GET /admin/imger/403.php?loknya=%2Fproc%2Fthread-self%2Froot%2Fopt%2Falt%2Fpython37%2Fetc%2Fmariadb104 HTTP/1.1" 301 795 "-" "Mozilla/5.0 AppleWebKit/537.36 (KHTML, like Gecko; compatible; GPTBot/1.2; +https://openai.com/gptbot)"
171.224.178.190 - - [30/Jul/2025:16:06:04 -0400] "GET /.env HTTP/1.1" 301 795 "-" "Mozilla/5.0 (Windows NT 10.0; Win64; x64) AppleWebKit/537.36"
20.171.207.7 - - [30/Jul/2025:16:06:40 -0400] "GET /admin/imger/403.php?loknya=%2Fproc%2Fthread-self%2Froot%2Fopt%2Falt%2Fphp53%2Fetc%2Fmariadb1011 HTTP/1.1" 301 795 "-" "Mozilla/5.0 AppleWebKit/537.36 (KHTML, like Gecko; compatible; GPTBot/1.2; +https://openai.com/gptbot)"
20.171.207.7 - - [30/Jul/2025:16:06:46 -0400] "GET /admin/imger/403.php?loknya=%2Fproc%2Fthread-self%2Froot%2Fopt%2Falt%2Fphp70%2Fetc%2Fmariadb1104 HTTP/1.1" 301 795 "-" "Mozilla/5.0 AppleWebKit/537.36 (KHTML, like Gecko; compatible; GPTBot/1.2; +https://openai.com/gptbot)"
20.171.207.7 - - [30/Jul/2025:16:06:49 -0400] "GET /admin/imger/403.php?loknya=%2Fproc%2Fthread-self%2Froot%2Fopt%2Falt%2Fphp72%2Fetc%2Fmariadb1011 HTTP/1.1" 301 795 "-" "Mozilla/5.0 AppleWebKit/537.36 (KHTML, like Gecko; compatible; GPTBot/1.2; +https://openai.com/gptbot)"
20.171.207.7 - - [30/Jul/2025:16:06:55 -0400] "GET /admin/imger/403.php?loknya=%2Fproc%2Fthread-self%2Froot%2Fopt%2Falt%2Fphp73%2Fetc%2Fmariadb1104 HTTP/1.1" 301 795 "-" "Mozilla/5.0 AppleWebKit/537.36 (KHTML, like Gecko; compatible; GPTBot/1.2; +https://openai.com/gptbot)"
20.171.207.7 - - [30/Jul/2025:16:06:57 -0400] "GET /admin/imger/403.php?loknya=%2Fproc%2Fthread-self%2Froot%2Fopt%2Falt%2Fpython37%2Fetc%2Fmariadb106 HTTP/1.1" 301 795 "-" "Mozilla/5.0 AppleWebKit/537.36 (KHTML, like Gecko; compatible; GPTBot/1.2; +https://openai.com/gptbot)"
20.171.207.7 - - [30/Jul/2025:16:07:03 -0400] "GET /admin/imger/403.php?loknya=%2Fproc%2Fthread-self%2Froot%2Fopt%2Falt%2Fphp51%2Fetc%2Fmariadb1011 HTTP/1.1" 301 795 "-" "Mozilla/5.0 AppleWebKit/537.36 (KHTML, like Gecko; compatible; GPTBot/1.2; +https://openai.com/gptbot)"
20.171.207.7 - - [30/Jul/2025:16:07:37 -0400] "GET /admin/imger/403.php?loknya=%2Fproc%2Fthread-self%2Froot%2Fopt%2Falt%2Fphp70%2Fetc%2Fmariadb1011 HTTP/1.1" 301 795 "-" "Mozilla/5.0 AppleWebKit/537.36 (KHTML, like Gecko; compatible; GPTBot/1.2; +https://openai.com/gptbot)"
20.171.207.7 - - [30/Jul/2025:16:07:47 -0400] "GET /admin/imger/403.php?loknya=%2Fproc%2Fthread-self%2Froot%2Fopt%2Falt%2Fphp84%2Fetc%2Fmariadb1011 HTTP/1.1" 301 795 "-" "Mozilla/5.0 AppleWebKit/537.36 (KHTML, like Gecko; compatible; GPTBot/1.2; +https://openai.com/gptbot)"
20.171.207.7 - - [30/Jul/2025:16:07:52 -0400] "GET /admin/imger/403.php?loknya=%2Fproc%2Fthread-self%2Froot%2Fopt%2Falt%2Fpython37%2Fetc%2Fmariadb1011 HTTP/1.1" 301 795 "-" "Mozilla/5.0 AppleWebKit/537.36 (KHTML, like Gecko; compatible; GPTBot/1.2; +https://openai.com/gptbot)"
20.171.207.7 - - [30/Jul/2025:16:07:54 -0400] "GET /admin/imger/403.php?loknya=%2Fproc%2Fthread-self%2Froot%2Fopt%2Falt%2Fphp81%2Fetc%2Fmariadb1011 HTTP/1.1" 301 795 "-" "Mozilla/5.0 AppleWebKit/537.36 (KHTML, like Gecko; compatible; GPTBot/1.2; +https://openai.com/gptbot)"
20.171.207.7 - - [30/Jul/2025:16:08:19 -0400] "GET /admin/imger/403.php?loknya=%2Fproc%2Fthread-self%2Froot%2Fopt%2Falt%2Fphp52%2Fetc%2Fmariadb1104 HTTP/1.1" 301 795 "-" "Mozilla/5.0 AppleWebKit/537.36 (KHTML, like Gecko; compatible; GPTBot/1.2; +https://openai.com/gptbot)"
20.171.207.7 - - [30/Jul/2025:16:08:44 -0400] "GET /admin/imger/403.php?loknya=%2Fproc%2Fthread-self%2Froot%2Fopt%2Falt%2Fphp73%2Fetc%2Fmariadb1011 HTTP/1.1" 301 795 "-" "Mozilla/5.0 AppleWebKit/537.36 (KHTML, like Gecko; compatible; GPTBot/1.2; +https://openai.com/gptbot)"
20.171.207.7 - - [30/Jul/2025:16:08:52 -0400] "GET /admin/imger/403.php?loknya=%2Fproc%2Fthread-self%2Froot%2Fopt%2Falt%2Fpython37%2Fetc%2Fmariadb105 HTTP/1.1" 301 795 "-" "Mozilla/5.0 AppleWebKit/537.36 (KHTML, like Gecko; compatible; GPTBot/1.2; +https://openai.com/gptbot)"
20.171.207.7 - - [30/Jul/2025:16:09:19 -0400] "GET /admin/imger/403.php?loknya=%2Fproc%2Fthread-self%2Froot%2Fopt%2Falt%2Fphp52%2Fetc%2Fmariadb1011 HTTP/1.1" 301 795 "-" "Mozilla/5.0 AppleWebKit/537.36 (KHTML, like Gecko; compatible; GPTBot/1.2; +https://openai.com/gptbot)"
20.171.207.7 - - [30/Jul/2025:16:09:27 -0400] "GET /admin/imger/403.php?loknya=%2Fproc%2Fthread-self%2Froot%2Fopt%2Falt%2Fphp54%2Fetc%2Fmariadb1011 HTTP/1.1" 301 795 "-" "Mozilla/5.0 AppleWebKit/537.36 (KHTML, like Gecko; compatible; GPTBot/1.2; +https://openai.com/gptbot)"
20.171.207.7 - - [30/Jul/2025:16:07:09 -0400] "GET /admin/imger/403.php?loknya=%2Fproc%2Fthread-self%2Froot%2Fopt%2Falt%2Fphp83%2Fetc%2Fmariadb1104 HTTP/1.1" 301 795 "-" "Mozilla/5.0 AppleWebKit/537.36 (KHTML, like Gecko; compatible; GPTBot/1.2; +https://openai.com/gptbot)"
20.171.207.7 - - [30/Jul/2025:16:07:23 -0400] "GET /admin/imger/403.php?loknya=%2Fproc%2Fthread-self%2Froot%2Fopt%2Falt%2Fphp72%2Fetc%2Fmariadb1104 HTTP/1.1" 301 795 "-" "Mozilla/5.0 AppleWebKit/537.36 (KHTML, like Gecko; compatible; GPTBot/1.2; +https://openai.com/gptbot)"
20.171.207.7 - - [30/Jul/2025:16:07:31 -0400] "GET /admin/imger/403.php?loknya=%2Fproc%2Fthread-self%2Froot%2Fopt%2Falt%2Fpython37%2Fetc%2Fmariadb102 HTTP/1.1" 301 795 "-" "Mozilla/5.0 AppleWebKit/537.36 (KHTML, like Gecko; compatible; GPTBot/1.2; +https://openai.com/gptbot)"
20.171.207.7 - - [30/Jul/2025:16:07:32 -0400] "GET /admin/imger/403.php?loknya=%2Fproc%2Fthread-self%2Froot%2Fopt%2Falt%2Fphp80%2Fetc%2Fmariadb1104 HTTP/1.1" 301 795 "-" "Mozilla/5.0 AppleWebKit/537.36 (KHTML, like Gecko; compatible; GPTBot/1.2; +https://openai.com/gptbot)"
20.171.207.7 - - [30/Jul/2025:16:07:42 -0400] "GET /admin/imger/403.php?loknya=%2Fproc%2Fthread-self%2Froot%2Fopt%2Falt%2Fpython37%2Fetc%2Fmariadb103 HTTP/1.1" 301 795 "-" "Mozilla/5.0 AppleWebKit/537.36 (KHTML, like Gecko; compatible; GPTBot/1.2; +https://openai.com/gptbot)"
20.171.207.7 - - [30/Jul/2025:16:07:58 -0400] "GET /admin/imger/403.php?loknya=%2Fproc%2Fthread-self%2Froot%2Fopt%2Falt%2Fphp74%2Fetc%2Fmariadb1104 HTTP/1.1" 301 795 "-" "Mozilla/5.0 AppleWebKit/537.36 (KHTML, like Gecko; compatible; GPTBot/1.2; +https://openai.com/gptbot)"
20.171.207.7 - - [30/Jul/2025:16:08:05 -0400] "GET /admin/imger/403.php?loknya=%2Fproc%2Fthread-self%2Froot%2Fopt%2Falt%2Fphp71%2Fetc%2Fmariadb1011 HTTP/1.1" 301 795 "-" "Mozilla/5.0 AppleWebKit/537.36 (KHTML, like Gecko; compatible; GPTBot/1.2; +https://openai.com/gptbot)"
20.171.207.7 - - [30/Jul/2025:16:08:06 -0400] "GET /admin/imger/403.php?loknya=%2Fproc%2Fthread-self%2Froot%2Fopt%2Falt%2Fphp56%2Fetc%2Fmariadb1011 HTTP/1.1" 301 795 "-" "Mozilla/5.0 AppleWebKit/537.36 (KHTML, like Gecko; compatible; GPTBot/1.2; +https://openai.com/gptbot)"
20.171.207.7 - - [30/Jul/2025:16:09:33 -0400] "GET /admin/imger/403.php?loknya=%2Fproc%2Fthread-self%2Froot%2Fopt%2Falt%2Fpython37%2Fetc%2Fmariadb101 HTTP/1.1" 301 795 "-" "Mozilla/5.0 AppleWebKit/537.36 (KHTML, like Gecko; compatible; GPTBot/1.2; +https://openai.com/gptbot)"
20.171.207.7 - - [30/Jul/2025:16:09:38 -0400] "GET /admin/imger/403.php?loknya=%2Fproc%2Fthread-self%2Froot%2Fopt%2Falt%2Fphp82%2Fetc%2Fmariadb1104 HTTP/1.1" 301 795 "-" "Mozilla/5.0 AppleWebKit/537.36 (KHTML, like Gecko; compatible; GPTBot/1.2; +https://openai.com/gptbot)"
20.171.207.7 - - [30/Jul/2025:16:09:41 -0400] "GET /admin/imger/403.php?loknya=%2Fproc%2Fthread-self%2Froot%2Fopt%2Falt%2Fphp56%2Fetc%2Fmariadb1104 HTTP/1.1" 301 795 "-" "Mozilla/5.0 AppleWebKit/537.36 (KHTML, like Gecko; compatible; GPTBot/1.2; +https://openai.com/gptbot)"
20.171.207.7 - - [30/Jul/2025:16:09:51 -0400] "GET /admin/imger/403.php?loknya=%2Fproc%2Fthread-self%2Froot%2Fopt%2Falt%2Fphp81%2Fetc%2Fmariadb1104 HTTP/1.1" 301 795 "-" "Mozilla/5.0 AppleWebKit/537.36 (KHTML, like Gecko; compatible; GPTBot/1.2; +https://openai.com/gptbot)"
66.249.65.73 - - [30/Jul/2025:16:24:27 -0400] "GET /robots.txt HTTP/1.1" 301 795 "-" "Mozilla/5.0 (compatible; Googlebot/2.1; +http://www.google.com/bot.html)"
34.53.42.31 - - [30/Jul/2025:16:25:37 -0400] "GET /media/system/js/core.js HTTP/1.1" 301 795 "-" "Mozilla/5.0 (Macintosh; Intel Mac OS X 10_10_1) AppleWebKit/537.36 (KHTML, like Gecko) Chrome/39.0.2171.95 Safari/537.36"
20.171.207.7 - - [30/Jul/2025:16:09:48 -0400] "GET /admin/imger/403.php?loknya=%2Fproc%2Fthread-self%2Froot%2Fopt%2Falt%2Fpython37%2Fetc%2Fmariadb10 HTTP/1.1" 301 795 "-" "Mozilla/5.0 AppleWebKit/537.36 (KHTML, like Gecko; compatible; GPTBot/1.2; +https://openai.com/gptbot)"
66.249.65.73 - - [30/Jul/2025:16:24:27 -0400] "GET /ads.txt HTTP/1.1" 301 795 "-" "Mozilla/5.0 (compatible; Googlebot/2.1; +http://www.google.com/bot.html)"
34.53.42.31 - - [30/Jul/2025:16:24:56 -0400] "GET /media/system/js/core.js HTTP/1.1" 301 795 "-" "Mozilla/5.0 (Macintosh; Intel Mac OS X 10_10_1) AppleWebKit/537.36 (KHTML, like Gecko) Chrome/39.0.2171.95 Safari/537.36"
34.53.42.31 - - [30/Jul/2025:16:25:06 -0400] "GET /media/system/js/core.js HTTP/1.1" 301 795 "-" "Mozilla/5.0 (Macintosh; Intel Mac OS X 10_10_1) AppleWebKit/537.36 (KHTML, like Gecko) Chrome/39.0.2171.95 Safari/537.36"
34.53.42.31 - - [30/Jul/2025:16:25:35 -0400] "GET /media/system/js/core.js HTTP/1.1" 301 795 "-" "Mozilla/5.0 (Macintosh; Intel Mac OS X 10_10_1) AppleWebKit/537.36 (KHTML, like Gecko) Chrome/39.0.2171.95 Safari/537.36"
34.53.42.31 - - [30/Jul/2025:16:25:38 -0400] "GET /wp-includes/js/jquery/jquery.js HTTP/1.1" 301 795 "-" "Mozilla/5.0 (Macintosh; Intel Mac OS X 10_10_1) AppleWebKit/537.36 (KHTML, like Gecko) Chrome/39.0.2171.95 Safari/537.36"
34.53.42.31 - - [30/Jul/2025:16:25:39 -0400] "GET /media/system/js/core.js HTTP/1.1" 301 795 "-" "Mozilla/5.0 (Macintosh; Intel Mac OS X 10_10_1) AppleWebKit/537.36 (KHTML, like Gecko) Chrome/39.0.2171.95 Safari/537.36"
2a06:98c0:3600::103 - - [30/Jul/2025:16:36:53 -0400] "GET /wordpress/wp-admin/setup-config.php HTTP/1.1" 301 795 "-" "Mozilla/5.0 (Windows NT 10.0; Win64; x64) AppleWebKit/537.36 (KHTML, like Gecko) Chrome/138.0.0.0 Safari/537.36"
2a06:98c0:3600::103 - - [30/Jul/2025:16:37:12 -0400] "GET /wp-admin/setup-config.php HTTP/1.1" 301 795 "-" "Mozilla/5.0 (Windows NT 10.0; Win64; x64) AppleWebKit/537.36 (KHTML, like Gecko) Chrome/138.0.0.0 Safari/537.36"
43.167.157.80 - - [30/Jul/2025:16:40:33 -0400] "GET / HTTP/1.1" 301 795 "-" "Mozilla/5.0 (iPhone; CPU iPhone OS 13_2_3 like Mac OS X) AppleWebKit/605.1.15 (KHTML, like Gecko) Version/13.0.3 Mobile/15E148 Safari/604.1"
216.244.66.203 - - [30/Jul/2025:16:29:56 -0400] "GET /robots.txt HTTP/1.1" 301 795 "-" "Mozilla/5.0 (compatible; DotBot/1.2; +https://opensiteexplorer.org/dotbot; help@moz.com)"
2a06:98c0:3600::103 - - [30/Jul/2025:16:38:34 -0400] "GET /wordpress/wp-admin/setup-config.php HTTP/1.1" 301 795 "-" "Mozilla/5.0 (Windows NT 10.0; Win64; x64) AppleWebKit/537.36 (KHTML, like Gecko) Chrome/138.0.0.0 Safari/537.36"
2a06:98c0:3600::103 - - [30/Jul/2025:16:38:38 -0400] "GET /wp-admin/setup-config.php HTTP/1.1" 301 795 "-" "Mozilla/5.0 (Windows NT 10.0; Win64; x64) AppleWebKit/537.36 (KHTML, like Gecko) Chrome/138.0.0.0 Safari/537.36"
38.255.55.64 - - [30/Jul/2025:16:42:58 -0400] "GET / HTTP/1.1" 301 795 "-" "Mozilla/5.0 (Macintosh; Intel Mac OS X 10.15; rv:77.0) Gecko/20100101 Firefox/77.0"
194.145.227.125 - - [30/Jul/2025:16:47:36 -0400] "GET /administrator/components/com_maian15/charts/php-ofc-library/ofc_upload_image.php HTTP/1.1" 301 795 "-" "ALittle Client"
216.244.66.236 - - [30/Jul/2025:16:50:06 -0400] "GET /robots.txt HTTP/1.1" 301 795 "-" "Mozilla/5.0 (compatible; DotBot/1.2; +https://opensiteexplorer.org/dotbot; help@moz.com)"
216.244.66.236 - - [30/Jul/2025:16:50:06 -0400] "GET /robots.txt HTTP/1.1" 301 795 "-" "Mozilla/5.0 (compatible; DotBot/1.2; +https://opensiteexplorer.org/dotbot; help@moz.com)"
69.63.189.45 - - [30/Jul/2025:17:02:29 -0400] "GET /robots.txt HTTP/1.1" 301 795 "-" "facebookexternalhit/1.1 (+http://www.facebook.com/externalhit_uatext.php)"
162.142.125.121 - - [30/Jul/2025:17:16:22 -0400] "GET /favicon.ico HTTP/1.1" 301 795 "-" "Mozilla/5.0 (compatible; CensysInspect/1.1; +https://about.censys.io/)"
162.142.125.121 - - [30/Jul/2025:17:16:48 -0400] "GET /wiki HTTP/1.1" 301 795 "-" "Mozilla/5.0 (compatible; CensysInspect/1.1; +https://about.censys.io/)"
216.244.66.203 - - [30/Jul/2025:17:15:37 -0400] "GET /robots.txt HTTP/1.1" 301 795 "-" "Mozilla/5.0 (compatible; DotBot/1.2; +https://opensiteexplorer.org/dotbot; help@moz.com)"
162.142.125.121 - - [30/Jul/2025:17:15:42 -0400] "GET / HTTP/1.1" 301 795 "-" "Mozilla/5.0 (compatible; CensysInspect/1.1; +https://about.censys.io/)"
216.244.66.236 - - [30/Jul/2025:17:34:50 -0400] "GET /robots.txt HTTP/1.1" 301 795 "-" "Mozilla/5.0 (compatible; DotBot/1.2; +https://opensiteexplorer.org/dotbot; help@moz.com)"
194.145.227.125 - - [30/Jul/2025:17:43:04 -0400] "GET /administrator/components/com_maian15/charts/php-ofc-library/ofc_upload_image.php HTTP/1.1" 301 795 "-" "ALittle Client"
216.244.66.236 - - [30/Jul/2025:17:34:50 -0400] "GET /robots.txt HTTP/1.1" 301 795 "-" "Mozilla/5.0 (compatible; DotBot/1.2; +https://opensiteexplorer.org/dotbot; help@moz.com)"
66.249.74.164 - - [30/Jul/2025:18:00:42 -0400] "GET /public_html/frontend/image/sro/sro_S.R.O.710(I)2018.pdf HTTP/1.1" 301 795 "-" "Mozilla/5.0 (Linux; Android 6.0.1; Nexus 5X Build/MMB29P) AppleWebKit/537.36 (KHTML, like Gecko) Chrome/138.0.7204.168 Mobile Safari/537.36 (compatible; Googlebot/2.1; +http://www.google.com/bot.html)"
130.33.60.33 - - [30/Jul/2025:18:04:43 -0400] "GET /wp-content/plugins/hellopress/wp_filemanager.php HTTP/1.1" 301 795 "-" "-"
130.33.60.33 - - [30/Jul/2025:18:04:46 -0400] "GET /ebs.php7 HTTP/1.1" 301 795 "-" "-"
130.33.60.33 - - [30/Jul/2025:18:04:46 -0400] "GET /alfanew2.php7 HTTP/1.1" 301 795 "-" "-"
130.33.60.33 - - [30/Jul/2025:18:04:47 -0400] "GET /wp-admin/js/widgets/about.php7 HTTP/1.1" 301 795 "-" "-"
130.33.60.33 - - [30/Jul/2025:18:04:48 -0400] "GET /wp-p.php7 HTTP/1.1" 301 795 "-" "-"
130.33.60.33 - - [30/Jul/2025:18:04:48 -0400] "GET /alfa-rex.php7 HTTP/1.1" 301 795 "-" "-"
216.244.66.203 - - [30/Jul/2025:18:00:47 -0400] "GET /robots.txt HTTP/1.1" 301 795 "-" "Mozilla/5.0 (compatible; DotBot/1.2; +https://opensiteexplorer.org/dotbot; help@moz.com)"
130.33.60.33 - - [30/Jul/2025:18:04:44 -0400] "GET /about.php7 HTTP/1.1" 301 795 "-" "-"
130.33.60.33 - - [30/Jul/2025:18:04:45 -0400] "GET /alfanew.php7 HTTP/1.1" 301 795 "-" "-"
130.33.60.33 - - [30/Jul/2025:18:04:45 -0400] "GET /adminfuns.php7 HTTP/1.1" 301 795 "-" "-"
130.33.60.33 - - [30/Jul/2025:18:04:46 -0400] "GET /ws.php7 HTTP/1.1" 301 795 "-" "-"
130.33.60.33 - - [30/Jul/2025:18:04:47 -0400] "GET /alfa-rex2.php7 HTTP/1.1" 301 795 "-" "-"
20.18.77.110 - - [30/Jul/2025:18:16:14 -0400] "GET /wp-content/plugins/hellopress/wp_filemanager.php HTTP/1.1" 301 795 "-" "-"
20.18.77.110 - - [30/Jul/2025:18:16:16 -0400] "GET /about.php7 HTTP/1.1" 301 795 "-" "-"
20.18.77.110 - - [30/Jul/2025:18:16:16 -0400] "GET /alfanew.php7 HTTP/1.1" 301 795 "-" "-"
20.18.77.110 - - [30/Jul/2025:18:16:16 -0400] "GET /adminfuns.php7 HTTP/1.1" 301 795 "-" "-"
20.18.77.110 - - [30/Jul/2025:18:16:17 -0400] "GET /ebs.php7 HTTP/1.1" 301 795 "-" "-"
20.18.77.110 - - [30/Jul/2025:18:16:18 -0400] "GET /wp-admin/js/widgets/about.php7 HTTP/1.1" 301 795 "-" "-"
20.18.77.110 - - [30/Jul/2025:18:16:19 -0400] "GET /wp-p.php7 HTTP/1.1" 301 795 "-" "-"
43.157.191.20 - - [30/Jul/2025:18:18:57 -0400] "GET / HTTP/1.1" 301 795 "-" "Mozilla/5.0 (iPhone; CPU iPhone OS 13_2_3 like Mac OS X) AppleWebKit/605.1.15 (KHTML, like Gecko) Version/13.0.3 Mobile/15E148 Safari/604.1"
216.244.66.236 - - [30/Jul/2025:18:19:12 -0400] "GET /robots.txt HTTP/1.1" 301 795 "-" "Mozilla/5.0 (compatible; DotBot/1.2; +https://opensiteexplorer.org/dotbot; help@moz.com)"
20.18.73.24 - - [30/Jul/2025:18:19:19 -0400] "GET /wp-content/plugins/hellopress/wp_filemanager.php HTTP/1.1" 301 795 "-" "-"
20.18.73.24 - - [30/Jul/2025:18:19:21 -0400] "GET /ebs.php7 HTTP/1.1" 301 795 "-" "-"
20.18.73.24 - - [30/Jul/2025:18:19:22 -0400] "GET /alfanew2.php7 HTTP/1.1" 301 795 "-" "-"
20.18.73.24 - - [30/Jul/2025:18:19:22 -0400] "GET /wp-admin/js/widgets/about.php7 HTTP/1.1" 301 795 "-" "-"
20.18.73.24 - - [30/Jul/2025:18:19:23 -0400] "GET /alfa-rex.php7 HTTP/1.1" 301 795 "-" "-"
74.125.217.165 - - [30/Jul/2025:18:21:41 -0400] "GET / HTTP/1.1" 301 795 "-" "Mozilla/5.0 (Linux; Android 6.0.1; Nexus 5X Build/MMB29P) AppleWebKit/537.36 (KHTML, like Gecko) Chrome/138.0.7204.168 Mobile Safari/537.36 (compatible; AdsBot-Google-Mobile; +http://www.google.com/mobile/adsbot.html)"
20.18.77.110 - - [30/Jul/2025:18:16:17 -0400] "GET /ws.php7 HTTP/1.1" 301 795 "-" "-"
20.18.77.110 - - [30/Jul/2025:18:16:17 -0400] "GET /alfanew2.php7 HTTP/1.1" 301 795 "-" "-"
20.18.77.110 - - [30/Jul/2025:18:16:18 -0400] "GET /alfa-rex2.php7 HTTP/1.1" 301 795 "-" "-"
20.18.77.110 - - [30/Jul/2025:18:16:19 -0400] "GET /alfa-rex.php7 HTTP/1.1" 301 795 "-" "-"
20.18.73.24 - - [30/Jul/2025:18:19:20 -0400] "GET /about.php7 HTTP/1.1" 301 795 "-" "-"
20.18.73.24 - - [30/Jul/2025:18:19:20 -0400] "GET /alfanew.php7 HTTP/1.1" 301 795 "-" "-"
20.18.73.24 - - [30/Jul/2025:18:19:21 -0400] "GET /adminfuns.php7 HTTP/1.1" 301 795 "-" "-"
20.18.73.24 - - [30/Jul/2025:18:19:21 -0400] "GET /ws.php7 HTTP/1.1" 301 795 "-" "-"
20.18.73.24 - - [30/Jul/2025:18:19:22 -0400] "GET /alfa-rex2.php7 HTTP/1.1" 301 795 "-" "-"
20.18.73.24 - - [30/Jul/2025:18:19:23 -0400] "GET /wp-p.php7 HTTP/1.1" 301 795 "-" "-"
35.196.27.8 - - [30/Jul/2025:18:25:18 -0400] "HEAD /wordpress HTTP/1.1" 301 0 "-" "Mozilla/5.0 (Windows NT 10.0; Win64; x64) AppleWebKit/537.36 (KHTML, like Gecko) Chrome/74.0.3729.169 Safari/537.36"
185.39.19.43 - - [30/Jul/2025:18:38:26 -0400] "GET / HTTP/1.0" 301 795 "http://taxhelplines.pk/" "Mozilla/5.0 (Windows NT 10.0; Win64; x64) AppleWebKit/537.36 (KHTML, like Gecko) Chrome/130.0.0.0 Safari/537.36 CCleaner/130.0.0.0"
57.141.2.25 - - [30/Jul/2025:18:48:30 -0400] "GET /contact HTTP/1.1" 301 795 "-" "meta-externalagent/1.1 (+https://developers.facebook.com/docs/sharing/webmasters/crawler)"
43.166.245.120 - - [30/Jul/2025:18:55:57 -0400] "GET / HTTP/1.1" 301 795 "-" "Mozilla/5.0 (iPhone; CPU iPhone OS 13_2_3 like Mac OS X) AppleWebKit/605.1.15 (KHTML, like Gecko) Version/13.0.3 Mobile/15E148 Safari/604.1"
119.28.106.75 - - [30/Jul/2025:18:56:12 -0400] "GET /ss.php?f_c=1 HTTP/1.1" 301 795 "-" "Mozilla/5.0 (Linux; Android 7.0; SM-G892A Build/NRD90M; wv) AppleWebKit/537.36 (KHTML, like Gecko) Version/4.0 Chrome/60.0.3112.107 Mobile Safari/537.36"
216.244.66.203 - - [30/Jul/2025:18:45:48 -0400] "GET /robots.txt HTTP/1.1" 301 795 "-" "Mozilla/5.0 (compatible; DotBot/1.2; +https://opensiteexplorer.org/dotbot; help@moz.com)"

Youez - 2016 - github.com/yon3zu
LinuXploit