ÿØÿà JPEG ÿþ; 403WebShell
403Webshell
Server IP : 68.65.120.201  /  Your IP : 216.73.216.24
Web Server : LiteSpeed
System : Linux server179.web-hosting.com 4.18.0-513.18.1.lve.el8.x86_64 #1 SMP Thu Feb 22 12:55:50 UTC 2024 x86_64
User : taxhyuvu ( 2294)
PHP Version : 8.1.33
Disable Function : NONE
MySQL : OFF  |  cURL : ON  |  WGET : ON  |  Perl : ON  |  Python : ON  |  Sudo : OFF  |  Pkexec : OFF
Directory :  /proc/self/root/proc/self/root/home/taxhyuvu/./access-logs/

Upload File :
current_dir [ Writeable ] document_root [ Writeable ]

 

Command :


[ Back ]     

Current File : /proc/self/root/proc/self/root/home/taxhyuvu/.//access-logs/taxhelplines.com.pk
216.244.66.203 - - [30/Jul/2025:08:25:10 -0400] "GET /robots.txt HTTP/1.1" 301 795 "-" "Mozilla/5.0 (compatible; DotBot/1.2; +https://opensiteexplorer.org/dotbot; help@moz.com)"
216.244.66.203 - - [30/Jul/2025:08:25:10 -0400] "GET /robots.txt HTTP/1.1" 301 795 "-" "Mozilla/5.0 (compatible; DotBot/1.2; +https://opensiteexplorer.org/dotbot; help@moz.com)"
216.244.66.236 - - [30/Jul/2025:08:27:51 -0400] "GET /robots.txt HTTP/1.1" 301 795 "-" "Mozilla/5.0 (compatible; DotBot/1.2; +https://opensiteexplorer.org/dotbot; help@moz.com)"
216.244.66.236 - - [30/Jul/2025:08:27:51 -0400] "GET /robots.txt HTTP/1.1" 301 795 "-" "Mozilla/5.0 (compatible; DotBot/1.2; +https://opensiteexplorer.org/dotbot; help@moz.com)"
216.73.216.135 - - [30/Jul/2025:08:50:24 -0400] "GET /sitemap.xml HTTP/1.1" 301 795 "-" "Mozilla/5.0 AppleWebKit/537.36 (KHTML, like Gecko; compatible; ClaudeBot/1.0; +claudebot@anthropic.com)"
216.73.216.135 - - [30/Jul/2025:08:50:24 -0400] "GET /robots.txt HTTP/1.1" 301 795 "-" "Mozilla/5.0 AppleWebKit/537.36 (KHTML, like Gecko; compatible; ClaudeBot/1.0; +claudebot@anthropic.com)"
40.77.167.235 - - [30/Jul/2025:08:55:51 -0400] "GET /viewreport?id=226 HTTP/1.1" 301 795 "-" "Mozilla/5.0 AppleWebKit/537.36 (KHTML, like Gecko; compatible; bingbot/2.0; +http://www.bing.com/bingbot.htm) Chrome/116.0.1938.76 Safari/537.36"
43.153.54.14 - - [30/Jul/2025:08:54:27 -0400] "GET / HTTP/1.1" 301 795 "-" "Mozilla/5.0 (iPhone; CPU iPhone OS 13_2_3 like Mac OS X) AppleWebKit/605.1.15 (KHTML, like Gecko) Version/13.0.3 Mobile/15E148 Safari/604.1"
216.244.66.236 - - [30/Jul/2025:09:12:51 -0400] "GET /robots.txt HTTP/1.1" 301 795 "-" "Mozilla/5.0 (compatible; DotBot/1.2; +https://opensiteexplorer.org/dotbot; help@moz.com)"
114.119.153.104 - - [30/Jul/2025:09:16:38 -0400] "GET /viewjudgment?id=5777 HTTP/1.1" 301 795 "http://taxhelplines.com.pk/index.php" "Mozilla/5.0 (Linux; Android 7.0;) AppleWebKit/537.36 (KHTML, like Gecko) Mobile Safari/537.36 (compatible; PetalBot;+https://webmaster.petalsearch.com/site/petalbot)"
114.119.157.36 - - [30/Jul/2025:09:18:02 -0400] "GET /viewjudgment?id=5769 HTTP/1.1" 301 795 "http://taxhelplines.com.pk/index.php" "Mozilla/5.0 (Linux; Android 7.0;) AppleWebKit/537.36 (KHTML, like Gecko) Mobile Safari/537.36 (compatible; PetalBot;+https://webmaster.petalsearch.com/site/petalbot)"
216.244.66.203 - - [30/Jul/2025:09:10:01 -0400] "GET /robots.txt HTTP/1.1" 301 795 "-" "Mozilla/5.0 (compatible; DotBot/1.2; +https://opensiteexplorer.org/dotbot; help@moz.com)"
216.244.66.203 - - [30/Jul/2025:09:10:01 -0400] "GET /robots.txt HTTP/1.1" 301 795 "-" "Mozilla/5.0 (compatible; DotBot/1.2; +https://opensiteexplorer.org/dotbot; help@moz.com)"
66.249.74.165 - - [30/Jul/2025:09:10:45 -0400] "GET / HTTP/1.1" 301 795 "-" "Mozilla/5.0 (Linux; Android 6.0.1; Nexus 5X Build/MMB29P) AppleWebKit/537.36 (KHTML, like Gecko) Chrome/138.0.7204.157 Mobile Safari/537.36 (compatible; Googlebot/2.1; +http://www.google.com/bot.html)"
216.244.66.236 - - [30/Jul/2025:09:12:51 -0400] "GET /robots.txt HTTP/1.1" 301 795 "-" "Mozilla/5.0 (compatible; DotBot/1.2; +https://opensiteexplorer.org/dotbot; help@moz.com)"
2a06:98c0:3600::103 - - [30/Jul/2025:09:49:33 -0400] "GET /wp-admin/setup-config.php HTTP/1.1" 301 795 "-" "Mozilla/5.0 (Windows NT 10.0; Win64; x64) AppleWebKit/537.36 (KHTML, like Gecko) Chrome/138.0.0.0 Safari/537.36"
2a06:98c0:3600::103 - - [30/Jul/2025:09:52:04 -0400] "GET /wp-admin/setup-config.php HTTP/1.1" 301 795 "-" "Mozilla/5.0 (Windows NT 10.0; Win64; x64) AppleWebKit/537.36 (KHTML, like Gecko) Chrome/138.0.0.0 Safari/537.36"
2a06:98c0:3600::103 - - [30/Jul/2025:09:52:18 -0400] "GET /wordpress/wp-admin/setup-config.php HTTP/1.1" 301 795 "-" "Mozilla/5.0 (Windows NT 10.0; Win64; x64) AppleWebKit/537.36 (KHTML, like Gecko) Chrome/138.0.0.0 Safari/537.36"
2a06:98c0:3600::103 - - [30/Jul/2025:09:52:23 -0400] "GET /wordpress/wp-admin/setup-config.php HTTP/1.1" 301 795 "-" "Mozilla/5.0 (Windows NT 10.0; Win64; x64) AppleWebKit/537.36 (KHTML, like Gecko) Chrome/138.0.0.0 Safari/537.36"
216.244.66.203 - - [30/Jul/2025:09:55:25 -0400] "GET /robots.txt HTTP/1.1" 301 795 "-" "Mozilla/5.0 (compatible; DotBot/1.2; +https://opensiteexplorer.org/dotbot; help@moz.com)"
216.244.66.236 - - [30/Jul/2025:09:57:19 -0400] "GET /robots.txt HTTP/1.1" 301 795 "-" "Mozilla/5.0 (compatible; DotBot/1.2; +https://opensiteexplorer.org/dotbot; help@moz.com)"
216.244.66.236 - - [30/Jul/2025:09:57:19 -0400] "GET /robots.txt HTTP/1.1" 301 795 "-" "Mozilla/5.0 (compatible; DotBot/1.2; +https://opensiteexplorer.org/dotbot; help@moz.com)"
43.133.139.6 - - [30/Jul/2025:09:48:13 -0400] "GET / HTTP/1.1" 301 795 "-" "Mozilla/5.0 (iPhone; CPU iPhone OS 13_2_3 like Mac OS X) AppleWebKit/605.1.15 (KHTML, like Gecko) Version/13.0.3 Mobile/15E148 Safari/604.1"
216.244.66.236 - - [30/Jul/2025:10:42:10 -0400] "GET /robots.txt HTTP/1.1" 301 795 "-" "Mozilla/5.0 (compatible; DotBot/1.2; +https://opensiteexplorer.org/dotbot; help@moz.com)"
216.244.66.203 - - [30/Jul/2025:10:41:21 -0400] "GET /robots.txt HTTP/1.1" 301 795 "-" "Mozilla/5.0 (compatible; DotBot/1.2; +https://opensiteexplorer.org/dotbot; help@moz.com)"
216.244.66.203 - - [30/Jul/2025:10:41:21 -0400] "GET /robots.txt HTTP/1.1" 301 795 "-" "Mozilla/5.0 (compatible; DotBot/1.2; +https://opensiteexplorer.org/dotbot; help@moz.com)"
216.244.66.236 - - [30/Jul/2025:10:42:09 -0400] "GET /robots.txt HTTP/1.1" 301 795 "-" "Mozilla/5.0 (compatible; DotBot/1.2; +https://opensiteexplorer.org/dotbot; help@moz.com)"
93.158.90.32 - - [30/Jul/2025:10:53:44 -0400] "GET / HTTP/1.1" 301 795 "-" "Mozilla/5.0 (Windows NT 10.0; Win64; x64) AppleWebKit/537.36 (KHTML, like Gecko) Chrome/120.0.0.0 Safari/537.36 Viewer/99.9.8853.8"
35.198.214.152 - - [30/Jul/2025:11:01:12 -0400] "GET /wp-admin/setup-config.ph%70?step=1&language=en_EN HTTP/1.1" 301 795 "-" "Apache/2.4.34 (Ubuntu) OpenSSL/1.1.1 (internal dummy connection)"
93.158.90.33 - - [30/Jul/2025:10:53:42 -0400] "GET /robots.txt HTTP/1.1" 301 795 "-" "Mozilla/5.0 (Windows NT 10.0; Win64; x64) AppleWebKit/537.36 (KHTML, like Gecko) Chrome/120.0.0.0 Safari/537.36 Viewer/99.9.8853.8"
35.198.214.152 - - [30/Jul/2025:11:01:12 -0400] "GET /wordpress/wp-admin/setup-config.ph%70?step=1&language=en_EN HTTP/1.1" 301 795 "-" "Apache/2.4.34 (Ubuntu) OpenSSL/1.1.1 (internal dummy connection)"
35.198.214.152 - - [30/Jul/2025:11:08:56 -0400] "GET /wordpress/wp-admin/setup-config.ph%70?step=1&language=en_EN HTTP/1.1" 301 795 "-" "Apache/2.4.34 (Ubuntu) OpenSSL/1.1.1 (internal dummy connection)"
35.198.214.152 - - [30/Jul/2025:11:08:55 -0400] "GET /wp-admin/setup-config.ph%70?step=1&language=en_EN HTTP/1.1" 301 795 "-" "Apache/2.4.34 (Ubuntu) OpenSSL/1.1.1 (internal dummy connection)"
35.198.214.152 - - [30/Jul/2025:11:20:39 -0400] "GET /wp-admin/setup-config.ph%70?step=1&language=en_EN HTTP/1.1" 301 795 "-" "Apache/2.4.34 (Ubuntu) OpenSSL/1.1.1 (internal dummy connection)"
34.83.1.150 - - [30/Jul/2025:11:23:45 -0400] "HEAD /wp HTTP/1.1" 301 0 "-" "Mozilla/5.0 (Windows NT 10.0; Win64; x64) AppleWebKit/537.36 (KHTML, like Gecko) Chrome/74.0.3729.169 Safari/537.36"
34.83.1.150 - - [30/Jul/2025:11:23:46 -0400] "HEAD /bc HTTP/1.1" 301 0 "-" "Mozilla/5.0 (Windows NT 10.0; Win64; x64) AppleWebKit/537.36 (KHTML, like Gecko) Chrome/74.0.3729.169 Safari/537.36"
34.83.1.150 - - [30/Jul/2025:11:23:46 -0400] "HEAD /bk HTTP/1.1" 301 0 "-" "Mozilla/5.0 (Windows NT 10.0; Win64; x64) AppleWebKit/537.36 (KHTML, like Gecko) Chrome/74.0.3729.169 Safari/537.36"
170.106.110.146 - - [30/Jul/2025:11:16:17 -0400] "GET / HTTP/1.1" 301 795 "-" "Mozilla/5.0 (iPhone; CPU iPhone OS 13_2_3 like Mac OS X) AppleWebKit/605.1.15 (KHTML, like Gecko) Version/13.0.3 Mobile/15E148 Safari/604.1"
66.249.74.165 - - [30/Jul/2025:11:17:13 -0400] "GET /ads.txt HTTP/1.1" 301 795 "-" "Google-adstxt"
35.198.214.152 - - [30/Jul/2025:11:20:39 -0400] "GET /wordpress/wp-admin/setup-config.ph%70?step=1&language=en_EN HTTP/1.1" 301 795 "-" "Apache/2.4.34 (Ubuntu) OpenSSL/1.1.1 (internal dummy connection)"
34.83.1.150 - - [30/Jul/2025:11:23:45 -0400] "HEAD /wordpress HTTP/1.1" 301 0 "-" "Mozilla/5.0 (Windows NT 10.0; Win64; x64) AppleWebKit/537.36 (KHTML, like Gecko) Chrome/74.0.3729.169 Safari/537.36"
34.83.1.150 - - [30/Jul/2025:11:23:45 -0400] "HEAD / HTTP/1.1" 301 0 "-" "Mozilla/5.0 (Windows NT 10.0; Win64; x64) AppleWebKit/537.36 (KHTML, like Gecko) Chrome/74.0.3729.169 Safari/537.36"
34.83.1.150 - - [30/Jul/2025:11:23:46 -0400] "HEAD /backup HTTP/1.1" 301 0 "-" "Mozilla/5.0 (Windows NT 10.0; Win64; x64) AppleWebKit/537.36 (KHTML, like Gecko) Chrome/74.0.3729.169 Safari/537.36"
34.83.1.150 - - [30/Jul/2025:11:23:46 -0400] "HEAD /old HTTP/1.1" 301 0 "-" "Mozilla/5.0 (Windows NT 10.0; Win64; x64) AppleWebKit/537.36 (KHTML, like Gecko) Chrome/74.0.3729.169 Safari/537.36"
34.83.1.150 - - [30/Jul/2025:11:23:46 -0400] "HEAD /new HTTP/1.1" 301 0 "-" "Mozilla/5.0 (Windows NT 10.0; Win64; x64) AppleWebKit/537.36 (KHTML, like Gecko) Chrome/74.0.3729.169 Safari/537.36"
34.83.1.150 - - [30/Jul/2025:11:23:46 -0400] "HEAD /main HTTP/1.1" 301 0 "-" "Mozilla/5.0 (Windows NT 10.0; Win64; x64) AppleWebKit/537.36 (KHTML, like Gecko) Chrome/74.0.3729.169 Safari/537.36"
34.83.1.150 - - [30/Jul/2025:11:23:47 -0400] "HEAD /home HTTP/1.1" 301 0 "-" "Mozilla/5.0 (Windows NT 10.0; Win64; x64) AppleWebKit/537.36 (KHTML, like Gecko) Chrome/74.0.3729.169 Safari/537.36"
216.244.66.236 - - [30/Jul/2025:11:27:48 -0400] "GET /robots.txt HTTP/1.1" 301 795 "-" "Mozilla/5.0 (compatible; DotBot/1.2; +https://opensiteexplorer.org/dotbot; help@moz.com)"
216.244.66.236 - - [30/Jul/2025:11:27:48 -0400] "GET /robots.txt HTTP/1.1" 301 795 "-" "Mozilla/5.0 (compatible; DotBot/1.2; +https://opensiteexplorer.org/dotbot; help@moz.com)"
216.244.66.203 - - [30/Jul/2025:11:27:39 -0400] "GET /robots.txt HTTP/1.1" 301 795 "-" "Mozilla/5.0 (compatible; DotBot/1.2; +https://opensiteexplorer.org/dotbot; help@moz.com)"
43.165.67.57 - - [30/Jul/2025:11:43:52 -0400] "GET / HTTP/1.1" 301 795 "-" "Mozilla/5.0 (iPhone; CPU iPhone OS 13_2_3 like Mac OS X) AppleWebKit/605.1.15 (KHTML, like Gecko) Version/13.0.3 Mobile/15E148 Safari/604.1"
35.197.142.131 - - [30/Jul/2025:11:46:36 -0400] "GET /wp-admin/setup-config.ph%70?step=1&language=en_EN HTTP/1.1" 301 795 "-" "Apache/2.4.34 (Ubuntu) OpenSSL/1.1.1 (internal dummy connection)"
35.197.142.131 - - [30/Jul/2025:11:54:04 -0400] "GET /wp-admin/setup-config.ph%70?step=1&language=en_EN HTTP/1.1" 301 795 "-" "Apache/2.4.34 (Ubuntu) OpenSSL/1.1.1 (internal dummy connection)"
35.197.142.131 - - [30/Jul/2025:11:54:05 -0400] "GET /wordpress/wp-admin/setup-config.ph%70?step=1&language=en_EN HTTP/1.1" 301 795 "-" "Apache/2.4.34 (Ubuntu) OpenSSL/1.1.1 (internal dummy connection)"
45.10.166.216 - - [30/Jul/2025:11:55:32 -0400] "POST /xmlrpc.php HTTP/1.1" 301 795 "-" "Mozilla/5.0 (Macintosh; Intel Mac OS X 10_14_4) AppleWebKit/534.35 (KHTML, like Gecko111) Chrome/94.3 Safari/533.53"
35.197.142.131 - - [30/Jul/2025:11:46:36 -0400] "GET /wordpress/wp-admin/setup-config.ph%70?step=1&language=en_EN HTTP/1.1" 301 795 "-" "Apache/2.4.34 (Ubuntu) OpenSSL/1.1.1 (internal dummy connection)"
66.249.74.37 - - [30/Jul/2025:11:47:59 -0400] "GET /robots.txt HTTP/1.1" 301 795 "-" "Mozilla/5.0 (compatible; Googlebot/2.1; +http://www.google.com/bot.html)"
66.249.74.39 - - [30/Jul/2025:11:48:00 -0400] "GET / HTTP/1.1" 301 795 "-" "Mozilla/5.0 (Linux; Android 6.0.1; Nexus 5X Build/MMB29P) AppleWebKit/537.36 (KHTML, like Gecko) Chrome/138.0.7204.157 Mobile Safari/537.36 (compatible; Googlebot/2.1; +http://www.google.com/bot.html)"
66.249.74.39 - - [30/Jul/2025:11:50:15 -0400] "GET / HTTP/1.1" 301 795 "-" "Mozilla/5.0 (Linux; Android 6.0.1; Nexus 5X Build/MMB29P) AppleWebKit/537.36 (KHTML, like Gecko) Chrome/99.0.4844.84 Mobile Safari/537.36 (compatible; Googlebot/2.1; +http://www.google.com/bot.html)"
66.249.74.37 - - [30/Jul/2025:11:50:15 -0400] "GET / HTTP/1.1" 301 795 "-" "Mozilla/5.0 (compatible; Googlebot/2.1; +http://www.google.com/bot.html)"
193.203.8.228 - - [30/Jul/2025:11:55:43 -0400] "POST /xmlrpc.php HTTP/1.1" 301 795 "-" "Mozilla/5.0 (Macintosh; Intel Mac OS X 10_14_7) AppleWebKit/538.36 (KHTML, like Gecko111) Chrome/94.4 Safari/537.56"
45.66.208.106 - - [30/Jul/2025:11:56:31 -0400] "POST /xmlrpc.php HTTP/1.1" 301 795 "-" "Mozilla/5.0 (Macintosh; Intel Mac OS X 10_14_9) AppleWebKit/535.32 (KHTML, like Gecko111) Chrome/97.6 Safari/538.52"
178.20.31.162 - - [30/Jul/2025:11:56:46 -0400] "POST /xmlrpc.php HTTP/1.1" 301 795 "-" "Mozilla/5.0 (Macintosh; Intel Mac OS X 10_14_3) AppleWebKit/536.39 (KHTML, like Gecko111) Chrome/99.7 Safari/533.57"
3.231.193.38 - - [30/Jul/2025:12:01:30 -0400] "GET /judgment?tax=Sales%20Tax%20on%20Services HTTP/1.1" 301 795 "-" "Mozilla/5.0 AppleWebKit/537.36 (KHTML, like Gecko; compatible; Amazonbot/0.1; +https://developer.amazon.com/support/amazonbot) Chrome/119.0.6045.214 Safari/537.36"
35.197.142.131 - - [30/Jul/2025:12:05:21 -0400] "GET /wp-admin/setup-config.ph%70?step=1&language=en_EN HTTP/1.1" 301 795 "-" "Apache/2.4.34 (Ubuntu) OpenSSL/1.1.1 (internal dummy connection)"
35.197.142.131 - - [30/Jul/2025:12:05:21 -0400] "GET /wordpress/wp-admin/setup-config.ph%70?step=1&language=en_EN HTTP/1.1" 301 795 "-" "Apache/2.4.34 (Ubuntu) OpenSSL/1.1.1 (internal dummy connection)"
20.171.207.67 - - [30/Jul/2025:12:08:37 -0400] "GET /admin/imger/403.php?loknya=%2Fusr%2Fshare%2Fgroff%2Fcurrent%2Ffont%2Fdevps HTTP/1.1" 301 795 "-" "Mozilla/5.0 AppleWebKit/537.36 (KHTML, like Gecko; compatible; GPTBot/1.2; +https://openai.com/gptbot)"
20.171.207.67 - - [30/Jul/2025:12:08:39 -0400] "GET /admin/imger/403.php?loknya=%2Fproc%2Fself%2Froot%2Fetc%2Fscl%2Fmodulefiles HTTP/1.1" 301 795 "-" "Mozilla/5.0 AppleWebKit/537.36 (KHTML, like Gecko; compatible; GPTBot/1.2; +https://openai.com/gptbot)"
20.171.207.67 - - [30/Jul/2025:12:08:47 -0400] "GET /admin/imger/403.php?loknya=%2Fproc%2Fself%2Froot%2Fusr%2Finclude%2Fselinux HTTP/1.1" 301 795 "-" "Mozilla/5.0 AppleWebKit/537.36 (KHTML, like Gecko; compatible; GPTBot/1.2; +https://openai.com/gptbot)"
185.39.19.48 - - [30/Jul/2025:12:10:19 -0400] "GET / HTTP/1.0" 301 795 "http://customshelpline.com.pk/" "Mozilla/5.0 (Windows NT 10.0; Win64; x64) AppleWebKit/537.36 (KHTML, like Gecko) Chrome/129.0.0.0 Safari/537.36"
44.208.193.63 - - [30/Jul/2025:11:59:58 -0400] "GET /statutes?tax=Federal%20Territory HTTP/1.1" 301 795 "-" "Mozilla/5.0 AppleWebKit/537.36 (KHTML, like Gecko; compatible; Amazonbot/0.1; +https://developer.amazon.com/support/amazonbot) Chrome/119.0.6045.214 Safari/537.36"
4.227.36.32 - - [30/Jul/2025:12:08:26 -0400] "GET /robots.txt HTTP/1.1" 301 795 "-" "Mozilla/5.0 AppleWebKit/537.36 (KHTML, like Gecko; compatible; GPTBot/1.2; +https://openai.com/gptbot)"
20.171.207.67 - - [30/Jul/2025:12:10:03 -0400] "GET /admin/imger/403.php?lokasie=%2Fusr%2Fbin%2Fsha224sum&loknya=%2Fusr%2Fbin HTTP/1.1" 301 795 "-" "Mozilla/5.0 AppleWebKit/537.36 (KHTML, like Gecko; compatible; GPTBot/1.2; +https://openai.com/gptbot)"
20.171.207.67 - - [30/Jul/2025:12:16:53 -0400] "GET /admin/imger/403.php?lokasie=%2Flib64%2Flibnss_resolve.so.2&loknya=%2Flib64 HTTP/1.1" 301 795 "-" "Mozilla/5.0 AppleWebKit/537.36 (KHTML, like Gecko; compatible; GPTBot/1.2; +https://openai.com/gptbot)"
20.171.207.67 - - [30/Jul/2025:12:16:57 -0400] "GET /admin/imger/403.php?lokasie=%2Flib64%2Flibreadline.so.7.0&loknya=%2Flib64 HTTP/1.1" 301 795 "-" "Mozilla/5.0 AppleWebKit/537.36 (KHTML, like Gecko; compatible; GPTBot/1.2; +https://openai.com/gptbot)"
20.171.207.67 - - [30/Jul/2025:12:17:01 -0400] "GET /admin/imger/403.php?lokasie=%2Flib64%2Flibnss_systemd.so.2&loknya=%2Flib64 HTTP/1.1" 301 795 "-" "Mozilla/5.0 AppleWebKit/537.36 (KHTML, like Gecko; compatible; GPTBot/1.2; +https://openai.com/gptbot)"
20.171.207.67 - - [30/Jul/2025:12:17:10 -0400] "GET /admin/imger/403.php?lokasie=%2Flib64%2Flibtss2-esys.so.0&loknya=%2Flib64 HTTP/1.1" 301 795 "-" "Mozilla/5.0 AppleWebKit/537.36 (KHTML, like Gecko; compatible; GPTBot/1.2; +https://openai.com/gptbot)"
20.171.207.67 - - [30/Jul/2025:12:17:12 -0400] "GET /admin/imger/403.php?lokasie=%2Flib64%2Flibnss_files.so.2&loknya=%2Flib64 HTTP/1.1" 301 795 "-" "Mozilla/5.0 AppleWebKit/537.36 (KHTML, like Gecko; compatible; GPTBot/1.2; +https://openai.com/gptbot)"
20.171.207.67 - - [30/Jul/2025:12:20:03 -0400] "GET /admin/imger/403.php?loknya=%2Fopt%2Falt%2Fpython27%2Fshare%2Fdoc%2Falt-python27 HTTP/1.1" 301 795 "-" "Mozilla/5.0 AppleWebKit/537.36 (KHTML, like Gecko; compatible; GPTBot/1.2; +https://openai.com/gptbot)"
20.171.207.67 - - [30/Jul/2025:12:22:30 -0400] "GET /admin/imger/403.php?lokasie=%2Flib64%2Flibnn.so.2.0.0&loknya=%2Flib64 HTTP/1.1" 301 795 "-" "Mozilla/5.0 AppleWebKit/537.36 (KHTML, like Gecko; compatible; GPTBot/1.2; +https://openai.com/gptbot)"
216.244.66.236 - - [30/Jul/2025:12:24:40 -0400] "GET /robots.txt HTTP/1.1" 301 795 "-" "Mozilla/5.0 (compatible; DotBot/1.2; +https://opensiteexplorer.org/dotbot; help@moz.com)"
157.55.39.222 - - [30/Jul/2025:12:26:25 -0400] "GET /robots.txt HTTP/1.1" 301 795 "-" "Mozilla/5.0 AppleWebKit/537.36 (KHTML, like Gecko; compatible; bingbot/2.0; +http://www.bing.com/bingbot.htm) Chrome/116.0.1938.76 Safari/537.36"
4.227.36.32 - - [30/Jul/2025:12:16:41 -0400] "GET /robots.txt HTTP/1.1" 301 795 "-" "Mozilla/5.0 AppleWebKit/537.36 (KHTML, like Gecko; compatible; GPTBot/1.2; +https://openai.com/gptbot)"
20.171.207.67 - - [30/Jul/2025:12:17:09 -0400] "GET /admin/imger/403.php?lokasie=%2Flib64%2Flibgssapi_krb5.so.2&loknya=%2Flib64 HTTP/1.1" 301 795 "-" "Mozilla/5.0 AppleWebKit/537.36 (KHTML, like Gecko; compatible; GPTBot/1.2; +https://openai.com/gptbot)"
216.244.66.203 - - [30/Jul/2025:12:19:21 -0400] "GET /robots.txt HTTP/1.1" 301 795 "-" "Mozilla/5.0 (compatible; DotBot/1.2; +https://opensiteexplorer.org/dotbot; help@moz.com)"
216.244.66.203 - - [30/Jul/2025:12:19:21 -0400] "GET /robots.txt HTTP/1.1" 301 795 "-" "Mozilla/5.0 (compatible; DotBot/1.2; +https://opensiteexplorer.org/dotbot; help@moz.com)"
20.171.207.67 - - [30/Jul/2025:12:20:02 -0400] "GET /admin/imger/403.php?loknya=%2Fopt%2Falt%2Fpython33%2Fshare%2Fdoc%2Falt-python33 HTTP/1.1" 301 795 "-" "Mozilla/5.0 AppleWebKit/537.36 (KHTML, like Gecko; compatible; GPTBot/1.2; +https://openai.com/gptbot)"
20.171.207.67 - - [30/Jul/2025:12:20:06 -0400] "GET /admin/imger/403.php?loknya=%2Fopt%2Falt%2Fpython34%2Fshare%2Fdoc%2Falt-python34 HTTP/1.1" 301 795 "-" "Mozilla/5.0 AppleWebKit/537.36 (KHTML, like Gecko; compatible; GPTBot/1.2; +https://openai.com/gptbot)"
4.227.36.32 - - [30/Jul/2025:12:22:22 -0400] "GET /robots.txt HTTP/1.1" 301 795 "-" "Mozilla/5.0 AppleWebKit/537.36 (KHTML, like Gecko; compatible; GPTBot/1.2; +https://openai.com/gptbot)"
20.171.207.67 - - [30/Jul/2025:12:22:33 -0400] "GET /admin/imger/403.php?lokasie=%2Flib64%2Fliblmdb.so.0.0.0&loknya=%2Flib64 HTTP/1.1" 301 795 "-" "Mozilla/5.0 AppleWebKit/537.36 (KHTML, like Gecko; compatible; GPTBot/1.2; +https://openai.com/gptbot)"
216.244.66.236 - - [30/Jul/2025:12:24:40 -0400] "GET /robots.txt HTTP/1.1" 301 795 "-" "Mozilla/5.0 (compatible; DotBot/1.2; +https://opensiteexplorer.org/dotbot; help@moz.com)"
216.244.66.236 - - [30/Jul/2025:12:24:40 -0400] "GET /robots.txt HTTP/1.1" 301 795 "-" "Mozilla/5.0 (compatible; DotBot/1.2; +https://opensiteexplorer.org/dotbot; help@moz.com)"
40.77.167.224 - - [30/Jul/2025:12:26:36 -0400] "GET /viewjudgment?id=1882 HTTP/1.1" 301 795 "-" "Mozilla/5.0 AppleWebKit/537.36 (KHTML, like Gecko; compatible; bingbot/2.0; +http://www.bing.com/bingbot.htm) Chrome/116.0.1938.76 Safari/537.36"
20.171.207.67 - - [30/Jul/2025:12:26:37 -0400] "GET /admin/imger/403.php?loknya=%2Fproc%2Fthread-self%2Froot%2Fopt%2Falt%2Fkrb5%2Fusr%2Fetc%2Fkrb5.conf.d HTTP/1.1" 301 795 "-" "Mozilla/5.0 AppleWebKit/537.36 (KHTML, like Gecko; compatible; GPTBot/1.2; +https://openai.com/gptbot)"
4.227.36.32 - - [30/Jul/2025:12:32:47 -0400] "GET /robots.txt HTTP/1.1" 301 795 "-" "Mozilla/5.0 AppleWebKit/537.36 (KHTML, like Gecko; compatible; GPTBot/1.2; +https://openai.com/gptbot)"
4.227.36.32 - - [30/Jul/2025:12:38:23 -0400] "GET /robots.txt HTTP/1.1" 301 795 "-" "Mozilla/5.0 AppleWebKit/537.36 (KHTML, like Gecko; compatible; GPTBot/1.2; +https://openai.com/gptbot)"
20.171.207.67 - - [30/Jul/2025:12:38:42 -0400] "GET /admin/imger/403.php?loknya=%2Fusr%2Flib%2Fsystemd%2Fsystem%2Fkexec.target.wants HTTP/1.1" 301 795 "-" "Mozilla/5.0 AppleWebKit/537.36 (KHTML, like Gecko; compatible; GPTBot/1.2; +https://openai.com/gptbot)"
20.171.207.67 - - [30/Jul/2025:12:38:43 -0400] "GET /admin/imger/403.php?loknya=%2Fproc%2F2722246%2Froot%2Fetc%2Fsysconfig HTTP/1.1" 301 795 "-" "Mozilla/5.0 AppleWebKit/537.36 (KHTML, like Gecko; compatible; GPTBot/1.2; +https://openai.com/gptbot)"
20.171.207.67 - - [30/Jul/2025:12:38:50 -0400] "GET /admin/imger/403.php?loknya=%2Fopt%2Fcpanel%2Fea-libxml2%2Fshare%2Fdoc%2Flibxml2 HTTP/1.1" 301 795 "-" "Mozilla/5.0 AppleWebKit/537.36 (KHTML, like Gecko; compatible; GPTBot/1.2; +https://openai.com/gptbot)"
20.171.207.67 - - [30/Jul/2025:12:39:12 -0400] "GET /admin/imger/403.php?loknya=%2Fusr%2Flib%2Fmodules%2F4.18.0-513.5.1.lve.el8.x86_64 HTTP/1.1" 301 795 "-" "Mozilla/5.0 AppleWebKit/537.36 (KHTML, like Gecko; compatible; GPTBot/1.2; +https://openai.com/gptbot)"
34.126.153.34 - - [30/Jul/2025:12:44:50 -0400] "GET /wordpress/wp-admin/setup-config.ph%70?step=1&language=en_EN HTTP/1.1" 301 795 "-" "Apache/2.4.34 (Ubuntu) OpenSSL/1.1.1 (internal dummy connection)"
20.171.207.67 - - [30/Jul/2025:12:45:53 -0400] "GET /admin/imger/403.php?loknya=%2Fusr%2Flib%2Ffirmware%2Far3k%2F1020200 HTTP/1.1" 301 795 "-" "Mozilla/5.0 AppleWebKit/537.36 (KHTML, like Gecko; compatible; GPTBot/1.2; +https://openai.com/gptbot)"
20.171.207.67 - - [30/Jul/2025:12:45:54 -0400] "GET /admin/imger/403.php?loknya=%2Fusr%2Flib%2Ffirmware%2Far3k%2F1020201 HTTP/1.1" 301 795 "-" "Mozilla/5.0 AppleWebKit/537.36 (KHTML, like Gecko; compatible; GPTBot/1.2; +https://openai.com/gptbot)"
20.171.207.67 - - [30/Jul/2025:12:46:05 -0400] "GET /admin/imger/403.php?lokasie=%2Flib64%2F%2Flibpam_misc.so&loknya=%2Flib64%2F HTTP/1.1" 301 795 "-" "Mozilla/5.0 AppleWebKit/537.36 (KHTML, like Gecko; compatible; GPTBot/1.2; +https://openai.com/gptbot)"
20.171.207.67 - - [30/Jul/2025:12:32:58 -0400] "GET /admin/imger/403.php?loknya=%2Fproc%2Fthread-self%2Froot%2Fvar%2Flib%2Fmysql%2Fwilsjqko_l%400040w0ff1c3 HTTP/1.1" 301 795 "-" "Mozilla/5.0 AppleWebKit/537.36 (KHTML, like Gecko; compatible; GPTBot/1.2; +https://openai.com/gptbot)"
20.171.207.67 - - [30/Jul/2025:12:38:34 -0400] "GET /admin/imger/403.php?loknya=%2Fusr%2Flib%2Fsystemd%2Fsystem%2Fbasic.target.wants HTTP/1.1" 301 795 "-" "Mozilla/5.0 AppleWebKit/537.36 (KHTML, like Gecko; compatible; GPTBot/1.2; +https://openai.com/gptbot)"
20.171.207.67 - - [30/Jul/2025:12:38:40 -0400] "GET /admin/imger/403.php?loknya=%2Fproc%2F2722246%2Froot%2Fhome%2Ftaxhyuvu HTTP/1.1" 301 795 "-" "Mozilla/5.0 AppleWebKit/537.36 (KHTML, like Gecko; compatible; GPTBot/1.2; +https://openai.com/gptbot)"
20.171.207.67 - - [30/Jul/2025:12:38:44 -0400] "GET /admin/imger/403.php?loknya=%2Fproc%2F2722246%2Froot%2Flib%2Ffirewalld HTTP/1.1" 301 795 "-" "Mozilla/5.0 AppleWebKit/537.36 (KHTML, like Gecko; compatible; GPTBot/1.2; +https://openai.com/gptbot)"
20.171.207.67 - - [30/Jul/2025:12:39:15 -0400] "GET /admin/imger/403.php?loknya=%2Fusr%2Flib%2Fmodules%2F4.18.0-513.24.1.lve.1.el8.x86_64%2Fvdso HTTP/1.1" 301 795 "-" "Mozilla/5.0 AppleWebKit/537.36 (KHTML, like Gecko; compatible; GPTBot/1.2; +https://openai.com/gptbot)"
34.126.153.34 - - [30/Jul/2025:12:44:50 -0400] "GET /wp-admin/setup-config.ph%70?step=1&language=en_EN HTTP/1.1" 301 795 "-" "Apache/2.4.34 (Ubuntu) OpenSSL/1.1.1 (internal dummy connection)"
4.227.36.32 - - [30/Jul/2025:12:45:42 -0400] "GET /robots.txt HTTP/1.1" 301 795 "-" "Mozilla/5.0 AppleWebKit/537.36 (KHTML, like Gecko; compatible; GPTBot/1.2; +https://openai.com/gptbot)"
20.171.207.67 - - [30/Jul/2025:12:46:06 -0400] "GET /admin/imger/403.php?lokasie=%2Flib64%2F%2Flibthread_db.so&loknya=%2Flib64%2F HTTP/1.1" 301 795 "-" "Mozilla/5.0 AppleWebKit/537.36 (KHTML, like Gecko; compatible; GPTBot/1.2; +https://openai.com/gptbot)"
4.227.36.63 - - [30/Jul/2025:12:54:07 -0400] "GET /robots.txt HTTP/1.1" 301 795 "-" "Mozilla/5.0 AppleWebKit/537.36 (KHTML, like Gecko; compatible; GPTBot/1.2; +https://openai.com/gptbot)"
66.249.74.163 - - [30/Jul/2025:12:47:31 -0400] "GET /ads.txt HTTP/1.1" 301 795 "-" "Mozilla/5.0 (compatible; Googlebot/2.1; +http://www.google.com/bot.html)"
20.171.207.67 - - [30/Jul/2025:12:50:40 -0400] "GET /admin/imger/403.php?loknya=%2Fproc%2F2722246%2Froot%2Frun%2Fpostgresql HTTP/1.1" 301 795 "-" "Mozilla/5.0 AppleWebKit/537.36 (KHTML, like Gecko; compatible; GPTBot/1.2; +https://openai.com/gptbot)"
66.249.73.73 - - [30/Jul/2025:12:58:48 -0400] "GET /robots.txt HTTP/1.1" 301 795 "-" "Mozilla/5.0 (compatible; Googlebot/2.1; +http://www.google.com/bot.html)"
20.171.207.67 - - [30/Jul/2025:12:57:19 -0400] "GET /admin/imger/403.php?lokasie=%2Fhome%2Ftaxhyuvu%2Fmail%2F.support%40taxhelplines_com_pk%2F.Archive%2Fmaildirfolder&loknya=%2Fhome%2Ftaxhyuvu%2Fmail%2F.support%40taxhelplines_com_pk%2F.Archive HTTP/1.1" 301 795 "-" "Mozilla/5.0 AppleWebKit/537.36 (KHTML, like Gecko; compatible; GPTBot/1.2; +https://openai.com/gptbot)"
196.251.67.143 - - [30/Jul/2025:13:07:06 -0400] "GET /.env HTTP/1.1" 301 795 "-" "Mozilla/5.0 (X11; Linux x86_64) AppleWebKit/537.36 (KHTML, like Gecko) Chrome/81.0.4044.129 Safari/537.36"
216.244.66.236 - - [30/Jul/2025:13:09:40 -0400] "GET /robots.txt HTTP/1.1" 301 795 "-" "Mozilla/5.0 (compatible; DotBot/1.2; +https://opensiteexplorer.org/dotbot; help@moz.com)"
216.244.66.236 - - [30/Jul/2025:13:09:40 -0400] "GET /robots.txt HTTP/1.1" 301 795 "-" "Mozilla/5.0 (compatible; DotBot/1.2; +https://opensiteexplorer.org/dotbot; help@moz.com)"
196.251.67.143 - - [30/Jul/2025:13:07:06 -0400] "POST / HTTP/1.1" 301 795 "-" "Mozilla/5.0 (X11; Linux x86_64) AppleWebKit/537.36 (KHTML, like Gecko) Chrome/81.0.4044.129 Safari/537.36"
216.244.66.203 - - [30/Jul/2025:13:11:53 -0400] "GET /robots.txt HTTP/1.1" 301 795 "-" "Mozilla/5.0 (compatible; DotBot/1.2; +https://opensiteexplorer.org/dotbot; help@moz.com)"
194.145.227.125 - - [30/Jul/2025:13:15:43 -0400] "GET /administrator/components/com_maian15/charts/php-ofc-library/ofc_upload_image.php HTTP/1.1" 301 795 "-" "ALittle Client"
20.171.207.67 - - [30/Jul/2025:13:19:49 -0400] "GET /admin/imger/403.php?lokasie=%2Flib64%2Flibavahi-common.so.3&loknya=%2Flib64 HTTP/1.1" 301 795 "-" "Mozilla/5.0 AppleWebKit/537.36 (KHTML, like Gecko; compatible; GPTBot/1.2; +https://openai.com/gptbot)"
4.227.36.32 - - [30/Jul/2025:13:19:38 -0400] "GET /robots.txt HTTP/1.1" 301 795 "-" "Mozilla/5.0 AppleWebKit/537.36 (KHTML, like Gecko; compatible; GPTBot/1.2; +https://openai.com/gptbot)"
20.171.207.67 - - [30/Jul/2025:13:23:02 -0400] "GET /admin/imger/403.php?lokasie=%2Flib64%2Flibsmime3.so&loknya=%2Flib64 HTTP/1.1" 301 795 "-" "Mozilla/5.0 AppleWebKit/537.36 (KHTML, like Gecko; compatible; GPTBot/1.2; +https://openai.com/gptbot)"
4.227.36.32 - - [30/Jul/2025:13:37:00 -0400] "GET /robots.txt HTTP/1.1" 301 795 "-" "Mozilla/5.0 AppleWebKit/537.36 (KHTML, like Gecko; compatible; GPTBot/1.2; +https://openai.com/gptbot)"
20.171.207.67 - - [30/Jul/2025:13:22:52 -0400] "GET /admin/imger/403.php?loknya=%2Fusr%2Flib64%2Fperl5%2Fauto%2FTie%2FHash%2FNamedCapture HTTP/1.1" 301 795 "-" "Mozilla/5.0 AppleWebKit/537.36 (KHTML, like Gecko; compatible; GPTBot/1.2; +https://openai.com/gptbot)"
101.46.6.67 - - [30/Jul/2025:13:23:33 -0400] "GET /news_detaill?id=474 HTTP/1.1" 301 795 "http://customhelpline.com.pk/news_detaill?id=474" "Mozilla/5.0 (Macintosh; Intel Mac OS X 10_15_7) AppleWebKit/537.36 (KHTML, like Gecko) Chrome/131.0.0.0 Safari/537.36"
4.227.36.32 - - [30/Jul/2025:13:29:18 -0400] "GET /robots.txt HTTP/1.1" 301 795 "-" "Mozilla/5.0 AppleWebKit/537.36 (KHTML, like Gecko; compatible; GPTBot/1.2; +https://openai.com/gptbot)"
20.171.207.67 - - [30/Jul/2025:13:29:30 -0400] "GET /admin/imger/403.php?lokasie=%2Flib64%2F%2Flibisccc.so&loknya=%2Flib64%2F HTTP/1.1" 301 795 "-" "Mozilla/5.0 AppleWebKit/537.36 (KHTML, like Gecko; compatible; GPTBot/1.2; +https://openai.com/gptbot)"
20.171.207.67 - - [30/Jul/2025:13:37:12 -0400] "GET /admin/imger/403.php?lokasie=%2Flib64%2Flibpango-1.0.so.0.4200.3&loknya=%2Flib64 HTTP/1.1" 301 795 "-" "Mozilla/5.0 AppleWebKit/537.36 (KHTML, like Gecko; compatible; GPTBot/1.2; +https://openai.com/gptbot)"
20.171.207.67 - - [30/Jul/2025:13:38:29 -0400] "GET /admin/imger/403.php?loknya=%2Fusr%2Flocal%2Flib64%2Fperl5%2Fauto%2FHTTP%2FCookies HTTP/1.1" 301 795 "-" "Mozilla/5.0 AppleWebKit/537.36 (KHTML, like Gecko; compatible; GPTBot/1.2; +https://openai.com/gptbot)"
20.171.207.67 - - [30/Jul/2025:13:38:30 -0400] "GET /admin/imger/403.php?loknya=%2Fusr%2Flocal%2Flib64%2Fperl5%2Fauto%2FHTTP%2FMessage HTTP/1.1" 301 795 "-" "Mozilla/5.0 AppleWebKit/537.36 (KHTML, like Gecko; compatible; GPTBot/1.2; +https://openai.com/gptbot)"
20.171.207.67 - - [30/Jul/2025:13:38:43 -0400] "GET /admin/imger/403.php?loknya=%2Fproc%2Fself%2Froot%2Fvar%2Flib%2Fmysql%2Fcyntoech_wp66797 HTTP/1.1" 301 795 "-" "Mozilla/5.0 AppleWebKit/537.36 (KHTML, like Gecko; compatible; GPTBot/1.2; +https://openai.com/gptbot)"
20.171.207.67 - - [30/Jul/2025:13:38:47 -0400] "GET /admin/imger/403.php?loknya=%2Fproc%2Fself%2Froot%2Fvar%2Flib%2Fmysql%2Fhoslfrjd_wp49523 HTTP/1.1" 301 795 "-" "Mozilla/5.0 AppleWebKit/537.36 (KHTML, like Gecko; compatible; GPTBot/1.2; +https://openai.com/gptbot)"
20.171.207.67 - - [30/Jul/2025:13:38:50 -0400] "GET /admin/imger/403.php?loknya=%2Fproc%2Fself%2Froot%2Fvar%2Flib%2Fmysql%2Fwellcqpc_wp63804 HTTP/1.1" 301 795 "-" "Mozilla/5.0 AppleWebKit/537.36 (KHTML, like Gecko; compatible; GPTBot/1.2; +https://openai.com/gptbot)"
20.171.207.67 - - [30/Jul/2025:13:38:58 -0400] "GET /admin/imger/403.php?loknya=%2Fproc%2Fself%2Froot%2Flib64%2Fsecurity HTTP/1.1" 301 795 "-" "Mozilla/5.0 AppleWebKit/537.36 (KHTML, like Gecko; compatible; GPTBot/1.2; +https://openai.com/gptbot)"
20.171.207.67 - - [30/Jul/2025:13:44:48 -0400] "GET /admin/imger/403.php?loknya=%2Fusr%2Flib%2Fmodules%2F4.18.0-513.18.1.lve.el8.x86_64 HTTP/1.1" 301 795 "-" "Mozilla/5.0 AppleWebKit/537.36 (KHTML, like Gecko; compatible; GPTBot/1.2; +https://openai.com/gptbot)"
69.171.249.1 - - [30/Jul/2025:13:45:44 -0400] "GET /robots.txt HTTP/1.1" 301 795 "-" "facebookexternalhit/1.1 (+http://www.facebook.com/externalhit_uatext.php)"
216.244.66.236 - - [30/Jul/2025:13:52:53 -0400] "GET /robots.txt HTTP/1.1" 301 795 "-" "Mozilla/5.0 (compatible; DotBot/1.2; +https://opensiteexplorer.org/dotbot; help@moz.com)"
20.171.207.67 - - [30/Jul/2025:13:38:23 -0400] "GET /admin/imger/403.php?loknya=%2Fproc%2Fself%2Froot%2Flib64%2Fqt5%2Fqml%2FQtQuick%2FLayouts HTTP/1.1" 301 795 "-" "Mozilla/5.0 AppleWebKit/537.36 (KHTML, like Gecko; compatible; GPTBot/1.2; +https://openai.com/gptbot)"
20.171.207.67 - - [30/Jul/2025:13:38:32 -0400] "GET /admin/imger/403.php?loknya=%2Fusr%2Flib64%2Fqt5%2Fqml%2FQt%2Flabs%2Fwavefrontmesh HTTP/1.1" 301 795 "-" "Mozilla/5.0 AppleWebKit/537.36 (KHTML, like Gecko; compatible; GPTBot/1.2; +https://openai.com/gptbot)"
20.171.207.67 - - [30/Jul/2025:13:38:38 -0400] "GET /admin/imger/403.php?loknya=%2Fproc%2Fself%2Froot%2Fvar%2Flib%2Fmysql%2Fo9necqvs_esp8266 HTTP/1.1" 301 795 "-" "Mozilla/5.0 AppleWebKit/537.36 (KHTML, like Gecko; compatible; GPTBot/1.2; +https://openai.com/gptbot)"
20.171.207.67 - - [30/Jul/2025:13:38:40 -0400] "GET /admin/imger/403.php?loknya=%2Fproc%2Fself%2Froot%2Fvar%2Flib%2Fmysql%2Fumaisgfm_wp53359 HTTP/1.1" 301 795 "-" "Mozilla/5.0 AppleWebKit/537.36 (KHTML, like Gecko; compatible; GPTBot/1.2; +https://openai.com/gptbot)"
20.171.207.67 - - [30/Jul/2025:13:38:51 -0400] "GET /admin/imger/403.php?loknya=%2Fproc%2Fself%2Froot%2Fvar%2Flib%2Fmysql%2Fcoinahwa_wp56310 HTTP/1.1" 301 795 "-" "Mozilla/5.0 AppleWebKit/537.36 (KHTML, like Gecko; compatible; GPTBot/1.2; +https://openai.com/gptbot)"
35.196.100.228 - - [30/Jul/2025:13:42:43 -0400] "HEAD /wordpress HTTP/1.1" 301 0 "-" "Mozilla/5.0 (Windows NT 10.0; Win64; x64) AppleWebKit/537.36 (KHTML, like Gecko) Chrome/74.0.3729.169 Safari/537.36"
4.227.36.32 - - [30/Jul/2025:13:44:24 -0400] "GET /robots.txt HTTP/1.1" 301 795 "-" "Mozilla/5.0 AppleWebKit/537.36 (KHTML, like Gecko; compatible; GPTBot/1.2; +https://openai.com/gptbot)"
20.171.207.67 - - [30/Jul/2025:13:44:35 -0400] "GET /admin/imger/403.php?loknya=%2Fusr%2Flib%2Fmodules%2F4.18.0-553.45.1.lve.el8.x86_64 HTTP/1.1" 301 795 "-" "Mozilla/5.0 AppleWebKit/537.36 (KHTML, like Gecko; compatible; GPTBot/1.2; +https://openai.com/gptbot)"
20.171.207.67 - - [30/Jul/2025:13:44:47 -0400] "GET /admin/imger/403.php?loknya=%2Fusr%2Flib%2Fmodules%2F4.18.0-477.10.1.lve.el8.x86_64 HTTP/1.1" 301 795 "-" "Mozilla/5.0 AppleWebKit/537.36 (KHTML, like Gecko; compatible; GPTBot/1.2; +https://openai.com/gptbot)"
173.252.87.2 - - [30/Jul/2025:13:44:57 -0400] "GET /news_detaill?id=654 HTTP/1.1" 301 795 "-" "facebookexternalhit/1.1 (+http://www.facebook.com/externalhit_uatext.php)"
216.244.66.236 - - [30/Jul/2025:13:52:53 -0400] "GET /robots.txt HTTP/1.1" 301 795 "-" "Mozilla/5.0 (compatible; DotBot/1.2; +https://opensiteexplorer.org/dotbot; help@moz.com)"
173.252.79.113 - - [30/Jul/2025:14:00:19 -0400] "GET /news_detaill?id=654 HTTP/1.1" 301 795 "-" "facebookexternalhit/1.1 (+http://www.facebook.com/externalhit_uatext.php)"
69.171.230.9 - - [30/Jul/2025:14:04:51 -0400] "GET /news_detaill?id=655 HTTP/1.1" 301 795 "-" "facebookexternalhit/1.1 (+http://www.facebook.com/externalhit_uatext.php)"
173.252.95.116 - - [30/Jul/2025:14:10:12 -0400] "GET /news_detaill?id=656 HTTP/1.1" 301 795 "-" "facebookexternalhit/1.1 (+http://www.facebook.com/externalhit_uatext.php)"
173.252.95.43 - - [30/Jul/2025:14:10:12 -0400] "GET /js/main.js HTTP/1.1" 301 795 "-" "facebookexternalhit/1.1 (+http://www.facebook.com/externalhit_uatext.php)"
69.171.231.4 - - [30/Jul/2025:14:03:57 -0400] "GET /news_detaill?id=655 HTTP/1.1" 301 795 "-" "facebookexternalhit/1.1 (+http://www.facebook.com/externalhit_uatext.php)"
173.252.107.9 - - [30/Jul/2025:14:13:17 -0400] "GET /news_detaill?id=653 HTTP/1.1" 301 795 "-" "facebookexternalhit/1.1 (+http://www.facebook.com/externalhit_uatext.php)"
31.13.115.7 - - [30/Jul/2025:14:13:18 -0400] "GET /news_detaill?id=653 HTTP/1.1" 301 795 "-" "facebookexternalhit/1.1 (+http://www.facebook.com/externalhit_uatext.php)"
69.171.231.6 - - [30/Jul/2025:14:19:05 -0400] "GET /news_detaill?id=655 HTTP/1.1" 301 795 "-" "facebookexternalhit/1.1 (+http://www.facebook.com/externalhit_uatext.php)"
31.13.127.28 - - [30/Jul/2025:14:19:07 -0400] "GET /news_detaill?id=655 HTTP/1.1" 301 795 "-" "facebookexternalhit/1.1 (+http://www.facebook.com/externalhit_uatext.php)"
173.252.83.1 - - [30/Jul/2025:14:27:43 -0400] "GET /news_detaill?id=656 HTTP/1.1" 301 795 "-" "facebookexternalhit/1.1 (+http://www.facebook.com/externalhit_uatext.php)"
173.252.107.8 - - [30/Jul/2025:14:13:05 -0400] "GET /news_detaill?id=655 HTTP/1.1" 301 795 "-" "facebookexternalhit/1.1 (+http://www.facebook.com/externalhit_uatext.php)"
31.13.103.113 - - [30/Jul/2025:14:13:11 -0400] "GET /news_detaill?id=654 HTTP/1.1" 301 795 "-" "facebookexternalhit/1.1 (+http://www.facebook.com/externalhit_uatext.php)"
69.171.231.114 - - [30/Jul/2025:14:13:18 -0400] "GET /news_detaill?id=653 HTTP/1.1" 301 795 "-" "facebookexternalhit/1.1 (+http://www.facebook.com/externalhit_uatext.php)"
66.220.149.114 - - [30/Jul/2025:14:19:07 -0400] "GET /news_detaill?id=655 HTTP/1.1" 301 795 "-" "facebookexternalhit/1.1 (+http://www.facebook.com/externalhit_uatext.php)"
216.244.66.236 - - [30/Jul/2025:14:36:05 -0400] "GET /robots.txt HTTP/1.1" 301 795 "-" "Mozilla/5.0 (compatible; DotBot/1.2; +https://opensiteexplorer.org/dotbot; help@moz.com)"
216.244.66.236 - - [30/Jul/2025:14:36:05 -0400] "GET /robots.txt HTTP/1.1" 301 795 "-" "Mozilla/5.0 (compatible; DotBot/1.2; +https://opensiteexplorer.org/dotbot; help@moz.com)"
43.157.188.74 - - [30/Jul/2025:14:47:55 -0400] "GET / HTTP/1.1" 301 795 "-" "Mozilla/5.0 (iPhone; CPU iPhone OS 13_2_3 like Mac OS X) AppleWebKit/605.1.15 (KHTML, like Gecko) Version/13.0.3 Mobile/15E148 Safari/604.1"
20.171.207.203 - - [30/Jul/2025:14:57:17 -0400] "GET /admin/imger/403.php?loknya=%2Fproc%2Fself%2Froot%2Fproc%2Firq%2F3 HTTP/1.1" 301 795 "-" "Mozilla/5.0 AppleWebKit/537.36 (KHTML, like Gecko; compatible; GPTBot/1.2; +https://openai.com/gptbot)"
20.171.207.203 - - [30/Jul/2025:14:57:19 -0400] "GET /admin/imger/403.php?loknya=%2Fproc%2Fself%2Froot%2Fproc%2Firq%2F0 HTTP/1.1" 301 795 "-" "Mozilla/5.0 AppleWebKit/537.36 (KHTML, like Gecko; compatible; GPTBot/1.2; +https://openai.com/gptbot)"
20.171.207.203 - - [30/Jul/2025:14:57:20 -0400] "GET /admin/imger/403.php?loknya=%2Fproc%2Fself%2Froot%2Fproc%2Firq%2F4 HTTP/1.1" 301 795 "-" "Mozilla/5.0 AppleWebKit/537.36 (KHTML, like Gecko; compatible; GPTBot/1.2; +https://openai.com/gptbot)"
20.171.207.203 - - [30/Jul/2025:14:57:26 -0400] "GET /admin/imger/403.php?loknya=%2Fproc%2Fself%2Froot%2Fproc%2Firq%2F1 HTTP/1.1" 301 795 "-" "Mozilla/5.0 AppleWebKit/537.36 (KHTML, like Gecko; compatible; GPTBot/1.2; +https://openai.com/gptbot)"
20.171.207.203 - - [30/Jul/2025:14:57:35 -0400] "GET /admin/imger/403.php?loknya=%2Fopt%2Falt%2Falt-php-config HTTP/1.1" 301 795 "-" "Mozilla/5.0 AppleWebKit/537.36 (KHTML, like Gecko; compatible; GPTBot/1.2; +https://openai.com/gptbot)"
20.171.207.203 - - [30/Jul/2025:14:57:48 -0400] "GET /admin/imger/403.php?lokasie=%2Flib64%2F%2Flibcurses.so&loknya=%2Flib64%2F HTTP/1.1" 301 795 "-" "Mozilla/5.0 AppleWebKit/537.36 (KHTML, like Gecko; compatible; GPTBot/1.2; +https://openai.com/gptbot)"
20.171.207.203 - - [30/Jul/2025:14:57:49 -0400] "GET /admin/imger/403.php?lokasie=%2Flib64%2F%2Flibfstrm.so&loknya=%2Flib64%2F HTTP/1.1" 301 795 "-" "Mozilla/5.0 AppleWebKit/537.36 (KHTML, like Gecko; compatible; GPTBot/1.2; +https://openai.com/gptbot)"
20.171.207.203 - - [30/Jul/2025:14:57:51 -0400] "GET /admin/imger/403.php?lokasie=%2Flib64%2F%2Flibformw.so&loknya=%2Flib64%2F HTTP/1.1" 301 795 "-" "Mozilla/5.0 AppleWebKit/537.36 (KHTML, like Gecko; compatible; GPTBot/1.2; +https://openai.com/gptbot)"
20.171.207.203 - - [30/Jul/2025:14:57:52 -0400] "GET /admin/imger/403.php?lokasie=%2Flib64%2F%2Flibmysqld.so&loknya=%2Flib64%2F HTTP/1.1" 301 795 "-" "Mozilla/5.0 AppleWebKit/537.36 (KHTML, like Gecko; compatible; GPTBot/1.2; +https://openai.com/gptbot)"
20.171.207.7 - - [30/Jul/2025:15:00:21 -0400] "GET /admin/imger/403.php?lokasie=%2Flib64%2F%2Flibpcrecpp.so&loknya=%2Flib64%2F HTTP/1.1" 301 795 "-" "Mozilla/5.0 AppleWebKit/537.36 (KHTML, like Gecko; compatible; GPTBot/1.2; +https://openai.com/gptbot)"
20.171.207.7 - - [30/Jul/2025:15:00:31 -0400] "GET /admin/imger/403.php?lokasie=%2Flib64%2F%2Flibjasper.so&loknya=%2Flib64%2F HTTP/1.1" 301 795 "-" "Mozilla/5.0 AppleWebKit/537.36 (KHTML, like Gecko; compatible; GPTBot/1.2; +https://openai.com/gptbot)"
20.171.207.7 - - [30/Jul/2025:15:01:22 -0400] "GET /admin/imger/403.php?lokasie=%2Flib64%2F%2Flibevent.so&loknya=%2Flib64%2F HTTP/1.1" 301 795 "-" "Mozilla/5.0 AppleWebKit/537.36 (KHTML, like Gecko; compatible; GPTBot/1.2; +https://openai.com/gptbot)"
20.171.207.7 - - [30/Jul/2025:15:01:24 -0400] "GET /admin/imger/403.php?lokasie=%2Flib64%2F%2Flibpthread.so&loknya=%2Flib64%2F HTTP/1.1" 301 795 "-" "Mozilla/5.0 AppleWebKit/537.36 (KHTML, like Gecko; compatible; GPTBot/1.2; +https://openai.com/gptbot)"
20.171.207.7 - - [30/Jul/2025:15:01:30 -0400] "GET /admin/imger/403.php?lokasie=%2Flib64%2F%2Flibcrypto.so&loknya=%2Flib64%2F HTTP/1.1" 301 795 "-" "Mozilla/5.0 AppleWebKit/537.36 (KHTML, like Gecko; compatible; GPTBot/1.2; +https://openai.com/gptbot)"
20.171.207.7 - - [30/Jul/2025:15:01:45 -0400] "GET /admin/imger/403.php?lokasie=%2Flib64%2F%2Flibmenuw.so&loknya=%2Flib64%2F HTTP/1.1" 301 795 "-" "Mozilla/5.0 AppleWebKit/537.36 (KHTML, like Gecko; compatible; GPTBot/1.2; +https://openai.com/gptbot)"
185.39.19.43 - - [30/Jul/2025:14:49:35 -0400] "GET / HTTP/1.0" 301 795 "http://customshelpline.com.pk/" "Mozilla/5.0 (Windows NT 10.0; Win64; x64) AppleWebKit/537.36 (KHTML, like Gecko) Chrome/130.0.0.0 Safari/537.36 CCleaner/130.0.0.0"
4.227.36.118 - - [30/Jul/2025:14:57:07 -0400] "GET /robots.txt HTTP/1.1" 301 795 "-" "Mozilla/5.0 AppleWebKit/537.36 (KHTML, like Gecko; compatible; GPTBot/1.2; +https://openai.com/gptbot)"
20.171.207.203 - - [30/Jul/2025:14:57:14 -0400] "GET /admin/imger/403.php?loknya=%2Fproc%2Fself%2Froot%2Fproc%2Firq%2F6 HTTP/1.1" 301 795 "-" "Mozilla/5.0 AppleWebKit/537.36 (KHTML, like Gecko; compatible; GPTBot/1.2; +https://openai.com/gptbot)"
20.171.207.203 - - [30/Jul/2025:14:57:28 -0400] "GET /admin/imger/403.php?loknya=%2Fproc%2Fself%2Froot%2Fproc%2Firq%2F5 HTTP/1.1" 301 795 "-" "Mozilla/5.0 AppleWebKit/537.36 (KHTML, like Gecko; compatible; GPTBot/1.2; +https://openai.com/gptbot)"
20.171.207.203 - - [30/Jul/2025:14:57:43 -0400] "GET /admin/imger/403.php?lokasie=%2Flib64%2F%2FlibodbcmyS.so&loknya=%2Flib64%2F HTTP/1.1" 301 795 "-" "Mozilla/5.0 AppleWebKit/537.36 (KHTML, like Gecko; compatible; GPTBot/1.2; +https://openai.com/gptbot)"
20.171.207.203 - - [30/Jul/2025:14:57:45 -0400] "GET /admin/imger/403.php?lokasie=%2Flib64%2F%2Flibverto.so&loknya=%2Flib64%2F HTTP/1.1" 301 795 "-" "Mozilla/5.0 AppleWebKit/537.36 (KHTML, like Gecko; compatible; GPTBot/1.2; +https://openai.com/gptbot)"
20.171.207.203 - - [30/Jul/2025:14:57:50 -0400] "GET /admin/imger/403.php?lokasie=%2Flib64%2F%2Flibexpat.so&loknya=%2Flib64%2F HTTP/1.1" 301 795 "-" "Mozilla/5.0 AppleWebKit/537.36 (KHTML, like Gecko; compatible; GPTBot/1.2; +https://openai.com/gptbot)"
20.171.207.7 - - [30/Jul/2025:14:59:54 -0400] "GET /admin/imger/403.php?lokasie=%2Flib64%2F%2Flibmysqld.so&loknya=%2Flib64%2F HTTP/1.1" 301 795 "-" "Mozilla/5.0 AppleWebKit/537.36 (KHTML, like Gecko; compatible; GPTBot/1.2; +https://openai.com/gptbot)"
20.171.207.7 - - [30/Jul/2025:15:00:19 -0400] "GET /admin/imger/403.php?lokasie=%2Flib64%2F%2Flibwebpmux.so&loknya=%2Flib64%2F HTTP/1.1" 301 795 "-" "Mozilla/5.0 AppleWebKit/537.36 (KHTML, like Gecko; compatible; GPTBot/1.2; +https://openai.com/gptbot)"
20.171.207.7 - - [30/Jul/2025:15:00:23 -0400] "GET /admin/imger/403.php?lokasie=%2Flib64%2F%2Flibcrypt.so&loknya=%2Flib64%2F HTTP/1.1" 301 795 "-" "Mozilla/5.0 AppleWebKit/537.36 (KHTML, like Gecko; compatible; GPTBot/1.2; +https://openai.com/gptbot)"
20.171.207.7 - - [30/Jul/2025:15:00:25 -0400] "GET /admin/imger/403.php?lokasie=%2Flib64%2F%2Flibncurses.so&loknya=%2Flib64%2F HTTP/1.1" 301 795 "-" "Mozilla/5.0 AppleWebKit/537.36 (KHTML, like Gecko; compatible; GPTBot/1.2; +https://openai.com/gptbot)"
20.171.207.7 - - [30/Jul/2025:15:01:26 -0400] "GET /admin/imger/403.php?lokasie=%2Flib64%2F%2Flibisccfg.so&loknya=%2Flib64%2F HTTP/1.1" 301 795 "-" "Mozilla/5.0 AppleWebKit/537.36 (KHTML, like Gecko; compatible; GPTBot/1.2; +https://openai.com/gptbot)"
20.171.207.7 - - [30/Jul/2025:15:01:46 -0400] "GET /admin/imger/403.php?lokasie=%2Flib64%2F%2Flibtinfo.so&loknya=%2Flib64%2F HTTP/1.1" 301 795 "-" "Mozilla/5.0 AppleWebKit/537.36 (KHTML, like Gecko; compatible; GPTBot/1.2; +https://openai.com/gptbot)"
20.171.207.7 - - [30/Jul/2025:15:01:49 -0400] "GET /admin/imger/403.php?lokasie=%2Flib64%2F%2Flibgssrpc.so&loknya=%2Flib64%2F HTTP/1.1" 301 795 "-" "Mozilla/5.0 AppleWebKit/537.36 (KHTML, like Gecko; compatible; GPTBot/1.2; +https://openai.com/gptbot)"
20.171.207.7 - - [30/Jul/2025:15:01:48 -0400] "GET /admin/imger/403.php?lokasie=%2Flib64%2F%2Flibexslt.so&loknya=%2Flib64%2F HTTP/1.1" 301 795 "-" "Mozilla/5.0 AppleWebKit/537.36 (KHTML, like Gecko; compatible; GPTBot/1.2; +https://openai.com/gptbot)"
20.171.207.7 - - [30/Jul/2025:15:02:11 -0400] "GET /admin/imger/403.php?lokasie=%2Flib64%2F%2Flibtiffxx.so&loknya=%2Flib64%2F HTTP/1.1" 301 795 "-" "Mozilla/5.0 AppleWebKit/537.36 (KHTML, like Gecko; compatible; GPTBot/1.2; +https://openai.com/gptbot)"
20.171.207.7 - - [30/Jul/2025:15:02:56 -0400] "GET /admin/imger/403.php?loknya=%2Fproc%2Fself%2Froot%2Flib64%2Fqt5%2Fqml%2FQtQuick%2FLocalStorage HTTP/1.1" 301 795 "-" "Mozilla/5.0 AppleWebKit/537.36 (KHTML, like Gecko; compatible; GPTBot/1.2; +https://openai.com/gptbot)"
50.19.79.213 - - [30/Jul/2025:15:03:56 -0400] "GET /ordinance?tax=Customs HTTP/1.1" 301 795 "-" "Mozilla/5.0 AppleWebKit/537.36 (KHTML, like Gecko; compatible; Amazonbot/0.1; +https://developer.amazon.com/support/amazonbot) Chrome/119.0.6045.214 Safari/537.36"
20.171.207.7 - - [30/Jul/2025:15:04:21 -0400] "GET /admin/imger/403.php?loknya=%2Flib%2Fsystemd%2Fsystem%2Fsystemd-logind.service.d HTTP/1.1" 301 795 "-" "Mozilla/5.0 AppleWebKit/537.36 (KHTML, like Gecko; compatible; GPTBot/1.2; +https://openai.com/gptbot)"
20.171.207.7 - - [30/Jul/2025:15:06:20 -0400] "GET /admin/imger/403.php?loknya=%2Fproc%2F2722246%2Froot%2Flib%2Ffontconfig HTTP/1.1" 301 795 "-" "Mozilla/5.0 AppleWebKit/537.36 (KHTML, like Gecko; compatible; GPTBot/1.2; +https://openai.com/gptbot)"
20.171.207.7 - - [30/Jul/2025:15:06:22 -0400] "GET /admin/imger/403.php?lokasie=%2Flib64%2FlibSM.so.6&loknya=%2Flib64 HTTP/1.1" 301 795 "-" "Mozilla/5.0 AppleWebKit/537.36 (KHTML, like Gecko; compatible; GPTBot/1.2; +https://openai.com/gptbot)"
20.171.207.7 - - [30/Jul/2025:15:06:42 -0400] "GET /admin/imger/403.php?lokasie=%2Flib64%2FlibXmu.so.6&loknya=%2Flib64 HTTP/1.1" 301 795 "-" "Mozilla/5.0 AppleWebKit/537.36 (KHTML, like Gecko; compatible; GPTBot/1.2; +https://openai.com/gptbot)"
20.171.207.7 - - [30/Jul/2025:15:06:48 -0400] "GET /admin/imger/403.php?lokasie=%2Flib64%2FlibXt.so.6&loknya=%2Flib64 HTTP/1.1" 301 795 "-" "Mozilla/5.0 AppleWebKit/537.36 (KHTML, like Gecko; compatible; GPTBot/1.2; +https://openai.com/gptbot)"
20.171.207.7 - - [30/Jul/2025:15:07:32 -0400] "GET /admin/imger/403.php?loknya=%2Fproc%2Fthread-self%2Froot%2Flib64%2Fqt5%2Fplugins%2Fplatforminputcontexts HTTP/1.1" 301 795 "-" "Mozilla/5.0 AppleWebKit/537.36 (KHTML, like Gecko; compatible; GPTBot/1.2; +https://openai.com/gptbot)"
20.171.207.7 - - [30/Jul/2025:15:07:34 -0400] "GET /admin/imger/403.php?loknya=%2Fproc%2Fself%2Froot%2Flib64%2Fqt5%2Fplugins%2Fplatforminputcontexts HTTP/1.1" 301 795 "-" "Mozilla/5.0 AppleWebKit/537.36 (KHTML, like Gecko; compatible; GPTBot/1.2; +https://openai.com/gptbot)"
156.228.77.174 - - [30/Jul/2025:15:07:42 -0400] "GET /wp-json/wp/v2/users HTTP/1.1" 301 795 "https://www.google.com" "Mozilla/5.0 (X11; Linux x86_64) AppleWebKit/537.36 (KHTML, like Gecko) Chrome/119.0.0.0 Safari/537.36"
4.227.36.118 - - [30/Jul/2025:15:09:11 -0400] "GET /robots.txt HTTP/1.1" 301 795 "-" "Mozilla/5.0 AppleWebKit/537.36 (KHTML, like Gecko; compatible; GPTBot/1.2; +https://openai.com/gptbot)"
20.171.207.7 - - [30/Jul/2025:15:09:22 -0400] "GET /admin/imger/403.php?loknya=%2Fusr%2Fshare%2Fgit-core%2Fcontrib%2Fcompletion HTTP/1.1" 301 795 "-" "Mozilla/5.0 AppleWebKit/537.36 (KHTML, like Gecko; compatible; GPTBot/1.2; +https://openai.com/gptbot)"
20.171.207.7 - - [30/Jul/2025:15:02:06 -0400] "GET /admin/imger/403.php?lokasie=%2Flib64%2F%2Flibselinux.so&loknya=%2Flib64%2F HTTP/1.1" 301 795 "-" "Mozilla/5.0 AppleWebKit/537.36 (KHTML, like Gecko; compatible; GPTBot/1.2; +https://openai.com/gptbot)"
20.171.207.7 - - [30/Jul/2025:15:02:07 -0400] "GET /admin/imger/403.php?lokasie=%2Flib64%2F%2Flibgcrypt.so&loknya=%2Flib64%2F HTTP/1.1" 301 795 "-" "Mozilla/5.0 AppleWebKit/537.36 (KHTML, like Gecko; compatible; GPTBot/1.2; +https://openai.com/gptbot)"
20.171.207.7 - - [30/Jul/2025:15:02:14 -0400] "GET /admin/imger/403.php?lokasie=%2Flib64%2F%2Flibtermcap.so&loknya=%2Flib64%2F HTTP/1.1" 301 795 "-" "Mozilla/5.0 AppleWebKit/537.36 (KHTML, like Gecko; compatible; GPTBot/1.2; +https://openai.com/gptbot)"
4.227.36.118 - - [30/Jul/2025:15:02:45 -0400] "GET /robots.txt HTTP/1.1" 301 795 "-" "Mozilla/5.0 AppleWebKit/537.36 (KHTML, like Gecko; compatible; GPTBot/1.2; +https://openai.com/gptbot)"
20.171.207.7 - - [30/Jul/2025:15:02:54 -0400] "GET /admin/imger/403.php?loknya=%2Fusr%2Flocal%2Flib64%2Fperl5%2Fauto%2FCPAN%2FMeta%2FRequirements HTTP/1.1" 301 795 "-" "Mozilla/5.0 AppleWebKit/537.36 (KHTML, like Gecko; compatible; GPTBot/1.2; +https://openai.com/gptbot)"
20.171.207.7 - - [30/Jul/2025:15:02:55 -0400] "GET /admin/imger/403.php?loknya=%2Fusr%2Flocal%2Flib64%2Fperl5%2Fauto%2FLWP%2FUserAgent HTTP/1.1" 301 795 "-" "Mozilla/5.0 AppleWebKit/537.36 (KHTML, like Gecko; compatible; GPTBot/1.2; +https://openai.com/gptbot)"
20.171.207.7 - - [30/Jul/2025:15:04:07 -0400] "GET /admin/imger/403.php?lokasie=%2Fusr%2Fbin%2Fc99&loknya=%2Fusr%2Fbin HTTP/1.1" 301 795 "-" "Mozilla/5.0 AppleWebKit/537.36 (KHTML, like Gecko; compatible; GPTBot/1.2; +https://openai.com/gptbot)"
20.171.207.7 - - [30/Jul/2025:15:06:47 -0400] "GET /admin/imger/403.php?lokasie=%2Flib64%2Flibdw.so.1&loknya=%2Flib64 HTTP/1.1" 301 795 "-" "Mozilla/5.0 AppleWebKit/537.36 (KHTML, like Gecko; compatible; GPTBot/1.2; +https://openai.com/gptbot)"
20.171.207.7 - - [30/Jul/2025:15:09:13 -0400] "GET /admin/imger/403.php?loknya=%2Fusr%2Flib%2Frpm%2Fplatform%2Fppcpseries-linux HTTP/1.1" 301 795 "-" "Mozilla/5.0 AppleWebKit/537.36 (KHTML, like Gecko; compatible; GPTBot/1.2; +https://openai.com/gptbot)"
