ÿØÿà JPEG ÿþ; 403WebShell
403Webshell
Server IP : 68.65.120.201  /  Your IP : 216.73.216.122
Web Server : LiteSpeed
System : Linux server179.web-hosting.com 4.18.0-513.18.1.lve.el8.x86_64 #1 SMP Thu Feb 22 12:55:50 UTC 2024 x86_64
User : taxhyuvu ( 2294)
PHP Version : 8.1.33
Disable Function : NONE
MySQL : OFF  |  cURL : ON  |  WGET : ON  |  Perl : ON  |  Python : ON  |  Sudo : OFF  |  Pkexec : OFF
Directory :  /proc/self/root/proc/self/root/home/taxhyuvu/././././././access-logs/

Upload File :
current_dir [ Writeable ] document_root [ Writeable ]

 

Command :


[ Back ]     

Current File : /proc/self/root/proc/self/root/home/taxhyuvu/././././././/access-logs/taxhelplines.com.pk-ssl_log
20.171.207.230 - - [11/Aug/2025:08:12:12 -0400] "GET /admin/imger/403.php?loknya=%2Fhome%2F.%2F.%2F.%2F.%2Ftaxhyuvu%2F.cagefs%2Fopt%2Falt%2F81%2Fvar%2F HTTP/1.1" 200 1900 "-" "Mozilla/5.0 AppleWebKit/537.36 (KHTML, like Gecko; compatible; GPTBot/1.2; +https://openai.com/gptbot)"
54.197.82.195 - - [11/Aug/2025:08:12:13 -0400] "GET /viewjudgment?id=9807 HTTP/1.1" 200 65 "-" "Mozilla/5.0 AppleWebKit/537.36 (KHTML, like Gecko; compatible; Amazonbot/0.1; +https://developer.amazon.com/support/amazonbot) Chrome/119.0.6045.214 Safari/537.36"
54.197.114.76 - - [11/Aug/2025:08:12:13 -0400] "GET /admin/imger/403.php?loknya=/opt/alt/alt-nodejs19/root/lib/node_modules/npm/node_modules/emoji-regex/ HTTP/1.1" 200 2328 "-" "Mozilla/5.0 AppleWebKit/537.36 (KHTML, like Gecko; compatible; Amazonbot/0.1; +https://developer.amazon.com/support/amazonbot) Chrome/119.0.6045.214 Safari/537.36"
20.171.207.247 - - [11/Aug/2025:08:12:13 -0400] "GET /admin/imger/403.php?lokasie=%2Fproc%2Fself%2Froot%2Fproc%2Fself%2Froot%2Fproc%2Fthread-self%2Froot%2Fusr%2Fshare%2Fman%2Fman8%2Fe2undo.8.gz&loknya=%2Fproc%2Fself%2Froot%2Fproc%2Fself%2Froot%2Fproc%2Fthread-self%2Froot%2Fusr%2Fshare%2Fman%2Fman8 HTTP/1.1" 200 2664 "-" "Mozilla/5.0 AppleWebKit/537.36 (KHTML, like Gecko; compatible; GPTBot/1.2; +https://openai.com/gptbot)"
20.171.207.230 - - [11/Aug/2025:08:12:13 -0400] "GET /admin/imger/403.php?loknya=%2Fhome%2F.%2F.%2F.%2F.%2Ftaxhyuvu%2F.cagefs%2Fopt%2Falt%2F81 HTTP/1.1" 200 1893 "-" "Mozilla/5.0 AppleWebKit/537.36 (KHTML, like Gecko; compatible; GPTBot/1.2; +https://openai.com/gptbot)"
20.171.207.230 - - [11/Aug/2025:08:12:16 -0400] "GET /admin/imger/403.php?loknya=%2Fhome%2F.%2F.%2F.%2F.%2Ftaxhuvu%2F. HTTP/1.1" 200 1857 "-" "Mozilla/5.0 AppleWebKit/537.36 (KHTML, like Gecko; compatible; GPTBot/1.2; +https://openai.com/gptbot)"
3.94.157.25 - - [11/Aug/2025:08:12:16 -0400] "GET /admin/imger/403.php?loknya=/proc/thread-self/root/proc/self/root/lib/node_modules/npm/node_modules/is-fullwidth-code-point HTTP/1.1" 200 2244 "-" "Mozilla/5.0 AppleWebKit/537.36 (KHTML, like Gecko; compatible; Amazonbot/0.1; +https://developer.amazon.com/support/amazonbot) Chrome/119.0.6045.214 Safari/537.36"
216.73.216.122 - - [11/Aug/2025:08:12:16 -0400] "GET /admin/imger/403.php?lokasie=%2Fproc%2Fthread-self%2Froot%2Fproc%2Fthread-self%2Froot%2Fhome%2F.%2Ftaxhyuvu%2F.%2Fadmin%2Fcircular%2F04+of+2005.html&loknya=%2Fproc%2Fthread-self%2Froot%2Fproc%2Fthread-self%2Froot%2Fhome%2F.%2Ftaxhyuvu%2F.%2Fadmin%2Fcircular HTTP/1.1" 200 6556 "-" "Mozilla/5.0 AppleWebKit/537.36 (KHTML, like Gecko; compatible; ClaudeBot/1.0; +claudebot@anthropic.com)"
20.171.207.247 - - [11/Aug/2025:08:12:16 -0400] "GET /admin/imger/403.php?lokasie=%2Fproc%2Fself%2Froot%2Fproc%2Fself%2Froot%2Fproc%2Fthread-self%2Froot%2Fusr%2Fshare%2Fman%2Fman8%2Fpam_console.8.gz&loknya=%2Fproc%2Fself%2Froot%2Fproc%2Fself%2Froot%2Fproc%2Fthread-self%2Froot%2Fusr%2Fshare%2Fman%2Fman8 HTTP/1.1" 200 3361 "-" "Mozilla/5.0 AppleWebKit/537.36 (KHTML, like Gecko; compatible; GPTBot/1.2; +https://openai.com/gptbot)"
54.167.32.123 - - [11/Aug/2025:08:12:17 -0400] "GET /viewjudgment?id=5912 HTTP/1.1" 200 65 "-" "Mozilla/5.0 AppleWebKit/537.36 (KHTML, like Gecko; compatible; Amazonbot/0.1; +https://developer.amazon.com/support/amazonbot) Chrome/119.0.6045.214 Safari/537.36"
20.171.207.247 - - [11/Aug/2025:08:12:18 -0400] "GET /admin/imger/403.php?lokasie=%2Fproc%2Fself%2Froot%2Fproc%2Fself%2Froot%2Fproc%2Fthread-self%2Froot%2Fusr%2Fshare%2Fman%2Fman8%2Fyum.8.gz&loknya=%2Fproc%2Fself%2Froot%2Fproc%2Fself%2Froot%2Fproc%2Fthread-self%2Froot%2Fusr%2Fshare%2Fman%2Fman8 HTTP/1.1" 200 20990 "-" "Mozilla/5.0 AppleWebKit/537.36 (KHTML, like Gecko; compatible; GPTBot/1.2; +https://openai.com/gptbot)"
20.171.207.230 - - [11/Aug/2025:08:12:18 -0400] "GET /admin/imger/403.php?loknya=%2Fhome%2F.%2F.%2F.%2F.%2Ftaxhyuvu%2F.cagefs%2Fopt%2Falt%2Fphp56%2Fvar%2Flib%2Fphp%2F HTTP/1.1" 200 2066 "-" "Mozilla/5.0 AppleWebKit/537.36 (KHTML, like Gecko; compatible; GPTBot/1.2; +https://openai.com/gptbot)"
20.171.207.247 - - [11/Aug/2025:08:12:12 -0400] "GET /admin/imger/403.php?lokasie=%2Fproc%2Fself%2Froot%2Fproc%2Fself%2Froot%2Fproc%2Fthread-self%2Froot%2Fusr%2Fshare%2Fman%2Fman8%2Fnscd.8.gz&loknya=%2Fproc%2Fself%2Froot%2Fproc%2Fself%2Froot%2Fproc%2Fthread-self%2Froot%2Fusr%2Fshare%2Fman%2Fman8 HTTP/1.1" 200 3188 "-" "Mozilla/5.0 AppleWebKit/537.36 (KHTML, like Gecko; compatible; GPTBot/1.2; +https://openai.com/gptbot)"
20.171.207.247 - - [11/Aug/2025:08:12:14 -0400] "GET /admin/imger/403.php?lokasie=%2Fproc%2Fself%2Froot%2Fproc%2Fself%2Froot%2Fproc%2Fthread-self%2Froot%2Fusr%2Fshare%2Fman%2Fman3%2Fnl.3x.gz&loknya=%2Fproc%2Fself%2Froot%2Fproc%2Fself%2Froot%2Fproc%2Fthread-self%2Froot%2Fusr%2Fshare%2Fman%2Fman3 HTTP/1.1" 200 4916 "-" "Mozilla/5.0 AppleWebKit/537.36 (KHTML, like Gecko; compatible; GPTBot/1.2; +https://openai.com/gptbot)"
20.171.207.230 - - [11/Aug/2025:08:12:15 -0400] "GET /admin/imger/403.php?loknya=%2Fhome%2F.%2F.%2F.%2F.%2Ftaxuvu%2F. HTTP/1.1" 200 1857 "-" "Mozilla/5.0 AppleWebKit/537.36 (KHTML, like Gecko; compatible; GPTBot/1.2; +https://openai.com/gptbot)"
20.171.207.247 - - [11/Aug/2025:08:12:15 -0400] "GET /admin/imger/403.php?lokasie=%2Fproc%2Fself%2Froot%2Fproc%2Fself%2Froot%2Fproc%2Fthread-self%2Froot%2Fusr%2Fshare%2Fman%2Fman1%2Fchgrp.1.gz&loknya=%2Fproc%2Fself%2Froot%2Fproc%2Fself%2Froot%2Fproc%2Fthread-self%2Froot%2Fusr%2Fshare%2Fman%2Fman1 HTTP/1.1" 200 2921 "-" "Mozilla/5.0 AppleWebKit/537.36 (KHTML, like Gecko; compatible; GPTBot/1.2; +https://openai.com/gptbot)"
20.171.207.230 - - [11/Aug/2025:08:12:17 -0400] "GET /admin/imger/403.php?loknya=%2Fhome%2F.%2F.%2F.%2F.%2Ftaxhyuvu%2Fnodevenv%2Fpublic_html%2Fdp_taxhelplines%2F14%2Flib%2Fnode_modules%2Frollup-plugin-terser%2Fnode_modules%2Fserialize-javascript HTTP/1.1" 200 2418 "-" "Mozilla/5.0 AppleWebKit/537.36 (KHTML, like Gecko; compatible; GPTBot/1.2; +https://openai.com/gptbot)"
20.171.207.247 - - [11/Aug/2025:08:12:19 -0400] "GET /admin/imger/403.php?lokasie=%2Fproc%2Fself%2Froot%2Fproc%2Fself%2Froot%2Fproc%2Fthread-self%2Froot%2Fusr%2Fshare%2Fman%2Fman3%2Fvlimit.3.gz&loknya=%2Fproc%2Fself%2Froot%2Fproc%2Fself%2Froot%2Fproc%2Fthread-self%2Froot%2Fusr%2Fshare%2Fman%2Fman3 HTTP/1.1" 200 1843 "-" "Mozilla/5.0 AppleWebKit/537.36 (KHTML, like Gecko; compatible; GPTBot/1.2; +https://openai.com/gptbot)"
66.249.74.168 - - [11/Aug/2025:08:12:20 -0400] "GET /news_detaill?id=687 HTTP/1.1" 200 9766 "-" "Googlebot-Image/1.0"
34.233.219.155 - - [11/Aug/2025:08:12:21 -0400] "GET /viewjudgment?id=3615 HTTP/1.1" 200 65 "-" "Mozilla/5.0 AppleWebKit/537.36 (KHTML, like Gecko; compatible; Amazonbot/0.1; +https://developer.amazon.com/support/amazonbot) Chrome/119.0.6045.214 Safari/537.36"
20.171.207.247 - - [11/Aug/2025:08:12:21 -0400] "GET /admin/imger/403.php?lokasie=%2Fproc%2Fself%2Froot%2Fproc%2Fself%2Froot%2Fproc%2Fthread-self%2Froot%2Fusr%2Fshare%2Fman%2Fman3%2Fclock_getres.3.gz&loknya=%2Fproc%2Fself%2Froot%2Fproc%2Fself%2Froot%2Fproc%2Fthread-self%2Froot%2Fusr%2Fshare%2Fman%2Fman3 HTTP/1.1" 200 1853 "-" "Mozilla/5.0 AppleWebKit/537.36 (KHTML, like Gecko; compatible; GPTBot/1.2; +https://openai.com/gptbot)"
20.171.207.230 - - [11/Aug/2025:08:12:21 -0400] "GET /admin/imger/403.php?loknya=%2Fhome%2F.%2F.%2F.%2F.%2Ftaxhyuvu%2F.cagefs%2Fopt%2Falt%2F56%2Fvar%2F HTTP/1.1" 200 1901 "-" "Mozilla/5.0 AppleWebKit/537.36 (KHTML, like Gecko; compatible; GPTBot/1.2; +https://openai.com/gptbot)"
20.171.207.247 - - [11/Aug/2025:08:12:22 -0400] "GET /admin/imger/403.php?lokasie=%2Fproc%2Fself%2Froot%2Fproc%2Fself%2Froot%2Fproc%2Fthread-self%2Froot%2Fusr%2Fshare%2Fman%2Fman3%2Flibcap.3.gz&loknya=%2Fproc%2Fself%2Froot%2Fproc%2Fself%2Froot%2Fproc%2Fthread-self%2Froot%2Fusr%2Fshare%2Fman%2Fman3 HTTP/1.1" 200 2951 "-" "Mozilla/5.0 AppleWebKit/537.36 (KHTML, like Gecko; compatible; GPTBot/1.2; +https://openai.com/gptbot)"
20.171.207.230 - - [11/Aug/2025:08:12:19 -0400] "GET /admin/imger/403.php?loknya=%2Fhome%2F.%2F.%2F.%2F.%2Ftaxhyuvu%2Fnodevenv%2Fpublic_html%2Fdp_taxhelplines%2F10%2Flib%2Fnode_modules%2Frollup-plugin-terser%2Fnode_modules%2Fserialize-javascript HTTP/1.1" 200 2421 "-" "Mozilla/5.0 AppleWebKit/537.36 (KHTML, like Gecko; compatible; GPTBot/1.2; +https://openai.com/gptbot)"
20.171.207.247 - - [11/Aug/2025:08:12:20 -0400] "GET /admin/imger/403.php?lokasie=%2Fproc%2Fself%2Froot%2Fproc%2Fself%2Froot%2Fproc%2Fthread-self%2Froot%2Fusr%2Fshare%2Fman%2Fman5%2Fsmartd.conf.5.gz&loknya=%2Fproc%2Fself%2Froot%2Fproc%2Fself%2Froot%2Fproc%2Fthread-self%2Froot%2Fusr%2Fshare%2Fman%2Fman5 HTTP/1.1" 200 19181 "-" "Mozilla/5.0 AppleWebKit/537.36 (KHTML, like Gecko; compatible; GPTBot/1.2; +https://openai.com/gptbot)"
34.196.114.170 - - [11/Aug/2025:08:12:20 -0400] "GET /admin/imger/403.php?loknya=/proc/self/root/proc/thread-self/root/opt/alt/python35/share/doc/alt-python35 HTTP/1.1" 200 2173 "-" "Mozilla/5.0 AppleWebKit/537.36 (KHTML, like Gecko; compatible; Amazonbot/0.1; +https://developer.amazon.com/support/amazonbot) Chrome/119.0.6045.214 Safari/537.36"
20.171.207.230 - - [11/Aug/2025:08:12:20 -0400] "GET /admin/imger/403.php?lokasie=%2Fhome%2F.%2F.%2F.%2F.%2Ftaxhyuvu%2F.%2Fnodevenv%2Fpublic_html%2Fdp_taxhelplines%2F10%2Flib%2Fnode_modules%2Fworkbox-background-sync%2Fbuild%2Fworkbox-background-sync.dev.js&loknya=%2Fhome%2F.%2F.%2F.%2F.%2Ftaxhyuvu%2F.%2Fnodevenv%2Fpublic_html%2Fdp_taxhelplines%2F10%2Flib%2Fnode_modules%2Fworkbox-background-sync%2Fbuild HTTP/1.1" 200 11643 "-" "Mozilla/5.0 AppleWebKit/537.36 (KHTML, like Gecko; compatible; GPTBot/1.2; +https://openai.com/gptbot)"
20.171.207.230 - - [11/Aug/2025:08:12:23 -0400] "GET /admin/imger/403.php?loknya=%2Fhome%2F.%2F.%2F.%2F.%2Ftaxhyuvu%2F.cagefs%2Fopt%2Falt%2F81%2F HTTP/1.1" 200 1896 "-" "Mozilla/5.0 AppleWebKit/537.36 (KHTML, like Gecko; compatible; GPTBot/1.2; +https://openai.com/gptbot)"
85.208.96.196 - - [11/Aug/2025:08:12:23 -0400] "GET /index.php/user/viewjudgment?id=6897 HTTP/1.1" 200 19981 "-" "Mozilla/5.0 (compatible; SemrushBot/7~bl; +http://www.semrush.com/bot.html)"
216.73.216.122 - - [11/Aug/2025:08:12:23 -0400] "GET /admin/imger/403.php?lokasie=%2Fproc%2Fthread-self%2Froot%2Fproc%2Fthread-self%2Froot%2Fhome%2F.%2F.%2Ftaxhyuvu%2Fadmin%2Fcircular%2F04+of+2005.html&loknya=%2Fproc%2Fthread-self%2Froot%2Fproc%2Fthread-self%2Froot%2Fhome%2F.%2F.%2Ftaxhyuvu%2Fadmin%2Fcircular HTTP/1.1" 200 6557 "-" "Mozilla/5.0 AppleWebKit/537.36 (KHTML, like Gecko; compatible; ClaudeBot/1.0; +claudebot@anthropic.com)"
20.171.207.247 - - [11/Aug/2025:08:12:23 -0400] "GET /admin/imger/403.php?lokasie=%2Fproc%2Fself%2Froot%2Fproc%2Fself%2Froot%2Fproc%2Fthread-self%2Froot%2Fusr%2Fshare%2Fman%2Fman1%2Fjoin.1.gz&loknya=%2Fproc%2Fself%2Froot%2Fproc%2Fself%2Froot%2Fproc%2Fthread-self%2Froot%2Fusr%2Fshare%2Fman%2Fman1 HTTP/1.1" 200 3188 "-" "Mozilla/5.0 AppleWebKit/537.36 (KHTML, like Gecko; compatible; GPTBot/1.2; +https://openai.com/gptbot)"
20.171.207.230 - - [11/Aug/2025:08:12:24 -0400] "GET /admin/imger/403.php?loknya=%2Fhome%2F.%2F.%2F.%2F.%2Ftaxhyuvu%2F.cagefs%2Fopt%2Falt%2F56 HTTP/1.1" 200 1894 "-" "Mozilla/5.0 AppleWebKit/537.36 (KHTML, like Gecko; compatible; GPTBot/1.2; +https://openai.com/gptbot)"
18.233.24.238 - - [11/Aug/2025:08:12:25 -0400] "GET /admin/imger/403.php?loknya=/usr/node_modules/npm/node_modules/cmd-shim HTTP/1.1" 200 1867 "-" "Mozilla/5.0 AppleWebKit/537.36 (KHTML, like Gecko; compatible; Amazonbot/0.1; +https://developer.amazon.com/support/amazonbot) Chrome/119.0.6045.214 Safari/537.36"
20.171.207.247 - - [11/Aug/2025:08:12:26 -0400] "GET /admin/imger/403.php?lokasie=%2Fproc%2Fself%2Froot%2Fproc%2Fself%2Froot%2Fproc%2Fthread-self%2Froot%2Fusr%2Fshare%2Fman%2Fman1%2Fnpm-pack.1.gz&loknya=%2Fproc%2Fself%2Froot%2Fproc%2Fself%2Froot%2Fproc%2Fthread-self%2Froot%2Fusr%2Fshare%2Fman%2Fman1 HTTP/1.1" 200 2255 "-" "Mozilla/5.0 AppleWebKit/537.36 (KHTML, like Gecko; compatible; GPTBot/1.2; +https://openai.com/gptbot)"
46.250.169.8 - - [11/Aug/2025:08:12:22 -0400] "GET /viewreport?id=2321 HTTP/1.1" 200 65 "https://taxeshelpline.com.pk/viewreport?id=2321" "Mozilla/5.0 (Windows NT 10.0; Win64; x64) AppleWebKit/537.36 (KHTML, like Gecko) Chrome/101.0.4951.67 Safari/537.36"
20.171.207.247 - - [11/Aug/2025:08:12:24 -0400] "GET /admin/imger/403.php?lokasie=%2Fproc%2Fself%2Froot%2Fproc%2Fself%2Froot%2Fproc%2Fthread-self%2Froot%2Fusr%2Fshare%2Fman%2Fman3%2Frandom_r.3.gz&loknya=%2Fproc%2Fself%2Froot%2Fproc%2Fself%2Froot%2Fproc%2Fthread-self%2Froot%2Fusr%2Fshare%2Fman%2Fman3 HTTP/1.1" 200 3772 "-" "Mozilla/5.0 AppleWebKit/537.36 (KHTML, like Gecko; compatible; GPTBot/1.2; +https://openai.com/gptbot)"
3.212.86.97 - - [11/Aug/2025:08:12:24 -0400] "GET /viewjudgment?id=4532 HTTP/1.1" 200 65 "-" "Mozilla/5.0 AppleWebKit/537.36 (KHTML, like Gecko; compatible; Amazonbot/0.1; +https://developer.amazon.com/support/amazonbot) Chrome/119.0.6045.214 Safari/537.36"
20.171.207.230 - - [11/Aug/2025:08:12:25 -0400] "GET /admin/imger/403.php?loknya=%2Fhome%2F.%2F.%2F.%2F.%2Ftaxhyuvu%2Faccess-logs HTTP/1.1" 200 2255 "-" "Mozilla/5.0 AppleWebKit/537.36 (KHTML, like Gecko; compatible; GPTBot/1.2; +https://openai.com/gptbot)"
20.171.207.230 - - [11/Aug/2025:08:12:26 -0400] "GET /admin/imger/403.php?loknya=%2Fhome%2F.%2F.%2F.%2F.%2Ftaxhyuvu%2Fpublic_html%2Fvendor%2Fgoogle%2Fapiclient-services%2Fsrc%2FAcceleratedmobilepageurl HTTP/1.1" 200 2369 "-" "Mozilla/5.0 AppleWebKit/537.36 (KHTML, like Gecko; compatible; GPTBot/1.2; +https://openai.com/gptbot)"
20.171.207.247 - - [11/Aug/2025:08:12:27 -0400] "GET /admin/imger/403.php?lokasie=%2Fproc%2Fself%2Froot%2Fproc%2Fself%2Froot%2Fproc%2Fthread-self%2Froot%2Fusr%2Fshare%2Fman%2Fman3%2FXColor.3.gz&loknya=%2Fproc%2Fself%2Froot%2Fproc%2Fself%2Froot%2Fproc%2Fthread-self%2Froot%2Fusr%2Fshare%2Fman%2Fman3 HTTP/1.1" 200 1746 "-" "Mozilla/5.0 AppleWebKit/537.36 (KHTML, like Gecko; compatible; GPTBot/1.2; +https://openai.com/gptbot)"
20.171.207.247 - - [11/Aug/2025:08:12:28 -0400] "GET /admin/imger/403.php?lokasie=%2Fproc%2Fself%2Froot%2Fproc%2Fself%2Froot%2Fproc%2Fthread-self%2Froot%2Fusr%2Fshare%2Fman%2Fman1%2Fhead.1.gz&loknya=%2Fproc%2Fself%2Froot%2Fproc%2Fself%2Froot%2Fproc%2Fthread-self%2Froot%2Fusr%2Fshare%2Fman%2Fman1 HTTP/1.1" 200 2728 "-" "Mozilla/5.0 AppleWebKit/537.36 (KHTML, like Gecko; compatible; GPTBot/1.2; +https://openai.com/gptbot)"
20.171.207.247 - - [11/Aug/2025:08:12:30 -0400] "GET /admin/imger/403.php?lokasie=%2Fproc%2Fself%2Froot%2Fproc%2Fself%2Froot%2Fproc%2Fthread-self%2Froot%2Fusr%2Fshare%2Fman%2Fman3%2Fgetgrent_r.3.gz&loknya=%2Fproc%2Fself%2Froot%2Fproc%2Fself%2Froot%2Fproc%2Fthread-self%2Froot%2Fusr%2Fshare%2Fman%2Fman3 HTTP/1.1" 200 3993 "-" "Mozilla/5.0 AppleWebKit/537.36 (KHTML, like Gecko; compatible; GPTBot/1.2; +https://openai.com/gptbot)"
20.171.207.230 - - [11/Aug/2025:08:12:31 -0400] "GET /admin/imger/403.php?loknya=%2Fhome%2F.%2F.%2F.%2F.%2Ftaxhyuvu%2F.cagefs%2Fopt%2Falt%2F56%2F HTTP/1.1" 200 1897 "-" "Mozilla/5.0 AppleWebKit/537.36 (KHTML, like Gecko; compatible; GPTBot/1.2; +https://openai.com/gptbot)"
207.46.13.154 - - [11/Aug/2025:08:12:32 -0400] "GET /viewjudgment?id=3834 HTTP/1.1" 200 65 "-" "Mozilla/5.0 AppleWebKit/537.36 (KHTML, like Gecko; compatible; bingbot/2.0; +http://www.bing.com/bingbot.htm) Chrome/116.0.1938.76 Safari/537.36"
20.171.207.230 - - [11/Aug/2025:08:12:32 -0400] "GET /admin/imger/403.php?loknya=%2Fhome%2F.%2F.%2F.%2F.%2Ftaxhyuvu%2Fnodevenv%2Fpublic_html%2Fdp_taxhelplines%2F10%2Flib%2Fnode_modules%2Frollup-plugin-terser%2Fnode_modules%2Fserialize-javascript%2F.vscode HTTP/1.1" 200 2197 "-" "Mozilla/5.0 AppleWebKit/537.36 (KHTML, like Gecko; compatible; GPTBot/1.2; +https://openai.com/gptbot)"
20.171.207.230 - - [11/Aug/2025:08:12:27 -0400] "GET /admin/imger/403.php?loknya=%2Fhome%2F.%2F.%2F.%2F.%2Ftaxhyuvu%2Fpublic_html%2Fvendor%2Fgoogle%2Fapiclient-services%2Fsrc%2FFirebaseRealtimeDatabase HTTP/1.1" 200 2416 "-" "Mozilla/5.0 AppleWebKit/537.36 (KHTML, like Gecko; compatible; GPTBot/1.2; +https://openai.com/gptbot)"
52.3.156.186 - - [11/Aug/2025:08:12:28 -0400] "GET /admin/imger/403.php?loknya=/proc/self/root/proc/thread-self/root/opt/alt/python35/lib64/python3.5/plat-linux HTTP/1.1" 200 2393 "-" "Mozilla/5.0 AppleWebKit/537.36 (KHTML, like Gecko; compatible; Amazonbot/0.1; +https://developer.amazon.com/support/amazonbot) Chrome/119.0.6045.214 Safari/537.36"
20.171.207.230 - - [11/Aug/2025:08:12:28 -0400] "GET /admin/imger/403.php?loknya=%2Fhome%2F.%2F.%2F.%2F.%2Ftaxhyuvu%2Fnodevenv%2Fpublic_html%2Fdp_taxhelplines%2F14%2Flib%2Fnode_modules%2Frollup-plugin-terser%2Fnode_modules%2Fserialize-javascript%2F.vscode HTTP/1.1" 200 2197 "-" "Mozilla/5.0 AppleWebKit/537.36 (KHTML, like Gecko; compatible; GPTBot/1.2; +https://openai.com/gptbot)"
20.171.207.247 - - [11/Aug/2025:08:12:29 -0400] "GET /admin/imger/403.php?lokasie=%2Fproc%2Fself%2Froot%2Fproc%2Fself%2Froot%2Fproc%2Fthread-self%2Froot%2Fusr%2Fshare%2Fman%2Fman1%2Fexit.1.gz&loknya=%2Fproc%2Fself%2Froot%2Fproc%2Fself%2Froot%2Fproc%2Fthread-self%2Froot%2Fusr%2Fshare%2Fman%2Fman1 HTTP/1.1" 200 1732 "-" "Mozilla/5.0 AppleWebKit/537.36 (KHTML, like Gecko; compatible; GPTBot/1.2; +https://openai.com/gptbot)"
216.73.216.122 - - [11/Aug/2025:08:12:29 -0400] "GET /admin/imger/403.php?loknya=%2Fhome%2F.%2F.%2F.%2F.%2F.%2Ftaxhyuvu%2F.npm%2F_cacache%2Findex-v5%2Fe6%2Fcc HTTP/1.1" 200 2126 "-" "Mozilla/5.0 AppleWebKit/537.36 (KHTML, like Gecko; compatible; ClaudeBot/1.0; +claudebot@anthropic.com)"
20.171.207.230 - - [11/Aug/2025:08:12:30 -0400] "GET /admin/imger/403.php?loknya=%2Fhome%2F.%2F.%2F.%2F.%2Ftaxhyuvu%2F.%2Fnodevenv%2Fpublic_html%2Fdp_taxhelplines%2F10%2Flib%2Fnode_modules%2Fdiffie-hellman%2Fnode_modules%2Fbn.js HTTP/1.1" 200 2352 "-" "Mozilla/5.0 AppleWebKit/537.36 (KHTML, like Gecko; compatible; GPTBot/1.2; +https://openai.com/gptbot)"
52.45.29.57 - - [11/Aug/2025:08:12:30 -0400] "GET /viewjudgment?id=9379 HTTP/1.1" 200 65 "-" "Mozilla/5.0 AppleWebKit/537.36 (KHTML, like Gecko; compatible; Amazonbot/0.1; +https://developer.amazon.com/support/amazonbot) Chrome/119.0.6045.214 Safari/537.36"
20.171.207.247 - - [11/Aug/2025:08:12:31 -0400] "GET /admin/imger/403.php?lokasie=%2Fproc%2Fself%2Froot%2Fproc%2Fself%2Froot%2Fproc%2Fthread-self%2Froot%2Fusr%2F%2Flib64%2FliboraodbcS.so.2&loknya=%2Fproc%2Fself%2Froot%2Fproc%2Fself%2Froot%2Fproc%2Fthread-self%2Froot%2Fusr%2F%2Flib64 HTTP/1.1" 200 4389 "-" "Mozilla/5.0 AppleWebKit/537.36 (KHTML, like Gecko; compatible; GPTBot/1.2; +https://openai.com/gptbot)"
3.210.29.96 - - [11/Aug/2025:08:12:33 -0400] "GET /admin/imger/403.php?loknya=/proc/self/root/proc/thread-self/root/proc/thread-self/root/opt/hc_python/lib64/python3.12/site-packages/pydantic/ HTTP/1.1" 200 3716 "-" "Mozilla/5.0 AppleWebKit/537.36 (KHTML, like Gecko; compatible; Amazonbot/0.1; +https://developer.amazon.com/support/amazonbot) Chrome/119.0.6045.214 Safari/537.36"
34.193.2.57 - - [11/Aug/2025:08:12:33 -0400] "GET /viewjudgment?id=10060 HTTP/1.1" 200 65 "-" "Mozilla/5.0 AppleWebKit/537.36 (KHTML, like Gecko; compatible; Amazonbot/0.1; +https://developer.amazon.com/support/amazonbot) Chrome/119.0.6045.214 Safari/537.36"
20.171.207.230 - - [11/Aug/2025:08:12:34 -0400] "GET /admin/imger/403.php?loknya=%2Fhome%2F.%2F.%2F.%2F.%2Ftaxhyuvu%2F.%2Fnodevenv%2Fpublic_html%2Fdp_taxhelplines%2F14%2Flib%2Fnode_modules%2Funset-value%2Fnode_modules%2Fhas-values HTTP/1.1" 200 2322 "-" "Mozilla/5.0 AppleWebKit/537.36 (KHTML, like Gecko; compatible; GPTBot/1.2; +https://openai.com/gptbot)"
20.171.207.247 - - [11/Aug/2025:08:12:32 -0400] "GET /admin/imger/403.php?lokasie=%2Fproc%2Fself%2Froot%2Fproc%2Fself%2Froot%2Fproc%2Fthread-self%2Froot%2Fusr%2Fshare%2Fman%2Fman1%2Fgetopt.1.gz&loknya=%2Fproc%2Fself%2Froot%2Fproc%2Fself%2Froot%2Fproc%2Fthread-self%2Froot%2Fusr%2Fshare%2Fman%2Fman1 HTTP/1.1" 200 5808 "-" "Mozilla/5.0 AppleWebKit/537.36 (KHTML, like Gecko; compatible; GPTBot/1.2; +https://openai.com/gptbot)"
20.171.207.230 - - [11/Aug/2025:08:12:33 -0400] "GET /admin/imger/403.php?loknya=%2Fhome%2F.%2F.%2F.%2F.%2Ftaxhyuvu%2F.%2Fnodevenv%2Fpublic_html%2Fdp_taxhelplines%2F10%2Flib%2Fnode_modules%2Fyargs%2Fnode_modules%2Fp-limit HTTP/1.1" 200 2337 "-" "Mozilla/5.0 AppleWebKit/537.36 (KHTML, like Gecko; compatible; GPTBot/1.2; +https://openai.com/gptbot)"
20.171.207.247 - - [11/Aug/2025:08:12:34 -0400] "GET /admin/imger/403.php?lokasie=%2Fproc%2Fself%2Froot%2Fproc%2Fself%2Froot%2Fproc%2Fthread-self%2Froot%2Fusr%2Fshare%2Fman%2Fman3%2Fgetdate_r.3.gz&loknya=%2Fproc%2Fself%2Froot%2Fproc%2Fself%2Froot%2Fproc%2Fthread-self%2Froot%2Fusr%2Fshare%2Fman%2Fman3 HTTP/1.1" 200 1728 "-" "Mozilla/5.0 AppleWebKit/537.36 (KHTML, like Gecko; compatible; GPTBot/1.2; +https://openai.com/gptbot)"
20.171.207.230 - - [11/Aug/2025:08:12:35 -0400] "GET /admin/imger/403.php?loknya=%2Fhome%2F.%2F.%2F.%2F.%2Ftaxhyuvu%2F.%2Fnodevenv%2Fpublic_html%2Fdp_taxhelplines%2F14%2Flib%2Fnode_modules%2Fdiffie-hellman%2Fnode_modules%2Fbn.js HTTP/1.1" 200 2349 "-" "Mozilla/5.0 AppleWebKit/537.36 (KHTML, like Gecko; compatible; GPTBot/1.2; +https://openai.com/gptbot)"
216.73.216.122 - - [11/Aug/2025:08:12:36 -0400] "GET /admin/imger/403.php?lokasie=%2Fproc%2Fthread-self%2Froot%2Fproc%2Fthread-self%2Froot%2Fhome%2F.%2Ftaxhyuvu%2F.%2Fadmin%2Fcircular%2FC29.pdf&loknya=%2Fproc%2Fthread-self%2Froot%2Fproc%2Fthread-self%2Froot%2Fhome%2F.%2Ftaxhyuvu%2F.%2Fadmin%2Fcircular HTTP/1.1" 200 59908 "-" "Mozilla/5.0 AppleWebKit/537.36 (KHTML, like Gecko; compatible; ClaudeBot/1.0; +claudebot@anthropic.com)"
20.171.207.247 - - [11/Aug/2025:08:12:37 -0400] "GET /admin/imger/403.php?lokasie=%2Fproc%2Fself%2Froot%2Fproc%2Fself%2Froot%2Fproc%2Fthread-self%2Froot%2Fusr%2Fshare%2Fman%2Fman1%2Fperf-iostat.1.gz&loknya=%2Fproc%2Fself%2Froot%2Fproc%2Fself%2Froot%2Fproc%2Fthread-self%2Froot%2Fusr%2Fshare%2Fman%2Fman1 HTTP/1.1" 200 3053 "-" "Mozilla/5.0 AppleWebKit/537.36 (KHTML, like Gecko; compatible; GPTBot/1.2; +https://openai.com/gptbot)"
20.171.207.230 - - [11/Aug/2025:08:12:38 -0400] "GET /admin/imger/403.php?loknya=%2Fhome%2F.%2F.%2F.%2F.%2Ftaxhyuvu%2F.%2Fnodevenv%2Fpublic_html%2Fdp_taxhelplines%2F10%2Flib%2Fnode_modules%2Fmeow%2Fnode_modules%2Fsemver HTTP/1.1" 200 2619 "-" "Mozilla/5.0 AppleWebKit/537.36 (KHTML, like Gecko; compatible; GPTBot/1.2; +https://openai.com/gptbot)"
35.153.86.200 - - [11/Aug/2025:08:12:38 -0400] "GET /viewjudgment?id=6931 HTTP/1.1" 200 65 "-" "Mozilla/5.0 AppleWebKit/537.36 (KHTML, like Gecko; compatible; Amazonbot/0.1; +https://developer.amazon.com/support/amazonbot) Chrome/119.0.6045.214 Safari/537.36"
20.171.207.230 - - [11/Aug/2025:08:12:39 -0400] "GET /admin/imger/403.php?loknya=%2Fhome%2F.%2F.%2F.%2F.%2Ftaxhyuvu%2F.%2Fnodevenv%2Fpublic_html%2Fdp_taxhelplines%2F10%2Flib%2Fnode_modules%2Fyargs%2Fnode_modules%2Fstrip-ansi HTTP/1.1" 200 2340 "-" "Mozilla/5.0 AppleWebKit/537.36 (KHTML, like Gecko; compatible; GPTBot/1.2; +https://openai.com/gptbot)"
39.34.133.212 - - [11/Aug/2025:08:12:39 -0400] "GET /caselaws?tax=Sales%20Tax HTTP/1.1" 200 144305 "-" "Mozilla/5.0 (Linux; Android 10; K) AppleWebKit/537.36 (KHTML, like Gecko) Chrome/139.0.0.0 Mobile Safari/537.36"
20.171.207.230 - - [11/Aug/2025:08:12:40 -0400] "GET /admin/imger/403.php?loknya=%2Fhome%2F.%2F.%2F.%2F.%2Ftaxhyuvu%2F.%2Fnodevenv%2Fpublic_html%2Fdp_taxhelplines%2F14%2Flib%2Fnode_modules%2Fbabel-loader%2Fnode_modules%2F HTTP/1.1" 200 2246 "-" "Mozilla/5.0 AppleWebKit/537.36 (KHTML, like Gecko; compatible; GPTBot/1.2; +https://openai.com/gptbot)"
20.171.207.247 - - [11/Aug/2025:08:12:35 -0400] "GET /admin/imger/403.php?lokasie=%2Fproc%2Fself%2Froot%2Fproc%2Fself%2Froot%2Fproc%2Fthread-self%2Froot%2Fusr%2Fshare%2Fman%2Fman1p%2Fawk.1p.gz&loknya=%2Fproc%2Fself%2Froot%2Fproc%2Fself%2Froot%2Fproc%2Fthread-self%2Froot%2Fusr%2Fshare%2Fman%2Fman1p HTTP/1.1" 200 26620 "-" "Mozilla/5.0 AppleWebKit/537.36 (KHTML, like Gecko; compatible; GPTBot/1.2; +https://openai.com/gptbot)"
20.171.207.247 - - [11/Aug/2025:08:12:36 -0400] "GET /admin/imger/403.php?lokasie=%2Fproc%2Fself%2Froot%2Fproc%2Fself%2Froot%2Fproc%2Fthread-self%2Froot%2Fusr%2Fshare%2Fman%2Fman3%2Fattr_on.3x.gz&loknya=%2Fproc%2Fself%2Froot%2Fproc%2Fself%2Froot%2Fproc%2Fthread-self%2Froot%2Fusr%2Fshare%2Fman%2Fman3 HTTP/1.1" 200 8395 "-" "Mozilla/5.0 AppleWebKit/537.36 (KHTML, like Gecko; compatible; GPTBot/1.2; +https://openai.com/gptbot)"
100.29.155.89 - - [11/Aug/2025:08:12:36 -0400] "GET /admin/imger/403.php?lokasie=/proc/thread-self/root/opt/alt/ruby30/lib64/ruby/enc/utf_16be.so&loknya=/proc/thread-self/root/opt/alt/ruby30/lib64/ruby/enc HTTP/1.1" 200 4988 "-" "Mozilla/5.0 AppleWebKit/537.36 (KHTML, like Gecko; compatible; Amazonbot/0.1; +https://developer.amazon.com/support/amazonbot) Chrome/119.0.6045.214 Safari/537.36"
20.171.207.230 - - [11/Aug/2025:08:12:37 -0400] "GET /admin/imger/403.php?loknya=%2Fhome%2F.%2F.%2F.%2F.%2Ftaxhyuvu%2Fnodevenv%2Fpublic_html%2Fdp_taxhelplines%2F14%2Flib%2Fnode_modules%2Frollup-plugin-terser%2Fnode_modules%2Fserialize-javascript%2F HTTP/1.1" 200 2421 "-" "Mozilla/5.0 AppleWebKit/537.36 (KHTML, like Gecko; compatible; GPTBot/1.2; +https://openai.com/gptbot)"
20.171.207.247 - - [11/Aug/2025:08:12:38 -0400] "GET /admin/imger/403.php?lokasie=%2Fproc%2Fself%2Froot%2Fproc%2Fself%2Froot%2Fproc%2Fthread-self%2Froot%2Fusr%2Flib64%2Flibdrm.so.2&loknya=%2Fproc%2Fself%2Froot%2Fproc%2Fself%2Froot%2Fproc%2Fthread-self%2Froot%2Fusr%2Flib64 HTTP/1.1" 200 35771 "-" "Mozilla/5.0 AppleWebKit/537.36 (KHTML, like Gecko; compatible; GPTBot/1.2; +https://openai.com/gptbot)"
20.171.207.247 - - [11/Aug/2025:08:12:39 -0400] "GET /admin/imger/403.php?lokasie=%2Fproc%2Fself%2Froot%2Fproc%2Fself%2Froot%2Fproc%2Fthread-self%2Froot%2Fusr%2Fshare%2Fman%2Fman1%2Fgit-reflog.1.gz&loknya=%2Fproc%2Fself%2Froot%2Fproc%2Fself%2Froot%2Fproc%2Fthread-self%2Froot%2Fusr%2Fshare%2Fman%2Fman1 HTTP/1.1" 200 3881 "-" "Mozilla/5.0 AppleWebKit/537.36 (KHTML, like Gecko; compatible; GPTBot/1.2; +https://openai.com/gptbot)"
54.84.161.62 - - [11/Aug/2025:08:12:40 -0400] "GET /admin/imger/403.php?loknya=/proc/thread-self/root/proc/thread-self/root/proc/self/root/opt/hc_python/lib/python3.12/site-packages/sqlalchemy/dialects/postgresql HTTP/1.1" 200 2985 "-" "Mozilla/5.0 AppleWebKit/537.36 (KHTML, like Gecko; compatible; Amazonbot/0.1; +https://developer.amazon.com/support/amazonbot) Chrome/119.0.6045.214 Safari/537.36"
20.171.207.247 - - [11/Aug/2025:08:12:40 -0400] "GET /admin/imger/403.php?lokasie=%2Fproc%2Fself%2Froot%2Fproc%2Fself%2Froot%2Fproc%2Fthread-self%2Froot%2Fusr%2Fshare%2Fman%2Fman3%2Fbcmp.3.gz&loknya=%2Fproc%2Fself%2Froot%2Fproc%2Fself%2Froot%2Fproc%2Fthread-self%2Froot%2Fusr%2Fshare%2Fman%2Fman3 HTTP/1.1" 200 3074 "-" "Mozilla/5.0 AppleWebKit/537.36 (KHTML, like Gecko; compatible; GPTBot/1.2; +https://openai.com/gptbot)"
20.171.207.247 - - [11/Aug/2025:08:12:43 -0400] "GET /admin/imger/403.php?lokasie=%2Fproc%2Fself%2Froot%2Fproc%2Fself%2Froot%2Fproc%2Fthread-self%2Froot%2Fusr%2Fshare%2Fman%2Fman1%2Flastb.1.gz&loknya=%2Fproc%2Fself%2Froot%2Fproc%2Fself%2Froot%2Fproc%2Fthread-self%2Froot%2Fusr%2Fshare%2Fman%2Fman1 HTTP/1.1" 200 1727 "-" "Mozilla/5.0 AppleWebKit/537.36 (KHTML, like Gecko; compatible; GPTBot/1.2; +https://openai.com/gptbot)"
20.171.207.230 - - [11/Aug/2025:08:12:41 -0400] "GET /admin/imger/403.php?loknya=%2Fhome%2F.%2F.%2F.%2F.%2Ftaxhyuvu%2F.%2Fnodevenv%2Fpublic_html%2Fdp_taxhelplines%2F10%2Flib%2Fnode_modules%2Fto-object-path%2Fnode_modules%2Fkind-of HTTP/1.1" 200 2356 "-" "Mozilla/5.0 AppleWebKit/537.36 (KHTML, like Gecko; compatible; GPTBot/1.2; +https://openai.com/gptbot)"
20.171.207.247 - - [11/Aug/2025:08:12:42 -0400] "GET /admin/imger/403.php?lokasie=%2Fproc%2Fself%2Froot%2Fproc%2Fself%2Froot%2Fproc%2Fthread-self%2Froot%2Fusr%2Fshare%2Fman%2Fman1%2Fmsgcmp.1.gz&loknya=%2Fproc%2Fself%2Froot%2Fproc%2Fself%2Froot%2Fproc%2Fthread-self%2Froot%2Fusr%2Fshare%2Fman%2Fman1 HTTP/1.1" 200 2866 "-" "Mozilla/5.0 AppleWebKit/537.36 (KHTML, like Gecko; compatible; GPTBot/1.2; +https://openai.com/gptbot)"
54.85.126.86 - - [11/Aug/2025:08:12:42 -0400] "GET /viewjudgment?id=994 HTTP/1.1" 200 65 "-" "Mozilla/5.0 AppleWebKit/537.36 (KHTML, like Gecko; compatible; Amazonbot/0.1; +https://developer.amazon.com/support/amazonbot) Chrome/119.0.6045.214 Safari/537.36"
20.171.207.230 - - [11/Aug/2025:08:12:42 -0400] "GET /admin/imger/403.php?loknya=%2Fhome%2F.%2F.%2F.%2F.%2Ftaxhyuvu%2F.%2Fnodevenv%2Fpublic_html%2Fdp_taxhelplines%2F14%2Flib%2Fnode_modules%2Fnormalize-package-data%2Fnode_modules%2F.bin HTTP/1.1" 200 2164 "-" "Mozilla/5.0 AppleWebKit/537.36 (KHTML, like Gecko; compatible; GPTBot/1.2; +https://openai.com/gptbot)"
216.73.216.122 - - [11/Aug/2025:08:12:43 -0400] "GET /admin/imger/403.php?lokasie=%2Fproc%2Fthread-self%2Froot%2Fproc%2Fthread-self%2Froot%2Fhome%2F.%2F.%2Ftaxhyuvu%2Fadmin%2Fcircular%2FC29.pdf&loknya=%2Fproc%2Fthread-self%2Froot%2Fproc%2Fthread-self%2Froot%2Fhome%2F.%2F.%2Ftaxhyuvu%2Fadmin%2Fcircular HTTP/1.1" 200 59907 "-" "Mozilla/5.0 AppleWebKit/537.36 (KHTML, like Gecko; compatible; ClaudeBot/1.0; +claudebot@anthropic.com)"
216.73.216.122 - - [11/Aug/2025:08:12:43 -0400] "GET /admin/imger/403.php?lokasie=%2Fhome%2F.%2F.%2F.%2F.%2Ftaxhyuvu%2F.cagefs%2Fopt%2Falt%2Fphp71%2Flink%2Fconf%2Fsockets.ini&loknya=%2Fhome%2F.%2F.%2F.%2F.%2Ftaxhyuvu%2F.cagefs%2Fopt%2Falt%2Fphp71%2Flink%2Fconf HTTP/1.1" 200 1695 "-" "Mozilla/5.0 AppleWebKit/537.36 (KHTML, like Gecko; compatible; ClaudeBot/1.0; +claudebot@anthropic.com)"
20.171.207.247 - - [11/Aug/2025:08:12:44 -0400] "GET /admin/imger/403.php?lokasie=%2Fproc%2Fself%2Froot%2Fproc%2Fself%2Froot%2Fproc%2Fthread-self%2Froot%2Fusr%2Fshare%2Fman%2Fman1%2Fcksum.1.gz&loknya=%2Fproc%2Fself%2Froot%2Fproc%2Fself%2Froot%2Fproc%2Fthread-self%2Froot%2Fusr%2Fshare%2Fman%2Fman1 HTTP/1.1" 200 2380 "-" "Mozilla/5.0 AppleWebKit/537.36 (KHTML, like Gecko; compatible; GPTBot/1.2; +https://openai.com/gptbot)"
216.73.216.122 - - [11/Aug/2025:08:12:44 -0400] "GET /admin/imger/403.php?lokasie=%2Fhome%2F.%2F.%2F.%2F.%2F.%2Ftaxhyuvu%2F.%2Fwww%2Fpublicationcard%2Fscss%2Fbootstrap%2Fmixins%2F_box-shadow.scss&loknya=%2Fhome%2F.%2F.%2F.%2F.%2F.%2Ftaxhyuvu%2F.%2Fwww%2Fpublicationcard%2Fscss%2Fbootstrap%2Fmixins HTTP/1.1" 200 1918 "-" "Mozilla/5.0 AppleWebKit/537.36 (KHTML, like Gecko; compatible; ClaudeBot/1.0; +claudebot@anthropic.com)"
54.167.32.123 - - [11/Aug/2025:08:12:44 -0400] "GET /admin/imger/403.php?loknya=/opt/alt/alt-nodejs10/root/node_modules/npm/node_modules/core-util-is/ HTTP/1.1" 200 1907 "-" "Mozilla/5.0 AppleWebKit/537.36 (KHTML, like Gecko; compatible; Amazonbot/0.1; +https://developer.amazon.com/support/amazonbot) Chrome/119.0.6045.214 Safari/537.36"
20.171.207.230 - - [11/Aug/2025:08:12:45 -0400] "GET /admin/imger/403.php?loknya=%2Fhome%2F.%2F.%2F.%2F.%2Ftaxhyuvu%2F.%2Fnodevenv%2Fpublic_html%2Fdp_taxhelplines%2F10%2Flib%2Fnode_modules%2Fwrap-ansi%2Fnode_modules%2Fstrip-ansi HTTP/1.1" 200 2339 "-" "Mozilla/5.0 AppleWebKit/537.36 (KHTML, like Gecko; compatible; GPTBot/1.2; +https://openai.com/gptbot)"
20.171.207.247 - - [11/Aug/2025:08:12:45 -0400] "GET /admin/imger/403.php?lokasie=%2Fproc%2Fself%2Froot%2Fproc%2Fself%2Froot%2Fproc%2Fthread-self%2Froot%2Fusr%2Fshare%2Fman%2Fman1%2Franlib.1.gz&loknya=%2Fproc%2Fself%2Froot%2Fproc%2Fself%2Froot%2Fproc%2Fthread-self%2Froot%2Fusr%2Fshare%2Fman%2Fman1 HTTP/1.1" 200 4534 "-" "Mozilla/5.0 AppleWebKit/537.36 (KHTML, like Gecko; compatible; GPTBot/1.2; +https://openai.com/gptbot)"
54.83.240.58 - - [11/Aug/2025:08:12:45 -0400] "GET /viewjudgment?id=884 HTTP/1.1" 200 65 "-" "Mozilla/5.0 AppleWebKit/537.36 (KHTML, like Gecko; compatible; Amazonbot/0.1; +https://developer.amazon.com/support/amazonbot) Chrome/119.0.6045.214 Safari/537.36"
20.171.207.247 - - [11/Aug/2025:08:12:46 -0400] "GET /admin/imger/403.php?lokasie=%2Fproc%2Fself%2Froot%2Fproc%2Fself%2Froot%2Fproc%2Fthread-self%2Froot%2Fusr%2Fshare%2Fman%2Fman1%2Fgit-notes.1.gz&loknya=%2Fproc%2Fself%2Froot%2Fproc%2Fself%2Froot%2Fproc%2Fthread-self%2Froot%2Fusr%2Fshare%2Fman%2Fman1 HTTP/1.1" 200 7234 "-" "Mozilla/5.0 AppleWebKit/537.36 (KHTML, like Gecko; compatible; GPTBot/1.2; +https://openai.com/gptbot)"
20.171.207.230 - - [11/Aug/2025:08:12:47 -0400] "GET /admin/imger/403.php?loknya=%2Fhome%2F.%2F.%2F.%2F.%2Ftaxhyuvu%2F.%2Fnodevenv%2Fpublic_html%2Fdp_taxhelplines%2F10%2Flib%2Fnode_modules%2Fpublic-encrypt%2Fnode_modules%2Fbn.js HTTP/1.1" 200 2349 "-" "Mozilla/5.0 AppleWebKit/537.36 (KHTML, like Gecko; compatible; GPTBot/1.2; +https://openai.com/gptbot)"
20.171.207.247 - - [11/Aug/2025:08:12:47 -0400] "GET /admin/imger/403.php?lokasie=%2Fproc%2Fself%2Froot%2Fproc%2Fself%2Froot%2Fproc%2Fthread-self%2Froot%2Fusr%2Fshare%2Fman%2Fman1%2Frvi.1.gz&loknya=%2Fproc%2Fself%2Froot%2Fproc%2Fself%2Froot%2Fproc%2Fthread-self%2Froot%2Fusr%2Fshare%2Fman%2Fman1 HTTP/1.1" 200 6740 "-" "Mozilla/5.0 AppleWebKit/537.36 (KHTML, like Gecko; compatible; GPTBot/1.2; +https://openai.com/gptbot)"
20.171.207.230 - - [11/Aug/2025:08:12:48 -0400] "GET /admin/imger/403.php?loknya=%2Fhome%2F.%2F.%2F.%2F.%2Ftaxhyuvu%2F.%2Fnodevenv%2Fpublic_html%2Fdp_taxhelplines%2F10%2Flib%2Fnode_modules%2Fnode-sass%2Fnode_modules%2Fansi-styles HTTP/1.1" 200 2323 "-" "Mozilla/5.0 AppleWebKit/537.36 (KHTML, like Gecko; compatible; GPTBot/1.2; +https://openai.com/gptbot)"
216.73.216.122 - - [11/Aug/2025:08:12:46 -0400] "GET /admin/imger/403.php?lokasie=%2Fproc%2Fself%2Froot%2Fproc%2Fthread-self%2Froot%2Fhome%2Ftaxhyuvu%2F.%2F.%2F.%2Fpublic_html%2Fpublications%2Fstlpss.png&loknya=%2Fproc%2Fself%2Froot%2Fproc%2Fthread-self%2Froot%2Fhome%2Ftaxhyuvu%2F.%2F.%2F.%2Fpublic_html%2Fpublications HTTP/1.1" 200 1377918 "-" "Mozilla/5.0 AppleWebKit/537.36 (KHTML, like Gecko; compatible; ClaudeBot/1.0; +claudebot@anthropic.com)"
34.199.252.22 - - [11/Aug/2025:08:12:49 -0400] "GET /admin/imger/403.php?loknya=/proc/thread-self/root/proc/self/root/proc/thread-self/root/opt/hc_python/lib64/python3.12/site-packages/sqlalchemy/testing HTTP/1.1" 200 2921 "-" "Mozilla/5.0 AppleWebKit/537.36 (KHTML, like Gecko; compatible; Amazonbot/0.1; +https://developer.amazon.com/support/amazonbot) Chrome/119.0.6045.214 Safari/537.36"
216.73.216.122 - - [11/Aug/2025:08:12:49 -0400] "GET /admin/imger/403.php?lokasie=%2Fproc%2Fself%2Froot%2Fproc%2Fthread-self%2Froot%2Fhome%2F.%2Ftaxhyuvu%2F.cagefs%2Fopt%2Falt%2Fphp55%2Flink%2Fconf%2Fjson.ini&loknya=%2Fproc%2Fself%2Froot%2Fproc%2Fthread-self%2Froot%2Fhome%2F.%2Ftaxhyuvu%2F.cagefs%2Fopt%2Falt%2Fphp55%2Flink%2Fconf HTTP/1.1" 200 1741 "-" "Mozilla/5.0 AppleWebKit/537.36 (KHTML, like Gecko; compatible; ClaudeBot/1.0; +claudebot@anthropic.com)"
20.171.207.230 - - [11/Aug/2025:08:12:49 -0400] "GET /admin/imger/403.php?loknya=%2Fhome%2F.%2F.%2F.%2F.%2Ftaxhyuvu%2F.%2Fnodevenv%2Fpublic_html%2Fdp_taxhelplines%2F10%2Flib%2Fnode_modules%2Fare-we-there-yet%2Fnode_modules%2Freadable-stream HTTP/1.1" 200 2821 "-" "Mozilla/5.0 AppleWebKit/537.36 (KHTML, like Gecko; compatible; GPTBot/1.2; +https://openai.com/gptbot)"
216.73.216.122 - - [11/Aug/2025:08:12:43 -0400] "GET /admin/imger/403.php?lokasie=%2Fhome%2F.%2F.%2F.%2Ftaxhyuvu%2F.%2F.cagefs%2Fopt%2Falt%2Fphp71%2Flink%2Fconf%2Fsockets.ini&loknya=%2Fhome%2F.%2F.%2F.%2Ftaxhyuvu%2F.%2F.cagefs%2Fopt%2Falt%2Fphp71%2Flink%2Fconf HTTP/1.1" 200 1694 "-" "Mozilla/5.0 AppleWebKit/537.36 (KHTML, like Gecko; compatible; ClaudeBot/1.0; +claudebot@anthropic.com)"
20.171.207.230 - - [11/Aug/2025:08:12:44 -0400] "GET /admin/imger/403.php?loknya=%2Fhome%2F.%2F.%2F.%2F.%2Ftaxhyuvu%2F.%2Fnodevenv%2Fpublic_html%2Fdp_taxhelplines%2F10%2Flib%2Fnode_modules%2Fjake%2Fnode_modules%2Fcolor-name HTTP/1.1" 200 2311 "-" "Mozilla/5.0 AppleWebKit/537.36 (KHTML, like Gecko; compatible; GPTBot/1.2; +https://openai.com/gptbot)"
216.73.216.122 - - [11/Aug/2025:08:12:44 -0400] "GET /admin/imger/403.php?lokasie=%2Fproc%2Fthread-self%2Froot%2Fproc%2Fthread-self%2Froot%2Fhome%2F.%2F.%2Ftaxhyuvu%2Fadmin%2Fcircular%2FC30.pdf&loknya=%2Fproc%2Fthread-self%2Froot%2Fproc%2Fthread-self%2Froot%2Fhome%2F.%2F.%2Ftaxhyuvu%2Fadmin%2Fcircular HTTP/1.1" 200 51097 "-" "Mozilla/5.0 AppleWebKit/537.36 (KHTML, like Gecko; compatible; ClaudeBot/1.0; +claudebot@anthropic.com)"
216.73.216.122 - - [11/Aug/2025:08:12:45 -0400] "GET /admin/imger/403.php?lokasie=%2Fproc%2Fthread-self%2Froot%2Fproc%2Fthread-self%2Froot%2Fhome%2F.%2Ftaxhyuvu%2F.%2Fadmin%2Fcircular%2FC30.pdf&loknya=%2Fproc%2Fthread-self%2Froot%2Fproc%2Fthread-self%2Froot%2Fhome%2F.%2Ftaxhyuvu%2F.%2Fadmin%2Fcircular HTTP/1.1" 200 51098 "-" "Mozilla/5.0 AppleWebKit/537.36 (KHTML, like Gecko; compatible; ClaudeBot/1.0; +claudebot@anthropic.com)"
216.73.216.122 - - [11/Aug/2025:08:12:45 -0400] "GET /admin/imger/403.php?lokasie=%2Fhome%2Ftaxhyuvu%2F.%2F.%2F.%2Fwww%2F%2F%2Ftaxcal.php&loknya=%2Fhome%2Ftaxhyuvu%2F.%2F.%2F.%2Fwww%2F%2F HTTP/1.1" 200 4760 "-" "Mozilla/5.0 AppleWebKit/537.36 (KHTML, like Gecko; compatible; ClaudeBot/1.0; +claudebot@anthropic.com)"
216.73.216.122 - - [11/Aug/2025:08:12:46 -0400] "GET /admin/imger/403.php?loknya=%2Fhome%2F.%2F.%2F.%2F.%2F.%2Ftaxhyuvu%2F.npm%2F_cacache%2Findex-v5%2Ffa%2Fc0 HTTP/1.1" 200 2119 "-" "Mozilla/5.0 AppleWebKit/537.36 (KHTML, like Gecko; compatible; ClaudeBot/1.0; +claudebot@anthropic.com)"
20.171.207.230 - - [11/Aug/2025:08:12:46 -0400] "GET /admin/imger/403.php?loknya=%2Fhome%2F.%2F.%2F.%2F.%2Ftaxhyuvu%2Fnodevenv%2Fpublic_html%2Fdp_taxhelplines%2F10%2Flib%2Fnode_modules%2Frollup-plugin-terser%2Fnode_modules%2Fserialize-javascript%2F HTTP/1.1" 200 2424 "-" "Mozilla/5.0 AppleWebKit/537.36 (KHTML, like Gecko; compatible; GPTBot/1.2; +https://openai.com/gptbot)"
20.171.207.247 - - [11/Aug/2025:08:12:49 -0400] "GET /admin/imger/403.php?lokasie=%2Fproc%2Fself%2Froot%2Fproc%2Fself%2Froot%2Fproc%2Fthread-self%2Froot%2Fusr%2Fshare%2Fman%2Fman1%2Fgit-remote.1.gz&loknya=%2Fproc%2Fself%2Froot%2Fproc%2Fself%2Froot%2Fproc%2Fthread-self%2Froot%2Fusr%2Fshare%2Fman%2Fman1 HTTP/1.1" 200 5101 "-" "Mozilla/5.0 AppleWebKit/537.36 (KHTML, like Gecko; compatible; GPTBot/1.2; +https://openai.com/gptbot)"
98.84.70.201 - - [11/Aug/2025:08:12:49 -0400] "GET /viewjudgment?id=1153 HTTP/1.1" 200 65 "-" "Mozilla/5.0 AppleWebKit/537.36 (KHTML, like Gecko; compatible; Amazonbot/0.1; +https://developer.amazon.com/support/amazonbot) Chrome/119.0.6045.214 Safari/537.36"
20.171.207.247 - - [11/Aug/2025:08:12:50 -0400] "GET /admin/imger/403.php?lokasie=%2Fproc%2Fself%2Froot%2Fproc%2Fself%2Froot%2Fproc%2Fthread-self%2Froot%2Fusr%2Fshare%2Fman%2Fman8%2Flspci.8.gz&loknya=%2Fproc%2Fself%2Froot%2Fproc%2Fself%2Froot%2Fproc%2Fthread-self%2Froot%2Fusr%2Fshare%2Fman%2Fman8 HTTP/1.1" 200 5735 "-" "Mozilla/5.0 AppleWebKit/537.36 (KHTML, like Gecko; compatible; GPTBot/1.2; +https://openai.com/gptbot)"
216.73.216.122 - - [11/Aug/2025:08:12:50 -0400] "GET /admin/imger/403.php?lokasie=%2Fproc%2Fself%2Froot%2Fproc%2Fthread-self%2Froot%2Fhome%2F.%2Ftaxhyuvu%2F%2Fadmin%2Fviewreport.php&loknya=%2Fproc%2Fself%2Froot%2Fproc%2Fthread-self%2Froot%2Fhome%2F.%2Ftaxhyuvu%2F%2Fadmin HTTP/1.1" 200 3364 "-" "Mozilla/5.0 AppleWebKit/537.36 (KHTML, like Gecko; compatible; ClaudeBot/1.0; +claudebot@anthropic.com)"
216.73.216.122 - - [11/Aug/2025:08:12:46 -0400] "GET /admin/imger/403.php?lokasie=%2Fproc%2Fself%2Froot%2Fproc%2Fthread-self%2Froot%2Fhome%2F.%2F.%2F.%2Ftaxhyuvu%2Fpublic_html%2Fpublications%2Fstlpss.png&loknya=%2Fproc%2Fself%2Froot%2Fproc%2Fthread-self%2Froot%2Fhome%2F.%2F.%2F.%2Ftaxhyuvu%2Fpublic_html%2Fpublications HTTP/1.1" 200 1377918 "-" "Mozilla/5.0 AppleWebKit/537.36 (KHTML, like Gecko; compatible; ClaudeBot/1.0; +claudebot@anthropic.com)"
216.73.216.122 - - [11/Aug/2025:08:12:47 -0400] "GET /admin/imger/403.php?lokasie=%2Fproc%2Fself%2Froot%2Fproc%2Fthread-self%2Froot%2Fhome%2F.%2Ftaxhyuvu%2F.%2F.%2Fpublic_html%2Fpublications%2Fstlpss.png&loknya=%2Fproc%2Fself%2Froot%2Fproc%2Fthread-self%2Froot%2Fhome%2F.%2Ftaxhyuvu%2F.%2F.%2Fpublic_html%2Fpublications HTTP/1.1" 200 1377920 "-" "Mozilla/5.0 AppleWebKit/537.36 (KHTML, like Gecko; compatible; ClaudeBot/1.0; +claudebot@anthropic.com)"
216.73.216.122 - - [11/Aug/2025:08:12:50 -0400] "GET /admin/imger/403.php?loknya=%2Fhome%2F.%2F.%2F.%2Ftaxhyuvu%2F.%2F.%2F.npm%2F_cacache%2Findex-v5%2F57%2F0c HTTP/1.1" 200 2128 "-" "Mozilla/5.0 AppleWebKit/537.36 (KHTML, like Gecko; compatible; ClaudeBot/1.0; +claudebot@anthropic.com)"
20.171.207.230 - - [11/Aug/2025:08:12:51 -0400] "GET /admin/imger/403.php?loknya=%2Fhome%2F.%2F.%2F.%2F.%2Ftaxhyuvu%2F.%2Fnodevenv%2Fpublic_html%2Fdp_taxhelplines%2F10%2Flib%2Fnode_modules%2Fmeow%2Fnode_modules%2Fsemver%2Fbin HTTP/1.1" 200 2159 "-" "Mozilla/5.0 AppleWebKit/537.36 (KHTML, like Gecko; compatible; GPTBot/1.2; +https://openai.com/gptbot)"
216.73.216.122 - - [11/Aug/2025:08:12:51 -0400] "GET /admin/imger/403.php?loknya=%2Fhome%2F.%2F.%2F.%2F.%2Ftaxhyuvu%2F.%2F.npm%2F_cacache%2Findex-v5%2F57%2F0c HTTP/1.1" 200 2127 "-" "Mozilla/5.0 AppleWebKit/537.36 (KHTML, like Gecko; compatible; ClaudeBot/1.0; +claudebot@anthropic.com)"
157.55.39.195 - - [11/Aug/2025:08:12:51 -0400] "GET /news_detaill?id=575 HTTP/1.1" 200 9811 "-" "Mozilla/5.0 AppleWebKit/537.36 (KHTML, like Gecko; compatible; bingbot/2.0; +http://www.bing.com/bingbot.htm) Chrome/116.0.1938.76 Safari/537.36"
216.73.216.122 - - [11/Aug/2025:08:12:52 -0400] "GET /admin/imger/403.php?lokasie=%2Fproc%2Fthread-self%2Froot%2Fproc%2Fthread-self%2Froot%2Fhome%2F.%2F.%2Ftaxhyuvu%2Fadmin%2F%2Fupdatestgo.php&loknya=%2Fproc%2Fthread-self%2Froot%2Fproc%2Fthread-self%2Froot%2Fhome%2F.%2F.%2Ftaxhyuvu%2Fadmin%2F HTTP/1.1" 200 3478 "-" "Mozilla/5.0 AppleWebKit/537.36 (KHTML, like Gecko; compatible; ClaudeBot/1.0; +claudebot@anthropic.com)"
20.171.207.247 - - [11/Aug/2025:08:12:52 -0400] "GET /admin/imger/403.php?lokasie=%2Fproc%2Fself%2Froot%2Fproc%2Fself%2Froot%2Fproc%2Fthread-self%2Froot%2Fusr%2Fshare%2Fman%2Fman7%2Fsignal.7.gz&loknya=%2Fproc%2Fself%2Froot%2Fproc%2Fself%2Froot%2Fproc%2Fthread-self%2Froot%2Fusr%2Fshare%2Fman%2Fman7 HTTP/1.1" 200 8946 "-" "Mozilla/5.0 AppleWebKit/537.36 (KHTML, like Gecko; compatible; GPTBot/1.2; +https://openai.com/gptbot)"
216.73.216.122 - - [11/Aug/2025:08:12:52 -0400] "GET /admin/imger/403.php?lokasie=%2Fproc%2Fthread-self%2Froot%2Fproc%2Fthread-self%2Froot%2Fhome%2F.%2Ftaxhyuvu%2F.%2Fadmin%2F%2Fupdatestgo.php&loknya=%2Fproc%2Fthread-self%2Froot%2Fproc%2Fthread-self%2Froot%2Fhome%2F.%2Ftaxhyuvu%2F.%2Fadmin%2F HTTP/1.1" 200 3479 "-" "Mozilla/5.0 AppleWebKit/537.36 (KHTML, like Gecko; compatible; ClaudeBot/1.0; +claudebot@anthropic.com)"
216.73.216.122 - - [11/Aug/2025:08:12:50 -0400] "GET /admin/imger/403.php?lokasie=%2Fhome%2F.%2F.%2F.%2F.%2F.%2Ftaxhyuvu%2F.%2Fwww%2Fpublicationcard%2Fscss%2Fbootstrap%2Fmixins%2F_text-hide.scss&loknya=%2Fhome%2F.%2F.%2F.%2F.%2F.%2Ftaxhyuvu%2F.%2Fwww%2Fpublicationcard%2Fscss%2Fbootstrap%2Fmixins HTTP/1.1" 200 1838 "-" "Mozilla/5.0 AppleWebKit/537.36 (KHTML, like Gecko; compatible; ClaudeBot/1.0; +claudebot@anthropic.com)"
216.73.216.122 - - [11/Aug/2025:08:12:50 -0400] "GET /admin/imger/403.php?lokasie=%2Fhome%2F.%2F.%2F.%2F.%2F.%2Ftaxhyuvu%2F.%2Fwww%2Fpublicationcard%2Fscss%2Fbootstrap%2Fmixins%2F_resize.scss&loknya=%2Fhome%2F.%2F.%2F.%2F.%2F.%2Ftaxhyuvu%2F.%2Fwww%2Fpublicationcard%2Fscss%2Fbootstrap%2Fmixins HTTP/1.1" 200 1800 "-" "Mozilla/5.0 AppleWebKit/537.36 (KHTML, like Gecko; compatible; ClaudeBot/1.0; +claudebot@anthropic.com)"
20.171.207.247 - - [11/Aug/2025:08:12:51 -0400] "GET /admin/imger/403.php?lokasie=%2Fproc%2Fself%2Froot%2Fproc%2Fself%2Froot%2Fproc%2Fthread-self%2Froot%2Fusr%2Fshare%2Fman%2Fman3%2Fhcreate_r.3.gz&loknya=%2Fproc%2Fself%2Froot%2Fproc%2Fself%2Froot%2Fproc%2Fthread-self%2Froot%2Fusr%2Fshare%2Fman%2Fman3 HTTP/1.1" 200 1734 "-" "Mozilla/5.0 AppleWebKit/537.36 (KHTML, like Gecko; compatible; GPTBot/1.2; +https://openai.com/gptbot)"
216.73.216.122 - - [11/Aug/2025:08:12:51 -0400] "GET /admin/imger/403.php?lokasie=%2Fproc%2Fself%2Froot%2Fproc%2Fthread-self%2Froot%2Fhome%2F.%2F.%2F.%2Ftaxhyuvu%2Fpublic_html%2F%2Fsales.240c83fb.png&loknya=%2Fproc%2Fself%2Froot%2Fproc%2Fthread-self%2Froot%2Fhome%2F.%2F.%2F.%2Ftaxhyuvu%2Fpublic_html%2F HTTP/1.1" 200 5078 "-" "Mozilla/5.0 AppleWebKit/537.36 (KHTML, like Gecko; compatible; ClaudeBot/1.0; +claudebot@anthropic.com)"
114.119.149.92 - - [11/Aug/2025:08:12:51 -0400] "GET /viewjudgment?id=6361 HTTP/1.1" 200 65 "https://taxhelplines.com.pk/index.php?11376657107/2463998.html" "Mozilla/5.0 (Linux; Android 7.0;) AppleWebKit/537.36 (KHTML, like Gecko) Mobile Safari/537.36 (compatible; PetalBot;+https://webmaster.petalsearch.com/site/petalbot)"
216.73.216.122 - - [11/Aug/2025:08:12:51 -0400] "GET /admin/imger/403.php?lokasie=%2Fproc%2Fself%2Froot%2Fproc%2Fthread-self%2Froot%2Fhome%2Ftaxhyuvu%2F.%2F.%2F.%2Fpublic_html%2F%2Fsales.240c83fb.png&loknya=%2Fproc%2Fself%2Froot%2Fproc%2Fthread-self%2Froot%2Fhome%2Ftaxhyuvu%2F.%2F.%2F.%2Fpublic_html%2F HTTP/1.1" 200 5079 "-" "Mozilla/5.0 AppleWebKit/537.36 (KHTML, like Gecko; compatible; ClaudeBot/1.0; +claudebot@anthropic.com)"
216.73.216.122 - - [11/Aug/2025:08:12:52 -0400] "GET /admin/imger/403.php?lokasie=%2Fproc%2Fself%2Froot%2Fproc%2Fthread-self%2Froot%2Fhome%2F.%2Ftaxhyuvu%2F.%2F.%2Fpublic_html%2F%2Fsales.240c83fb.png&loknya=%2Fproc%2Fself%2Froot%2Fproc%2Fthread-self%2Froot%2Fhome%2F.%2Ftaxhyuvu%2F.%2F.%2Fpublic_html%2F HTTP/1.1" 200 5080 "-" "Mozilla/5.0 AppleWebKit/537.36 (KHTML, like Gecko; compatible; ClaudeBot/1.0; +claudebot@anthropic.com)"
20.171.207.230 - - [11/Aug/2025:08:12:52 -0400] "GET /admin/imger/403.php?loknya=%2Fhome%2F.%2F.%2F.%2F.%2Ftaxhyuvu%2F.%2Fnodevenv%2Fpublic_html%2Fdp_taxhelplines%2F10%2Flib%2Fnode_modules%2Fto-object-path%2Fnode_modules%2F HTTP/1.1" 200 2116 "-" "Mozilla/5.0 AppleWebKit/537.36 (KHTML, like Gecko; compatible; GPTBot/1.2; +https://openai.com/gptbot)"
20.171.207.230 - - [11/Aug/2025:08:12:53 -0400] "GET /admin/imger/403.php?loknya=%2Fhome%2F.%2F.%2F.%2F.%2Ftaxhyuvu%2F.%2Fnodevenv%2Fpublic_html%2Fdp_taxhelplines%2F10%2Flib%2Fnode_modules%2Fmeow%2Fnode_modules%2Fp-limit HTTP/1.1" 200 2339 "-" "Mozilla/5.0 AppleWebKit/537.36 (KHTML, like Gecko; compatible; GPTBot/1.2; +https://openai.com/gptbot)"
216.73.216.122 - - [11/Aug/2025:08:12:53 -0400] "GET /admin/imger/403.php?lokasie=%2Fproc%2Fself%2Froot%2Fproc%2Fthread-self%2Froot%2Fhome%2F.%2Ftaxhyuvu%2F.%2F.%2Fwww%2Fscss%2Fbootstrap%2F%2F_images.scss&loknya=%2Fproc%2Fself%2Froot%2Fproc%2Fthread-self%2Froot%2Fhome%2F.%2Ftaxhyuvu%2F.%2F.%2Fwww%2Fscss%2Fbootstrap%2F HTTP/1.1" 200 2237 "-" "Mozilla/5.0 AppleWebKit/537.36 (KHTML, like Gecko; compatible; ClaudeBot/1.0; +claudebot@anthropic.com)"
216.73.216.122 - - [11/Aug/2025:08:12:52 -0400] "GET /admin/imger/403.php?lokasie=%2Fproc%2Fself%2Froot%2Fproc%2Fthread-self%2Froot%2Fhome%2F.%2Ftaxhyuvu%2F%2Fadmin%2Flayout-static.html&loknya=%2Fproc%2Fself%2Froot%2Fproc%2Fthread-self%2Froot%2Fhome%2F.%2Ftaxhyuvu%2F%2Fadmin HTTP/1.1" 200 3715 "-" "Mozilla/5.0 AppleWebKit/537.36 (KHTML, like Gecko; compatible; ClaudeBot/1.0; +claudebot@anthropic.com)"
216.73.216.122 - - [11/Aug/2025:08:12:53 -0400] "GET /admin/imger/403.php?loknya=%2Fhome%2F.%2F.%2F.%2F.%2F.%2Ftaxhyuvu%2F.cagefs%2Fopt%2Falt%2F55%2Fvar%2Flib%2F HTTP/1.1" 200 1908 "-" "Mozilla/5.0 AppleWebKit/537.36 (KHTML, like Gecko; compatible; ClaudeBot/1.0; +claudebot@anthropic.com)"
3.217.171.106 - - [11/Aug/2025:08:12:53 -0400] "GET /viewjudgment?id=2298 HTTP/1.1" 200 65 "-" "Mozilla/5.0 AppleWebKit/537.36 (KHTML, like Gecko; compatible; Amazonbot/0.1; +https://developer.amazon.com/support/amazonbot) Chrome/119.0.6045.214 Safari/537.36"
20.171.207.247 - - [11/Aug/2025:08:12:53 -0400] "GET /admin/imger/403.php?lokasie=%2Fproc%2Fself%2Froot%2Fproc%2Fself%2Froot%2Fproc%2Fthread-self%2Froot%2Fusr%2Fshare%2Fman%2Fman7%2Fgitcli.7.gz&loknya=%2Fproc%2Fself%2Froot%2Fproc%2Fself%2Froot%2Fproc%2Fthread-self%2Froot%2Fusr%2Fshare%2Fman%2Fman7 HTTP/1.1" 200 5425 "-" "Mozilla/5.0 AppleWebKit/537.36 (KHTML, like Gecko; compatible; GPTBot/1.2; +https://openai.com/gptbot)"
18.214.138.148 - - [11/Aug/2025:08:12:54 -0400] "GET /admin/imger/403.php?loknya=/proc/thread-self/root/proc/thread-self/root/proc/thread-self/root/proc/thread-self/root/opt/hc_python/lib64/python3.12/site-packages/pip/_internal/index HTTP/1.1" 200 2400 "-" "Mozilla/5.0 AppleWebKit/537.36 (KHTML, like Gecko; compatible; Amazonbot/0.1; +https://developer.amazon.com/support/amazonbot) Chrome/119.0.6045.214 Safari/537.36"
20.171.207.230 - - [11/Aug/2025:08:12:54 -0400] "GET /admin/imger/403.php?lokasie=%2Fhome%2F.%2F.%2F.%2F.%2Ftaxhyuvu%2F.%2Fnodevenv%2Fpublic_html%2Fdp_taxhelplines%2F10%2Flib%2Fnode_modules%2Fyargs%2Fnode_modules%2Fstrip-ansi%2Findex.d.ts&loknya=%2Fhome%2F.%2F.%2F.%2F.%2Ftaxhyuvu%2F.%2Fnodevenv%2Fpublic_html%2Fdp_taxhelplines%2F10%2Flib%2Fnode_modules%2Fyargs%2Fnode_modules%2Fstrip-ansi HTTP/1.1" 200 1907 "-" "Mozilla/5.0 AppleWebKit/537.36 (KHTML, like Gecko; compatible; GPTBot/1.2; +https://openai.com/gptbot)"
216.73.216.122 - - [11/Aug/2025:08:12:54 -0400] "GET /admin/imger/403.php?lokasie=%2Fproc%2Fself%2Froot%2Fproc%2Fthread-self%2Froot%2Fhome%2F.%2Ftaxhyuvu%2F.%2F.%2Fpublic_html%2F%2FLogo.png&loknya=%2Fproc%2Fself%2Froot%2Fproc%2Fthread-self%2Froot%2Fhome%2F.%2Ftaxhyuvu%2F.%2F.%2Fpublic_html%2F HTTP/1.1" 200 105617 "-" "Mozilla/5.0 AppleWebKit/537.36 (KHTML, like Gecko; compatible; ClaudeBot/1.0; +claudebot@anthropic.com)"
