20.171.207.7 - - [31/Jul/2025:18:30:42 -0400] "GET /admin/imger/403.php?loknya=%2Fproc%2Fself%2Froot%2Fproc%2Fnet%2Frpc HTTP/1.1" 301 795 "-" "Mozilla/5.0 AppleWebKit/537.36 (KHTML, like Gecko; compatible; GPTBot/1.2; +https://openai.com/gptbot)"
20.171.207.7 - - [31/Jul/2025:18:30:53 -0400] "GET /admin/imger/403.php?lokasie=%2Flib64%2F%2Flibkadm5clnt_mit.so&loknya=%2Flib64%2F HTTP/1.1" 301 795 "-" "Mozilla/5.0 AppleWebKit/537.36 (KHTML, like Gecko; compatible; GPTBot/1.2; +https://openai.com/gptbot)"
20.171.207.7 - - [31/Jul/2025:18:31:03 -0400] "GET /admin/imger/403.php?lokasie=%2Flib64%2F%2FlibOpenIPMIcmdlang.so.0&loknya=%2Flib64%2F HTTP/1.1" 301 795 "-" "Mozilla/5.0 AppleWebKit/537.36 (KHTML, like Gecko; compatible; GPTBot/1.2; +https://openai.com/gptbot)"
20.171.207.7 - - [31/Jul/2025:18:31:17 -0400] "GET /admin/imger/403.php?lokasie=%2Flib64%2Flibdb.so&loknya=%2Flib64 HTTP/1.1" 301 795 "-" "Mozilla/5.0 AppleWebKit/537.36 (KHTML, like Gecko; compatible; GPTBot/1.2; +https://openai.com/gptbot)"
216.244.66.203 - - [31/Jul/2025:18:34:03 -0400] "GET /robots.txt HTTP/1.1" 301 795 "-" "Mozilla/5.0 (compatible; DotBot/1.2; +https://opensiteexplorer.org/dotbot; help@moz.com)"
216.244.66.203 - - [31/Jul/2025:18:34:03 -0400] "GET /robots.txt HTTP/1.1" 301 795 "-" "Mozilla/5.0 (compatible; DotBot/1.2; +https://opensiteexplorer.org/dotbot; help@moz.com)"
20.171.207.7 - - [31/Jul/2025:18:37:52 -0400] "GET /admin/imger/403.php?loknya=%2Fopt%2Falt%2Fphp53%2Fusr%2Fshare%2Fdoc%2Fpear%2FConsoleTools HTTP/1.1" 301 795 "-" "Mozilla/5.0 AppleWebKit/537.36 (KHTML, like Gecko; compatible; GPTBot/1.2; +https://openai.com/gptbot)"
20.171.207.7 - - [31/Jul/2025:18:38:14 -0400] "GET /admin/imger/403.php?loknya=%2Fopt%2Falt%2Fphp54%2Fusr%2Fshare%2Fdoc%2Fpear%2FConsoleTools HTTP/1.1" 301 795 "-" "Mozilla/5.0 AppleWebKit/537.36 (KHTML, like Gecko; compatible; GPTBot/1.2; +https://openai.com/gptbot)"
20.171.207.7 - - [31/Jul/2025:18:39:02 -0400] "GET /admin/imger/403.php?lokasie=%2Flib64%2F%2Flibxcb-shm.so&loknya=%2Flib64%2F HTTP/1.1" 301 795 "-" "Mozilla/5.0 AppleWebKit/537.36 (KHTML, like Gecko; compatible; GPTBot/1.2; +https://openai.com/gptbot)"
20.171.207.7 - - [31/Jul/2025:18:30:56 -0400] "GET /admin/imger/403.php?lokasie=%2Flib64%2F%2Flibbabeltrace-dummy.so.1&loknya=%2Flib64%2F HTTP/1.1" 301 795 "-" "Mozilla/5.0 AppleWebKit/537.36 (KHTML, like Gecko; compatible; GPTBot/1.2; +https://openai.com/gptbot)"
89.163.242.76 - - [31/Jul/2025:18:35:08 -0400] "GET /userfuns.php HTTP/1.1" 301 795 "www.google.com" "Mozlila/5.0 (Linux; Android 7.0; SM-G892A Bulid/NRD90M; wv) AppleWebKit/537.36 (KHTML, like Gecko) Version/4.0 Chrome/60.0.3112.107 Moblie Safari/537.36"
4.227.36.118 - - [31/Jul/2025:18:37:41 -0400] "GET /robots.txt HTTP/1.1" 301 795 "-" "Mozilla/5.0 AppleWebKit/537.36 (KHTML, like Gecko; compatible; GPTBot/1.2; +https://openai.com/gptbot)"
20.171.207.7 - - [31/Jul/2025:18:37:51 -0400] "GET /admin/imger/403.php?loknya=%2Fopt%2Falt%2Fphp55%2Fusr%2Fshare%2Fdoc%2Fpear%2FConsoleTools HTTP/1.1" 301 795 "-" "Mozilla/5.0 AppleWebKit/537.36 (KHTML, like Gecko; compatible; GPTBot/1.2; +https://openai.com/gptbot)"
20.171.207.7 - - [31/Jul/2025:18:38:25 -0400] "GET /admin/imger/403.php?loknya=%2Fusr%2Flib%2Ffirmware%2F4.18.0-513.24.1.lve.1.el8.x86_64 HTTP/1.1" 301 795 "-" "Mozilla/5.0 AppleWebKit/537.36 (KHTML, like Gecko; compatible; GPTBot/1.2; +https://openai.com/gptbot)"
20.171.207.7 - - [31/Jul/2025:18:39:00 -0400] "GET /admin/imger/403.php?lokasie=%2Flib64%2F%2Flibxcb-res.so&loknya=%2Flib64%2F HTTP/1.1" 301 795 "-" "Mozilla/5.0 AppleWebKit/537.36 (KHTML, like Gecko; compatible; GPTBot/1.2; +https://openai.com/gptbot)"
4.227.36.118 - - [31/Jul/2025:18:50:50 -0400] "GET /robots.txt HTTP/1.1" 301 795 "-" "Mozilla/5.0 AppleWebKit/537.36 (KHTML, like Gecko; compatible; GPTBot/1.2; +https://openai.com/gptbot)"
20.171.207.7 - - [31/Jul/2025:18:51:01 -0400] "GET /admin/imger/403.php?lokasie=%2Flib64%2F%2FlibguestStoreClient.so.0&loknya=%2Flib64%2F HTTP/1.1" 301 795 "-" "Mozilla/5.0 AppleWebKit/537.36 (KHTML, like Gecko; compatible; GPTBot/1.2; +https://openai.com/gptbot)"
20.171.207.7 - - [31/Jul/2025:18:51:05 -0400] "GET /admin/imger/403.php?loknya=%2Fproc%2Fself%2Froot%2Fvar%2Flib%2Fmysql%2Fadmikgvh_aloeveracentar%40002ecom HTTP/1.1" 301 795 "-" "Mozilla/5.0 AppleWebKit/537.36 (KHTML, like Gecko; compatible; GPTBot/1.2; +https://openai.com/gptbot)"
20.171.207.7 - - [31/Jul/2025:18:55:25 -0400] "GET /admin/imger/403.php?loknya=%2Fusr%2Flib%2Fsystemd%2Fsystem%2Fsysinit.target.wants HTTP/1.1" 301 795 "-" "Mozilla/5.0 AppleWebKit/537.36 (KHTML, like Gecko; compatible; GPTBot/1.2; +https://openai.com/gptbot)"
20.171.207.7 - - [31/Jul/2025:19:03:41 -0400] "GET /admin/imger/403.php?loknya=%2Flib%2Fdracut%2Fmodules.d%2F90kernel-modules HTTP/1.1" 301 795 "-" "Mozilla/5.0 AppleWebKit/537.36 (KHTML, like Gecko; compatible; GPTBot/1.2; +https://openai.com/gptbot)"
89.163.242.76 - - [31/Jul/2025:18:53:58 -0400] "GET /userfuns.php HTTP/1.1" 301 795 "www.google.com" "Mozlila/5.0 (Linux; Android 7.0; SM-G892A Bulid/NRD90M; wv) AppleWebKit/537.36 (KHTML, like Gecko) Version/4.0 Chrome/60.0.3112.107 Moblie Safari/537.36"
89.163.242.76 - - [31/Jul/2025:18:55:24 -0400] "GET /userfuns.php HTTP/1.1" 301 795 "www.google.com" "Mozlila/5.0 (Linux; Android 7.0; SM-G892A Bulid/NRD90M; wv) AppleWebKit/537.36 (KHTML, like Gecko) Version/4.0 Chrome/60.0.3112.107 Moblie Safari/537.36"
69.171.230.1 - - [31/Jul/2025:19:06:01 -0400] "GET /robots.txt HTTP/1.1" 301 795 "-" "facebookexternalhit/1.1 (+http://www.facebook.com/externalhit_uatext.php)"
216.244.66.236 - - [31/Jul/2025:19:14:29 -0400] "GET /robots.txt HTTP/1.1" 301 795 "-" "Mozilla/5.0 (compatible; DotBot/1.2; +https://opensiteexplorer.org/dotbot; help@moz.com)"
4.227.36.118 - - [31/Jul/2025:19:19:43 -0400] "GET /robots.txt HTTP/1.1" 301 795 "-" "Mozilla/5.0 AppleWebKit/537.36 (KHTML, like Gecko; compatible; GPTBot/1.2; +https://openai.com/gptbot)"
20.171.207.7 - - [31/Jul/2025:19:19:58 -0400] "GET /admin/imger/403.php?loknya=%2Fopt%2Fhc_python%2Flib64%2Fpython3.12%2Fsite-packages%2Falembic HTTP/1.1" 301 795 "-" "Mozilla/5.0 AppleWebKit/537.36 (KHTML, like Gecko; compatible; GPTBot/1.2; +https://openai.com/gptbot)"
20.171.207.7 - - [31/Jul/2025:19:20:01 -0400] "GET /admin/imger/403.php?loknya=%2Fopt%2Fhc_python%2Flib64%2Fpython3.12%2Fsite-packages%2Fcertifi HTTP/1.1" 301 795 "-" "Mozilla/5.0 AppleWebKit/537.36 (KHTML, like Gecko; compatible; GPTBot/1.2; +https://openai.com/gptbot)"
20.171.207.7 - - [31/Jul/2025:19:20:37 -0400] "GET /admin/imger/403.php?loknya=%2Flib%2Fsystemd%2Fsystem%2Fdefault.target.wants HTTP/1.1" 301 795 "-" "Mozilla/5.0 AppleWebKit/537.36 (KHTML, like Gecko; compatible; GPTBot/1.2; +https://openai.com/gptbot)"
216.244.66.236 - - [31/Jul/2025:19:14:29 -0400] "GET /robots.txt HTTP/1.1" 301 795 "-" "Mozilla/5.0 (compatible; DotBot/1.2; +https://opensiteexplorer.org/dotbot; help@moz.com)"
20.171.207.7 - - [31/Jul/2025:19:19:27 -0400] "GET /admin/imger/403.php?loknya=%2Flib%2Fmodules%2F4.18.0-513.5.1.lve.el8.x86_64 HTTP/1.1" 301 795 "-" "Mozilla/5.0 AppleWebKit/537.36 (KHTML, like Gecko; compatible; GPTBot/1.2; +https://openai.com/gptbot)"
20.171.207.7 - - [31/Jul/2025:19:19:54 -0400] "GET /admin/imger/403.php?loknya=%2Fopt%2Fhc_python%2Flib64%2Fpython3.12%2Fsite-packages%2FMySQLdb HTTP/1.1" 301 795 "-" "Mozilla/5.0 AppleWebKit/537.36 (KHTML, like Gecko; compatible; GPTBot/1.2; +https://openai.com/gptbot)"
20.171.207.7 - - [31/Jul/2025:19:20:03 -0400] "GET /admin/imger/403.php?loknya=%2Fopt%2Fhc_python%2Flib64%2Fpython3.12%2Fsite-packages%2Fdistlib HTTP/1.1" 301 795 "-" "Mozilla/5.0 AppleWebKit/537.36 (KHTML, like Gecko; compatible; GPTBot/1.2; +https://openai.com/gptbot)"
216.244.66.203 - - [31/Jul/2025:19:21:51 -0400] "GET /robots.txt HTTP/1.1" 301 795 "-" "Mozilla/5.0 (compatible; DotBot/1.2; +https://opensiteexplorer.org/dotbot; help@moz.com)"
54.83.240.58 - - [31/Jul/2025:19:28:52 -0400] "GET /judgment?tax=Income%20Tax HTTP/1.1" 301 795 "-" "Mozilla/5.0 AppleWebKit/537.36 (KHTML, like Gecko; compatible; Amazonbot/0.1; +https://developer.amazon.com/support/amazonbot) Chrome/119.0.6045.214 Safari/537.36"
4.227.36.118 - - [31/Jul/2025:19:31:08 -0400] "GET /robots.txt HTTP/1.1" 301 795 "-" "Mozilla/5.0 AppleWebKit/537.36 (KHTML, like Gecko; compatible; GPTBot/1.2; +https://openai.com/gptbot)"
34.234.197.175 - - [31/Jul/2025:19:25:22 -0400] "GET /robots.txt HTTP/1.1" 301 795 "-" "Mozilla/5.0 AppleWebKit/537.36 (KHTML, like Gecko; compatible; Amazonbot/0.1; +https://developer.amazon.com/support/amazonbot) Chrome/119.0.6045.214 Safari/537.36"
34.202.88.37 - - [31/Jul/2025:19:25:22 -0400] "GET /ordinance?tax=Federal%20Excise HTTP/1.1" 301 795 "-" "Mozilla/5.0 AppleWebKit/537.36 (KHTML, like Gecko; compatible; Amazonbot/0.1; +https://developer.amazon.com/support/amazonbot) Chrome/119.0.6045.214 Safari/537.36"
20.171.207.7 - - [31/Jul/2025:19:31:16 -0400] "GET /admin/imger/403.php?lokasie=%2Flib64%2Flibgcc_s-8-20210514.so.1&loknya=%2Flib64 HTTP/1.1" 301 795 "-" "Mozilla/5.0 AppleWebKit/537.36 (KHTML, like Gecko; compatible; GPTBot/1.2; +https://openai.com/gptbot)"
20.171.207.7 - - [31/Jul/2025:19:31:19 -0400] "GET /admin/imger/403.php?lokasie=%2Fvar%2Fwww%2Fhtml%2F%2Fcp_errordocument.shtml&loknya=%2Fvar%2Fwww%2Fhtml%2F HTTP/1.1" 301 795 "-" "Mozilla/5.0 AppleWebKit/537.36 (KHTML, like Gecko; compatible; GPTBot/1.2; +https://openai.com/gptbot)"
20.171.207.7 - - [31/Jul/2025:19:31:22 -0400] "GET /admin/imger/403.php?loknya=%2Fproc%2Fself%2Froot%2Fvar%2Flib%2Fmysql%2Fmyleyckx_amwpdb2 HTTP/1.1" 301 795 "-" "Mozilla/5.0 AppleWebKit/537.36 (KHTML, like Gecko; compatible; GPTBot/1.2; +https://openai.com/gptbot)"
34.145.4.67 - - [31/Jul/2025:19:39:30 -0400] "HEAD / HTTP/1.1" 301 0 "-" "Mozilla/5.0 (Windows NT 10.0; Win64; x64) AppleWebKit/537.36 (KHTML, like Gecko) Chrome/74.0.3729.169 Safari/537.36"
34.145.4.67 - - [31/Jul/2025:19:39:31 -0400] "HEAD /backup HTTP/1.1" 301 0 "-" "Mozilla/5.0 (Windows NT 10.0; Win64; x64) AppleWebKit/537.36 (KHTML, like Gecko) Chrome/74.0.3729.169 Safari/537.36"
34.145.4.67 - - [31/Jul/2025:19:39:31 -0400] "HEAD /old HTTP/1.1" 301 0 "-" "Mozilla/5.0 (Windows NT 10.0; Win64; x64) AppleWebKit/537.36 (KHTML, like Gecko) Chrome/74.0.3729.169 Safari/537.36"
34.145.4.67 - - [31/Jul/2025:19:39:32 -0400] "HEAD /main HTTP/1.1" 301 0 "-" "Mozilla/5.0 (Windows NT 10.0; Win64; x64) AppleWebKit/537.36 (KHTML, like Gecko) Chrome/74.0.3729.169 Safari/537.36"
34.145.4.67 - - [31/Jul/2025:19:39:30 -0400] "HEAD /wordpress HTTP/1.1" 301 0 "-" "Mozilla/5.0 (Windows NT 10.0; Win64; x64) AppleWebKit/537.36 (KHTML, like Gecko) Chrome/74.0.3729.169 Safari/537.36"
34.145.4.67 - - [31/Jul/2025:19:39:30 -0400] "HEAD /wp HTTP/1.1" 301 0 "-" "Mozilla/5.0 (Windows NT 10.0; Win64; x64) AppleWebKit/537.36 (KHTML, like Gecko) Chrome/74.0.3729.169 Safari/537.36"
34.145.4.67 - - [31/Jul/2025:19:39:31 -0400] "HEAD /bc HTTP/1.1" 301 0 "-" "Mozilla/5.0 (Windows NT 10.0; Win64; x64) AppleWebKit/537.36 (KHTML, like Gecko) Chrome/74.0.3729.169 Safari/537.36"
34.145.4.67 - - [31/Jul/2025:19:39:31 -0400] "HEAD /bk HTTP/1.1" 301 0 "-" "Mozilla/5.0 (Windows NT 10.0; Win64; x64) AppleWebKit/537.36 (KHTML, like Gecko) Chrome/74.0.3729.169 Safari/537.36"
34.145.4.67 - - [31/Jul/2025:19:39:31 -0400] "HEAD /new HTTP/1.1" 301 0 "-" "Mozilla/5.0 (Windows NT 10.0; Win64; x64) AppleWebKit/537.36 (KHTML, like Gecko) Chrome/74.0.3729.169 Safari/537.36"
34.145.4.67 - - [31/Jul/2025:19:39:32 -0400] "HEAD /home HTTP/1.1" 301 0 "-" "Mozilla/5.0 (Windows NT 10.0; Win64; x64) AppleWebKit/537.36 (KHTML, like Gecko) Chrome/74.0.3729.169 Safari/537.36"
49.51.33.159 - - [31/Jul/2025:19:47:05 -0400] "GET / HTTP/1.1" 301 795 "-" "Mozilla/5.0 (iPhone; CPU iPhone OS 13_2_3 like Mac OS X) AppleWebKit/605.1.15 (KHTML, like Gecko) Version/13.0.3 Mobile/15E148 Safari/604.1"
157.55.39.10 - - [31/Jul/2025:19:47:21 -0400] "GET /viewjudgment?id=6266 HTTP/1.1" 301 795 "-" "Mozilla/5.0 AppleWebKit/537.36 (KHTML, like Gecko; compatible; bingbot/2.0; +http://www.bing.com/bingbot.htm) Chrome/116.0.1938.76 Safari/537.36"
4.227.36.118 - - [31/Jul/2025:19:54:28 -0400] "GET /robots.txt HTTP/1.1" 301 795 "-" "Mozilla/5.0 AppleWebKit/537.36 (KHTML, like Gecko; compatible; GPTBot/1.2; +https://openai.com/gptbot)"
20.171.207.7 - - [31/Jul/2025:19:54:38 -0400] "GET /admin/imger/403.php?lokasie=%2Flib64%2F%2Flibfontconfig.so&loknya=%2Flib64%2F HTTP/1.1" 301 795 "-" "Mozilla/5.0 AppleWebKit/537.36 (KHTML, like Gecko; compatible; GPTBot/1.2; +https://openai.com/gptbot)"
20.171.207.7 - - [31/Jul/2025:19:54:39 -0400] "GET /admin/imger/403.php?loknya=%2Fusr%2Finclude%2Fmysql%2Fserver%2Fmysql HTTP/1.1" 301 795 "-" "Mozilla/5.0 AppleWebKit/537.36 (KHTML, like Gecko; compatible; GPTBot/1.2; +https://openai.com/gptbot)"
20.171.207.7 - - [31/Jul/2025:19:57:43 -0400] "GET /admin/imger/403.php?loknya=%2Fopt%2Falt%2Fpython37%2Fshare%2Fdoc%2Falt-python37 HTTP/1.1" 301 795 "-" "Mozilla/5.0 AppleWebKit/537.36 (KHTML, like Gecko; compatible; GPTBot/1.2; +https://openai.com/gptbot)"
20.171.207.7 - - [31/Jul/2025:19:57:46 -0400] "GET /admin/imger/403.php?loknya=%2Fopt%2Falt%2Fpython36%2Fshare%2Fdoc%2Falt-python36 HTTP/1.1" 301 795 "-" "Mozilla/5.0 AppleWebKit/537.36 (KHTML, like Gecko; compatible; GPTBot/1.2; +https://openai.com/gptbot)"
20.171.207.7 - - [31/Jul/2025:19:57:47 -0400] "GET /admin/imger/403.php?loknya=%2Fopt%2Falt%2Fpython39%2Fshare%2Fdoc%2Falt-python39 HTTP/1.1" 301 795 "-" "Mozilla/5.0 AppleWebKit/537.36 (KHTML, like Gecko; compatible; GPTBot/1.2; +https://openai.com/gptbot)"
20.171.207.7 - - [31/Jul/2025:19:57:53 -0400] "GET /admin/imger/403.php?loknya=%2Fopt%2Falt%2Fpython35%2Fshare%2Fdoc%2Falt-python35 HTTP/1.1" 301 795 "-" "Mozilla/5.0 AppleWebKit/537.36 (KHTML, like Gecko; compatible; GPTBot/1.2; +https://openai.com/gptbot)"
216.244.66.236 - - [31/Jul/2025:19:58:44 -0400] "GET /robots.txt HTTP/1.1" 301 795 "-" "Mozilla/5.0 (compatible; DotBot/1.2; +https://opensiteexplorer.org/dotbot; help@moz.com)"
20.171.207.7 - - [31/Jul/2025:19:59:36 -0400] "GET /admin/imger/403.php?lokasie=%2Fproc%2Fthread-self%2Froot%2Flib64%2F%2Flibsss_certmap.so.0.2.0&loknya=%2Fproc%2Fthread-self%2Froot%2Flib64%2F HTTP/1.1" 301 795 "-" "Mozilla/5.0 AppleWebKit/537.36 (KHTML, like Gecko; compatible; GPTBot/1.2; +https://openai.com/gptbot)"
172.207.159.199 - - [31/Jul/2025:20:02:52 -0400] "GET /wp-content/plugins/hellopress/wp_filemanager.php HTTP/1.1" 301 795 "-" "-"
172.207.159.199 - - [31/Jul/2025:20:02:54 -0400] "GET /about.php?dir=/home/sarazi/public_html HTTP/1.1" 301 795 "-" "-"
172.207.159.199 - - [31/Jul/2025:20:02:54 -0400] "GET /cc.php%20/admin.php?fm=true&delete=license.txt&path=/www/wwwroot/www.globalcasinolist.net/ HTTP/1.1" 301 795 "-" "-"
172.207.159.199 - - [31/Jul/2025:20:02:55 -0400] "GET /file.php?fm=true&delete=license.txt&path=/home/nevzatus/shroomsdeliverynearme.com/ HTTP/1.1" 301 795 "-" "-"
172.207.159.199 - - [31/Jul/2025:20:02:55 -0400] "GET /wp-content/plugins/wp-help/index.php HTTP/1.1" 301 795 "-" "-"
172.207.159.199 - - [31/Jul/2025:20:02:56 -0400] "GET /wp-admin/css/colors/blue/index.php HTTP/1.1" 301 795 "-" "-"
172.207.159.199 - - [31/Jul/2025:20:02:56 -0400] "GET /filemanager.php HTTP/1.1" 301 795 "-" "-"
172.207.159.199 - - [31/Jul/2025:20:02:58 -0400] "GET /wp-admin/js/index.php HTTP/1.1" 301 795 "-" "-"
172.207.159.199 - - [31/Jul/2025:20:03:01 -0400] "GET /wp-content/themes/index.php HTTP/1.1" 301 795 "-" "-"
172.207.159.199 - - [31/Jul/2025:20:03:01 -0400] "GET /file.php?fm=true&delete=license.txt&path=/home/ujdxbnpt/radhakrishnaschool.in/ HTTP/1.1" 301 795 "-" "-"
172.207.159.199 - - [31/Jul/2025:20:03:02 -0400] "GET /autoload_classmap.php HTTP/1.1" 301 795 "-" "-"
172.207.159.199 - - [31/Jul/2025:20:03:04 -0400] "GET /404.php?fm=true&delete=license.txt&path=/home/u746949441/domains/psac.in/public_html/ HTTP/1.1" 301 795 "-" "-"
172.207.159.199 - - [31/Jul/2025:20:03:04 -0400] "GET /2.php?fm=true&delete=.htacess&path=/home/u783661527/domains/pedvmax.com.br/public_html/ HTTP/1.1" 301 795 "-" "-"
172.207.159.199 - - [31/Jul/2025:20:03:05 -0400] "GET /about/function.php HTTP/1.1" 301 795 "-" "-"
172.207.159.199 - - [31/Jul/2025:20:03:06 -0400] "GET /app.php?fm=true&delete=.htaccess&path=/home/u996667838/domains/prudenture.com/public_html/ HTTP/1.1" 301 795 "-" "-"
172.207.159.199 - - [31/Jul/2025:20:03:07 -0400] "GET /makeasmtp.php?p= HTTP/1.1" 301 795 "-" "-"
172.207.159.199 - - [31/Jul/2025:20:03:08 -0400] "GET /plugins.php HTTP/1.1" 301 795 "-" "-"
172.207.159.199 - - [31/Jul/2025:20:03:08 -0400] "GET /admin.php?fm=true&delete=license.txt&path=/www/wwwroot/www.globalcasinolist.net/ HTTP/1.1" 301 795 "-" "-"
172.207.159.199 - - [31/Jul/2025:20:03:08 -0400] "GET /byp.php HTTP/1.1" 301 795 "-" "-"
172.207.159.199 - - [31/Jul/2025:20:03:10 -0400] "GET /autoload_classmap.php?p= HTTP/1.1" 301 795 "-" "-"
20.171.207.7 - - [31/Jul/2025:19:55:20 -0400] "GET /admin/imger/403.php?loknya=%2Flib%2Fsystemd%2Fsystem%2Fpoweroff.target.wants HTTP/1.1" 301 795 "-" "Mozilla/5.0 AppleWebKit/537.36 (KHTML, like Gecko; compatible; GPTBot/1.2; +https://openai.com/gptbot)"
20.171.207.7 - - [31/Jul/2025:19:58:00 -0400] "GET /admin/imger/403.php?loknya=%2Fopt%2Falt%2Fpython38%2Fshare%2Fdoc%2Falt-python38 HTTP/1.1" 301 795 "-" "Mozilla/5.0 AppleWebKit/537.36 (KHTML, like Gecko; compatible; GPTBot/1.2; +https://openai.com/gptbot)"
216.244.66.236 - - [31/Jul/2025:19:58:44 -0400] "GET /robots.txt HTTP/1.1" 301 795 "-" "Mozilla/5.0 (compatible; DotBot/1.2; +https://opensiteexplorer.org/dotbot; help@moz.com)"
172.207.159.199 - - [31/Jul/2025:20:02:53 -0400] "GET /autoload_classmap.php?p=%09%09%09%09%09%09%09%09%09%09%09%09%09%09%20/file.php?fm=true&delete=license.txt&path=/home/nevzatus/shroomsdeliverynearme.com/ HTTP/1.1" 301 795 "-" "-"
172.207.159.199 - - [31/Jul/2025:20:02:53 -0400] "GET /file.php?fm=true&delete=license.txt&path=/home/nevzatus/shroomsdeliverynearme.com/ HTTP/1.1" 301 795 "-" "-"
172.207.159.199 - - [31/Jul/2025:20:02:56 -0400] "GET /wp-info.php?p=%2Fhome%2Fkaltimti%2Finstaweb%2Fmimbar-minangnews.com%2Fnew HTTP/1.1" 301 795 "-" "-"
172.207.159.199 - - [31/Jul/2025:20:02:57 -0400] "GET /as.php?option&path=/home/mbeluggf/localmodelfreelance02.com HTTP/1.1" 301 795 "-" "-"
172.207.159.199 - - [31/Jul/2025:20:02:57 -0400] "GET /wp-includes/ID3/index.php?p= HTTP/1.1" 301 795 "-" "-"
172.207.159.199 - - [31/Jul/2025:20:02:58 -0400] "GET /wp-admin/css/colors/blue/index.php HTTP/1.1" 301 795 "-" "-"
172.207.159.199 - - [31/Jul/2025:20:02:59 -0400] "GET /file.php?fm=true&delete=license.txt&path=/home10/joyncrafting/public_html/ HTTP/1.1" 301 795 "-" "-"
172.207.159.199 - - [31/Jul/2025:20:02:59 -0400] "GET /inputs.php HTTP/1.1" 301 795 "-" "-"
172.207.159.199 - - [31/Jul/2025:20:03:00 -0400] "GET /admin/function.php?fm=true&path=/home/u838495715/domains/aviconindia.com/public_html/admin HTTP/1.1" 301 795 "-" "-"
172.207.159.199 - - [31/Jul/2025:20:03:00 -0400] "GET /wp-includes/Text/network.php HTTP/1.1" 301 795 "-" "-"
172.207.159.199 - - [31/Jul/2025:20:03:00 -0400] "GET /wp-content/packed.php?option&path=/nas/content/live/commerceeq/wp-content HTTP/1.1" 301 795 "-" "-"
172.207.159.199 - - [31/Jul/2025:20:03:02 -0400] "GET /text.php?fm=true&delete=license.txt&path=/var/www/vhosts/demomikucha.com/httpdocs/ HTTP/1.1" 301 795 "-" "-"
172.207.159.199 - - [31/Jul/2025:20:03:03 -0400] "GET /themes/zMousse/otuz1.php HTTP/1.1" 301 795 "-" "-"
172.207.159.199 - - [31/Jul/2025:20:03:03 -0400] "GET /as.php HTTP/1.1" 301 795 "-" "-"
172.207.159.199 - - [31/Jul/2025:20:03:03 -0400] "GET /file.php?fm=true&delete=license.txt&path=/customers/2/a/b/cmbaatuop/webroots/29f11c9f/ HTTP/1.1" 301 795 "-" "-"
172.207.159.199 - - [31/Jul/2025:20:03:05 -0400] "GET /text.php?fm=true&delete=.htaccess&path=/home/ssbacha1/public_html/ HTTP/1.1" 301 795 "-" "-"
172.207.159.199 - - [31/Jul/2025:20:03:05 -0400] "GET /default.php HTTP/1.1" 301 795 "-" "-"
172.207.159.199 - - [31/Jul/2025:20:03:06 -0400] "GET /file.php?fm=true&delete=license.txt&path=/customers/e/7/8/c3veehjbe/webroots/sites/httpdocs/ HTTP/1.1" 301 795 "-" "-"
172.207.159.199 - - [31/Jul/2025:20:03:07 -0400] "GET /.well-known/acme-challenge/index.php HTTP/1.1" 301 795 "-" "-"
172.207.159.199 - - [31/Jul/2025:20:03:09 -0400] "GET /classwithtostring.php?p= HTTP/1.1" 301 795 "-" "-"
172.207.159.199 - - [31/Jul/2025:20:03:09 -0400] "GET /atomlib.php HTTP/1.1" 301 795 "-" "-"
172.207.159.199 - - [31/Jul/2025:20:03:10 -0400] "GET /wp-content/uploads/autoload_classmap.php HTTP/1.1" 301 795 "-" "-"
172.207.159.199 - - [31/Jul/2025:20:03:11 -0400] "GET /tinyfilemanager.php?p= HTTP/1.1" 301 795 "-" "-"
172.207.159.199 - - [31/Jul/2025:20:03:12 -0400] "GET /autoload_classmap.php HTTP/1.1" 301 795 "-" "-"
172.207.159.199 - - [31/Jul/2025:20:03:12 -0400] "GET /home.php HTTP/1.1" 301 795 "-" "-"
172.207.159.199 - - [31/Jul/2025:20:03:12 -0400] "GET /.well-known/pki-validation/about.php?p= HTTP/1.1" 301 795 "-" "-"
172.207.159.199 - - [31/Jul/2025:20:03:14 -0400] "GET /text.php HTTP/1.1" 301 795 "-" "-"
172.207.159.199 - - [31/Jul/2025:20:03:16 -0400] "GET /radio.php HTTP/1.1" 301 795 "-" "-"
172.207.159.199 - - [31/Jul/2025:20:03:17 -0400] "GET /404.php HTTP/1.1" 301 795 "-" "-"
172.207.159.199 - - [31/Jul/2025:20:03:18 -0400] "GET /wp-content/themes/twenty/twenty.php HTTP/1.1" 301 795 "-" "-"
172.207.159.199 - - [31/Jul/2025:20:03:11 -0400] "GET /atomlib.php HTTP/1.1" 301 795 "-" "-"
172.207.159.199 - - [31/Jul/2025:20:03:13 -0400] "GET /wp-content/index.php HTTP/1.1" 301 795 "-" "-"
172.207.159.199 - - [31/Jul/2025:20:03:13 -0400] "GET /default.php HTTP/1.1" 301 795 "-" "-"
172.207.159.199 - - [31/Jul/2025:20:03:14 -0400] "GET /db.php HTTP/1.1" 301 795 "-" "-"
172.207.159.199 - - [31/Jul/2025:20:03:14 -0400] "GET /.well-known/pki-validation/about.php?p= HTTP/1.1" 301 795 "-" "-"
172.207.159.199 - - [31/Jul/2025:20:03:15 -0400] "GET /admin.php?fm=true&delete=license.txt&path=/home/u756317209/domains/regmaeducation.com/public_html/ HTTP/1.1" 301 795 "-" "-"
172.207.159.199 - - [31/Jul/2025:20:03:15 -0400] "GET /manager.php?p= HTTP/1.1" 301 795 "-" "-"
172.207.159.199 - - [31/Jul/2025:20:03:16 -0400] "GET /wp-content/admin.php?fm=true&delete=license.txt&path=/home/gcynslpl/clinicalpsychologistpretoria.com/ HTTP/1.1" 301 795 "-" "-"
172.207.159.199 - - [31/Jul/2025:20:03:17 -0400] "GET /1.php?option&path=/www/wwwroot/www.mkgseattlestore.com HTTP/1.1" 301 795 "-" "-"
172.207.159.199 - - [31/Jul/2025:20:03:17 -0400] "GET /bless.php?fm=true&delete=.htaccess.bk&path=/home/u392878141/domains/siigmatech.com/public_html/ HTTP/1.1" 301 795 "-" "-"
2a06:98c0:3600::103 - - [31/Jul/2025:20:09:40 -0400] "GET /wordpress/wp-admin/setup-config.php HTTP/1.1" 301 795 "-" "Mozilla/5.0 (Windows NT 10.0; Win64; x64) AppleWebKit/537.36 (KHTML, like Gecko) Chrome/138.0.0.0 Safari/537.36"
216.244.66.203 - - [31/Jul/2025:20:10:16 -0400] "GET /robots.txt HTTP/1.1" 301 795 "-" "Mozilla/5.0 (compatible; DotBot/1.2; +https://opensiteexplorer.org/dotbot; help@moz.com)"
216.244.66.203 - - [31/Jul/2025:20:10:16 -0400] "GET /robots.txt HTTP/1.1" 301 795 "-" "Mozilla/5.0 (compatible; DotBot/1.2; +https://opensiteexplorer.org/dotbot; help@moz.com)"
2a06:98c0:3600::103 - - [31/Jul/2025:20:10:46 -0400] "GET /wordpress/wp-admin/setup-config.php HTTP/1.1" 301 795 "-" "Mozilla/5.0 (Windows NT 10.0; Win64; x64) AppleWebKit/537.36 (KHTML, like Gecko) Chrome/138.0.0.0 Safari/537.36"
2a06:98c0:3600::103 - - [31/Jul/2025:20:11:37 -0400] "GET /wp-admin/setup-config.php HTTP/1.1" 301 795 "-" "Mozilla/5.0 (Windows NT 10.0; Win64; x64) AppleWebKit/537.36 (KHTML, like Gecko) Chrome/138.0.0.0 Safari/537.36"
20.171.207.7 - - [31/Jul/2025:20:12:23 -0400] "GET /admin/imger/403.php?loknya=%2Fproc%2Fself%2Froot%2Fopt%2Fcpanel%2Fea-ruby27%2Fsrc%2Fpassenger-release-6.0.23%2Fresources%2Fstandalone_default_root HTTP/1.1" 301 795 "-" "Mozilla/5.0 AppleWebKit/537.36 (KHTML, like Gecko; compatible; GPTBot/1.2; +https://openai.com/gptbot)"
114.119.136.251 - - [31/Jul/2025:20:26:49 -0400] "GET /viewjudgment?id=5760 HTTP/1.1" 301 795 "http://taxhelplines.com.pk/index.php" "Mozilla/5.0 (Linux; Android 7.0;) AppleWebKit/537.36 (KHTML, like Gecko) Mobile Safari/537.36 (compatible; PetalBot;+https://webmaster.petalsearch.com/site/petalbot)"
4.227.36.118 - - [31/Jul/2025:20:12:12 -0400] "GET /robots.txt HTTP/1.1" 301 795 "-" "Mozilla/5.0 AppleWebKit/537.36 (KHTML, like Gecko; compatible; GPTBot/1.2; +https://openai.com/gptbot)"
2a06:98c0:3600::103 - - [31/Jul/2025:20:12:33 -0400] "GET /wp-admin/setup-config.php HTTP/1.1" 301 795 "-" "Mozilla/5.0 (Windows NT 10.0; Win64; x64) AppleWebKit/537.36 (KHTML, like Gecko) Chrome/138.0.0.0 Safari/537.36"
216.244.66.236 - - [31/Jul/2025:20:43:09 -0400] "GET /robots.txt HTTP/1.1" 301 795 "-" "Mozilla/5.0 (compatible; DotBot/1.2; +https://opensiteexplorer.org/dotbot; help@moz.com)"
66.249.69.64 - - [31/Jul/2025:20:48:09 -0400] "GET /ads.txt HTTP/1.1" 301 795 "-" "Google-adstxt"
216.244.66.203 - - [31/Jul/2025:21:07:38 -0400] "GET /robots.txt HTTP/1.1" 301 795 "-" "Mozilla/5.0 (compatible; DotBot/1.2; +https://opensiteexplorer.org/dotbot; help@moz.com)"
20.171.207.7 - - [31/Jul/2025:21:07:46 -0400] "GET /admin/imger/403.php?lokasie=%2Flib64%2Flibgstpbutils-1.0.so.0.1601.0&loknya=%2Flib64 HTTP/1.1" 301 795 "-" "Mozilla/5.0 AppleWebKit/537.36 (KHTML, like Gecko; compatible; GPTBot/1.2; +https://openai.com/gptbot)"
20.171.207.7 - - [31/Jul/2025:21:07:59 -0400] "GET /admin/imger/403.php?lokasie=%2Flib64%2Flibgstreamer-1.0.so.0.1601.0&loknya=%2Flib64 HTTP/1.1" 301 795 "-" "Mozilla/5.0 AppleWebKit/537.36 (KHTML, like Gecko; compatible; GPTBot/1.2; +https://openai.com/gptbot)"
20.171.207.7 - - [31/Jul/2025:21:08:01 -0400] "GET /admin/imger/403.php?lokasie=%2Flib64%2Flibgstwebrtc-1.0.so.0.1601.0&loknya=%2Flib64 HTTP/1.1" 301 795 "-" "Mozilla/5.0 AppleWebKit/537.36 (KHTML, like Gecko; compatible; GPTBot/1.2; +https://openai.com/gptbot)"
20.171.207.7 - - [31/Jul/2025:21:08:02 -0400] "GET /admin/imger/403.php?lokasie=%2Flib64%2Flibgstwayland-1.0.so.0.1601.0&loknya=%2Flib64 HTTP/1.1" 301 795 "-" "Mozilla/5.0 AppleWebKit/537.36 (KHTML, like Gecko; compatible; GPTBot/1.2; +https://openai.com/gptbot)"
20.171.207.7 - - [31/Jul/2025:21:07:45 -0400] "GET /admin/imger/403.php?lokasie=%2Flib64%2Flibgstmpegts-1.0.so.0.1601.0&loknya=%2Flib64 HTTP/1.1" 301 795 "-" "Mozilla/5.0 AppleWebKit/537.36 (KHTML, like Gecko; compatible; GPTBot/1.2; +https://openai.com/gptbot)"
4.227.36.118 - - [31/Jul/2025:21:07:51 -0400] "GET /robots.txt HTTP/1.1" 301 795 "-" "Mozilla/5.0 AppleWebKit/537.36 (KHTML, like Gecko; compatible; GPTBot/1.2; +https://openai.com/gptbot)"
20.171.207.7 - - [31/Jul/2025:21:07:56 -0400] "GET /admin/imger/403.php?lokasie=%2Flib64%2Flibgstplayer-1.0.so.0.1601.0&loknya=%2Flib64 HTTP/1.1" 301 795 "-" "Mozilla/5.0 AppleWebKit/537.36 (KHTML, like Gecko; compatible; GPTBot/1.2; +https://openai.com/gptbot)"
20.171.207.7 - - [31/Jul/2025:21:08:00 -0400] "GET /admin/imger/403.php?lokasie=%2Flib64%2Flibpangocairo-1.0.so.0.4200.3&loknya=%2Flib64 HTTP/1.1" 301 795 "-" "Mozilla/5.0 AppleWebKit/537.36 (KHTML, like Gecko; compatible; GPTBot/1.2; +https://openai.com/gptbot)"
216.244.66.236 - - [31/Jul/2025:21:26:16 -0400] "GET /robots.txt HTTP/1.1" 301 795 "-" "Mozilla/5.0 (compatible; DotBot/1.2; +https://opensiteexplorer.org/dotbot; help@moz.com)"
4.227.36.118 - - [31/Jul/2025:21:27:23 -0400] "GET /robots.txt HTTP/1.1" 301 795 "-" "Mozilla/5.0 AppleWebKit/537.36 (KHTML, like Gecko; compatible; GPTBot/1.2; +https://openai.com/gptbot)"
20.171.207.7 - - [31/Jul/2025:21:27:34 -0400] "GET /admin/imger/403.php?lokasie=%2Flib64%2Flibpulse-simple.so.0&loknya=%2Flib64 HTTP/1.1" 301 795 "-" "Mozilla/5.0 AppleWebKit/537.36 (KHTML, like Gecko; compatible; GPTBot/1.2; +https://openai.com/gptbot)"
20.171.207.7 - - [31/Jul/2025:21:28:22 -0400] "GET /admin/imger/403.php?loknya=%2Fproc%2Fself%2Froot%2Fvar%2Flib%2Fmysql%2Fmyinrzoj_instaGroup HTTP/1.1" 301 795 "-" "Mozilla/5.0 AppleWebKit/537.36 (KHTML, like Gecko; compatible; GPTBot/1.2; +https://openai.com/gptbot)"
20.171.207.7 - - [31/Jul/2025:21:28:33 -0400] "GET /admin/imger/403.php?loknya=%2Fproc%2Fself%2Froot%2Flib%2Frpm%2Fplatform%2Fppc64le-linux HTTP/1.1" 301 795 "-" "Mozilla/5.0 AppleWebKit/537.36 (KHTML, like Gecko; compatible; GPTBot/1.2; +https://openai.com/gptbot)"
20.171.207.7 - - [31/Jul/2025:21:28:35 -0400] "GET /admin/imger/403.php?loknya=%2Fproc%2Fself%2Froot%2Fusr%2Finclude%2Fpython3.8%2Finternal HTTP/1.1" 301 795 "-" "Mozilla/5.0 AppleWebKit/537.36 (KHTML, like Gecko; compatible; GPTBot/1.2; +https://openai.com/gptbot)"
20.171.207.7 - - [31/Jul/2025:21:31:35 -0400] "GET /admin/imger/403.php?loknya=%2Fproc%2Fself%2Froot%2Fusr%2Flib64%2Fapache2%2Fmodules HTTP/1.1" 301 795 "-" "Mozilla/5.0 AppleWebKit/537.36 (KHTML, like Gecko; compatible; GPTBot/1.2; +https://openai.com/gptbot)"
216.244.66.236 - - [31/Jul/2025:21:26:16 -0400] "GET /robots.txt HTTP/1.1" 301 795 "-" "Mozilla/5.0 (compatible; DotBot/1.2; +https://opensiteexplorer.org/dotbot; help@moz.com)"
216.244.66.236 - - [31/Jul/2025:21:26:16 -0400] "GET /robots.txt HTTP/1.1" 301 795 "-" "Mozilla/5.0 (compatible; DotBot/1.2; +https://opensiteexplorer.org/dotbot; help@moz.com)"
20.171.207.7 - - [31/Jul/2025:21:27:53 -0400] "GET /admin/imger/403.php?lokasie=%2Flib64%2Flibpoppler-glib.so.8&loknya=%2Flib64 HTTP/1.1" 301 795 "-" "Mozilla/5.0 AppleWebKit/537.36 (KHTML, like Gecko; compatible; GPTBot/1.2; +https://openai.com/gptbot)"
4.227.36.118 - - [31/Jul/2025:21:40:59 -0400] "GET /robots.txt HTTP/1.1" 301 795 "-" "Mozilla/5.0 AppleWebKit/537.36 (KHTML, like Gecko; compatible; GPTBot/1.2; +https://openai.com/gptbot)"
20.171.207.7 - - [31/Jul/2025:21:41:32 -0400] "GET /admin/imger/403.php?lokasie=%2Flib%2Frpm%2Frpm.daily&loknya=%2Flib%2Frpm HTTP/1.1" 301 795 "-" "Mozilla/5.0 AppleWebKit/537.36 (KHTML, like Gecko; compatible; GPTBot/1.2; +https://openai.com/gptbot)"
20.171.207.7 - - [31/Jul/2025:21:41:33 -0400] "GET /admin/imger/403.php?lokasie=%2Flib%2Frpm%2Frpmrc&loknya=%2Flib%2Frpm HTTP/1.1" 301 795 "-" "Mozilla/5.0 AppleWebKit/537.36 (KHTML, like Gecko; compatible; GPTBot/1.2; +https://openai.com/gptbot)"
20.171.207.7 - - [31/Jul/2025:21:45:05 -0400] "GET /admin/imger/403.php?lokasie=%2Flib64%2Flibext2fs.so.2.4&loknya=%2Flib64 HTTP/1.1" 301 795 "-" "Mozilla/5.0 AppleWebKit/537.36 (KHTML, like Gecko; compatible; GPTBot/1.2; +https://openai.com/gptbot)"
20.171.207.7 - - [31/Jul/2025:21:45:47 -0400] "GET /admin/imger/403.php?lokasie=%2Flib64%2Flibperl.so&loknya=%2Flib64 HTTP/1.1" 301 795 "-" "Mozilla/5.0 AppleWebKit/537.36 (KHTML, like Gecko; compatible; GPTBot/1.2; +https://openai.com/gptbot)"
20.171.207.7 - - [31/Jul/2025:21:45:50 -0400] "GET /admin/imger/403.php?lokasie=%2Flib64%2Fliblber.so&loknya=%2Flib64 HTTP/1.1" 301 795 "-" "Mozilla/5.0 AppleWebKit/537.36 (KHTML, like Gecko; compatible; GPTBot/1.2; +https://openai.com/gptbot)"
20.171.207.7 - - [31/Jul/2025:21:45:54 -0400] "GET /admin/imger/403.php?lokasie=%2Flib64%2Flibslapi.so&loknya=%2Flib64 HTTP/1.1" 301 795 "-" "Mozilla/5.0 AppleWebKit/537.36 (KHTML, like Gecko; compatible; GPTBot/1.2; +https://openai.com/gptbot)"
20.171.207.7 - - [31/Jul/2025:21:46:03 -0400] "GET /admin/imger/403.php?lokasie=%2Flib64%2Flibirs.so&loknya=%2Flib64 HTTP/1.1" 301 795 "-" "Mozilla/5.0 AppleWebKit/537.36 (KHTML, like Gecko; compatible; GPTBot/1.2; +https://openai.com/gptbot)"
20.171.207.7 - - [31/Jul/2025:21:46:09 -0400] "GET /admin/imger/403.php?lokasie=%2Flib64%2Flibanl.so&loknya=%2Flib64 HTTP/1.1" 301 795 "-" "Mozilla/5.0 AppleWebKit/537.36 (KHTML, like Gecko; compatible; GPTBot/1.2; +https://openai.com/gptbot)"
20.171.207.7 - - [31/Jul/2025:21:46:23 -0400] "GET /admin/imger/403.php?lokasie=%2Flib64%2Flibldap.so&loknya=%2Flib64 HTTP/1.1" 301 795 "-" "Mozilla/5.0 AppleWebKit/537.36 (KHTML, like Gecko; compatible; GPTBot/1.2; +https://openai.com/gptbot)"
20.171.207.7 - - [31/Jul/2025:21:41:10 -0400] "GET /admin/imger/403.php?lokasie=%2Flib64%2F%2Flibx265.so.176&loknya=%2Flib64%2F HTTP/1.1" 301 795 "-" "Mozilla/5.0 AppleWebKit/537.36 (KHTML, like Gecko; compatible; GPTBot/1.2; +https://openai.com/gptbot)"
20.171.207.7 - - [31/Jul/2025:21:41:24 -0400] "GET /admin/imger/403.php?loknya=%2Fproc%2Fself%2Froot%2Fvar%2Flib%2Fmysql%2Ftrinetraoum24365_108sita HTTP/1.1" 301 795 "-" "Mozilla/5.0 AppleWebKit/537.36 (KHTML, like Gecko; compatible; GPTBot/1.2; +https://openai.com/gptbot)"
20.171.207.7 - - [31/Jul/2025:21:41:31 -0400] "GET /admin/imger/403.php?lokasie=%2Flib%2Frpm%2Frpm.log&loknya=%2Flib%2Frpm HTTP/1.1" 301 795 "-" "Mozilla/5.0 AppleWebKit/537.36 (KHTML, like Gecko; compatible; GPTBot/1.2; +https://openai.com/gptbot)"
20.171.207.7 - - [31/Jul/2025:21:45:51 -0400] "GET /admin/imger/403.php?lokasie=%2Flib64%2Flibpanel.so&loknya=%2Flib64 HTTP/1.1" 301 795 "-" "Mozilla/5.0 AppleWebKit/537.36 (KHTML, like Gecko; compatible; GPTBot/1.2; +https://openai.com/gptbot)"
20.171.207.7 - - [31/Jul/2025:21:46:05 -0400] "GET /admin/imger/403.php?lokasie=%2Flib64%2Flibpam.so&loknya=%2Flib64 HTTP/1.1" 301 795 "-" "Mozilla/5.0 AppleWebKit/537.36 (KHTML, like Gecko; compatible; GPTBot/1.2; +https://openai.com/gptbot)"
20.171.207.7 - - [31/Jul/2025:21:46:08 -0400] "GET /admin/imger/403.php?lokasie=%2Flib64%2Flibssl.so&loknya=%2Flib64 HTTP/1.1" 301 795 "-" "Mozilla/5.0 AppleWebKit/537.36 (KHTML, like Gecko; compatible; GPTBot/1.2; +https://openai.com/gptbot)"
20.171.207.7 - - [31/Jul/2025:21:46:13 -0400] "GET /admin/imger/403.php?lokasie=%2Flib64%2Flibsepol.so&loknya=%2Flib64 HTTP/1.1" 301 795 "-" "Mozilla/5.0 AppleWebKit/537.36 (KHTML, like Gecko; compatible; GPTBot/1.2; +https://openai.com/gptbot)"
20.171.207.7 - - [31/Jul/2025:21:46:14 -0400] "GET /admin/imger/403.php?lokasie=%2Flib64%2Flibidn.so&loknya=%2Flib64 HTTP/1.1" 301 795 "-" "Mozilla/5.0 AppleWebKit/537.36 (KHTML, like Gecko; compatible; GPTBot/1.2; +https://openai.com/gptbot)"
4.227.36.118 - - [31/Jul/2025:21:46:17 -0400] "GET /robots.txt HTTP/1.1" 301 795 "-" "Mozilla/5.0 AppleWebKit/537.36 (KHTML, like Gecko; compatible; GPTBot/1.2; +https://openai.com/gptbot)"
20.171.207.7 - - [31/Jul/2025:21:46:28 -0400] "GET /admin/imger/403.php?lokasie=%2Flib64%2Flibaio.so&loknya=%2Flib64 HTTP/1.1" 301 795 "-" "Mozilla/5.0 AppleWebKit/537.36 (KHTML, like Gecko; compatible; GPTBot/1.2; +https://openai.com/gptbot)"
13.76.76.189 - - [31/Jul/2025:21:53:42 -0400] "GET /wp-content/plugins/hellopress/wp_filemanager.php HTTP/1.1" 301 795 "-" "-"
13.76.76.189 - - [31/Jul/2025:21:53:45 -0400] "GET /about.php?dir=/home/sarazi/public_html HTTP/1.1" 301 795 "-" "-"
13.76.76.189 - - [31/Jul/2025:21:53:46 -0400] "GET /cc.php%20/admin.php?fm=true&delete=license.txt&path=/www/wwwroot/www.globalcasinolist.net/ HTTP/1.1" 301 795 "-" "-"
13.76.76.189 - - [31/Jul/2025:21:53:46 -0400] "GET /file.php?fm=true&delete=license.txt&path=/home/nevzatus/shroomsdeliverynearme.com/ HTTP/1.1" 301 795 "-" "-"
13.76.76.189 - - [31/Jul/2025:21:53:47 -0400] "GET /wp-content/plugins/wp-help/index.php HTTP/1.1" 301 795 "-" "-"
13.76.76.189 - - [31/Jul/2025:21:53:50 -0400] "GET /wp-includes/ID3/index.php?p= HTTP/1.1" 301 795 "-" "-"
13.76.76.189 - - [31/Jul/2025:21:53:50 -0400] "GET /wp-admin/css/colors/blue/index.php HTTP/1.1" 301 795 "-" "-"
13.76.76.189 - - [31/Jul/2025:21:53:51 -0400] "GET /file.php?fm=true&delete=license.txt&path=/home10/joyncrafting/public_html/ HTTP/1.1" 301 795 "-" "-"
13.76.76.189 - - [31/Jul/2025:21:53:52 -0400] "GET /admin/function.php?fm=true&path=/home/u838495715/domains/aviconindia.com/public_html/admin HTTP/1.1" 301 795 "-" "-"
13.76.76.189 - - [31/Jul/2025:21:53:54 -0400] "GET /wp-content/themes/index.php HTTP/1.1" 301 795 "-" "-"
13.76.76.189 - - [31/Jul/2025:21:53:57 -0400] "GET /as.php HTTP/1.1" 301 795 "-" "-"
13.76.76.189 - - [31/Jul/2025:21:53:58 -0400] "GET /404.php?fm=true&delete=license.txt&path=/home/u746949441/domains/psac.in/public_html/ HTTP/1.1" 301 795 "-" "-"
13.76.76.189 - - [31/Jul/2025:21:53:59 -0400] "GET /about/function.php HTTP/1.1" 301 795 "-" "-"
13.76.76.189 - - [31/Jul/2025:21:54:01 -0400] "GET /file.php?fm=true&delete=license.txt&path=/customers/e/7/8/c3veehjbe/webroots/sites/httpdocs/ HTTP/1.1" 301 795 "-" "-"
13.76.76.189 - - [31/Jul/2025:21:54:01 -0400] "GET /app.php?fm=true&delete=.htaccess&path=/home/u996667838/domains/prudenture.com/public_html/ HTTP/1.1" 301 795 "-" "-"
13.76.76.189 - - [31/Jul/2025:21:54:02 -0400] "GET /.well-known/acme-challenge/index.php HTTP/1.1" 301 795 "-" "-"
13.76.76.189 - - [31/Jul/2025:21:54:04 -0400] "GET /admin.php?fm=true&delete=license.txt&path=/www/wwwroot/www.globalcasinolist.net/ HTTP/1.1" 301 795 "-" "-"
13.76.76.189 - - [31/Jul/2025:21:54:04 -0400] "GET /byp.php HTTP/1.1" 301 795 "-" "-"
13.76.76.189 - - [31/Jul/2025:21:54:05 -0400] "GET /classwithtostring.php?p= HTTP/1.1" 301 795 "-" "-"
13.76.76.189 - - [31/Jul/2025:21:54:06 -0400] "GET /wp-content/uploads/autoload_classmap.php HTTP/1.1" 301 795 "-" "-"
13.76.76.189 - - [31/Jul/2025:21:54:08 -0400] "GET /tinyfilemanager.php?p= HTTP/1.1" 301 795 "-" "-"
13.76.76.189 - - [31/Jul/2025:21:54:09 -0400] "GET /.well-known/pki-validation/about.php?p= HTTP/1.1" 302 771 "-" "-"
13.76.76.189 - - [31/Jul/2025:21:54:10 -0400] "GET /wp-content/index.php HTTP/1.1" 301 795 "-" "-"
13.76.76.189 - - [31/Jul/2025:21:54:10 -0400] "GET /default.php HTTP/1.1" 301 795 "-" "-"
13.76.76.189 - - [31/Jul/2025:21:54:11 -0400] "GET /text.php HTTP/1.1" 301 795 "-" "-"
13.76.76.189 - - [31/Jul/2025:21:54:12 -0400] "GET /.well-known/pki-validation/about.php?p= HTTP/1.1" 302 771 "-" "-"
13.76.76.189 - - [31/Jul/2025:21:54:13 -0400] "GET /wp-content/admin.php?fm=true&delete=license.txt&path=/home/gcynslpl/clinicalpsychologistpretoria.com/ HTTP/1.1" 301 795 "-" "-"
13.76.76.189 - - [31/Jul/2025:21:54:14 -0400] "GET /radio.php HTTP/1.1" 301 795 "-" "-"
13.76.76.189 - - [31/Jul/2025:21:54:14 -0400] "GET /1.php?option&path=/www/wwwroot/www.mkgseattlestore.com HTTP/1.1" 301 795 "-" "-"
13.76.76.189 - - [31/Jul/2025:21:54:15 -0400] "GET /404.php HTTP/1.1" 301 795 "-" "-"
13.76.76.189 - - [31/Jul/2025:21:54:15 -0400] "GET /bless.php?fm=true&delete=.htaccess.bk&path=/home/u392878141/domains/siigmatech.com/public_html/ HTTP/1.1" 301 795 "-" "-"
216.244.66.203 - - [31/Jul/2025:21:54:55 -0400] "GET /robots.txt HTTP/1.1" 301 795 "-" "Mozilla/5.0 (compatible; DotBot/1.2; +https://opensiteexplorer.org/dotbot; help@moz.com)"
13.76.76.189 - - [31/Jul/2025:21:53:44 -0400] "GET /autoload_classmap.php?p=%09%09%09%09%09%09%09%09%09%09%09%09%09%09%20/file.php?fm=true&delete=license.txt&path=/home/nevzatus/shroomsdeliverynearme.com/ HTTP/1.1" 301 795 "-" "-"
13.76.76.189 - - [31/Jul/2025:21:53:45 -0400] "GET /file.php?fm=true&delete=license.txt&path=/home/nevzatus/shroomsdeliverynearme.com/ HTTP/1.1" 301 795 "-" "-"
13.76.76.189 - - [31/Jul/2025:21:53:47 -0400] "GET /wp-admin/css/colors/blue/index.php HTTP/1.1" 301 795 "-" "-"
13.76.76.189 - - [31/Jul/2025:21:53:48 -0400] "GET /filemanager.php HTTP/1.1" 301 795 "-" "-"
13.76.76.189 - - [31/Jul/2025:21:53:48 -0400] "GET /wp-info.php?p=%2Fhome%2Fkaltimti%2Finstaweb%2Fmimbar-minangnews.com%2Fnew HTTP/1.1" 301 795 "-" "-"
13.76.76.189 - - [31/Jul/2025:21:53:49 -0400] "GET /as.php?option&path=/home/mbeluggf/localmodelfreelance02.com HTTP/1.1" 301 795 "-" "-"
13.76.76.189 - - [31/Jul/2025:21:53:51 -0400] "GET /wp-admin/js/index.php HTTP/1.1" 301 795 "-" "-"
13.76.76.189 - - [31/Jul/2025:21:53:52 -0400] "GET /inputs.php HTTP/1.1" 301 795 "-" "-"
13.76.76.189 - - [31/Jul/2025:21:53:53 -0400] "GET /wp-includes/Text/network.php HTTP/1.1" 301 795 "-" "-"
13.76.76.189 - - [31/Jul/2025:21:53:54 -0400] "GET /wp-content/packed.php?option&path=/nas/content/live/commerceeq/wp-content HTTP/1.1" 301 795 "-" "-"
13.76.76.189 - - [31/Jul/2025:21:53:55 -0400] "GET /file.php?fm=true&delete=license.txt&path=/home/ujdxbnpt/radhakrishnaschool.in/ HTTP/1.1" 301 795 "-" "-"
13.76.76.189 - - [31/Jul/2025:21:53:55 -0400] "GET /text.php?fm=true&delete=license.txt&path=/var/www/vhosts/demomikucha.com/httpdocs/ HTTP/1.1" 301 795 "-" "-"
13.76.76.189 - - [31/Jul/2025:21:53:56 -0400] "GET /autoload_classmap.php HTTP/1.1" 301 795 "-" "-"
13.76.76.189 - - [31/Jul/2025:21:53:56 -0400] "GET /themes/zMousse/otuz1.php HTTP/1.1" 301 795 "-" "-"
13.76.76.189 - - [31/Jul/2025:21:53:58 -0400] "GET /file.php?fm=true&delete=license.txt&path=/customers/2/a/b/cmbaatuop/webroots/29f11c9f/ HTTP/1.1" 301 795 "-" "-"
13.76.76.189 - - [31/Jul/2025:21:53:59 -0400] "GET /2.php?fm=true&delete=.htacess&path=/home/u783661527/domains/pedvmax.com.br/public_html/ HTTP/1.1" 301 795 "-" "-"
13.76.76.189 - - [31/Jul/2025:21:54:00 -0400] "GET /text.php?fm=true&delete=.htaccess&path=/home/ssbacha1/public_html/ HTTP/1.1" 301 795 "-" "-"
13.76.76.189 - - [31/Jul/2025:21:54:00 -0400] "GET /default.php HTTP/1.1" 301 795 "-" "-"
13.76.76.189 - - [31/Jul/2025:21:54:02 -0400] "GET /makeasmtp.php?p= HTTP/1.1" 301 795 "-" "-"
13.76.76.189 - - [31/Jul/2025:21:54:03 -0400] "GET /plugins.php HTTP/1.1" 301 795 "-" "-"
13.76.76.189 - - [31/Jul/2025:21:54:05 -0400] "GET /atomlib.php HTTP/1.1" 301 795 "-" "-"
13.76.76.189 - - [31/Jul/2025:21:54:06 -0400] "GET /autoload_classmap.php?p= HTTP/1.1" 301 795 "-" "-"
13.76.76.189 - - [31/Jul/2025:21:54:07 -0400] "GET /atomlib.php HTTP/1.1" 301 795 "-" "-"
13.76.76.189 - - [31/Jul/2025:21:54:08 -0400] "GET /autoload_classmap.php HTTP/1.1" 301 795 "-" "-"
13.76.76.189 - - [31/Jul/2025:21:54:09 -0400] "GET /home.php HTTP/1.1" 301 795 "-" "-"
13.76.76.189 - - [31/Jul/2025:21:54:11 -0400] "GET /db.php HTTP/1.1" 301 795 "-" "-"
13.76.76.189 - - [31/Jul/2025:21:54:12 -0400] "GET /admin.php?fm=true&delete=license.txt&path=/home/u756317209/domains/regmaeducation.com/public_html/ HTTP/1.1" 301 795 "-" "-"
13.76.76.189 - - [31/Jul/2025:21:54:13 -0400] "GET /manager.php?p= HTTP/1.1" 301 795 "-" "-"
13.76.76.189 - - [31/Jul/2025:21:54:16 -0400] "GET /wp-content/themes/twenty/twenty.php HTTP/1.1" 301 795 "-" "-"
216.244.66.203 - - [31/Jul/2025:21:54:55 -0400] "GET /robots.txt HTTP/1.1" 301 795 "-" "Mozilla/5.0 (compatible; DotBot/1.2; +https://opensiteexplorer.org/dotbot; help@moz.com)"
216.244.66.236 - - [31/Jul/2025:22:10:33 -0400] "GET /robots.txt HTTP/1.1" 301 795 "-" "Mozilla/5.0 (compatible; DotBot/1.2; +https://opensiteexplorer.org/dotbot; help@moz.com)"
20.171.207.7 - - [31/Jul/2025:22:17:44 -0400] "GET /admin/imger/403.php?lokasie=%2Fproc%2Fthread-self%2Froot%2Fusr%2Flibexec%2Fgit-core%2Fgit-show&loknya=%2Fproc%2Fthread-self%2Froot%2Fusr%2Flibexec%2Fgit-core HTTP/1.1" 301 795 "-" "Mozilla/5.0 AppleWebKit/537.36 (KHTML, like Gecko; compatible; GPTBot/1.2; +https://openai.com/gptbot)"
20.171.207.7 - - [31/Jul/2025:22:17:48 -0400] "GET /admin/imger/403.php?lokasie=%2Flib64%2F%2FlibFLAC.so.8&loknya=%2Flib64%2F HTTP/1.1" 301 795 "-" "Mozilla/5.0 AppleWebKit/537.36 (KHTML, like Gecko; compatible; GPTBot/1.2; +https://openai.com/gptbot)"
20.171.207.7 - - [31/Jul/2025:22:22:12 -0400] "GET /admin/imger/403.php?lokasie=%2Fhome%2Ftaxhyuvu%2Fmail%2F.support%40taxhelplines_com_pk%2Fdovecot-uidlist&loknya=%2Fhome%2Ftaxhyuvu%2Fmail%2F.support%40taxhelplines_com_pk HTTP/1.1" 301 795 "-" "Mozilla/5.0 AppleWebKit/537.36 (KHTML, like Gecko; compatible; GPTBot/1.2; +https://openai.com/gptbot)"
20.171.207.7 - - [31/Jul/2025:22:22:17 -0400] "GET /admin/imger/403.php?lokasie=%2Fhome%2Ftaxhyuvu%2Fmail%2F.support%40taxhelplines_com_pk%2Fmaildirsize&loknya=%2Fhome%2Ftaxhyuvu%2Fmail%2F.support%40taxhelplines_com_pk HTTP/1.1" 301 795 "-" "Mozilla/5.0 AppleWebKit/537.36 (KHTML, like Gecko; compatible; GPTBot/1.2; +https://openai.com/gptbot)"
216.244.66.236 - - [31/Jul/2025:22:10:33 -0400] "GET /robots.txt HTTP/1.1" 301 795 "-" "Mozilla/5.0 (compatible; DotBot/1.2; +https://opensiteexplorer.org/dotbot; help@moz.com)"
4.227.36.118 - - [31/Jul/2025:22:17:33 -0400] "GET /robots.txt HTTP/1.1" 301 795 "-" "Mozilla/5.0 AppleWebKit/537.36 (KHTML, like Gecko; compatible; GPTBot/1.2; +https://openai.com/gptbot)"
20.171.207.7 - - [31/Jul/2025:22:17:46 -0400] "GET /admin/imger/403.php?lokasie=%2Fproc%2Fthread-self%2Fcwd%2Fmaxresdefjhjault.jpg&loknya=%2Fproc%2Fthread-self%2Fcwd HTTP/1.1" 301 795 "-" "Mozilla/5.0 AppleWebKit/537.36 (KHTML, like Gecko; compatible; GPTBot/1.2; +https://openai.com/gptbot)"
20.171.207.7 - - [31/Jul/2025:22:17:59 -0400] "GET /admin/imger/403.php?lokasie=%2Flib64%2Flibatk-1.0.so.0.22810.1&loknya=%2Flib64 HTTP/1.1" 301 795 "-" "Mozilla/5.0 AppleWebKit/537.36 (KHTML, like Gecko; compatible; GPTBot/1.2; +https://openai.com/gptbot)"
20.171.207.7 - - [31/Jul/2025:22:28:20 -0400] "GET /admin/imger/403.php?lokasie=%2Fbin%2Faclocal-1.16&loknya=%2Fbin HTTP/1.1" 301 795 "-" "Mozilla/5.0 AppleWebKit/537.36 (KHTML, like Gecko; compatible; GPTBot/1.2; +https://openai.com/gptbot)"
20.171.207.7 - - [31/Jul/2025:22:30:28 -0400] "GET /admin/imger/403.php?lokasie=%2Flib64%2FlibXi.so.6&loknya=%2Flib64 HTTP/1.1" 301 795 "-" "Mozilla/5.0 AppleWebKit/537.36 (KHTML, like Gecko; compatible; GPTBot/1.2; +https://openai.com/gptbot)"
20.171.207.7 - - [31/Jul/2025:22:30:37 -0400] "GET /admin/imger/403.php?lokasie=%2Flib64%2FlibXpm.so.4&loknya=%2Flib64 HTTP/1.1" 301 795 "-" "Mozilla/5.0 AppleWebKit/537.36 (KHTML, like Gecko; compatible; GPTBot/1.2; +https://openai.com/gptbot)"
20.171.207.7 - - [31/Jul/2025:22:30:38 -0400] "GET /admin/imger/403.php?lokasie=%2Flib64%2Flibgs.so.9&loknya=%2Flib64 HTTP/1.1" 301 795 "-" "Mozilla/5.0 AppleWebKit/537.36 (KHTML, like Gecko; compatible; GPTBot/1.2; +https://openai.com/gptbot)"
20.171.207.7 - - [31/Jul/2025:22:30:45 -0400] "GET /admin/imger/403.php?lokasie=%2Flib64%2Flibipt.so.1&loknya=%2Flib64 HTTP/1.1" 301 795 "-" "Mozilla/5.0 AppleWebKit/537.36 (KHTML, like Gecko; compatible; GPTBot/1.2; +https://openai.com/gptbot)"
20.171.207.7 - - [31/Jul/2025:22:31:21 -0400] "GET /admin/imger/403.php?loknya=%2Fproc%2Fthread-self%2Froot%2Fvar%2Flib%2Fmysql%2Fadmikgvh_aloeveracentar%40002ecom HTTP/1.1" 301 795 "-" "Mozilla/5.0 AppleWebKit/537.36 (KHTML, like Gecko; compatible; GPTBot/1.2; +https://openai.com/gptbot)"
20.171.207.7 - - [31/Jul/2025:22:32:08 -0400] "GET /admin/imger/403.php?lokasie=%2Fhome%2Ftaxhyuvu%2Fpublic_html%2Fpcgfull.jpg&loknya=%2Fhome%2Ftaxhyuvu%2Fpublic_html HTTP/1.1" 301 795 "-" "Mozilla/5.0 AppleWebKit/537.36 (KHTML, like Gecko; compatible; GPTBot/1.2; +https://openai.com/gptbot)"
20.171.207.7 - - [31/Jul/2025:22:33:12 -0400] "GET /admin/imger/403.php?lokasie=%2Fhome%2Ftaxhyuvu%2Ftmp%2Fpear%2Fcache%2F69cd66fff363f0b8991e5bbed9706561rest.cachefile&loknya=%2Fhome%2Ftaxhyuvu%2Ftmp%2Fpear%2Fcache HTTP/1.1" 301 795 "-" "Mozilla/5.0 AppleWebKit/537.36 (KHTML, like Gecko; compatible; GPTBot/1.2; +https://openai.com/gptbot)"
4.227.36.118 - - [31/Jul/2025:22:28:09 -0400] "GET /robots.txt HTTP/1.1" 301 795 "-" "Mozilla/5.0 AppleWebKit/537.36 (KHTML, like Gecko; compatible; GPTBot/1.2; +https://openai.com/gptbot)"
43.130.16.140 - - [31/Jul/2025:22:29:21 -0400] "GET / HTTP/1.1" 301 795 "-" "Mozilla/5.0 (iPhone; CPU iPhone OS 13_2_3 like Mac OS X) AppleWebKit/605.1.15 (KHTML, like Gecko) Version/13.0.3 Mobile/15E148 Safari/604.1"
20.171.207.7 - - [31/Jul/2025:22:30:36 -0400] "GET /admin/imger/403.php?lokasie=%2Flib64%2Fliblve.so.1&loknya=%2Flib64 HTTP/1.1" 301 795 "-" "Mozilla/5.0 AppleWebKit/537.36 (KHTML, like Gecko; compatible; GPTBot/1.2; +https://openai.com/gptbot)"
20.171.207.7 - - [31/Jul/2025:22:30:44 -0400] "GET /admin/imger/403.php?lokasie=%2Flib64%2FlibXau.so.6&loknya=%2Flib64 HTTP/1.1" 301 795 "-" "Mozilla/5.0 AppleWebKit/537.36 (KHTML, like Gecko; compatible; GPTBot/1.2; +https://openai.com/gptbot)"
20.171.207.7 - - [31/Jul/2025:22:30:53 -0400] "GET /admin/imger/403.php?loknya=%2Fhome%2Ftaxhyuvu%2Fmail%2Ftaxhelplines.com.pk HTTP/1.1" 301 795 "-" "Mozilla/5.0 AppleWebKit/537.36 (KHTML, like Gecko; compatible; GPTBot/1.2; +https://openai.com/gptbot)"
20.171.207.7 - - [31/Jul/2025:22:32:06 -0400] "GET /admin/imger/403.php?lokasie=%2Fhome%2Ftaxhyuvu%2Fpublic_html%2FDelivery.jpg&loknya=%2Fhome%2Ftaxhyuvu%2Fpublic_html HTTP/1.1" 301 795 "-" "Mozilla/5.0 AppleWebKit/537.36 (KHTML, like Gecko; compatible; GPTBot/1.2; +https://openai.com/gptbot)"
20.171.207.7 - - [31/Jul/2025:22:32:58 -0400] "GET /admin/imger/403.php?lokasie=%2Fhome%2Ftaxhyuvu%2Ftmp%2Fpear%2Fcache%2F3de0eff743b63a49001e3122fdddc2bbrest.cachefile&loknya=%2Fhome%2Ftaxhyuvu%2Ftmp%2Fpear%2Fcache HTTP/1.1" 301 795 "-" "Mozilla/5.0 AppleWebKit/537.36 (KHTML, like Gecko; compatible; GPTBot/1.2; +https://openai.com/gptbot)"
20.171.207.7 - - [31/Jul/2025:22:33:03 -0400] "GET /admin/imger/403.php?lokasie=%2Fhome%2Ftaxhyuvu%2Ftmp%2Fpear%2Fcache%2F13173461aaac09cbe615ce2cfd30d7fdrest.cachefile&loknya=%2Fhome%2Ftaxhyuvu%2Ftmp%2Fpear%2Fcache HTTP/1.1" 301 795 "-" "Mozilla/5.0 AppleWebKit/537.36 (KHTML, like Gecko; compatible; GPTBot/1.2; +https://openai.com/gptbot)"
20.171.207.7 - - [31/Jul/2025:22:33:13 -0400] "GET /admin/imger/403.php?lokasie=%2Fhome%2Ftaxhyuvu%2Ftmp%2Fpear%2Fcache%2F2acc6cfdcadf1be70aaa4e4204e44853rest.cachefile&loknya=%2Fhome%2Ftaxhyuvu%2Ftmp%2Fpear%2Fcache HTTP/1.1" 301 795 "-" "Mozilla/5.0 AppleWebKit/537.36 (KHTML, like Gecko; compatible; GPTBot/1.2; +https://openai.com/gptbot)"
20.171.207.7 - - [31/Jul/2025:22:33:19 -0400] "GET /admin/imger/403.php?lokasie=%2Fhome%2Ftaxhyuvu%2Ftmp%2Fpear%2Fcache%2Ff2c0f8dc7a9a3c9db6888aa47b52df83rest.cachefile&loknya=%2Fhome%2Ftaxhyuvu%2Ftmp%2Fpear%2Fcache HTTP/1.1" 301 795 "-" "Mozilla/5.0 AppleWebKit/537.36 (KHTML, like Gecko; compatible; GPTBot/1.2; +https://openai.com/gptbot)"
4.227.36.118 - - [31/Jul/2025:22:33:21 -0400] "GET /robots.txt HTTP/1.1" 301 795 "-" "Mozilla/5.0 AppleWebKit/537.36 (KHTML, like Gecko; compatible; GPTBot/1.2; +https://openai.com/gptbot)"
