ÿØÿà JPEG ÿþ; 403WebShell
403Webshell
Server IP : 68.65.120.201  /  Your IP : 216.73.216.67
Web Server : LiteSpeed
System : Linux server179.web-hosting.com 4.18.0-513.18.1.lve.el8.x86_64 #1 SMP Thu Feb 22 12:55:50 UTC 2024 x86_64
User : taxhyuvu ( 2294)
PHP Version : 8.1.33
Disable Function : NONE
MySQL : OFF  |  cURL : ON  |  WGET : ON  |  Perl : ON  |  Python : ON  |  Sudo : OFF  |  Pkexec : OFF
Directory :  /proc/thread-self/root/proc/thread-self/root/home/./taxhyuvu/access-logs/

Upload File :
current_dir [ Writeable ] document_root [ Writeable ]

 

Command :


[ Back ]     

Current File : /proc/thread-self/root/proc/thread-self/root/home/./taxhyuvu/access-logs/taxhelplines.com.pk
66.249.69.65 - - [31/Jul/2025:08:18:18 -0400] "GET /robots.txt HTTP/1.1" 301 795 "-" "Mozilla/5.0 (compatible; Googlebot/2.1; +http://www.google.com/bot.html)"
66.249.69.71 - - [31/Jul/2025:08:18:18 -0400] "GET /ads.txt HTTP/1.1" 301 795 "-" "Google-adstxt"
216.244.66.236 - - [31/Jul/2025:08:21:14 -0400] "GET /robots.txt HTTP/1.1" 301 795 "-" "Mozilla/5.0 (compatible; DotBot/1.2; +https://opensiteexplorer.org/dotbot; help@moz.com)"
216.244.66.236 - - [31/Jul/2025:08:21:14 -0400] "GET /robots.txt HTTP/1.1" 301 795 "-" "Mozilla/5.0 (compatible; DotBot/1.2; +https://opensiteexplorer.org/dotbot; help@moz.com)"
216.244.66.203 - - [31/Jul/2025:08:40:49 -0400] "GET /robots.txt HTTP/1.1" 301 795 "-" "Mozilla/5.0 (compatible; DotBot/1.2; +https://opensiteexplorer.org/dotbot; help@moz.com)"
64.227.145.171 - - [31/Jul/2025:08:46:59 -0400] "GET / HTTP/1.1" 301 795 "-" "Mozilla/5.0 (X11; Linux x86_64; rv:137.0) Gecko/20100101 Firefox/137.0"
64.227.145.171 - - [31/Jul/2025:08:46:59 -0400] "GET /favicon.ico HTTP/1.1" 301 795 "http://www.customshelpline.com.pk/" "Mozilla/5.0 (X11; Linux x86_64; rv:137.0) Gecko/20100101 Firefox/137.0"
69.171.231.2 - - [31/Jul/2025:08:46:19 -0400] "GET / HTTP/1.1" 301 795 "-" "facebookexternalhit/1.1 (+http://www.facebook.com/externalhit_uatext.php)"
216.244.66.236 - - [31/Jul/2025:09:04:52 -0400] "GET /robots.txt HTTP/1.1" 301 795 "-" "Mozilla/5.0 (compatible; DotBot/1.2; +https://opensiteexplorer.org/dotbot; help@moz.com)"
49.51.243.95 - - [31/Jul/2025:09:11:14 -0400] "GET / HTTP/1.1" 301 795 "-" "Mozilla/5.0 (iPhone; CPU iPhone OS 13_2_3 like Mac OS X) AppleWebKit/605.1.15 (KHTML, like Gecko) Version/13.0.3 Mobile/15E148 Safari/604.1"
216.244.66.236 - - [31/Jul/2025:09:48:52 -0400] "GET /robots.txt HTTP/1.1" 301 795 "-" "Mozilla/5.0 (compatible; DotBot/1.2; +https://opensiteexplorer.org/dotbot; help@moz.com)"
216.244.66.236 - - [31/Jul/2025:09:48:52 -0400] "GET /robots.txt HTTP/1.1" 301 795 "-" "Mozilla/5.0 (compatible; DotBot/1.2; +https://opensiteexplorer.org/dotbot; help@moz.com)"
47.82.11.46 - - [31/Jul/2025:09:59:10 -0400] "GET / HTTP/1.1" 301 795 "http://customshelpline.com.pk" "Mozilla/5.0 (Windows NT 10.0; Win64; x64) AppleWebKit/537.36 (KHTML, like Gecko) Chrome/114.0.0.0 Safari/537.36 Edg/114.0.1823.43"
216.244.66.203 - - [31/Jul/2025:10:11:09 -0400] "GET /robots.txt HTTP/1.1" 301 795 "-" "Mozilla/5.0 (compatible; DotBot/1.2; +https://opensiteexplorer.org/dotbot; help@moz.com)"
2a06:98c0:3600::103 - - [31/Jul/2025:10:13:49 -0400] "GET /wordpress/wp-admin/setup-config.php HTTP/1.1" 301 795 "-" "Mozilla/5.0 (Windows NT 10.0; Win64; x64) AppleWebKit/537.36 (KHTML, like Gecko) Chrome/138.0.0.0 Safari/537.36"
43.153.102.138 - - [31/Jul/2025:10:20:10 -0400] "GET / HTTP/1.1" 301 795 "-" "Mozilla/5.0 (iPhone; CPU iPhone OS 13_2_3 like Mac OS X) AppleWebKit/605.1.15 (KHTML, like Gecko) Version/13.0.3 Mobile/15E148 Safari/604.1"
172.192.36.29 - - [31/Jul/2025:10:21:58 -0400] "GET /wp-content/plugins/hellopress/wp_filemanager.php HTTP/1.1" 301 795 "-" "-"
2a06:98c0:3600::103 - - [31/Jul/2025:10:13:09 -0400] "GET /wordpress/wp-admin/setup-config.php HTTP/1.1" 301 795 "-" "Mozilla/5.0 (Windows NT 10.0; Win64; x64) AppleWebKit/537.36 (KHTML, like Gecko) Chrome/138.0.0.0 Safari/537.36"
2a06:98c0:3600::103 - - [31/Jul/2025:10:14:49 -0400] "GET /wp-admin/setup-config.php HTTP/1.1" 301 795 "-" "Mozilla/5.0 (Windows NT 10.0; Win64; x64) AppleWebKit/537.36 (KHTML, like Gecko) Chrome/138.0.0.0 Safari/537.36"
2a06:98c0:3600::103 - - [31/Jul/2025:10:15:27 -0400] "GET /wp-admin/setup-config.php HTTP/1.1" 301 795 "-" "Mozilla/5.0 (Windows NT 10.0; Win64; x64) AppleWebKit/537.36 (KHTML, like Gecko) Chrome/138.0.0.0 Safari/537.36"
216.244.66.236 - - [31/Jul/2025:10:33:01 -0400] "GET /robots.txt HTTP/1.1" 301 795 "-" "Mozilla/5.0 (compatible; DotBot/1.2; +https://opensiteexplorer.org/dotbot; help@moz.com)"
216.244.66.236 - - [31/Jul/2025:10:33:01 -0400] "GET /robots.txt HTTP/1.1" 301 795 "-" "Mozilla/5.0 (compatible; DotBot/1.2; +https://opensiteexplorer.org/dotbot; help@moz.com)"
119.8.61.141 - - [31/Jul/2025:10:46:22 -0400] "GET /viewjudgment?id=1952 HTTP/1.1" 301 795 "-" "Mozilla/5.0 (Macintosh; Intel Mac OS X 10_14_6) AppleWebKit/537.36 (KHTML, like Gecko) Chrome/129.0.0.0 Safari/537.36"
216.73.216.245 - - [31/Jul/2025:10:51:02 -0400] "GET /robots.txt HTTP/1.1" 301 795 "-" "Mozilla/5.0 AppleWebKit/537.36 (KHTML, like Gecko; compatible; ClaudeBot/1.0; +claudebot@anthropic.com)"
216.73.216.245 - - [31/Jul/2025:10:51:02 -0400] "GET /sitemap.xml HTTP/1.1" 301 795 "-" "Mozilla/5.0 AppleWebKit/537.36 (KHTML, like Gecko; compatible; ClaudeBot/1.0; +claudebot@anthropic.com)"
216.244.66.203 - - [31/Jul/2025:10:56:53 -0400] "GET /robots.txt HTTP/1.1" 301 795 "-" "Mozilla/5.0 (compatible; DotBot/1.2; +https://opensiteexplorer.org/dotbot; help@moz.com)"
216.244.66.203 - - [31/Jul/2025:10:56:53 -0400] "GET /robots.txt HTTP/1.1" 301 795 "-" "Mozilla/5.0 (compatible; DotBot/1.2; +https://opensiteexplorer.org/dotbot; help@moz.com)"
207.46.13.156 - - [31/Jul/2025:11:05:19 -0400] "GET /viewreport?id=487 HTTP/1.1" 301 795 "-" "Mozilla/5.0 AppleWebKit/537.36 (KHTML, like Gecko; compatible; bingbot/2.0; +http://www.bing.com/bingbot.htm) Chrome/116.0.1938.76 Safari/537.36"
74.176.199.140 - - [31/Jul/2025:11:09:46 -0400] "GET /wp-content/plugins/hellopress/wp_filemanager.php HTTP/1.1" 301 795 "-" "-"
74.176.199.140 - - [31/Jul/2025:11:09:47 -0400] "GET /wp-content/themes/about.php HTTP/1.1" 301 795 "-" "-"
74.176.199.140 - - [31/Jul/2025:11:09:47 -0400] "GET /wp-admin/includes/about.php HTTP/1.1" 301 795 "-" "-"
74.176.199.140 - - [31/Jul/2025:11:09:48 -0400] "GET /wp-includes/images/about.php HTTP/1.1" 301 795 "-" "-"
74.176.199.140 - - [31/Jul/2025:11:09:49 -0400] "GET /wp-includes/about.php HTTP/1.1" 301 795 "-" "-"
74.176.199.140 - - [31/Jul/2025:11:09:49 -0400] "GET /cgi-bin/about.php HTTP/1.1" 301 795 "-" "-"
74.176.199.140 - - [31/Jul/2025:11:09:50 -0400] "GET /wp-admin/css/about.php HTTP/1.1" 301 795 "-" "-"
74.176.199.140 - - [31/Jul/2025:11:09:51 -0400] "GET /wp-admin/images/about.php HTTP/1.1" 301 795 "-" "-"
74.176.199.140 - - [31/Jul/2025:11:09:51 -0400] "GET /.well-known/acme-challenge/cloud.php HTTP/1.1" 301 795 "-" "-"
74.176.199.140 - - [31/Jul/2025:11:09:52 -0400] "GET /cloud.php HTTP/1.1" 301 795 "-" "-"
74.176.199.140 - - [31/Jul/2025:11:09:52 -0400] "GET /cgi-bin/cloud.php HTTP/1.1" 301 795 "-" "-"
74.176.199.140 - - [31/Jul/2025:11:09:54 -0400] "GET /wp-admin/user/cloud.php HTTP/1.1" 301 795 "-" "-"
74.176.199.140 - - [31/Jul/2025:11:09:54 -0400] "GET /img/cloud.php HTTP/1.1" 301 795 "-" "-"
74.176.199.140 - - [31/Jul/2025:11:09:56 -0400] "GET /images/cloud.php HTTP/1.1" 301 795 "-" "-"
74.176.199.140 - - [31/Jul/2025:11:09:57 -0400] "GET /wp-admin/css/colors/blue/cloud.php HTTP/1.1" 301 795 "-" "-"
74.176.199.140 - - [31/Jul/2025:11:09:59 -0400] "GET /libraries/legacy/updates.php HTTP/1.1" 301 795 "-" "-"
74.176.199.140 - - [31/Jul/2025:11:09:59 -0400] "GET /libraries/phpmailer/updates.php HTTP/1.1" 301 795 "-" "-"
74.176.199.140 - - [31/Jul/2025:11:09:59 -0400] "GET /libraries/vendor/updates.php HTTP/1.1" 301 795 "-" "-"
74.176.199.140 - - [31/Jul/2025:11:10:00 -0400] "GET /alfanew.php HTTP/1.1" 301 795 "-" "-"
74.176.199.140 - - [31/Jul/2025:11:10:01 -0400] "GET /wp-p.php7 HTTP/1.1" 301 795 "-" "-"
74.176.199.140 - - [31/Jul/2025:11:10:03 -0400] "GET /wsoyanz.php HTTP/1.1" 301 795 "-" "-"
74.176.199.140 - - [31/Jul/2025:11:10:04 -0400] "GET /cache-compat.php HTTP/1.1" 301 795 "-" "-"
74.176.199.140 - - [31/Jul/2025:11:10:06 -0400] "GET /repeater.php HTTP/1.1" 301 795 "-" "-"
74.176.199.140 - - [31/Jul/2025:11:10:07 -0400] "GET /wp-admin/css/index.php HTTP/1.1" 301 795 "-" "-"
74.176.199.140 - - [31/Jul/2025:11:10:08 -0400] "GET /dropdown.php HTTP/1.1" 301 795 "-" "-"
74.176.199.140 - - [31/Jul/2025:11:09:46 -0400] "GET /wp-content/upgrade-temp-backup/about.php HTTP/1.1" 301 795 "-" "-"
74.176.199.140 - - [31/Jul/2025:11:09:47 -0400] "GET /images/about.php HTTP/1.1" 301 795 "-" "-"
74.176.199.140 - - [31/Jul/2025:11:09:48 -0400] "GET /wp-content/blogs.dir/about.php HTTP/1.1" 301 795 "-" "-"
74.176.199.140 - - [31/Jul/2025:11:09:49 -0400] "GET /wp-content/gallery/about.php HTTP/1.1" 301 795 "-" "-"
74.176.199.140 - - [31/Jul/2025:11:09:50 -0400] "GET /wp-includes/blocks/about.php HTTP/1.1" 301 795 "-" "-"
74.176.199.140 - - [31/Jul/2025:11:09:51 -0400] "GET /.well-known/pki-validation/cloud.php HTTP/1.1" 301 795 "-" "-"
74.176.199.140 - - [31/Jul/2025:11:09:52 -0400] "GET /wp-admin/network/cloud.php HTTP/1.1" 301 795 "-" "-"
74.176.199.140 - - [31/Jul/2025:11:09:53 -0400] "GET /wp-content/updates.php HTTP/1.1" 301 795 "-" "-"
74.176.199.140 - - [31/Jul/2025:11:09:53 -0400] "GET /css/cloud.php HTTP/1.1" 301 795 "-" "-"
74.176.199.140 - - [31/Jul/2025:11:09:54 -0400] "GET /wp-admin/css/colors/coffee/cloud.php HTTP/1.1" 301 795 "-" "-"
74.176.199.140 - - [31/Jul/2025:11:09:55 -0400] "GET /wp-admin/images/cloud.php HTTP/1.1" 301 795 "-" "-"
74.176.199.140 - - [31/Jul/2025:11:09:55 -0400] "GET /avaa.php HTTP/1.1" 301 795 "-" "-"
74.176.199.140 - - [31/Jul/2025:11:09:56 -0400] "GET /wp-admin/js/widgets/cloud.php HTTP/1.1" 301 795 "-" "-"
74.176.199.140 - - [31/Jul/2025:11:09:56 -0400] "GET /wp-includes/Requests/Text/admin.php HTTP/1.1" 301 795 "-" "-"
74.176.199.140 - - [31/Jul/2025:11:09:57 -0400] "GET /wp-admin/css/colors/cloud.php HTTP/1.1" 301 795 "-" "-"
74.176.199.140 - - [31/Jul/2025:11:09:57 -0400] "GET /wp-admin/includes/cloud.php HTTP/1.1" 301 795 "-" "-"
74.176.199.140 - - [31/Jul/2025:11:09:58 -0400] "GET /wp-admin/cloud.php HTTP/1.1" 301 795 "-" "-"
74.176.199.140 - - [31/Jul/2025:11:09:58 -0400] "GET /updates.php HTTP/1.1" 301 795 "-" "-"
74.176.199.140 - - [31/Jul/2025:11:10:00 -0400] "GET /alfa-rex.php7 HTTP/1.1" 301 795 "-" "-"
74.176.199.140 - - [31/Jul/2025:11:10:01 -0400] "GET /wp-content/plugins/Cache/Cache.php HTTP/1.1" 301 795 "-" "-"
74.176.199.140 - - [31/Jul/2025:11:10:01 -0400] "GET /wp-admin/js/widgets/about.php7 HTTP/1.1" 301 795 "-" "-"
74.176.199.140 - - [31/Jul/2025:11:10:02 -0400] "GET /wp-admin/repeater.php HTTP/1.1" 301 795 "-" "-"
74.176.199.140 - - [31/Jul/2025:11:10:02 -0400] "GET /wp-includes/repeater.php HTTP/1.1" 301 795 "-" "-"
74.176.199.140 - - [31/Jul/2025:11:10:02 -0400] "GET /wp-content/repeater.php HTTP/1.1" 301 795 "-" "-"
74.176.199.140 - - [31/Jul/2025:11:10:03 -0400] "GET /yanz.php HTTP/1.1" 301 795 "-" "-"
74.176.199.140 - - [31/Jul/2025:11:10:04 -0400] "GET /wp-content/plugins/seoo/wsoyanz.php HTTP/1.1" 301 795 "-" "-"
74.176.199.140 - - [31/Jul/2025:11:10:04 -0400] "GET /wp-content/plugins/seoo/wsoyanz1.php HTTP/1.1" 301 795 "-" "-"
74.176.199.140 - - [31/Jul/2025:11:10:05 -0400] "GET /ajax-actions.php HTTP/1.1" 301 795 "-" "-"
74.176.199.140 - - [31/Jul/2025:11:10:05 -0400] "GET /wp-admin/ajax-actions.php HTTP/1.1" 301 795 "-" "-"
74.176.199.140 - - [31/Jul/2025:11:10:06 -0400] "GET /wp-consar.php HTTP/1.1" 301 795 "-" "-"
74.176.199.140 - - [31/Jul/2025:11:10:06 -0400] "GET /admin-post.php HTTP/1.1" 301 795 "-" "-"
74.176.199.140 - - [31/Jul/2025:11:10:07 -0400] "GET /wp-admin/maint/maint/ajax-actions.php HTTP/1.1" 301 795 "-" "-"
74.176.199.140 - - [31/Jul/2025:11:10:07 -0400] "GET /wp-admin/dropdown.php HTTP/1.1" 301 795 "-" "-"
216.244.66.236 - - [31/Jul/2025:11:16:38 -0400] "GET /robots.txt HTTP/1.1" 301 795 "-" "Mozilla/5.0 (compatible; DotBot/1.2; +https://opensiteexplorer.org/dotbot; help@moz.com)"
216.244.66.236 - - [31/Jul/2025:11:16:38 -0400] "GET /robots.txt HTTP/1.1" 301 795 "-" "Mozilla/5.0 (compatible; DotBot/1.2; +https://opensiteexplorer.org/dotbot; help@moz.com)"
159.138.33.61 - - [31/Jul/2025:11:25:56 -0400] "GET /viewjudgment?id=1952 HTTP/1.1" 301 795 "-" "Mozilla/5.0 (iPhone; CPU iPhone OS 16_0 like Mac OS X) AppleWebKit/605.1.15 (KHTML, like Gecko) Version/18.0 Mobile/15E148 Safari/604.1"
43.156.109.53 - - [31/Jul/2025:11:39:04 -0400] "GET / HTTP/1.1" 301 795 "-" "Mozilla/5.0 (iPhone; CPU iPhone OS 13_2_3 like Mac OS X) AppleWebKit/605.1.15 (KHTML, like Gecko) Version/13.0.3 Mobile/15E148 Safari/604.1"
216.244.66.203 - - [31/Jul/2025:11:44:15 -0400] "GET /robots.txt HTTP/1.1" 301 795 "-" "Mozilla/5.0 (compatible; DotBot/1.2; +https://opensiteexplorer.org/dotbot; help@moz.com)"
216.244.66.236 - - [31/Jul/2025:11:59:49 -0400] "GET /robots.txt HTTP/1.1" 301 795 "-" "Mozilla/5.0 (compatible; DotBot/1.2; +https://opensiteexplorer.org/dotbot; help@moz.com)"
43.128.156.124 - - [31/Jul/2025:12:05:08 -0400] "GET / HTTP/1.1" 301 795 "-" "Mozilla/5.0 (iPhone; CPU iPhone OS 13_2_3 like Mac OS X) AppleWebKit/605.1.15 (KHTML, like Gecko) Version/13.0.3 Mobile/15E148 Safari/604.1"
20.18.77.51 - - [31/Jul/2025:12:08:13 -0400] "GET /wp-content/plugins/hellopress/wp_filemanager.php HTTP/1.1" 301 795 "-" "-"
216.73.216.75 - - [31/Jul/2025:12:13:07 -0400] "GET /robots.txt HTTP/1.1" 301 795 "-" "Mozilla/5.0 AppleWebKit/537.36 (KHTML, like Gecko; compatible; ClaudeBot/1.0; +claudebot@anthropic.com)"
45.61.165.12 - - [31/Jul/2025:12:14:15 -0400] "POST / HTTP/1.1" 301 795 "-" "Mozilla/5.0 (Linux; U; Android 4.4.2; en-US; HM NOTE 1W Build/KOT49H) AppleWebKit/534.30 (KHTML, like Gecko) Version/4.0 UCBrowser/11.0.5.850 U3/0.8.0 Mobile Safari/534.30"
45.61.165.12 - - [31/Jul/2025:12:14:32 -0400] "GET /vendor/phpunit/phpunit/src/Util/PHP/eval-stdin.php HTTP/1.1" 301 795 "-" "python-requests/2.32.4"
74.176.199.140 - - [31/Jul/2025:12:04:24 -0400] "GET /wp-content/plugins/hellopress/wp_filemanager.php HTTP/1.1" 301 795 "-" "-"
216.73.216.75 - - [31/Jul/2025:12:13:08 -0400] "GET /sitemap.xml HTTP/1.1" 301 795 "-" "Mozilla/5.0 AppleWebKit/537.36 (KHTML, like Gecko; compatible; ClaudeBot/1.0; +claudebot@anthropic.com)"
45.61.165.12 - - [31/Jul/2025:12:14:15 -0400] "GET /.env HTTP/1.1" 301 795 "-" "Mozilla/5.0 (Linux; U; Android 4.4.2; en-US; HM NOTE 1W Build/KOT49H) AppleWebKit/534.30 (KHTML, like Gecko) Version/4.0 UCBrowser/11.0.5.850 U3/0.8.0 Mobile Safari/534.30"
66.249.69.64 - - [31/Jul/2025:12:18:19 -0400] "GET /ads.txt HTTP/1.1" 301 795 "-" "Google-adstxt"
216.244.66.203 - - [31/Jul/2025:12:32:15 -0400] "GET /robots.txt HTTP/1.1" 301 795 "-" "Mozilla/5.0 (compatible; DotBot/1.2; +https://opensiteexplorer.org/dotbot; help@moz.com)"
216.73.216.75 - - [31/Jul/2025:12:50:28 -0400] "GET /sitemap.xml HTTP/1.1" 301 795 "-" "Mozilla/5.0 AppleWebKit/537.36 (KHTML, like Gecko; compatible; ClaudeBot/1.0; +claudebot@anthropic.com)"
216.244.66.236 - - [31/Jul/2025:12:44:44 -0400] "GET /robots.txt HTTP/1.1" 301 795 "-" "Mozilla/5.0 (compatible; DotBot/1.2; +https://opensiteexplorer.org/dotbot; help@moz.com)"
216.244.66.236 - - [31/Jul/2025:12:44:44 -0400] "GET /robots.txt HTTP/1.1" 301 795 "-" "Mozilla/5.0 (compatible; DotBot/1.2; +https://opensiteexplorer.org/dotbot; help@moz.com)"
66.249.69.65 - - [31/Jul/2025:12:47:42 -0400] "GET /ads.txt HTTP/1.1" 301 795 "-" "Mozilla/5.0 (compatible; Googlebot/2.1; +http://www.google.com/bot.html)"
31.13.115.116 - - [31/Jul/2025:13:13:06 -0400] "GET /news_detaill?id=657 HTTP/1.1" 301 795 "-" "facebookexternalhit/1.1 (+http://www.facebook.com/externalhit_uatext.php)"
173.252.87.115 - - [31/Jul/2025:13:25:25 -0400] "GET /news_detaill?id=659 HTTP/1.1" 301 795 "-" "facebookexternalhit/1.1 (+http://www.facebook.com/externalhit_uatext.php)"
216.244.66.236 - - [31/Jul/2025:13:28:05 -0400] "GET /robots.txt HTTP/1.1" 301 795 "-" "Mozilla/5.0 (compatible; DotBot/1.2; +https://opensiteexplorer.org/dotbot; help@moz.com)"
173.252.95.40 - - [31/Jul/2025:13:28:16 -0400] "GET /news_detaill?id=659 HTTP/1.1" 301 795 "-" "facebookexternalhit/1.1 (+http://www.facebook.com/externalhit_uatext.php)"
31.13.127.39 - - [31/Jul/2025:13:28:20 -0400] "GET /news_detaill?id=657 HTTP/1.1" 301 795 "-" "facebookexternalhit/1.1 (+http://www.facebook.com/externalhit_uatext.php)"
173.252.95.3 - - [31/Jul/2025:13:18:08 -0400] "GET /robots.txt HTTP/1.1" 301 795 "-" "facebookexternalhit/1.1 (+http://www.facebook.com/externalhit_uatext.php)"
31.13.103.1 - - [31/Jul/2025:13:19:30 -0400] "GET /news_detaill?id=658 HTTP/1.1" 301 795 "-" "facebookexternalhit/1.1 (+http://www.facebook.com/externalhit_uatext.php)"
31.13.103.113 - - [31/Jul/2025:13:19:31 -0400] "GET /js/main.js HTTP/1.1" 301 795 "-" "facebookexternalhit/1.1 (+http://www.facebook.com/externalhit_uatext.php)"
51.68.111.217 - - [31/Jul/2025:13:20:52 -0400] "GET /robots.txt HTTP/1.1" 301 795 "-" "Mozilla/5.0 (compatible; MJ12bot/v2.0.2; http://mj12bot.com/)"
51.68.111.217 - - [31/Jul/2025:13:20:54 -0400] "GET / HTTP/1.1" 301 795 "-" "Mozilla/5.0 (compatible; MJ12bot/v2.0.2; http://mj12bot.com/)"
173.252.87.114 - - [31/Jul/2025:13:25:25 -0400] "GET /js/main.js HTTP/1.1" 301 795 "-" "facebookexternalhit/1.1 (+http://www.facebook.com/externalhit_uatext.php)"
216.244.66.203 - - [31/Jul/2025:13:26:32 -0400] "GET /robots.txt HTTP/1.1" 301 795 "-" "Mozilla/5.0 (compatible; DotBot/1.2; +https://opensiteexplorer.org/dotbot; help@moz.com)"
173.252.87.10 - - [31/Jul/2025:13:26:52 -0400] "GET /news_detaill?id=659 HTTP/1.1" 301 795 "-" "facebookexternalhit/1.1 (+http://www.facebook.com/externalhit_uatext.php)"
216.244.66.236 - - [31/Jul/2025:13:28:05 -0400] "GET /robots.txt HTTP/1.1" 301 795 "-" "Mozilla/5.0 (compatible; DotBot/1.2; +https://opensiteexplorer.org/dotbot; help@moz.com)"
173.252.87.3 - - [31/Jul/2025:13:28:07 -0400] "GET /news_detaill?id=659 HTTP/1.1" 301 795 "-" "facebookexternalhit/1.1 (+http://www.facebook.com/externalhit_uatext.php)"
69.171.249.113 - - [31/Jul/2025:13:34:09 -0400] "GET /news_detaill?id=658 HTTP/1.1" 301 795 "-" "facebookexternalhit/1.1 (+http://www.facebook.com/externalhit_uatext.php)"
173.252.83.115 - - [31/Jul/2025:13:34:38 -0400] "GET /news_detaill?id=658 HTTP/1.1" 301 795 "-" "facebookexternalhit/1.1 (+http://www.facebook.com/externalhit_uatext.php)"
66.220.149.16 - - [31/Jul/2025:13:40:37 -0400] "GET /news_detaill?id=659 HTTP/1.1" 301 795 "-" "facebookexternalhit/1.1 (+http://www.facebook.com/externalhit_uatext.php)"
173.252.87.2 - - [31/Jul/2025:13:32:48 -0400] "GET /news_detaill?id=660 HTTP/1.1" 301 795 "-" "facebookexternalhit/1.1 (+http://www.facebook.com/externalhit_uatext.php)"
31.13.127.31 - - [31/Jul/2025:13:34:39 -0400] "GET /news_detaill?id=658 HTTP/1.1" 301 795 "-" "facebookexternalhit/1.1 (+http://www.facebook.com/externalhit_uatext.php)"
173.252.79.10 - - [31/Jul/2025:13:36:13 -0400] "GET /news_detaill?id=660 HTTP/1.1" 301 795 "-" "facebookexternalhit/1.1 (+http://www.facebook.com/externalhit_uatext.php)"
173.252.107.1 - - [31/Jul/2025:13:40:37 -0400] "GET /news_detaill?id=659 HTTP/1.1" 301 795 "-" "facebookexternalhit/1.1 (+http://www.facebook.com/externalhit_uatext.php)"
173.252.83.8 - - [31/Jul/2025:13:47:59 -0400] "GET /news_detaill?id=660 HTTP/1.1" 301 795 "-" "facebookexternalhit/1.1 (+http://www.facebook.com/externalhit_uatext.php)"
157.66.56.207 - - [31/Jul/2025:14:06:01 -0400] "GET / HTTP/1.1" 301 795 "-" "Mozilla/5.0 (Linux; Android 10; M2004J19C) AppleWebKit/537.36 (KHTML, like Gecko) Chrome/91.0.4472.77 Mobile Safari/537.36"
216.244.66.236 - - [31/Jul/2025:14:11:56 -0400] "GET /robots.txt HTTP/1.1" 301 795 "-" "Mozilla/5.0 (compatible; DotBot/1.2; +https://opensiteexplorer.org/dotbot; help@moz.com)"
216.244.66.203 - - [31/Jul/2025:14:15:53 -0400] "GET /robots.txt HTTP/1.1" 301 795 "-" "Mozilla/5.0 (compatible; DotBot/1.2; +https://opensiteexplorer.org/dotbot; help@moz.com)"
157.66.56.207 - - [31/Jul/2025:14:05:46 -0400] "GET / HTTP/1.1" 301 795 "-" "Mozilla/5.0 (Linux; Android 10; M2004J19C) AppleWebKit/537.36 (KHTML, like Gecko) Chrome/91.0.4472.77 Mobile Safari/537.36"
216.244.66.236 - - [31/Jul/2025:14:11:56 -0400] "GET /robots.txt HTTP/1.1" 301 795 "-" "Mozilla/5.0 (compatible; DotBot/1.2; +https://opensiteexplorer.org/dotbot; help@moz.com)"
157.66.56.207 - - [31/Jul/2025:14:29:27 -0400] "GET / HTTP/1.1" 301 795 "-" "Mozilla/5.0 (Linux; Android 10; M2004J19C) AppleWebKit/537.36 (KHTML, like Gecko) Chrome/91.0.4472.77 Mobile Safari/537.36"
40.77.167.116 - - [31/Jul/2025:14:32:25 -0400] "GET /viewreport?id=621 HTTP/1.1" 301 795 "-" "Mozilla/5.0 AppleWebKit/537.36 (KHTML, like Gecko; compatible; bingbot/2.0; +http://www.bing.com/bingbot.htm) Chrome/116.0.1938.76 Safari/537.36"
157.66.56.207 - - [31/Jul/2025:14:29:13 -0400] "GET / HTTP/1.1" 301 795 "-" "Mozilla/5.0 (Linux; Android 10; M2004J19C) AppleWebKit/537.36 (KHTML, like Gecko) Chrome/91.0.4472.77 Mobile Safari/537.36"
216.244.66.236 - - [31/Jul/2025:14:54:28 -0400] "GET /robots.txt HTTP/1.1" 301 795 "-" "Mozilla/5.0 (compatible; DotBot/1.2; +https://opensiteexplorer.org/dotbot; help@moz.com)"
216.244.66.236 - - [31/Jul/2025:14:54:28 -0400] "GET /robots.txt HTTP/1.1" 301 795 "-" "Mozilla/5.0 (compatible; DotBot/1.2; +https://opensiteexplorer.org/dotbot; help@moz.com)"
216.244.66.236 - - [31/Jul/2025:14:54:28 -0400] "GET /robots.txt HTTP/1.1" 301 795 "-" "Mozilla/5.0 (compatible; DotBot/1.2; +https://opensiteexplorer.org/dotbot; help@moz.com)"
216.244.66.203 - - [31/Jul/2025:15:04:16 -0400] "GET /robots.txt HTTP/1.1" 301 795 "-" "Mozilla/5.0 (compatible; DotBot/1.2; +https://opensiteexplorer.org/dotbot; help@moz.com)"
57.141.2.23 - - [31/Jul/2025:15:18:13 -0400] "GET /news_detaill?id=320 HTTP/1.1" 301 795 "-" "meta-externalagent/1.1 (+https://developers.facebook.com/docs/sharing/webmasters/crawler)"
80.87.206.61 - - [31/Jul/2025:15:21:22 -0400] "GET / HTTP/1.1" 301 795 "-" "Mozilla/5.0 (Macintosh; Intel Mac OS X 12_5) AppleWebKit/537.36 (KHTML, like Gecko) Chrome/114.0.0.0 Safari/537.36"
216.244.66.236 - - [31/Jul/2025:15:37:11 -0400] "GET /robots.txt HTTP/1.1" 301 795 "-" "Mozilla/5.0 (compatible; DotBot/1.2; +https://opensiteexplorer.org/dotbot; help@moz.com)"
216.244.66.236 - - [31/Jul/2025:15:37:11 -0400] "GET /robots.txt HTTP/1.1" 301 795 "-" "Mozilla/5.0 (compatible; DotBot/1.2; +https://opensiteexplorer.org/dotbot; help@moz.com)"
52.54.95.127 - - [31/Jul/2025:15:59:42 -0400] "GET /caselaws?tax=Income%20Tax HTTP/1.1" 301 795 "-" "Mozilla/5.0 AppleWebKit/537.36 (KHTML, like Gecko; compatible; Amazonbot/0.1; +https://developer.amazon.com/support/amazonbot) Chrome/119.0.6045.214 Safari/537.36"
35.224.44.164 - - [31/Jul/2025:16:01:17 -0400] "HEAD / HTTP/1.1" 301 0 "-" "Mozilla/5.0 (Windows NT 10.0; Win64; x64) AppleWebKit/537.36 (KHTML, like Gecko) Chrome/74.0.3729.169 Safari/537.36"
35.224.44.164 - - [31/Jul/2025:16:01:17 -0400] "HEAD /wp HTTP/1.1" 301 0 "-" "Mozilla/5.0 (Windows NT 10.0; Win64; x64) AppleWebKit/537.36 (KHTML, like Gecko) Chrome/74.0.3729.169 Safari/537.36"
35.224.44.164 - - [31/Jul/2025:16:01:18 -0400] "HEAD /bc HTTP/1.1" 301 0 "-" "Mozilla/5.0 (Windows NT 10.0; Win64; x64) AppleWebKit/537.36 (KHTML, like Gecko) Chrome/74.0.3729.169 Safari/537.36"
35.224.44.164 - - [31/Jul/2025:16:01:18 -0400] "HEAD /old HTTP/1.1" 301 0 "-" "Mozilla/5.0 (Windows NT 10.0; Win64; x64) AppleWebKit/537.36 (KHTML, like Gecko) Chrome/74.0.3729.169 Safari/537.36"
35.224.44.164 - - [31/Jul/2025:16:01:18 -0400] "HEAD /new HTTP/1.1" 301 0 "-" "Mozilla/5.0 (Windows NT 10.0; Win64; x64) AppleWebKit/537.36 (KHTML, like Gecko) Chrome/74.0.3729.169 Safari/537.36"
34.45.75.88 - - [31/Jul/2025:16:15:23 -0400] "HEAD / HTTP/1.1" 301 0 "-" "Mozilla/5.0 (Windows NT 10.0; Win64; x64) AppleWebKit/537.36 (KHTML, like Gecko) Chrome/74.0.3729.169 Safari/537.36"
34.45.75.88 - - [31/Jul/2025:16:15:24 -0400] "HEAD /bc HTTP/1.1" 301 0 "-" "Mozilla/5.0 (Windows NT 10.0; Win64; x64) AppleWebKit/537.36 (KHTML, like Gecko) Chrome/74.0.3729.169 Safari/537.36"
34.45.75.88 - - [31/Jul/2025:16:15:24 -0400] "HEAD /bk HTTP/1.1" 301 0 "-" "Mozilla/5.0 (Windows NT 10.0; Win64; x64) AppleWebKit/537.36 (KHTML, like Gecko) Chrome/74.0.3729.169 Safari/537.36"
34.45.75.88 - - [31/Jul/2025:16:15:24 -0400] "HEAD /backup HTTP/1.1" 301 0 "-" "Mozilla/5.0 (Windows NT 10.0; Win64; x64) AppleWebKit/537.36 (KHTML, like Gecko) Chrome/74.0.3729.169 Safari/537.36"
34.45.75.88 - - [31/Jul/2025:16:15:24 -0400] "HEAD /old HTTP/1.1" 301 0 "-" "Mozilla/5.0 (Windows NT 10.0; Win64; x64) AppleWebKit/537.36 (KHTML, like Gecko) Chrome/74.0.3729.169 Safari/537.36"
35.224.44.164 - - [31/Jul/2025:16:01:17 -0400] "HEAD /wordpress HTTP/1.1" 301 0 "-" "Mozilla/5.0 (Windows NT 10.0; Win64; x64) AppleWebKit/537.36 (KHTML, like Gecko) Chrome/74.0.3729.169 Safari/537.36"
216.244.66.203 - - [31/Jul/2025:16:01:17 -0400] "GET /robots.txt HTTP/1.1" 301 795 "-" "Mozilla/5.0 (compatible; DotBot/1.2; +https://opensiteexplorer.org/dotbot; help@moz.com)"
216.244.66.203 - - [31/Jul/2025:16:01:17 -0400] "GET /robots.txt HTTP/1.1" 301 795 "-" "Mozilla/5.0 (compatible; DotBot/1.2; +https://opensiteexplorer.org/dotbot; help@moz.com)"
35.224.44.164 - - [31/Jul/2025:16:01:18 -0400] "HEAD /bk HTTP/1.1" 301 0 "-" "Mozilla/5.0 (Windows NT 10.0; Win64; x64) AppleWebKit/537.36 (KHTML, like Gecko) Chrome/74.0.3729.169 Safari/537.36"
35.224.44.164 - - [31/Jul/2025:16:01:18 -0400] "HEAD /backup HTTP/1.1" 301 0 "-" "Mozilla/5.0 (Windows NT 10.0; Win64; x64) AppleWebKit/537.36 (KHTML, like Gecko) Chrome/74.0.3729.169 Safari/537.36"
35.224.44.164 - - [31/Jul/2025:16:01:18 -0400] "HEAD /main HTTP/1.1" 301 0 "-" "Mozilla/5.0 (Windows NT 10.0; Win64; x64) AppleWebKit/537.36 (KHTML, like Gecko) Chrome/74.0.3729.169 Safari/537.36"
35.224.44.164 - - [31/Jul/2025:16:01:19 -0400] "HEAD /home HTTP/1.1" 301 0 "-" "Mozilla/5.0 (Windows NT 10.0; Win64; x64) AppleWebKit/537.36 (KHTML, like Gecko) Chrome/74.0.3729.169 Safari/537.36"
34.45.75.88 - - [31/Jul/2025:16:15:23 -0400] "HEAD /wordpress HTTP/1.1" 301 0 "-" "Mozilla/5.0 (Windows NT 10.0; Win64; x64) AppleWebKit/537.36 (KHTML, like Gecko) Chrome/74.0.3729.169 Safari/537.36"
34.45.75.88 - - [31/Jul/2025:16:15:24 -0400] "HEAD /wp HTTP/1.1" 301 0 "-" "Mozilla/5.0 (Windows NT 10.0; Win64; x64) AppleWebKit/537.36 (KHTML, like Gecko) Chrome/74.0.3729.169 Safari/537.36"
34.45.75.88 - - [31/Jul/2025:16:15:24 -0400] "HEAD /new HTTP/1.1" 301 0 "-" "Mozilla/5.0 (Windows NT 10.0; Win64; x64) AppleWebKit/537.36 (KHTML, like Gecko) Chrome/74.0.3729.169 Safari/537.36"
34.45.75.88 - - [31/Jul/2025:16:15:25 -0400] "HEAD /main HTTP/1.1" 301 0 "-" "Mozilla/5.0 (Windows NT 10.0; Win64; x64) AppleWebKit/537.36 (KHTML, like Gecko) Chrome/74.0.3729.169 Safari/537.36"
34.45.75.88 - - [31/Jul/2025:16:15:25 -0400] "HEAD /home HTTP/1.1" 301 0 "-" "Mozilla/5.0 (Windows NT 10.0; Win64; x64) AppleWebKit/537.36 (KHTML, like Gecko) Chrome/74.0.3729.169 Safari/537.36"
216.244.66.236 - - [31/Jul/2025:16:20:23 -0400] "GET /robots.txt HTTP/1.1" 301 795 "-" "Mozilla/5.0 (compatible; DotBot/1.2; +https://opensiteexplorer.org/dotbot; help@moz.com)"
216.244.66.236 - - [31/Jul/2025:16:20:23 -0400] "GET /robots.txt HTTP/1.1" 301 795 "-" "Mozilla/5.0 (compatible; DotBot/1.2; +https://opensiteexplorer.org/dotbot; help@moz.com)"
216.244.66.203 - - [31/Jul/2025:16:49:05 -0400] "GET /robots.txt HTTP/1.1" 301 795 "-" "Mozilla/5.0 (compatible; DotBot/1.2; +https://opensiteexplorer.org/dotbot; help@moz.com)"
216.73.216.67 - - [31/Jul/2025:16:41:17 -0400] "GET /robots.txt HTTP/1.1" 301 795 "-" "Mozilla/5.0 AppleWebKit/537.36 (KHTML, like Gecko; compatible; ClaudeBot/1.0; +claudebot@anthropic.com)"
216.73.216.67 - - [31/Jul/2025:16:41:25 -0400] "GET /sitemap.xml HTTP/1.1" 301 795 "-" "Mozilla/5.0 AppleWebKit/537.36 (KHTML, like Gecko; compatible; ClaudeBot/1.0; +claudebot@anthropic.com)"
216.244.66.203 - - [31/Jul/2025:16:49:05 -0400] "GET /robots.txt HTTP/1.1" 301 795 "-" "Mozilla/5.0 (compatible; DotBot/1.2; +https://opensiteexplorer.org/dotbot; help@moz.com)"
66.249.77.226 - - [31/Jul/2025:16:50:12 -0400] "GET /robots.txt HTTP/1.1" 301 795 "-" "Mozilla/5.0 (compatible; Googlebot/2.1; +http://www.google.com/bot.html)"
52.167.144.66 - - [31/Jul/2025:17:06:01 -0400] "GET /robots.txt HTTP/1.1" 301 795 "-" "Mozilla/5.0 AppleWebKit/537.36 (KHTML, like Gecko; compatible; bingbot/2.0; +http://www.bing.com/bingbot.htm) Chrome/116.0.1938.76 Safari/537.36"
66.249.77.225 - - [31/Jul/2025:16:50:13 -0400] "GET /ads.txt HTTP/1.1" 301 795 "-" "Mozilla/5.0 (compatible; Googlebot/2.1; +http://www.google.com/bot.html)"
52.167.144.66 - - [31/Jul/2025:17:02:03 -0400] "GET /robots.txt HTTP/1.1" 301 795 "-" "Mozilla/5.0 AppleWebKit/537.36 (KHTML, like Gecko; compatible; bingbot/2.0; +http://www.bing.com/bingbot.htm) Chrome/116.0.1938.76 Safari/537.36"
216.244.66.236 - - [31/Jul/2025:17:03:20 -0400] "GET /robots.txt HTTP/1.1" 301 795 "-" "Mozilla/5.0 (compatible; DotBot/1.2; +https://opensiteexplorer.org/dotbot; help@moz.com)"
216.244.66.236 - - [31/Jul/2025:17:03:20 -0400] "GET /robots.txt HTTP/1.1" 301 795 "-" "Mozilla/5.0 (compatible; DotBot/1.2; +https://opensiteexplorer.org/dotbot; help@moz.com)"
52.167.144.66 - - [31/Jul/2025:17:18:42 -0400] "GET /robots.txt HTTP/1.1" 301 795 "-" "Mozilla/5.0 AppleWebKit/537.36 (KHTML, like Gecko; compatible; bingbot/2.0; +http://www.bing.com/bingbot.htm) Chrome/116.0.1938.76 Safari/537.36"
43.157.175.122 - - [31/Jul/2025:17:30:26 -0400] "GET / HTTP/1.1" 301 795 "-" "Mozilla/5.0 (iPhone; CPU iPhone OS 13_2_3 like Mac OS X) AppleWebKit/605.1.15 (KHTML, like Gecko) Version/13.0.3 Mobile/15E148 Safari/604.1"
216.244.66.203 - - [31/Jul/2025:17:37:51 -0400] "GET /robots.txt HTTP/1.1" 301 795 "-" "Mozilla/5.0 (compatible; DotBot/1.2; +https://opensiteexplorer.org/dotbot; help@moz.com)"
52.167.144.66 - - [31/Jul/2025:17:38:04 -0400] "GET /robots.txt HTTP/1.1" 301 795 "-" "Mozilla/5.0 AppleWebKit/537.36 (KHTML, like Gecko; compatible; bingbot/2.0; +http://www.bing.com/bingbot.htm) Chrome/116.0.1938.76 Safari/537.36"
216.244.66.203 - - [31/Jul/2025:17:37:51 -0400] "GET /robots.txt HTTP/1.1" 301 795 "-" "Mozilla/5.0 (compatible; DotBot/1.2; +https://opensiteexplorer.org/dotbot; help@moz.com)"
40.77.167.77 - - [31/Jul/2025:17:38:09 -0400] "GET / HTTP/1.1" 301 795 "-" "Mozilla/5.0 AppleWebKit/537.36 (KHTML, like Gecko; compatible; bingbot/2.0; +http://www.bing.com/bingbot.htm) Chrome/116.0.1938.76 Safari/537.36"
216.244.66.236 - - [31/Jul/2025:17:47:01 -0400] "GET /robots.txt HTTP/1.1" 301 795 "-" "Mozilla/5.0 (compatible; DotBot/1.2; +https://opensiteexplorer.org/dotbot; help@moz.com)"
216.244.66.236 - - [31/Jul/2025:17:47:01 -0400] "GET /robots.txt HTTP/1.1" 301 795 "-" "Mozilla/5.0 (compatible; DotBot/1.2; +https://opensiteexplorer.org/dotbot; help@moz.com)"
4.217.249.175 - - [31/Jul/2025:18:00:23 -0400] "GET /wp-content/plugins/hellopress/wp_filemanager.php HTTP/1.1" 301 795 "-" "-"
4.217.249.175 - - [31/Jul/2025:18:00:24 -0400] "GET /wp-admin/js/widgets/about.php7 HTTP/1.1" 301 795 "-" "-"
4.217.249.175 - - [31/Jul/2025:18:00:25 -0400] "GET /libraries/vendor/updates.php HTTP/1.1" 301 795 "-" "-"
4.217.249.175 - - [31/Jul/2025:18:00:25 -0400] "GET /dropdown.php HTTP/1.1" 301 795 "-" "-"
4.217.249.175 - - [31/Jul/2025:18:00:26 -0400] "GET /wp-content/plugins/seoo/wsoyanz1.php HTTP/1.1" 301 795 "-" "-"
4.217.249.175 - - [31/Jul/2025:18:00:27 -0400] "GET /libraries/phpmailer/updates.php HTTP/1.1" 301 795 "-" "-"
4.217.249.175 - - [31/Jul/2025:18:00:28 -0400] "GET /css/cloud.php HTTP/1.1" 301 795 "-" "-"
4.217.249.175 - - [31/Jul/2025:18:00:28 -0400] "GET /wp-content/gallery/about.php HTTP/1.1" 301 795 "-" "-"
4.217.249.175 - - [31/Jul/2025:18:00:29 -0400] "GET /wp-content/repeater.php HTTP/1.1" 301 795 "-" "-"
4.217.249.175 - - [31/Jul/2025:18:00:30 -0400] "GET /wp-admin/cloud.php HTTP/1.1" 301 795 "-" "-"
4.217.249.175 - - [31/Jul/2025:18:00:30 -0400] "GET /.well-known/acme-challenge/cloud.php HTTP/1.1" 301 795 "-" "-"
4.217.249.175 - - [31/Jul/2025:18:00:31 -0400] "GET /wp-admin/repeater.php HTTP/1.1" 301 795 "-" "-"
4.217.249.175 - - [31/Jul/2025:18:00:31 -0400] "GET /wp-admin/ajax-actions.php HTTP/1.1" 301 795 "-" "-"
4.217.249.175 - - [31/Jul/2025:18:00:32 -0400] "GET /yanz.php HTTP/1.1" 301 795 "-" "-"
4.217.249.175 - - [31/Jul/2025:18:00:33 -0400] "GET /wp-includes/blocks/about.php HTTP/1.1" 301 795 "-" "-"
4.217.249.175 - - [31/Jul/2025:18:00:33 -0400] "GET /wp-consar.php HTTP/1.1" 301 795 "-" "-"
4.217.249.175 - - [31/Jul/2025:18:00:34 -0400] "GET /wp-admin/images/cloud.php HTTP/1.1" 301 795 "-" "-"
4.217.249.175 - - [31/Jul/2025:18:00:34 -0400] "GET /wp-admin/css/colors/coffee/cloud.php HTTP/1.1" 301 795 "-" "-"
4.217.249.175 - - [31/Jul/2025:18:00:36 -0400] "GET /wp-includes/repeater.php HTTP/1.1" 301 795 "-" "-"
4.217.249.175 - - [31/Jul/2025:18:00:36 -0400] "GET /images/cloud.php HTTP/1.1" 301 795 "-" "-"
4.217.249.175 - - [31/Jul/2025:18:00:37 -0400] "GET /wp-content/blogs.dir/about.php HTTP/1.1" 301 795 "-" "-"
4.217.249.175 - - [31/Jul/2025:18:00:37 -0400] "GET /cgi-bin/cloud.php HTTP/1.1" 301 795 "-" "-"
4.217.249.175 - - [31/Jul/2025:18:00:37 -0400] "GET /wp-includes/about.php HTTP/1.1" 301 795 "-" "-"
4.217.249.175 - - [31/Jul/2025:18:00:38 -0400] "GET /cloud.php HTTP/1.1" 301 795 "-" "-"
4.217.249.175 - - [31/Jul/2025:18:00:40 -0400] "GET /wp-admin/js/widgets/cloud.php HTTP/1.1" 301 795 "-" "-"
4.217.249.175 - - [31/Jul/2025:18:00:40 -0400] "GET /admin-post.php HTTP/1.1" 301 795 "-" "-"
4.217.249.175 - - [31/Jul/2025:18:00:40 -0400] "GET /wp-content/upgrade-temp-backup/about.php HTTP/1.1" 301 795 "-" "-"
4.217.249.175 - - [31/Jul/2025:18:00:41 -0400] "GET /wp-admin/maint/maint/ajax-actions.php HTTP/1.1" 301 795 "-" "-"
4.217.249.175 - - [31/Jul/2025:18:00:41 -0400] "GET /cgi-bin/about.php HTTP/1.1" 301 795 "-" "-"
4.217.249.175 - - [31/Jul/2025:18:00:42 -0400] "GET /updates.php HTTP/1.1" 301 795 "-" "-"
4.217.249.175 - - [31/Jul/2025:18:00:43 -0400] "GET /wp-admin/network/cloud.php HTTP/1.1" 301 795 "-" "-"
4.217.249.175 - - [31/Jul/2025:18:00:44 -0400] "GET /wp-admin/css/colors/cloud.php HTTP/1.1" 301 795 "-" "-"
4.217.249.175 - - [31/Jul/2025:18:00:44 -0400] "GET /wp-admin/css/about.php HTTP/1.1" 301 795 "-" "-"
4.217.249.175 - - [31/Jul/2025:18:00:46 -0400] "GET /wp-admin/user/cloud.php HTTP/1.1" 301 795 "-" "-"
4.217.249.175 - - [31/Jul/2025:18:00:47 -0400] "GET /ajax-actions.php HTTP/1.1" 301 795 "-" "-"
4.217.249.175 - - [31/Jul/2025:18:00:47 -0400] "GET /wp-admin/css/index.php HTTP/1.1" 301 795 "-" "-"
4.217.249.175 - - [31/Jul/2025:18:00:47 -0400] "GET /wp-includes/images/about.php HTTP/1.1" 301 795 "-" "-"
172.207.159.141 - - [31/Jul/2025:18:01:39 -0400] "GET /wp-content/plugins/hellopress/wp_filemanager.php HTTP/1.1" 301 795 "-" "-"
82.147.84.163 - - [31/Jul/2025:17:57:45 -0400] "GET / HTTP/1.0" 301 795 "-" "Mozilla/5.0 (Windows NT 10.0; Win64; x64) AppleWebKit/537.36 (KHTML, like Gecko) Chrome/118.0.0.0 Safari/537.36"
82.147.84.163 - - [31/Jul/2025:17:57:47 -0400] "GET / HTTP/1.0" 301 795 "-" "Mozilla/5.0 (Windows NT 10.0; Win64; x64) AppleWebKit/537.36 (KHTML, like Gecko) Chrome/118.0.0.0 Safari/537.36"
4.217.249.175 - - [31/Jul/2025:18:00:25 -0400] "GET /alfa-rex.php7 HTTP/1.1" 301 795 "-" "-"
4.217.249.175 - - [31/Jul/2025:18:00:26 -0400] "GET /wp-content/plugins/Cache/Cache.php HTTP/1.1" 301 795 "-" "-"
4.217.249.175 - - [31/Jul/2025:18:00:27 -0400] "GET /wp-admin/css/colors/blue/cloud.php HTTP/1.1" 301 795 "-" "-"
4.217.249.175 - - [31/Jul/2025:18:00:27 -0400] "GET /wp-includes/Requests/Text/admin.php HTTP/1.1" 301 795 "-" "-"
4.217.249.175 - - [31/Jul/2025:18:00:29 -0400] "GET /wp-admin/images/about.php HTTP/1.1" 301 795 "-" "-"
4.217.249.175 - - [31/Jul/2025:18:00:30 -0400] "GET /wp-admin/includes/cloud.php HTTP/1.1" 301 795 "-" "-"
4.217.249.175 - - [31/Jul/2025:18:00:32 -0400] "GET /wp-admin/includes/about.php HTTP/1.1" 301 795 "-" "-"
4.217.249.175 - - [31/Jul/2025:18:00:32 -0400] "GET /wp-content/plugins/seoo/wsoyanz.php HTTP/1.1" 301 795 "-" "-"
4.217.249.175 - - [31/Jul/2025:18:00:35 -0400] "GET /libraries/legacy/updates.php HTTP/1.1" 301 795 "-" "-"
4.217.249.175 - - [31/Jul/2025:18:00:35 -0400] "GET /repeater.php HTTP/1.1" 301 795 "-" "-"
4.217.249.175 - - [31/Jul/2025:18:00:35 -0400] "GET /alfanew.php HTTP/1.1" 301 795 "-" "-"
4.217.249.175 - - [31/Jul/2025:18:00:38 -0400] "GET /img/cloud.php HTTP/1.1" 301 795 "-" "-"
4.217.249.175 - - [31/Jul/2025:18:00:39 -0400] "GET /avaa.php HTTP/1.1" 301 795 "-" "-"
4.217.249.175 - - [31/Jul/2025:18:00:39 -0400] "GET /images/about.php HTTP/1.1" 301 795 "-" "-"
4.217.249.175 - - [31/Jul/2025:18:00:42 -0400] "GET /wp-admin/dropdown.php HTTP/1.1" 301 795 "-" "-"
4.217.249.175 - - [31/Jul/2025:18:00:42 -0400] "GET /cache-compat.php HTTP/1.1" 301 795 "-" "-"
4.217.249.175 - - [31/Jul/2025:18:00:43 -0400] "GET /wp-content/themes/about.php HTTP/1.1" 301 795 "-" "-"
4.217.249.175 - - [31/Jul/2025:18:00:44 -0400] "GET /.well-known/pki-validation/cloud.php HTTP/1.1" 301 795 "-" "-"
4.217.249.175 - - [31/Jul/2025:18:00:45 -0400] "GET /wp-content/updates.php HTTP/1.1" 301 795 "-" "-"
4.217.249.175 - - [31/Jul/2025:18:00:45 -0400] "GET /wp-p.php7 HTTP/1.1" 301 795 "-" "-"
4.217.249.175 - - [31/Jul/2025:18:00:46 -0400] "GET /wsoyanz.php HTTP/1.1" 301 795 "-" "-"
172.207.159.141 - - [31/Jul/2025:18:01:41 -0400] "GET /file.php?fm=true&delete=license.txt&path=/home/nevzatus/shroomsdeliverynearme.com/ HTTP/1.1" 301 795 "-" "-"
172.207.159.141 - - [31/Jul/2025:18:01:41 -0400] "GET /about.php?dir=/home/sarazi/public_html HTTP/1.1" 301 795 "-" "-"
172.207.159.141 - - [31/Jul/2025:18:01:42 -0400] "GET /cc.php%20/admin.php?fm=true&delete=license.txt&path=/www/wwwroot/www.globalcasinolist.net/ HTTP/1.1" 301 795 "-" "-"
172.207.159.141 - - [31/Jul/2025:18:01:42 -0400] "GET /file.php?fm=true&delete=license.txt&path=/home/nevzatus/shroomsdeliverynearme.com/ HTTP/1.1" 301 795 "-" "-"
172.207.159.141 - - [31/Jul/2025:18:01:43 -0400] "GET /wp-admin/css/colors/blue/index.php HTTP/1.1" 301 795 "-" "-"
172.207.159.141 - - [31/Jul/2025:18:01:44 -0400] "GET /wp-info.php?p=%2Fhome%2Fkaltimti%2Finstaweb%2Fmimbar-minangnews.com%2Fnew HTTP/1.1" 301 795 "-" "-"
172.207.159.141 - - [31/Jul/2025:18:01:45 -0400] "GET /wp-includes/ID3/index.php?p= HTTP/1.1" 301 795 "-" "-"
172.207.159.141 - - [31/Jul/2025:18:01:47 -0400] "GET /wp-includes/Text/network.php HTTP/1.1" 301 795 "-" "-"
172.207.159.141 - - [31/Jul/2025:18:01:50 -0400] "GET /themes/zMousse/otuz1.php HTTP/1.1" 301 795 "-" "-"
172.207.159.141 - - [31/Jul/2025:18:01:51 -0400] "GET /file.php?fm=true&delete=license.txt&path=/customers/2/a/b/cmbaatuop/webroots/29f11c9f/ HTTP/1.1" 301 795 "-" "-"
172.207.159.141 - - [31/Jul/2025:18:01:51 -0400] "GET /404.php?fm=true&delete=license.txt&path=/home/u746949441/domains/psac.in/public_html/ HTTP/1.1" 301 795 "-" "-"
172.207.159.141 - - [31/Jul/2025:18:01:51 -0400] "GET /2.php?fm=true&delete=.htacess&path=/home/u783661527/domains/pedvmax.com.br/public_html/ HTTP/1.1" 301 795 "-" "-"
172.207.159.141 - - [31/Jul/2025:18:01:52 -0400] "GET /about/function.php HTTP/1.1" 301 795 "-" "-"
172.207.159.141 - - [31/Jul/2025:18:01:53 -0400] "GET /app.php?fm=true&delete=.htaccess&path=/home/u996667838/domains/prudenture.com/public_html/ HTTP/1.1" 301 795 "-" "-"
172.207.159.141 - - [31/Jul/2025:18:01:55 -0400] "GET /plugins.php HTTP/1.1" 301 795 "-" "-"
172.207.159.141 - - [31/Jul/2025:18:01:56 -0400] "GET /atomlib.php HTTP/1.1" 301 795 "-" "-"
172.207.159.141 - - [31/Jul/2025:18:01:58 -0400] "GET /atomlib.php HTTP/1.1" 301 795 "-" "-"
172.207.159.141 - - [31/Jul/2025:18:01:59 -0400] "GET /home.php HTTP/1.1" 301 795 "-" "-"
172.207.159.141 - - [31/Jul/2025:18:02:00 -0400] "GET /wp-content/index.php HTTP/1.1" 301 795 "-" "-"
172.207.159.141 - - [31/Jul/2025:18:02:01 -0400] "GET /text.php HTTP/1.1" 301 795 "-" "-"
172.207.159.141 - - [31/Jul/2025:18:02:01 -0400] "GET /.well-known/pki-validation/about.php?p= HTTP/1.1" 302 771 "-" "-"
172.207.159.141 - - [31/Jul/2025:18:02:01 -0400] "GET /admin.php?fm=true&delete=license.txt&path=/home/u756317209/domains/regmaeducation.com/public_html/ HTTP/1.1" 301 795 "-" "-"
172.207.159.141 - - [31/Jul/2025:18:02:02 -0400] "GET /manager.php?p= HTTP/1.1" 301 795 "-" "-"
172.207.159.141 - - [31/Jul/2025:18:02:02 -0400] "GET /wp-content/admin.php?fm=true&delete=license.txt&path=/home/gcynslpl/clinicalpsychologistpretoria.com/ HTTP/1.1" 301 795 "-" "-"
172.207.159.141 - - [31/Jul/2025:18:02:03 -0400] "GET /radio.php HTTP/1.1" 301 795 "-" "-"
172.207.159.141 - - [31/Jul/2025:18:02:03 -0400] "GET /1.php?option&path=/www/wwwroot/www.mkgseattlestore.com HTTP/1.1" 301 795 "-" "-"
172.207.159.141 - - [31/Jul/2025:18:02:04 -0400] "GET /404.php HTTP/1.1" 301 795 "-" "-"
172.207.159.141 - - [31/Jul/2025:18:02:04 -0400] "GET /wp-content/themes/twenty/twenty.php HTTP/1.1" 301 795 "-" "-"
172.207.159.141 - - [31/Jul/2025:18:01:41 -0400] "GET /autoload_classmap.php?p=%09%09%09%09%09%09%09%09%09%09%09%09%09%09%20/file.php?fm=true&delete=license.txt&path=/home/nevzatus/shroomsdeliverynearme.com/ HTTP/1.1" 301 795 "-" "-"
172.207.159.141 - - [31/Jul/2025:18:01:43 -0400] "GET /wp-content/plugins/wp-help/index.php HTTP/1.1" 301 795 "-" "-"
172.207.159.141 - - [31/Jul/2025:18:01:44 -0400] "GET /filemanager.php HTTP/1.1" 301 795 "-" "-"
172.207.159.141 - - [31/Jul/2025:18:01:44 -0400] "GET /as.php?option&path=/home/mbeluggf/localmodelfreelance02.com HTTP/1.1" 301 795 "-" "-"
172.207.159.141 - - [31/Jul/2025:18:01:45 -0400] "GET /wp-admin/css/colors/blue/index.php HTTP/1.1" 301 795 "-" "-"
172.207.159.141 - - [31/Jul/2025:18:01:46 -0400] "GET /wp-admin/js/index.php HTTP/1.1" 301 795 "-" "-"
172.207.159.141 - - [31/Jul/2025:18:01:46 -0400] "GET /file.php?fm=true&delete=license.txt&path=/home10/joyncrafting/public_html/ HTTP/1.1" 301 795 "-" "-"
172.207.159.141 - - [31/Jul/2025:18:01:46 -0400] "GET /inputs.php HTTP/1.1" 301 795 "-" "-"
172.207.159.141 - - [31/Jul/2025:18:01:47 -0400] "GET /admin/function.php?fm=true&path=/home/u838495715/domains/aviconindia.com/public_html/admin HTTP/1.1" 301 795 "-" "-"
172.207.159.141 - - [31/Jul/2025:18:01:48 -0400] "GET /wp-content/packed.php?option&path=/nas/content/live/commerceeq/wp-content HTTP/1.1" 301 795 "-" "-"
172.207.159.141 - - [31/Jul/2025:18:01:48 -0400] "GET /wp-content/themes/index.php HTTP/1.1" 301 795 "-" "-"
172.207.159.141 - - [31/Jul/2025:18:01:49 -0400] "GET /file.php?fm=true&delete=license.txt&path=/home/ujdxbnpt/radhakrishnaschool.in/ HTTP/1.1" 301 795 "-" "-"
172.207.159.141 - - [31/Jul/2025:18:01:49 -0400] "GET /text.php?fm=true&delete=license.txt&path=/var/www/vhosts/demomikucha.com/httpdocs/ HTTP/1.1" 301 795 "-" "-"
172.207.159.141 - - [31/Jul/2025:18:01:49 -0400] "GET /autoload_classmap.php HTTP/1.1" 301 795 "-" "-"
172.207.159.141 - - [31/Jul/2025:18:01:50 -0400] "GET /as.php HTTP/1.1" 301 795 "-" "-"
172.207.159.141 - - [31/Jul/2025:18:01:52 -0400] "GET /text.php?fm=true&delete=.htaccess&path=/home/ssbacha1/public_html/ HTTP/1.1" 301 795 "-" "-"
172.207.159.141 - - [31/Jul/2025:18:01:53 -0400] "GET /default.php HTTP/1.1" 301 795 "-" "-"
172.207.159.141 - - [31/Jul/2025:18:01:53 -0400] "GET /file.php?fm=true&delete=license.txt&path=/customers/e/7/8/c3veehjbe/webroots/sites/httpdocs/ HTTP/1.1" 301 795 "-" "-"
172.207.159.141 - - [31/Jul/2025:18:01:54 -0400] "GET /.well-known/acme-challenge/index.php HTTP/1.1" 301 795 "-" "-"
172.207.159.141 - - [31/Jul/2025:18:01:54 -0400] "GET /makeasmtp.php?p= HTTP/1.1" 301 795 "-" "-"
172.207.159.141 - - [31/Jul/2025:18:01:55 -0400] "GET /admin.php?fm=true&delete=license.txt&path=/www/wwwroot/www.globalcasinolist.net/ HTTP/1.1" 301 795 "-" "-"
172.207.159.141 - - [31/Jul/2025:18:01:56 -0400] "GET /byp.php HTTP/1.1" 301 795 "-" "-"
172.207.159.141 - - [31/Jul/2025:18:01:56 -0400] "GET /classwithtostring.php?p= HTTP/1.1" 301 795 "-" "-"
172.207.159.141 - - [31/Jul/2025:18:01:57 -0400] "GET /autoload_classmap.php?p= HTTP/1.1" 301 795 "-" "-"
172.207.159.141 - - [31/Jul/2025:18:01:57 -0400] "GET /wp-content/uploads/autoload_classmap.php HTTP/1.1" 301 795 "-" "-"
172.207.159.141 - - [31/Jul/2025:18:01:58 -0400] "GET /tinyfilemanager.php?p= HTTP/1.1" 301 795 "-" "-"
172.207.159.141 - - [31/Jul/2025:18:01:58 -0400] "GET /autoload_classmap.php HTTP/1.1" 301 795 "-" "-"
172.207.159.141 - - [31/Jul/2025:18:01:59 -0400] "GET /.well-known/pki-validation/about.php?p= HTTP/1.1" 302 771 "-" "-"
172.207.159.141 - - [31/Jul/2025:18:02:00 -0400] "GET /default.php HTTP/1.1" 301 795 "-" "-"
172.207.159.141 - - [31/Jul/2025:18:02:00 -0400] "GET /db.php HTTP/1.1" 301 795 "-" "-"
172.207.159.141 - - [31/Jul/2025:18:02:04 -0400] "GET /bless.php?fm=true&delete=.htaccess.bk&path=/home/u392878141/domains/siigmatech.com/public_html/ HTTP/1.1" 301 795 "-" "-"
40.77.167.46 - - [31/Jul/2025:18:23:50 -0400] "GET /viewreport?id=941 HTTP/1.1" 301 795 "-" "Mozilla/5.0 AppleWebKit/537.36 (KHTML, like Gecko; compatible; bingbot/2.0; +http://www.bing.com/bingbot.htm) Chrome/116.0.1938.76 Safari/537.36"
35.231.142.105 - - [31/Jul/2025:18:24:09 -0400] "HEAD /wordpress HTTP/1.1" 301 0 "-" "Mozilla/5.0 (Windows NT 10.0; Win64; x64) AppleWebKit/537.36 (KHTML, like Gecko) Chrome/74.0.3729.169 Safari/537.36"
4.227.36.118 - - [31/Jul/2025:18:24:50 -0400] "GET /robots.txt HTTP/1.1" 301 795 "-" "Mozilla/5.0 AppleWebKit/537.36 (KHTML, like Gecko; compatible; GPTBot/1.2; +https://openai.com/gptbot)"
20.171.207.7 - - [31/Jul/2025:18:25:02 -0400] "GET /admin/imger/403.php?loknya=%2Fhome%2Ftaxhyuvu%2Fpublic_html%2Fpublications HTTP/1.1" 301 795 "-" "Mozilla/5.0 AppleWebKit/537.36 (KHTML, like Gecko; compatible; GPTBot/1.2; +https://openai.com/gptbot)"
216.73.216.67 - - [31/Jul/2025:18:28:31 -0400] "GET /sitemap.xml HTTP/1.1" 301 795 "-" "Mozilla/5.0 AppleWebKit/537.36 (KHTML, like Gecko; compatible; ClaudeBot/1.0; +claudebot@anthropic.com)"
20.171.207.7 - - [31/Jul/2025:18:29:07 -0400] "GET /admin/imger/403.php?lokasie=%2Flib64%2F%2Flibmariadbd.so&loknya=%2Flib64%2F HTTP/1.1" 301 795 "-" "Mozilla/5.0 AppleWebKit/537.36 (KHTML, like Gecko; compatible; GPTBot/1.2; +https://openai.com/gptbot)"
66.249.72.39 - - [31/Jul/2025:18:29:22 -0400] "GET /robots.txt HTTP/1.1" 301 795 "-" "Mozilla/5.0 (compatible; Googlebot/2.1; +http://www.google.com/bot.html)"
66.249.72.37 - - [31/Jul/2025:18:29:23 -0400] "GET /public_html/frontend/image/income_tax_circular/Circular04of2016.pdf HTTP/1.1" 301 795 "-" "Mozilla/5.0 (Linux; Android 6.0.1; Nexus 5X Build/MMB29P) AppleWebKit/537.36 (KHTML, like Gecko) Chrome/138.0.7204.183 Mobile Safari/537.36 (compatible; Googlebot/2.1; +http://www.google.com/bot.html)"
20.171.207.7 - - [31/Jul/2025:18:29:52 -0400] "GET /admin/imger/403.php?loknya=%2Fusr%2Fshare%2Fvim%2Fvimfiles%2Fftplugin HTTP/1.1" 301 795 "-" "Mozilla/5.0 AppleWebKit/537.36 (KHTML, like Gecko; compatible; GPTBot/1.2; +https://openai.com/gptbot)"
20.171.207.7 - - [31/Jul/2025:18:29:58 -0400] "GET /admin/imger/403.php?loknya=%2Fproc%2Fself%2Froot%2Fopt%2Falt%2Fruby33%2Fshare%2Fsystemtap HTTP/1.1" 301 795 "-" "Mozilla/5.0 AppleWebKit/537.36 (KHTML, like Gecko; compatible; GPTBot/1.2; +https://openai.com/gptbot)"
20.171.207.7 - - [31/Jul/2025:18:30:02 -0400] "GET /admin/imger/403.php?loknya=%2Fproc%2Fself%2Froot%2Fopt%2Falt%2Fruby30%2Fshare%2Fsystemtap HTTP/1.1" 301 795 "-" "Mozilla/5.0 AppleWebKit/537.36 (KHTML, like Gecko; compatible; GPTBot/1.2; +https://openai.com/gptbot)"
20.171.207.7 - - [31/Jul/2025:18:30:18 -0400] "GET /admin/imger/403.php?loknya=%2Fproc%2Fself%2Froot%2Fopt%2Falt%2Fruby34%2Fshare%2Fsystemtap HTTP/1.1" 301 795 "-" "Mozilla/5.0 AppleWebKit/537.36 (KHTML, like Gecko; compatible; GPTBot/1.2; +https://openai.com/gptbot)"
20.171.207.7 - - [31/Jul/2025:18:30:32 -0400] "GET /admin/imger/403.php?loknya=%2Fproc%2Fself%2Froot%2Fopt%2Falt%2Fruby27%2Fshare%2Fsystemtap HTTP/1.1" 301 795 "-" "Mozilla/5.0 AppleWebKit/537.36 (KHTML, like Gecko; compatible; GPTBot/1.2; +https://openai.com/gptbot)"
216.244.66.236 - - [31/Jul/2025:18:30:40 -0400] "GET /robots.txt HTTP/1.1" 301 795 "-" "Mozilla/5.0 (compatible; DotBot/1.2; +https://opensiteexplorer.org/dotbot; help@moz.com)"
216.73.216.67 - - [31/Jul/2025:18:28:30 -0400] "GET /robots.txt HTTP/1.1" 301 795 "-" "Mozilla/5.0 AppleWebKit/537.36 (KHTML, like Gecko; compatible; ClaudeBot/1.0; +claudebot@anthropic.com)"
20.171.207.7 - - [31/Jul/2025:18:29:06 -0400] "GET /admin/imger/403.php?lokasie=%2Flib64%2F%2Flibmemusage.so&loknya=%2Flib64%2F HTTP/1.1" 301 795 "-" "Mozilla/5.0 AppleWebKit/537.36 (KHTML, like Gecko; compatible; GPTBot/1.2; +https://openai.com/gptbot)"
20.171.207.7 - - [31/Jul/2025:18:29:47 -0400] "GET /admin/imger/403.php?loknya=%2Fusr%2Fshare%2Fvim%2Fvimfiles%2Fautoload HTTP/1.1" 301 795 "-" "Mozilla/5.0 AppleWebKit/537.36 (KHTML, like Gecko; compatible; GPTBot/1.2; +https://openai.com/gptbot)"
4.227.36.118 - - [31/Jul/2025:18:29:51 -0400] "GET /robots.txt HTTP/1.1" 301 795 "-" "Mozilla/5.0 AppleWebKit/537.36 (KHTML, like Gecko; compatible; GPTBot/1.2; +https://openai.com/gptbot)"
20.171.207.7 - - [31/Jul/2025:18:29:53 -0400] "GET /admin/imger/403.php?loknya=%2Fusr%2Fshare%2Fvim%2Fvimfiles%2Fcompiler HTTP/1.1" 301 795 "-" "Mozilla/5.0 AppleWebKit/537.36 (KHTML, like Gecko; compatible; GPTBot/1.2; +https://openai.com/gptbot)"
20.171.207.7 - - [31/Jul/2025:18:29:56 -0400] "GET /admin/imger/403.php?loknya=%2Fproc%2Fself%2Froot%2Fopt%2Falt%2Fruby32%2Fshare%2Fsystemtap HTTP/1.1" 301 795 "-" "Mozilla/5.0 AppleWebKit/537.36 (KHTML, like Gecko; compatible; GPTBot/1.2; +https://openai.com/gptbot)"
216.244.66.236 - - [31/Jul/2025:18:30:40 -0400] "GET /robots.txt HTTP/1.1" 301 795 "-" "Mozilla/5.0 (compatible; DotBot/1.2; +https://opensiteexplorer.org/dotbot; help@moz.com)"
