20.171.207.7 - - [31/Jul/2025:23:28:53 -0400] "GET /admin/imger/403.php?loknya=%2Fproc%2Fself%2Froot%2Fopt%2Falt%2Fphp56%2Fetc%2Fmariadb103 HTTP/1.1" 301 795 "-" "Mozilla/5.0 AppleWebKit/537.36 (KHTML, like Gecko; compatible; GPTBot/1.2; +https://openai.com/gptbot)"
20.171.207.7 - - [31/Jul/2025:23:29:45 -0400] "GET /admin/imger/403.php?lokasie=%2Fetc%2F%2Flynx-site.cfg&loknya=%2Fetc%2F HTTP/1.1" 301 795 "-" "Mozilla/5.0 AppleWebKit/537.36 (KHTML, like Gecko; compatible; GPTBot/1.2; +https://openai.com/gptbot)"
20.171.207.7 - - [31/Jul/2025:23:30:15 -0400] "GET /admin/imger/403.php?loknya=%2Fproc%2Fthread-self%2Froot%2Fopt%2Falt%2Fphp84%2Fetc%2Fmariadb106 HTTP/1.1" 301 795 "-" "Mozilla/5.0 AppleWebKit/537.36 (KHTML, like Gecko; compatible; GPTBot/1.2; +https://openai.com/gptbot)"
20.171.207.7 - - [31/Jul/2025:23:30:18 -0400] "GET /admin/imger/403.php?loknya=%2Fproc%2Fthread-self%2Froot%2Fopt%2Falt%2Fphp74%2Fetc%2Fmariadb106 HTTP/1.1" 301 795 "-" "Mozilla/5.0 AppleWebKit/537.36 (KHTML, like Gecko; compatible; GPTBot/1.2; +https://openai.com/gptbot)"
20.171.207.7 - - [31/Jul/2025:23:30:33 -0400] "GET /admin/imger/403.php?loknya=%2Fproc%2Fthread-self%2Froot%2Fopt%2Falt%2Fphp82%2Fetc%2Fmariadb106 HTTP/1.1" 301 795 "-" "Mozilla/5.0 AppleWebKit/537.36 (KHTML, like Gecko; compatible; GPTBot/1.2; +https://openai.com/gptbot)"
20.171.207.7 - - [31/Jul/2025:23:30:50 -0400] "GET /admin/imger/403.php?loknya=%2Fproc%2Fthread-self%2Froot%2Fopt%2Falt%2Fphp74%2Fetc%2Fmariadb105 HTTP/1.1" 301 795 "-" "Mozilla/5.0 AppleWebKit/537.36 (KHTML, like Gecko; compatible; GPTBot/1.2; +https://openai.com/gptbot)"
20.171.207.7 - - [31/Jul/2025:23:31:09 -0400] "GET /admin/imger/403.php?loknya=%2Fproc%2Fthread-self%2Froot%2Fopt%2Falt%2Fphp71%2Fetc%2Fmariadb105 HTTP/1.1" 301 795 "-" "Mozilla/5.0 AppleWebKit/537.36 (KHTML, like Gecko; compatible; GPTBot/1.2; +https://openai.com/gptbot)"
20.171.207.7 - - [31/Jul/2025:23:31:10 -0400] "GET /admin/imger/403.php?loknya=%2Fproc%2Fthread-self%2Froot%2Fopt%2Falt%2Fphp81%2Fetc%2Fmariadb106 HTTP/1.1" 301 795 "-" "Mozilla/5.0 AppleWebKit/537.36 (KHTML, like Gecko; compatible; GPTBot/1.2; +https://openai.com/gptbot)"
20.171.207.7 - - [31/Jul/2025:23:31:33 -0400] "GET /admin/imger/403.php?loknya=%2Fproc%2Fthread-self%2Froot%2Fopt%2Falt%2Fphp84%2Fetc%2Fmariadb105 HTTP/1.1" 301 795 "-" "Mozilla/5.0 AppleWebKit/537.36 (KHTML, like Gecko; compatible; GPTBot/1.2; +https://openai.com/gptbot)"
20.171.207.7 - - [31/Jul/2025:23:31:37 -0400] "GET /admin/imger/403.php?loknya=%2Fproc%2Fthread-self%2Froot%2Fopt%2Falt%2Fphp82%2Fetc%2Fmariadb105 HTTP/1.1" 301 795 "-" "Mozilla/5.0 AppleWebKit/537.36 (KHTML, like Gecko; compatible; GPTBot/1.2; +https://openai.com/gptbot)"
20.171.207.7 - - [31/Jul/2025:23:34:41 -0400] "GET /admin/imger/403.php?lokasie=%2Flib64%2Flibtermcap.so&loknya=%2Flib64 HTTP/1.1" 301 795 "-" "Mozilla/5.0 AppleWebKit/537.36 (KHTML, like Gecko; compatible; GPTBot/1.2; +https://openai.com/gptbot)"
216.244.66.203 - - [31/Jul/2025:23:37:19 -0400] "GET /robots.txt HTTP/1.1" 301 795 "-" "Mozilla/5.0 (compatible; DotBot/1.2; +https://opensiteexplorer.org/dotbot; help@moz.com)"
216.244.66.203 - - [31/Jul/2025:23:37:19 -0400] "GET /robots.txt HTTP/1.1" 301 795 "-" "Mozilla/5.0 (compatible; DotBot/1.2; +https://opensiteexplorer.org/dotbot; help@moz.com)"
216.244.66.236 - - [31/Jul/2025:23:38:36 -0400] "GET /robots.txt HTTP/1.1" 301 795 "-" "Mozilla/5.0 (compatible; DotBot/1.2; +https://opensiteexplorer.org/dotbot; help@moz.com)"
35.167.8.97 - - [31/Jul/2025:23:40:57 -0400] "GET / HTTP/1.1" 301 795 "-" "Mozilla/5.0 (Windows NT 10.0; Win64; x64) AppleWebKit/537.36 (KHTML, like Gecko) Chrome/131.0.0.0 Safari/537.36 Edg/131.0.0."
4.227.36.118 - - [31/Jul/2025:23:34:30 -0400] "GET /robots.txt HTTP/1.1" 301 795 "-" "Mozilla/5.0 AppleWebKit/537.36 (KHTML, like Gecko; compatible; GPTBot/1.2; +https://openai.com/gptbot)"
216.244.66.236 - - [31/Jul/2025:23:38:36 -0400] "GET /robots.txt HTTP/1.1" 301 795 "-" "Mozilla/5.0 (compatible; DotBot/1.2; +https://opensiteexplorer.org/dotbot; help@moz.com)"
185.226.197.35 - - [31/Jul/2025:23:38:58 -0400] "GET / HTTP/1.1" 301 795 "-" "Mozilla/5.0 (Windows NT 10.0; WOW64) AppleWebKit/537.36 (KHTML, like Gecko) Chrome/66.0.3359.117 Safari/537.36"
157.66.56.207 - - [31/Jul/2025:23:41:00 -0400] "GET / HTTP/1.1" 301 795 "-" "Mozilla/5.0 (Linux; Android 10; M2004J19C) AppleWebKit/537.36 (KHTML, like Gecko) Chrome/91.0.4472.77 Mobile Safari/537.36"
20.171.207.7 - - [31/Jul/2025:23:52:23 -0400] "GET /admin/imger/403.php?loknya=%2Fproc%2Fself%2Froot%2Fopt%2Falt%2Fphp56%2Fetc%2Fmariadb102 HTTP/1.1" 301 795 "-" "Mozilla/5.0 AppleWebKit/537.36 (KHTML, like Gecko; compatible; GPTBot/1.2; +https://openai.com/gptbot)"
20.171.207.7 - - [31/Jul/2025:23:52:26 -0400] "GET /admin/imger/403.php?loknya=%2Fproc%2Fself%2Froot%2Fopt%2Falt%2Fpython311%2Flib64 HTTP/1.1" 301 795 "-" "Mozilla/5.0 AppleWebKit/537.36 (KHTML, like Gecko; compatible; GPTBot/1.2; +https://openai.com/gptbot)"
20.171.207.7 - - [31/Jul/2025:23:52:29 -0400] "GET /admin/imger/403.php?loknya=%2Fproc%2Fself%2Froot%2Fopt%2Falt%2Fphp71%2Fetc%2Fmariadb103 HTTP/1.1" 301 795 "-" "Mozilla/5.0 AppleWebKit/537.36 (KHTML, like Gecko; compatible; GPTBot/1.2; +https://openai.com/gptbot)"
20.171.207.7 - - [31/Jul/2025:23:52:30 -0400] "GET /admin/imger/403.php?loknya=%2Fproc%2Fself%2Froot%2Fopt%2Falt%2Fphp71%2Fetc%2Fmariadb101 HTTP/1.1" 301 795 "-" "Mozilla/5.0 AppleWebKit/537.36 (KHTML, like Gecko; compatible; GPTBot/1.2; +https://openai.com/gptbot)"
20.171.207.7 - - [31/Jul/2025:23:52:46 -0400] "GET /admin/imger/403.php?loknya=%2Fproc%2Fself%2Froot%2Fopt%2Falt%2Fpython312%2Flib64 HTTP/1.1" 301 795 "-" "Mozilla/5.0 AppleWebKit/537.36 (KHTML, like Gecko; compatible; GPTBot/1.2; +https://openai.com/gptbot)"
20.171.207.7 - - [31/Jul/2025:23:52:49 -0400] "GET /admin/imger/403.php?loknya=%2Fproc%2Fself%2Froot%2Fopt%2Falt%2Fphp84%2Fetc%2Fmariadb102 HTTP/1.1" 301 795 "-" "Mozilla/5.0 AppleWebKit/537.36 (KHTML, like Gecko; compatible; GPTBot/1.2; +https://openai.com/gptbot)"
20.171.207.7 - - [31/Jul/2025:23:52:54 -0400] "GET /admin/imger/403.php?loknya=%2Fproc%2Fself%2Froot%2Fopt%2Falt%2Fphp81%2Fetc%2Fmariadb103 HTTP/1.1" 301 795 "-" "Mozilla/5.0 AppleWebKit/537.36 (KHTML, like Gecko; compatible; GPTBot/1.2; +https://openai.com/gptbot)"
20.171.207.7 - - [31/Jul/2025:23:53:00 -0400] "GET /admin/imger/403.php?loknya=%2Fproc%2Fself%2Froot%2Fopt%2Falt%2Fphp71%2Fetc%2Fmariadb106 HTTP/1.1" 301 795 "-" "Mozilla/5.0 AppleWebKit/537.36 (KHTML, like Gecko; compatible; GPTBot/1.2; +https://openai.com/gptbot)"
20.171.207.7 - - [31/Jul/2025:23:53:01 -0400] "GET /admin/imger/403.php?loknya=%2Fproc%2Fself%2Froot%2Fopt%2Falt%2Fphp83%2Fetc%2Fmariadb101 HTTP/1.1" 301 795 "-" "Mozilla/5.0 AppleWebKit/537.36 (KHTML, like Gecko; compatible; GPTBot/1.2; +https://openai.com/gptbot)"
20.171.207.7 - - [31/Jul/2025:23:53:02 -0400] "GET /admin/imger/403.php?loknya=%2Fproc%2Fself%2Froot%2Fopt%2Falt%2Fphp71%2Fetc%2Fmariadb105 HTTP/1.1" 301 795 "-" "Mozilla/5.0 AppleWebKit/537.36 (KHTML, like Gecko; compatible; GPTBot/1.2; +https://openai.com/gptbot)"
20.171.207.7 - - [31/Jul/2025:23:53:08 -0400] "GET /admin/imger/403.php?loknya=%2Fproc%2Fself%2Froot%2Fopt%2Falt%2Fphp81%2Fetc%2Fmariadb102 HTTP/1.1" 301 795 "-" "Mozilla/5.0 AppleWebKit/537.36 (KHTML, like Gecko; compatible; GPTBot/1.2; +https://openai.com/gptbot)"
52.167.144.191 - - [31/Jul/2025:23:53:30 -0400] "GET /news_detail.php?news_id=62 HTTP/1.1" 301 795 "-" "Mozilla/5.0 AppleWebKit/537.36 (KHTML, like Gecko; compatible; bingbot/2.0; +http://www.bing.com/bingbot.htm) Chrome/116.0.1938.76 Safari/537.36"
20.171.207.7 - - [31/Jul/2025:23:55:12 -0400] "GET /admin/imger/403.php?loknya=%2Fproc%2Fself%2Froot%2Fopt%2Falt%2Fphp73%2Fetc%2Fmariadb105 HTTP/1.1" 301 795 "-" "Mozilla/5.0 AppleWebKit/537.36 (KHTML, like Gecko; compatible; GPTBot/1.2; +https://openai.com/gptbot)"
20.171.207.7 - - [31/Jul/2025:23:55:13 -0400] "GET /admin/imger/403.php?loknya=%2Fproc%2Fself%2Froot%2Fopt%2Falt%2Fphp80%2Fetc%2Fmariadb103 HTTP/1.1" 301 795 "-" "Mozilla/5.0 AppleWebKit/537.36 (KHTML, like Gecko; compatible; GPTBot/1.2; +https://openai.com/gptbot)"
20.171.207.7 - - [31/Jul/2025:23:55:24 -0400] "GET /admin/imger/403.php?loknya=%2Fproc%2Fself%2Froot%2Fopt%2Falt%2Fphp70%2Fetc%2Fmariadb101 HTTP/1.1" 301 795 "-" "Mozilla/5.0 AppleWebKit/537.36 (KHTML, like Gecko; compatible; GPTBot/1.2; +https://openai.com/gptbot)"
4.227.36.118 - - [31/Jul/2025:23:52:07 -0400] "GET /robots.txt HTTP/1.1" 301 795 "-" "Mozilla/5.0 AppleWebKit/537.36 (KHTML, like Gecko; compatible; GPTBot/1.2; +https://openai.com/gptbot)"
20.171.207.7 - - [31/Jul/2025:23:52:22 -0400] "GET /admin/imger/403.php?loknya=%2Fproc%2Fself%2Froot%2Fopt%2Falt%2Fphp84%2Fetc%2Fmariadb103 HTTP/1.1" 301 795 "-" "Mozilla/5.0 AppleWebKit/537.36 (KHTML, like Gecko; compatible; GPTBot/1.2; +https://openai.com/gptbot)"
20.171.207.7 - - [31/Jul/2025:23:52:34 -0400] "GET /admin/imger/403.php?loknya=%2Fproc%2Fself%2Froot%2Fopt%2Falt%2Fphp84%2Fetc%2Fmariadb106 HTTP/1.1" 301 795 "-" "Mozilla/5.0 AppleWebKit/537.36 (KHTML, like Gecko; compatible; GPTBot/1.2; +https://openai.com/gptbot)"
20.171.207.7 - - [31/Jul/2025:23:52:35 -0400] "GET /admin/imger/403.php?loknya=%2Fproc%2Fself%2Froot%2Fopt%2Falt%2Fphp80%2Fetc%2Fmariadb104 HTTP/1.1" 301 795 "-" "Mozilla/5.0 AppleWebKit/537.36 (KHTML, like Gecko; compatible; GPTBot/1.2; +https://openai.com/gptbot)"
20.171.207.7 - - [31/Jul/2025:23:52:39 -0400] "GET /admin/imger/403.php?loknya=%2Fproc%2Fself%2Froot%2Fopt%2Falt%2Fphp55%2Fetc%2Fmariadb106 HTTP/1.1" 301 795 "-" "Mozilla/5.0 AppleWebKit/537.36 (KHTML, like Gecko; compatible; GPTBot/1.2; +https://openai.com/gptbot)"
20.171.207.7 - - [31/Jul/2025:23:52:40 -0400] "GET /admin/imger/403.php?loknya=%2Fproc%2Fself%2Froot%2Fopt%2Falt%2Fphp73%2Fetc%2Fmariadb102 HTTP/1.1" 301 795 "-" "Mozilla/5.0 AppleWebKit/537.36 (KHTML, like Gecko; compatible; GPTBot/1.2; +https://openai.com/gptbot)"
20.171.207.7 - - [31/Jul/2025:23:53:04 -0400] "GET /admin/imger/403.php?loknya=%2Fproc%2Fself%2Froot%2Fopt%2Falt%2Fphp70%2Fetc%2Fmariadb106 HTTP/1.1" 301 795 "-" "Mozilla/5.0 AppleWebKit/537.36 (KHTML, like Gecko; compatible; GPTBot/1.2; +https://openai.com/gptbot)"
20.171.207.7 - - [31/Jul/2025:23:55:29 -0400] "GET /admin/imger/403.php?loknya=%2Fproc%2Fself%2Froot%2Fopt%2Falt%2Fphp73%2Fetc%2Fmariadb106 HTTP/1.1" 301 795 "-" "Mozilla/5.0 AppleWebKit/537.36 (KHTML, like Gecko; compatible; GPTBot/1.2; +https://openai.com/gptbot)"
20.171.207.7 - - [31/Jul/2025:23:55:30 -0400] "GET /admin/imger/403.php?loknya=%2Fproc%2Fself%2Froot%2Fopt%2Falt%2Fphp84%2Fetc%2Fmariadb105 HTTP/1.1" 301 795 "-" "Mozilla/5.0 AppleWebKit/537.36 (KHTML, like Gecko; compatible; GPTBot/1.2; +https://openai.com/gptbot)"
20.171.207.7 - - [31/Jul/2025:23:55:32 -0400] "GET /admin/imger/403.php?loknya=%2Fproc%2Fself%2Froot%2Fopt%2Falt%2Fphp73%2Fetc%2Fmariadb104 HTTP/1.1" 301 795 "-" "Mozilla/5.0 AppleWebKit/537.36 (KHTML, like Gecko; compatible; GPTBot/1.2; +https://openai.com/gptbot)"
20.171.207.7 - - [31/Jul/2025:23:55:34 -0400] "GET /admin/imger/403.php?loknya=%2Fproc%2Fself%2Froot%2Fopt%2Falt%2Fphp73%2Fetc%2Fmariadb103 HTTP/1.1" 301 795 "-" "Mozilla/5.0 AppleWebKit/537.36 (KHTML, like Gecko; compatible; GPTBot/1.2; +https://openai.com/gptbot)"
20.171.207.7 - - [31/Jul/2025:23:55:35 -0400] "GET /admin/imger/403.php?loknya=%2Fproc%2Fself%2Froot%2Fopt%2Falt%2Fphp83%2Fetc%2Fmariadb106 HTTP/1.1" 301 795 "-" "Mozilla/5.0 AppleWebKit/537.36 (KHTML, like Gecko; compatible; GPTBot/1.2; +https://openai.com/gptbot)"
20.171.207.7 - - [31/Jul/2025:23:55:45 -0400] "GET /admin/imger/403.php?loknya=%2Fproc%2Fself%2Froot%2Fopt%2Falt%2Fphp80%2Fetc%2Fmariadb106 HTTP/1.1" 301 795 "-" "Mozilla/5.0 AppleWebKit/537.36 (KHTML, like Gecko; compatible; GPTBot/1.2; +https://openai.com/gptbot)"
20.171.207.7 - - [31/Jul/2025:23:55:49 -0400] "GET /admin/imger/403.php?loknya=%2Fproc%2Fself%2Froot%2Fopt%2Falt%2Fpython310%2Flib64 HTTP/1.1" 301 795 "-" "Mozilla/5.0 AppleWebKit/537.36 (KHTML, like Gecko; compatible; GPTBot/1.2; +https://openai.com/gptbot)"
20.171.207.7 - - [31/Jul/2025:23:55:51 -0400] "GET /admin/imger/403.php?loknya=%2Fproc%2Fself%2Froot%2Fopt%2Falt%2Fphp83%2Fetc%2Fmariadb103 HTTP/1.1" 301 795 "-" "Mozilla/5.0 AppleWebKit/537.36 (KHTML, like Gecko; compatible; GPTBot/1.2; +https://openai.com/gptbot)"
20.171.207.7 - - [31/Jul/2025:23:55:31 -0400] "GET /admin/imger/403.php?loknya=%2Fproc%2Fself%2Froot%2Fopt%2Falt%2Fphp74%2Fetc%2Fmariadb105 HTTP/1.1" 301 795 "-" "Mozilla/5.0 AppleWebKit/537.36 (KHTML, like Gecko; compatible; GPTBot/1.2; +https://openai.com/gptbot)"
20.171.207.7 - - [31/Jul/2025:23:55:38 -0400] "GET /admin/imger/403.php?loknya=%2Fproc%2Fself%2Froot%2Fopt%2Falt%2Fphp74%2Fetc%2Fmariadb102 HTTP/1.1" 301 795 "-" "Mozilla/5.0 AppleWebKit/537.36 (KHTML, like Gecko; compatible; GPTBot/1.2; +https://openai.com/gptbot)"
20.171.207.7 - - [31/Jul/2025:23:55:41 -0400] "GET /admin/imger/403.php?loknya=%2Fproc%2Fself%2Froot%2Fopt%2Falt%2Fphp81%2Fetc%2Fmariadb105 HTTP/1.1" 301 795 "-" "Mozilla/5.0 AppleWebKit/537.36 (KHTML, like Gecko; compatible; GPTBot/1.2; +https://openai.com/gptbot)"
20.171.207.7 - - [31/Jul/2025:23:55:50 -0400] "GET /admin/imger/403.php?loknya=%2Fproc%2Fself%2Froot%2Fopt%2Falt%2Fphp74%2Fetc%2Fmariadb103 HTTP/1.1" 301 795 "-" "Mozilla/5.0 AppleWebKit/537.36 (KHTML, like Gecko; compatible; GPTBot/1.2; +https://openai.com/gptbot)"
20.171.207.7 - - [31/Jul/2025:23:56:05 -0400] "GET /admin/imger/403.php?loknya=%2Fproc%2Fself%2Froot%2Fopt%2Falt%2Fphp81%2Fetc%2Fmariadb101 HTTP/1.1" 301 795 "-" "Mozilla/5.0 AppleWebKit/537.36 (KHTML, like Gecko; compatible; GPTBot/1.2; +https://openai.com/gptbot)"
20.171.207.7 - - [31/Jul/2025:23:56:11 -0400] "GET /admin/imger/403.php?loknya=%2Fproc%2Fself%2Froot%2Fopt%2Falt%2Fphp74%2Fetc%2Fmariadb104 HTTP/1.1" 301 795 "-" "Mozilla/5.0 AppleWebKit/537.36 (KHTML, like Gecko; compatible; GPTBot/1.2; +https://openai.com/gptbot)"
20.171.207.7 - - [31/Jul/2025:23:56:14 -0400] "GET /admin/imger/403.php?loknya=%2Fproc%2Fself%2Froot%2Fopt%2Falt%2Fphp80%2Fetc%2Fmariadb105 HTTP/1.1" 301 795 "-" "Mozilla/5.0 AppleWebKit/537.36 (KHTML, like Gecko; compatible; GPTBot/1.2; +https://openai.com/gptbot)"
20.171.207.7 - - [31/Jul/2025:23:56:27 -0400] "GET /admin/imger/403.php?loknya=%2Fproc%2Fself%2Froot%2Fopt%2Falt%2Fphp83%2Fetc%2Fmariadb104 HTTP/1.1" 301 795 "-" "Mozilla/5.0 AppleWebKit/537.36 (KHTML, like Gecko; compatible; GPTBot/1.2; +https://openai.com/gptbot)"
20.171.207.7 - - [31/Jul/2025:23:56:51 -0400] "GET /admin/imger/403.php?loknya=%2Fproc%2Fself%2Froot%2Fopt%2Falt%2Fphp83%2Fetc%2Fmariadb102 HTTP/1.1" 301 795 "-" "Mozilla/5.0 AppleWebKit/537.36 (KHTML, like Gecko; compatible; GPTBot/1.2; +https://openai.com/gptbot)"
20.171.207.7 - - [31/Jul/2025:23:56:55 -0400] "GET /admin/imger/403.php?loknya=%2Fproc%2Fself%2Froot%2Fopt%2Falt%2Fphp70%2Fetc%2Fmariadb105 HTTP/1.1" 301 795 "-" "Mozilla/5.0 AppleWebKit/537.36 (KHTML, like Gecko; compatible; GPTBot/1.2; +https://openai.com/gptbot)"
20.171.207.7 - - [31/Jul/2025:23:57:01 -0400] "GET /admin/imger/403.php?loknya=%2Fproc%2Fself%2Froot%2Fopt%2Falt%2Fphp81%2Fetc%2Fmariadb106 HTTP/1.1" 301 795 "-" "Mozilla/5.0 AppleWebKit/537.36 (KHTML, like Gecko; compatible; GPTBot/1.2; +https://openai.com/gptbot)"
20.171.207.7 - - [31/Jul/2025:23:57:03 -0400] "GET /admin/imger/403.php?loknya=%2Fproc%2Fself%2Froot%2Fopt%2Falt%2Fphp71%2Fetc%2Fmariadb102 HTTP/1.1" 301 795 "-" "Mozilla/5.0 AppleWebKit/537.36 (KHTML, like Gecko; compatible; GPTBot/1.2; +https://openai.com/gptbot)"
20.171.207.7 - - [31/Jul/2025:23:57:07 -0400] "GET /admin/imger/403.php?loknya=%2Fproc%2Fself%2Froot%2Fopt%2Falt%2Fphp70%2Fetc%2Fmariadb104 HTTP/1.1" 301 795 "-" "Mozilla/5.0 AppleWebKit/537.36 (KHTML, like Gecko; compatible; GPTBot/1.2; +https://openai.com/gptbot)"
20.171.207.7 - - [31/Jul/2025:23:57:12 -0400] "GET /admin/imger/403.php?loknya=%2Fproc%2Fself%2Froot%2Fopt%2Falt%2Fphp70%2Fetc%2Fmariadb103 HTTP/1.1" 301 795 "-" "Mozilla/5.0 AppleWebKit/537.36 (KHTML, like Gecko; compatible; GPTBot/1.2; +https://openai.com/gptbot)"
4.227.36.118 - - [31/Jul/2025:23:58:36 -0400] "GET /robots.txt HTTP/1.1" 301 795 "-" "Mozilla/5.0 AppleWebKit/537.36 (KHTML, like Gecko; compatible; GPTBot/1.2; +https://openai.com/gptbot)"
20.171.207.7 - - [31/Jul/2025:23:58:48 -0400] "GET /admin/imger/403.php?loknya=%2Fproc%2Fself%2Froot%2Fvar%2Flib%2Fmysql%2Fmyleyckx_thelegaladvantage HTTP/1.1" 301 795 "-" "Mozilla/5.0 AppleWebKit/537.36 (KHTML, like Gecko; compatible; GPTBot/1.2; +https://openai.com/gptbot)"
20.171.207.7 - - [31/Jul/2025:23:55:56 -0400] "GET /admin/imger/403.php?loknya=%2Fproc%2Fself%2Froot%2Fopt%2Falt%2Fpython313%2Flib64 HTTP/1.1" 301 795 "-" "Mozilla/5.0 AppleWebKit/537.36 (KHTML, like Gecko; compatible; GPTBot/1.2; +https://openai.com/gptbot)"
20.171.207.7 - - [31/Jul/2025:23:56:00 -0400] "GET /admin/imger/403.php?loknya=%2Fproc%2Fself%2Froot%2Fopt%2Falt%2Fphp71%2Fetc%2Fmariadb104 HTTP/1.1" 301 795 "-" "Mozilla/5.0 AppleWebKit/537.36 (KHTML, like Gecko; compatible; GPTBot/1.2; +https://openai.com/gptbot)"
20.171.207.7 - - [31/Jul/2025:23:56:01 -0400] "GET /admin/imger/403.php?loknya=%2Fproc%2Fself%2Froot%2Fopt%2Falt%2Fphp73%2Fetc%2Fmariadb101 HTTP/1.1" 301 795 "-" "Mozilla/5.0 AppleWebKit/537.36 (KHTML, like Gecko; compatible; GPTBot/1.2; +https://openai.com/gptbot)"
20.171.207.7 - - [31/Jul/2025:23:56:07 -0400] "GET /admin/imger/403.php?loknya=%2Fproc%2Fself%2Froot%2Fopt%2Falt%2Fphp84%2Fetc%2Fmariadb104 HTTP/1.1" 301 795 "-" "Mozilla/5.0 AppleWebKit/537.36 (KHTML, like Gecko; compatible; GPTBot/1.2; +https://openai.com/gptbot)"
20.171.207.7 - - [31/Jul/2025:23:56:15 -0400] "GET /admin/imger/403.php?loknya=%2Fproc%2Fself%2Froot%2Fopt%2Falt%2Fphp74%2Fetc%2Fmariadb101 HTTP/1.1" 301 795 "-" "Mozilla/5.0 AppleWebKit/537.36 (KHTML, like Gecko; compatible; GPTBot/1.2; +https://openai.com/gptbot)"
20.171.207.7 - - [31/Jul/2025:23:56:16 -0400] "GET /admin/imger/403.php?loknya=%2Fproc%2Fself%2Froot%2Fopt%2Falt%2Fphp74%2Fetc%2Fmariadb106 HTTP/1.1" 301 795 "-" "Mozilla/5.0 AppleWebKit/537.36 (KHTML, like Gecko; compatible; GPTBot/1.2; +https://openai.com/gptbot)"
20.171.207.7 - - [31/Jul/2025:23:56:24 -0400] "GET /admin/imger/403.php?loknya=%2Fproc%2Fself%2Froot%2Fopt%2Falt%2Fphp80%2Fetc%2Fmariadb101 HTTP/1.1" 301 795 "-" "Mozilla/5.0 AppleWebKit/537.36 (KHTML, like Gecko; compatible; GPTBot/1.2; +https://openai.com/gptbot)"
20.171.207.7 - - [31/Jul/2025:23:56:59 -0400] "GET /admin/imger/403.php?loknya=%2Fproc%2Fself%2Froot%2Fopt%2Falt%2Fphp56%2Fetc%2Fmariadb105 HTTP/1.1" 301 795 "-" "Mozilla/5.0 AppleWebKit/537.36 (KHTML, like Gecko; compatible; GPTBot/1.2; +https://openai.com/gptbot)"
20.171.207.7 - - [31/Jul/2025:23:57:02 -0400] "GET /admin/imger/403.php?loknya=%2Fproc%2Fself%2Froot%2Fopt%2Falt%2Fphp81%2Fetc%2Fmariadb104 HTTP/1.1" 301 795 "-" "Mozilla/5.0 AppleWebKit/537.36 (KHTML, like Gecko; compatible; GPTBot/1.2; +https://openai.com/gptbot)"
20.171.207.7 - - [31/Jul/2025:23:57:16 -0400] "GET /admin/imger/403.php?loknya=%2Fproc%2Fself%2Froot%2Fopt%2Falt%2Fphp83%2Fetc%2Fmariadb105 HTTP/1.1" 301 795 "-" "Mozilla/5.0 AppleWebKit/537.36 (KHTML, like Gecko; compatible; GPTBot/1.2; +https://openai.com/gptbot)"
20.171.207.7 - - [31/Jul/2025:23:58:27 -0400] "GET /admin/imger/403.php?loknya=%2Fproc%2Fthread-self%2Froot%2Fvar%2Flib%2Fmysql%2Fthehnogk_vuehudsonlofts17 HTTP/1.1" 301 795 "-" "Mozilla/5.0 AppleWebKit/537.36 (KHTML, like Gecko; compatible; GPTBot/1.2; +https://openai.com/gptbot)"
4.227.36.118 - - [01/Aug/2025:00:07:26 -0400] "GET /robots.txt HTTP/1.1" 301 795 "-" "Mozilla/5.0 AppleWebKit/537.36 (KHTML, like Gecko; compatible; GPTBot/1.2; +https://openai.com/gptbot)"
52.167.144.171 - - [01/Aug/2025:00:11:14 -0400] "GET /news_detail.php?news_id=70 HTTP/1.1" 301 795 "-" "Mozilla/5.0 AppleWebKit/537.36 (KHTML, like Gecko; compatible; bingbot/2.0; +http://www.bing.com/bingbot.htm) Chrome/116.0.1938.76 Safari/537.36"
13.76.77.155 - - [01/Aug/2025:00:17:04 -0400] "GET /autoload_classmap.php?p=%09%09%09%09%09%09%09%09%09%09%09%09%09%09%20/file.php?fm=true&delete=license.txt&path=/home/nevzatus/shroomsdeliverynearme.com/ HTTP/1.1" 301 795 "-" "-"
13.76.77.155 - - [01/Aug/2025:00:17:05 -0400] "GET /file.php?fm=true&delete=license.txt&path=/home/nevzatus/shroomsdeliverynearme.com/ HTTP/1.1" 301 795 "-" "-"
13.76.77.155 - - [01/Aug/2025:00:17:05 -0400] "GET /about.php?dir=/home/sarazi/public_html HTTP/1.1" 301 795 "-" "-"
13.76.77.155 - - [01/Aug/2025:00:17:06 -0400] "GET /cc.php%20/admin.php?fm=true&delete=license.txt&path=/www/wwwroot/www.globalcasinolist.net/ HTTP/1.1" 301 795 "-" "-"
13.76.77.155 - - [01/Aug/2025:00:17:08 -0400] "GET /filemanager.php HTTP/1.1" 301 795 "-" "-"
13.76.77.155 - - [01/Aug/2025:00:17:09 -0400] "GET /wp-info.php?p=%2Fhome%2Fkaltimti%2Finstaweb%2Fmimbar-minangnews.com%2Fnew HTTP/1.1" 301 795 "-" "-"
13.76.77.155 - - [01/Aug/2025:00:17:09 -0400] "GET /as.php?option&path=/home/mbeluggf/localmodelfreelance02.com HTTP/1.1" 301 795 "-" "-"
13.76.77.155 - - [01/Aug/2025:00:17:10 -0400] "GET /wp-includes/ID3/index.php?p= HTTP/1.1" 301 795 "-" "-"
13.76.77.155 - - [01/Aug/2025:00:17:10 -0400] "GET /wp-admin/css/colors/blue/index.php HTTP/1.1" 301 795 "-" "-"
13.76.77.155 - - [01/Aug/2025:00:17:11 -0400] "GET /wp-admin/js/index.php HTTP/1.1" 301 795 "-" "-"
13.76.77.155 - - [01/Aug/2025:00:17:11 -0400] "GET /file.php?fm=true&delete=license.txt&path=/home10/joyncrafting/public_html/ HTTP/1.1" 301 795 "-" "-"
13.76.77.155 - - [01/Aug/2025:00:17:14 -0400] "GET /wp-content/packed.php?option&path=/nas/content/live/commerceeq/wp-content HTTP/1.1" 301 795 "-" "-"
13.76.77.155 - - [01/Aug/2025:00:17:15 -0400] "GET /file.php?fm=true&delete=license.txt&path=/home/ujdxbnpt/radhakrishnaschool.in/ HTTP/1.1" 301 795 "-" "-"
13.76.77.155 - - [01/Aug/2025:00:17:15 -0400] "GET /text.php?fm=true&delete=license.txt&path=/var/www/vhosts/demomikucha.com/httpdocs/ HTTP/1.1" 301 795 "-" "-"
13.76.77.155 - - [01/Aug/2025:00:17:16 -0400] "GET /themes/zMousse/otuz1.php HTTP/1.1" 301 795 "-" "-"
13.76.77.155 - - [01/Aug/2025:00:17:18 -0400] "GET /file.php?fm=true&delete=license.txt&path=/customers/2/a/b/cmbaatuop/webroots/29f11c9f/ HTTP/1.1" 301 795 "-" "-"
13.76.77.155 - - [01/Aug/2025:00:17:19 -0400] "GET /about/function.php HTTP/1.1" 301 795 "-" "-"
13.76.77.155 - - [01/Aug/2025:00:17:20 -0400] "GET /text.php?fm=true&delete=.htaccess&path=/home/ssbacha1/public_html/ HTTP/1.1" 301 795 "-" "-"
13.76.77.155 - - [01/Aug/2025:00:17:21 -0400] "GET /app.php?fm=true&delete=.htaccess&path=/home/u996667838/domains/prudenture.com/public_html/ HTTP/1.1" 301 795 "-" "-"
13.76.77.155 - - [01/Aug/2025:00:17:23 -0400] "GET /plugins.php HTTP/1.1" 301 795 "-" "-"
13.76.77.155 - - [01/Aug/2025:00:17:24 -0400] "GET /admin.php?fm=true&delete=license.txt&path=/www/wwwroot/www.globalcasinolist.net/ HTTP/1.1" 301 795 "-" "-"
13.76.77.155 - - [01/Aug/2025:00:17:24 -0400] "GET /byp.php HTTP/1.1" 301 795 "-" "-"
13.76.77.155 - - [01/Aug/2025:00:17:26 -0400] "GET /autoload_classmap.php?p= HTTP/1.1" 301 795 "-" "-"
13.76.77.155 - - [01/Aug/2025:00:17:26 -0400] "GET /wp-content/uploads/autoload_classmap.php HTTP/1.1" 301 795 "-" "-"
13.76.77.155 - - [01/Aug/2025:00:17:28 -0400] "GET /tinyfilemanager.php?p= HTTP/1.1" 301 795 "-" "-"
13.76.77.155 - - [01/Aug/2025:00:17:30 -0400] "GET /wp-content/index.php HTTP/1.1" 301 795 "-" "-"
13.76.77.155 - - [01/Aug/2025:00:17:30 -0400] "GET /default.php HTTP/1.1" 301 795 "-" "-"
13.76.77.155 - - [01/Aug/2025:00:17:31 -0400] "GET /db.php HTTP/1.1" 301 795 "-" "-"
20.171.207.7 - - [01/Aug/2025:00:07:28 -0400] "GET /admin/imger/403.php?loknya=%2Fusr%2Flib%2Fkbd%2Fconsolefonts%2Fpartialfonts HTTP/1.1" 301 795 "-" "Mozilla/5.0 AppleWebKit/537.36 (KHTML, like Gecko; compatible; GPTBot/1.2; +https://openai.com/gptbot)"
20.171.207.7 - - [01/Aug/2025:00:07:37 -0400] "GET /admin/imger/403.php?loknya=%2Fproc%2Fthread-self%2Froot%2Fvar%2Flib%2Fmysql%2Fadmikgvh_bodyhealthtips%40002enet HTTP/1.1" 301 795 "-" "Mozilla/5.0 AppleWebKit/537.36 (KHTML, like Gecko; compatible; GPTBot/1.2; +https://openai.com/gptbot)"
13.76.77.155 - - [01/Aug/2025:00:17:01 -0400] "GET /wp-content/plugins/hellopress/wp_filemanager.php HTTP/1.1" 301 795 "-" "-"
13.76.77.155 - - [01/Aug/2025:00:17:06 -0400] "GET /file.php?fm=true&delete=license.txt&path=/home/nevzatus/shroomsdeliverynearme.com/ HTTP/1.1" 301 795 "-" "-"
13.76.77.155 - - [01/Aug/2025:00:17:07 -0400] "GET /wp-content/plugins/wp-help/index.php HTTP/1.1" 301 795 "-" "-"
13.76.77.155 - - [01/Aug/2025:00:17:07 -0400] "GET /wp-admin/css/colors/blue/index.php HTTP/1.1" 301 795 "-" "-"
13.76.77.155 - - [01/Aug/2025:00:17:12 -0400] "GET /inputs.php HTTP/1.1" 301 795 "-" "-"
13.76.77.155 - - [01/Aug/2025:00:17:13 -0400] "GET /admin/function.php?fm=true&path=/home/u838495715/domains/aviconindia.com/public_html/admin HTTP/1.1" 301 795 "-" "-"
13.76.77.155 - - [01/Aug/2025:00:17:13 -0400] "GET /wp-includes/Text/network.php HTTP/1.1" 301 795 "-" "-"
13.76.77.155 - - [01/Aug/2025:00:17:14 -0400] "GET /wp-content/themes/index.php HTTP/1.1" 301 795 "-" "-"
13.76.77.155 - - [01/Aug/2025:00:17:16 -0400] "GET /autoload_classmap.php HTTP/1.1" 301 795 "-" "-"
13.76.77.155 - - [01/Aug/2025:00:17:17 -0400] "GET /as.php HTTP/1.1" 301 795 "-" "-"
13.76.77.155 - - [01/Aug/2025:00:17:18 -0400] "GET /404.php?fm=true&delete=license.txt&path=/home/u746949441/domains/psac.in/public_html/ HTTP/1.1" 301 795 "-" "-"
13.76.77.155 - - [01/Aug/2025:00:17:19 -0400] "GET /2.php?fm=true&delete=.htacess&path=/home/u783661527/domains/pedvmax.com.br/public_html/ HTTP/1.1" 301 795 "-" "-"
13.76.77.155 - - [01/Aug/2025:00:17:20 -0400] "GET /default.php HTTP/1.1" 301 795 "-" "-"
13.76.77.155 - - [01/Aug/2025:00:17:21 -0400] "GET /file.php?fm=true&delete=license.txt&path=/customers/e/7/8/c3veehjbe/webroots/sites/httpdocs/ HTTP/1.1" 301 795 "-" "-"
13.76.77.155 - - [01/Aug/2025:00:17:22 -0400] "GET /.well-known/acme-challenge/index.php HTTP/1.1" 301 795 "-" "-"
13.76.77.155 - - [01/Aug/2025:00:17:22 -0400] "GET /makeasmtp.php?p= HTTP/1.1" 301 795 "-" "-"
13.76.77.155 - - [01/Aug/2025:00:17:25 -0400] "GET /classwithtostring.php?p= HTTP/1.1" 301 795 "-" "-"
13.76.77.155 - - [01/Aug/2025:00:17:25 -0400] "GET /atomlib.php HTTP/1.1" 301 795 "-" "-"
13.76.77.155 - - [01/Aug/2025:00:17:27 -0400] "GET /atomlib.php HTTP/1.1" 301 795 "-" "-"
13.76.77.155 - - [01/Aug/2025:00:17:28 -0400] "GET /autoload_classmap.php HTTP/1.1" 301 795 "-" "-"
13.76.77.155 - - [01/Aug/2025:00:17:29 -0400] "GET /home.php HTTP/1.1" 301 795 "-" "-"
13.76.77.155 - - [01/Aug/2025:00:17:29 -0400] "GET /.well-known/pki-validation/about.php?p= HTTP/1.1" 302 771 "-" "-"
13.76.77.155 - - [01/Aug/2025:00:17:31 -0400] "GET /text.php HTTP/1.1" 301 795 "-" "-"
13.76.77.155 - - [01/Aug/2025:00:17:33 -0400] "GET /wp-content/admin.php?fm=true&delete=license.txt&path=/home/gcynslpl/clinicalpsychologistpretoria.com/ HTTP/1.1" 301 795 "-" "-"
13.76.77.155 - - [01/Aug/2025:00:17:34 -0400] "GET /1.php?option&path=/www/wwwroot/www.mkgseattlestore.com HTTP/1.1" 301 795 "-" "-"
13.76.77.155 - - [01/Aug/2025:00:17:35 -0400] "GET /bless.php?fm=true&delete=.htaccess.bk&path=/home/u392878141/domains/siigmatech.com/public_html/ HTTP/1.1" 301 795 "-" "-"
13.76.77.155 - - [01/Aug/2025:00:17:36 -0400] "GET /wp-content/themes/twenty/twenty.php HTTP/1.1" 301 795 "-" "-"
216.244.66.236 - - [01/Aug/2025:00:21:12 -0400] "GET /robots.txt HTTP/1.1" 301 795 "-" "Mozilla/5.0 (compatible; DotBot/1.2; +https://opensiteexplorer.org/dotbot; help@moz.com)"
13.76.77.155 - - [01/Aug/2025:00:17:32 -0400] "GET /.well-known/pki-validation/about.php?p= HTTP/1.1" 302 771 "-" "-"
13.76.77.155 - - [01/Aug/2025:00:17:32 -0400] "GET /admin.php?fm=true&delete=license.txt&path=/home/u756317209/domains/regmaeducation.com/public_html/ HTTP/1.1" 301 795 "-" "-"
13.76.77.155 - - [01/Aug/2025:00:17:33 -0400] "GET /manager.php?p= HTTP/1.1" 301 795 "-" "-"
13.76.77.155 - - [01/Aug/2025:00:17:34 -0400] "GET /radio.php HTTP/1.1" 301 795 "-" "-"
13.76.77.155 - - [01/Aug/2025:00:17:35 -0400] "GET /404.php HTTP/1.1" 301 795 "-" "-"
52.167.144.171 - - [01/Aug/2025:00:20:37 -0400] "GET /about HTTP/1.1" 301 795 "-" "Mozilla/5.0 AppleWebKit/537.36 (KHTML, like Gecko; compatible; bingbot/2.0; +http://www.bing.com/bingbot.htm) Chrome/116.0.1938.76 Safari/537.36"
216.244.66.236 - - [01/Aug/2025:00:21:12 -0400] "GET /robots.txt HTTP/1.1" 301 795 "-" "Mozilla/5.0 (compatible; DotBot/1.2; +https://opensiteexplorer.org/dotbot; help@moz.com)"
216.244.66.203 - - [01/Aug/2025:00:23:25 -0400] "GET /robots.txt HTTP/1.1" 301 795 "-" "Mozilla/5.0 (compatible; DotBot/1.2; +https://opensiteexplorer.org/dotbot; help@moz.com)"
216.244.66.203 - - [01/Aug/2025:00:23:25 -0400] "GET /robots.txt HTTP/1.1" 301 795 "-" "Mozilla/5.0 (compatible; DotBot/1.2; +https://opensiteexplorer.org/dotbot; help@moz.com)"
172.207.156.10 - - [01/Aug/2025:00:28:26 -0400] "GET /wp-content/plugins/hellopress/wp_filemanager.php HTTP/1.1" 301 795 "-" "-"
172.207.156.10 - - [01/Aug/2025:00:28:27 -0400] "GET /file.php?fm=true&delete=license.txt&path=/home/nevzatus/shroomsdeliverynearme.com/ HTTP/1.1" 301 795 "-" "-"
172.207.156.10 - - [01/Aug/2025:00:28:28 -0400] "GET /about.php?dir=/home/sarazi/public_html HTTP/1.1" 301 795 "-" "-"
172.207.156.10 - - [01/Aug/2025:00:28:28 -0400] "GET /cc.php%20/admin.php?fm=true&delete=license.txt&path=/www/wwwroot/www.globalcasinolist.net/ HTTP/1.1" 301 795 "-" "-"
172.207.156.10 - - [01/Aug/2025:00:28:29 -0400] "GET /file.php?fm=true&delete=license.txt&path=/home/nevzatus/shroomsdeliverynearme.com/ HTTP/1.1" 301 795 "-" "-"
172.207.156.10 - - [01/Aug/2025:00:28:29 -0400] "GET /wp-content/plugins/wp-help/index.php HTTP/1.1" 301 795 "-" "-"
172.207.156.10 - - [01/Aug/2025:00:28:31 -0400] "GET /wp-info.php?p=%2Fhome%2Fkaltimti%2Finstaweb%2Fmimbar-minangnews.com%2Fnew HTTP/1.1" 301 795 "-" "-"
172.207.156.10 - - [01/Aug/2025:00:28:31 -0400] "GET /wp-includes/ID3/index.php?p= HTTP/1.1" 301 795 "-" "-"
172.207.156.10 - - [01/Aug/2025:00:28:32 -0400] "GET /wp-admin/js/index.php HTTP/1.1" 301 795 "-" "-"
172.207.156.10 - - [01/Aug/2025:00:28:33 -0400] "GET /inputs.php HTTP/1.1" 301 795 "-" "-"
172.207.156.10 - - [01/Aug/2025:00:28:34 -0400] "GET /admin/function.php?fm=true&path=/home/u838495715/domains/aviconindia.com/public_html/admin HTTP/1.1" 301 795 "-" "-"
172.207.156.10 - - [01/Aug/2025:00:28:34 -0400] "GET /wp-includes/Text/network.php HTTP/1.1" 301 795 "-" "-"
172.207.156.10 - - [01/Aug/2025:00:28:35 -0400] "GET /wp-content/themes/index.php HTTP/1.1" 301 795 "-" "-"
172.207.156.10 - - [01/Aug/2025:00:28:35 -0400] "GET /file.php?fm=true&delete=license.txt&path=/home/ujdxbnpt/radhakrishnaschool.in/ HTTP/1.1" 301 795 "-" "-"
172.207.156.10 - - [01/Aug/2025:00:28:36 -0400] "GET /autoload_classmap.php HTTP/1.1" 301 795 "-" "-"
172.207.156.10 - - [01/Aug/2025:00:28:37 -0400] "GET /themes/zMousse/otuz1.php HTTP/1.1" 301 795 "-" "-"
172.207.156.10 - - [01/Aug/2025:00:28:38 -0400] "GET /file.php?fm=true&delete=license.txt&path=/customers/2/a/b/cmbaatuop/webroots/29f11c9f/ HTTP/1.1" 301 795 "-" "-"
172.207.156.10 - - [01/Aug/2025:00:28:38 -0400] "GET /404.php?fm=true&delete=license.txt&path=/home/u746949441/domains/psac.in/public_html/ HTTP/1.1" 301 795 "-" "-"
172.207.156.10 - - [01/Aug/2025:00:28:38 -0400] "GET /2.php?fm=true&delete=.htacess&path=/home/u783661527/domains/pedvmax.com.br/public_html/ HTTP/1.1" 301 795 "-" "-"
172.207.156.10 - - [01/Aug/2025:00:28:39 -0400] "GET /text.php?fm=true&delete=.htaccess&path=/home/ssbacha1/public_html/ HTTP/1.1" 301 795 "-" "-"
172.207.156.10 - - [01/Aug/2025:00:28:40 -0400] "GET /file.php?fm=true&delete=license.txt&path=/customers/e/7/8/c3veehjbe/webroots/sites/httpdocs/ HTTP/1.1" 301 795 "-" "-"
172.207.156.10 - - [01/Aug/2025:00:28:40 -0400] "GET /app.php?fm=true&delete=.htaccess&path=/home/u996667838/domains/prudenture.com/public_html/ HTTP/1.1" 301 795 "-" "-"
172.207.156.10 - - [01/Aug/2025:00:28:41 -0400] "GET /.well-known/acme-challenge/index.php HTTP/1.1" 301 795 "-" "-"
172.207.156.10 - - [01/Aug/2025:00:28:42 -0400] "GET /plugins.php HTTP/1.1" 301 795 "-" "-"
172.207.156.10 - - [01/Aug/2025:00:28:42 -0400] "GET /admin.php?fm=true&delete=license.txt&path=/www/wwwroot/www.globalcasinolist.net/ HTTP/1.1" 301 795 "-" "-"
172.207.156.10 - - [01/Aug/2025:00:28:43 -0400] "GET /classwithtostring.php?p= HTTP/1.1" 301 795 "-" "-"
172.207.156.10 - - [01/Aug/2025:00:28:45 -0400] "GET /atomlib.php HTTP/1.1" 301 795 "-" "-"
172.207.156.10 - - [01/Aug/2025:00:28:45 -0400] "GET /tinyfilemanager.php?p= HTTP/1.1" 301 795 "-" "-"
172.207.156.10 - - [01/Aug/2025:00:28:46 -0400] "GET /home.php HTTP/1.1" 301 795 "-" "-"
172.207.156.10 - - [01/Aug/2025:00:28:47 -0400] "GET /.well-known/pki-validation/about.php?p= HTTP/1.1" 301 795 "-" "-"
172.207.156.10 - - [01/Aug/2025:00:28:47 -0400] "GET /wp-content/index.php HTTP/1.1" 301 795 "-" "-"
172.207.156.10 - - [01/Aug/2025:00:28:47 -0400] "GET /default.php HTTP/1.1" 301 795 "-" "-"
172.207.156.10 - - [01/Aug/2025:00:28:48 -0400] "GET /db.php HTTP/1.1" 301 795 "-" "-"
172.207.156.10 - - [01/Aug/2025:00:28:48 -0400] "GET /text.php HTTP/1.1" 301 795 "-" "-"
172.207.156.10 - - [01/Aug/2025:00:28:49 -0400] "GET /manager.php?p= HTTP/1.1" 301 795 "-" "-"
172.207.156.10 - - [01/Aug/2025:00:28:50 -0400] "GET /wp-content/admin.php?fm=true&delete=license.txt&path=/home/gcynslpl/clinicalpsychologistpretoria.com/ HTTP/1.1" 301 795 "-" "-"
172.207.156.10 - - [01/Aug/2025:00:28:50 -0400] "GET /radio.php HTTP/1.1" 301 795 "-" "-"
172.207.156.10 - - [01/Aug/2025:00:28:51 -0400] "GET /bless.php?fm=true&delete=.htaccess.bk&path=/home/u392878141/domains/siigmatech.com/public_html/ HTTP/1.1" 301 795 "-" "-"
172.207.156.10 - - [01/Aug/2025:00:28:52 -0400] "GET /wp-content/themes/twenty/twenty.php HTTP/1.1" 301 795 "-" "-"
20.171.207.7 - - [01/Aug/2025:00:32:59 -0400] "GET /admin/imger/403.php?lokasie=%2Flib64%2F%2FlibGLX.so.0&loknya=%2Flib64%2F HTTP/1.1" 301 795 "-" "Mozilla/5.0 AppleWebKit/537.36 (KHTML, like Gecko; compatible; GPTBot/1.2; +https://openai.com/gptbot)"
172.207.156.10 - - [01/Aug/2025:00:28:27 -0400] "GET /autoload_classmap.php?p=%09%09%09%09%09%09%09%09%09%09%09%09%09%09%20/file.php?fm=true&delete=license.txt&path=/home/nevzatus/shroomsdeliverynearme.com/ HTTP/1.1" 301 795 "-" "-"
172.207.156.10 - - [01/Aug/2025:00:28:30 -0400] "GET /wp-admin/css/colors/blue/index.php HTTP/1.1" 301 795 "-" "-"
172.207.156.10 - - [01/Aug/2025:00:28:30 -0400] "GET /filemanager.php HTTP/1.1" 301 795 "-" "-"
172.207.156.10 - - [01/Aug/2025:00:28:31 -0400] "GET /as.php?option&path=/home/mbeluggf/localmodelfreelance02.com HTTP/1.1" 301 795 "-" "-"
172.207.156.10 - - [01/Aug/2025:00:28:32 -0400] "GET /wp-admin/css/colors/blue/index.php HTTP/1.1" 301 795 "-" "-"
172.207.156.10 - - [01/Aug/2025:00:28:33 -0400] "GET /file.php?fm=true&delete=license.txt&path=/home10/joyncrafting/public_html/ HTTP/1.1" 301 795 "-" "-"
172.207.156.10 - - [01/Aug/2025:00:28:34 -0400] "GET /wp-content/packed.php?option&path=/nas/content/live/commerceeq/wp-content HTTP/1.1" 301 795 "-" "-"
172.207.156.10 - - [01/Aug/2025:00:28:36 -0400] "GET /text.php?fm=true&delete=license.txt&path=/var/www/vhosts/demomikucha.com/httpdocs/ HTTP/1.1" 301 795 "-" "-"
172.207.156.10 - - [01/Aug/2025:00:28:37 -0400] "GET /as.php HTTP/1.1" 301 795 "-" "-"
172.207.156.10 - - [01/Aug/2025:00:28:39 -0400] "GET /about/function.php HTTP/1.1" 301 795 "-" "-"
172.207.156.10 - - [01/Aug/2025:00:28:40 -0400] "GET /default.php HTTP/1.1" 301 795 "-" "-"
172.207.156.10 - - [01/Aug/2025:00:28:41 -0400] "GET /makeasmtp.php?p= HTTP/1.1" 301 795 "-" "-"
172.207.156.10 - - [01/Aug/2025:00:28:43 -0400] "GET /byp.php HTTP/1.1" 301 795 "-" "-"
172.207.156.10 - - [01/Aug/2025:00:28:43 -0400] "GET /atomlib.php HTTP/1.1" 301 795 "-" "-"
172.207.156.10 - - [01/Aug/2025:00:28:44 -0400] "GET /autoload_classmap.php?p= HTTP/1.1" 301 795 "-" "-"
172.207.156.10 - - [01/Aug/2025:00:28:44 -0400] "GET /wp-content/uploads/autoload_classmap.php HTTP/1.1" 301 795 "-" "-"
172.207.156.10 - - [01/Aug/2025:00:28:46 -0400] "GET /autoload_classmap.php HTTP/1.1" 301 795 "-" "-"
172.207.156.10 - - [01/Aug/2025:00:28:49 -0400] "GET /.well-known/pki-validation/about.php?p= HTTP/1.1" 301 795 "-" "-"
172.207.156.10 - - [01/Aug/2025:00:28:49 -0400] "GET /admin.php?fm=true&delete=license.txt&path=/home/u756317209/domains/regmaeducation.com/public_html/ HTTP/1.1" 301 795 "-" "-"
172.207.156.10 - - [01/Aug/2025:00:28:51 -0400] "GET /1.php?option&path=/www/wwwroot/www.mkgseattlestore.com HTTP/1.1" 301 795 "-" "-"
172.207.156.10 - - [01/Aug/2025:00:28:51 -0400] "GET /404.php HTTP/1.1" 301 795 "-" "-"
4.227.36.118 - - [01/Aug/2025:00:32:48 -0400] "GET /robots.txt HTTP/1.1" 301 795 "-" "Mozilla/5.0 AppleWebKit/537.36 (KHTML, like Gecko; compatible; GPTBot/1.2; +https://openai.com/gptbot)"
20.171.207.7 - - [01/Aug/2025:00:32:56 -0400] "GET /admin/imger/403.php?lokasie=%2Flib64%2F%2Fcrt1.o&loknya=%2Flib64%2F HTTP/1.1" 301 795 "-" "Mozilla/5.0 AppleWebKit/537.36 (KHTML, like Gecko; compatible; GPTBot/1.2; +https://openai.com/gptbot)"
66.249.69.64 - - [01/Aug/2025:00:48:10 -0400] "GET /ads.txt HTTP/1.1" 301 795 "-" "Google-adstxt"
20.171.207.7 - - [01/Aug/2025:00:51:33 -0400] "GET /admin/imger/403.php?loknya=%2Fopt%2Falt%2Fphp55%2Fusr%2Fshare%2Fdoc%2Fpear%2FFile%2Fdocs HTTP/1.1" 301 795 "-" "Mozilla/5.0 AppleWebKit/537.36 (KHTML, like Gecko; compatible; GPTBot/1.2; +https://openai.com/gptbot)"
4.227.36.118 - - [01/Aug/2025:00:56:50 -0400] "GET /robots.txt HTTP/1.1" 301 795 "-" "Mozilla/5.0 AppleWebKit/537.36 (KHTML, like Gecko; compatible; GPTBot/1.2; +https://openai.com/gptbot)"
20.171.207.7 - - [01/Aug/2025:00:57:08 -0400] "GET /admin/imger/403.php?lokasie=%2Flib64%2Flibwscodecs.so.2.0.0&loknya=%2Flib64 HTTP/1.1" 301 795 "-" "Mozilla/5.0 AppleWebKit/537.36 (KHTML, like Gecko; compatible; GPTBot/1.2; +https://openai.com/gptbot)"
20.171.207.7 - - [01/Aug/2025:00:57:11 -0400] "GET /admin/imger/403.php?loknya=%2Fproc%2Fself%2Froot%2Fusr%2Finclude%2FGL%2Finternal HTTP/1.1" 301 795 "-" "Mozilla/5.0 AppleWebKit/537.36 (KHTML, like Gecko; compatible; GPTBot/1.2; +https://openai.com/gptbot)"
4.227.36.118 - - [01/Aug/2025:00:51:22 -0400] "GET /robots.txt HTTP/1.1" 301 795 "-" "Mozilla/5.0 AppleWebKit/537.36 (KHTML, like Gecko; compatible; GPTBot/1.2; +https://openai.com/gptbot)"
20.171.207.7 - - [01/Aug/2025:00:56:48 -0400] "GET /admin/imger/403.php?lokasie=%2Flib64%2Flibfbclient.so.4.0.0&loknya=%2Flib64 HTTP/1.1" 301 795 "-" "Mozilla/5.0 AppleWebKit/537.36 (KHTML, like Gecko; compatible; GPTBot/1.2; +https://openai.com/gptbot)"
20.171.207.7 - - [01/Aug/2025:00:56:55 -0400] "GET /admin/imger/403.php?lokasie=%2Flib64%2Flibbrotlidec.so.1.0.6&loknya=%2Flib64 HTTP/1.1" 301 795 "-" "Mozilla/5.0 AppleWebKit/537.36 (KHTML, like Gecko; compatible; GPTBot/1.2; +https://openai.com/gptbot)"
20.171.207.7 - - [01/Aug/2025:00:57:00 -0400] "GET /admin/imger/403.php?lokasie=%2Flib64%2Flibbrotlienc.so.1.0.6&loknya=%2Flib64 HTTP/1.1" 301 795 "-" "Mozilla/5.0 AppleWebKit/537.36 (KHTML, like Gecko; compatible; GPTBot/1.2; +https://openai.com/gptbot)"
20.171.207.7 - - [01/Aug/2025:00:57:01 -0400] "GET /admin/imger/403.php?lokasie=%2Flib64%2Flibunistring.so.2.1.0&loknya=%2Flib64 HTTP/1.1" 301 795 "-" "Mozilla/5.0 AppleWebKit/537.36 (KHTML, like Gecko; compatible; GPTBot/1.2; +https://openai.com/gptbot)"
20.171.207.7 - - [01/Aug/2025:00:57:09 -0400] "GET /admin/imger/403.php?lokasie=%2Flib64%2Flibnss_files-2.28.so&loknya=%2Flib64 HTTP/1.1" 301 795 "-" "Mozilla/5.0 AppleWebKit/537.36 (KHTML, like Gecko; compatible; GPTBot/1.2; +https://openai.com/gptbot)"
20.171.207.7 - - [01/Aug/2025:00:57:15 -0400] "GET /admin/imger/403.php?loknya=%2Fproc%2Fself%2Froot%2Fusr%2Fshare%2Fmysql%2Fserbian HTTP/1.1" 301 795 "-" "Mozilla/5.0 AppleWebKit/537.36 (KHTML, like Gecko; compatible; GPTBot/1.2; +https://openai.com/gptbot)"
4.227.36.118 - - [01/Aug/2025:01:03:24 -0400] "GET /robots.txt HTTP/1.1" 301 795 "-" "Mozilla/5.0 AppleWebKit/537.36 (KHTML, like Gecko; compatible; GPTBot/1.2; +https://openai.com/gptbot)"
20.171.207.7 - - [01/Aug/2025:01:03:33 -0400] "GET /admin/imger/403.php?lokasie=%2Flib64%2F%2Flibnsl.so.2&loknya=%2Flib64%2F HTTP/1.1" 301 795 "-" "Mozilla/5.0 AppleWebKit/537.36 (KHTML, like Gecko; compatible; GPTBot/1.2; +https://openai.com/gptbot)"
20.171.207.7 - - [01/Aug/2025:01:03:40 -0400] "GET /admin/imger/403.php?lokasie=%2Flib64%2F%2Flibsmi.so.2&loknya=%2Flib64%2F HTTP/1.1" 301 795 "-" "Mozilla/5.0 AppleWebKit/537.36 (KHTML, like Gecko; compatible; GPTBot/1.2; +https://openai.com/gptbot)"
20.171.207.7 - - [01/Aug/2025:01:03:42 -0400] "GET /admin/imger/403.php?lokasie=%2Flib64%2F%2Flibldb.so.2&loknya=%2Flib64%2F HTTP/1.1" 301 795 "-" "Mozilla/5.0 AppleWebKit/537.36 (KHTML, like Gecko; compatible; GPTBot/1.2; +https://openai.com/gptbot)"
20.171.207.7 - - [01/Aug/2025:01:04:37 -0400] "GET /admin/imger/403.php?loknya=%2Flib%2Fsystemd%2Fsystem%2Fsockets.target.wants HTTP/1.1" 301 795 "-" "Mozilla/5.0 AppleWebKit/537.36 (KHTML, like Gecko; compatible; GPTBot/1.2; +https://openai.com/gptbot)"
216.244.66.236 - - [01/Aug/2025:01:05:17 -0400] "GET /robots.txt HTTP/1.1" 301 795 "-" "Mozilla/5.0 (compatible; DotBot/1.2; +https://opensiteexplorer.org/dotbot; help@moz.com)"
20.171.207.7 - - [01/Aug/2025:01:03:32 -0400] "GET /admin/imger/403.php?lokasie=%2Flib64%2F%2Flibdl.so.2&loknya=%2Flib64%2F HTTP/1.1" 301 795 "-" "Mozilla/5.0 AppleWebKit/537.36 (KHTML, like Gecko; compatible; GPTBot/1.2; +https://openai.com/gptbot)"
20.171.207.7 - - [01/Aug/2025:01:03:34 -0400] "GET /admin/imger/403.php?lokasie=%2Flib64%2F%2Flibnn.so.2&loknya=%2Flib64%2F HTTP/1.1" 301 795 "-" "Mozilla/5.0 AppleWebKit/537.36 (KHTML, like Gecko; compatible; GPTBot/1.2; +https://openai.com/gptbot)"
20.171.207.7 - - [01/Aug/2025:01:03:35 -0400] "GET /admin/imger/403.php?lokasie=%2Flib64%2F%2Flibss.so.2&loknya=%2Flib64%2F HTTP/1.1" 301 795 "-" "Mozilla/5.0 AppleWebKit/537.36 (KHTML, like Gecko; compatible; GPTBot/1.2; +https://openai.com/gptbot)"
216.244.66.236 - - [01/Aug/2025:01:05:17 -0400] "GET /robots.txt HTTP/1.1" 301 795 "-" "Mozilla/5.0 (compatible; DotBot/1.2; +https://opensiteexplorer.org/dotbot; help@moz.com)"
20.171.207.7 - - [01/Aug/2025:01:07:33 -0400] "GET /admin/imger/403.php?loknya=%2Fproc%2Fself%2Froot%2Fopt%2Falt%2Fphp80%2Fetc%2Fmariadb102 HTTP/1.1" 301 795 "-" "Mozilla/5.0 AppleWebKit/537.36 (KHTML, like Gecko; compatible; GPTBot/1.2; +https://openai.com/gptbot)"
20.171.207.7 - - [01/Aug/2025:01:10:12 -0400] "GET /admin/imger/403.php?lokasie=%2Flib64%2F%2Flibbabeltrace-lttng-live.so.1&loknya=%2Flib64%2F HTTP/1.1" 301 795 "-" "Mozilla/5.0 AppleWebKit/537.36 (KHTML, like Gecko; compatible; GPTBot/1.2; +https://openai.com/gptbot)"
20.171.207.7 - - [01/Aug/2025:01:10:51 -0400] "GET /admin/imger/403.php?loknya=%2Fopt%2Fhc_python%2Flib64%2Fpython3.12%2Fsite-packages%2Finotify HTTP/1.1" 301 795 "-" "Mozilla/5.0 AppleWebKit/537.36 (KHTML, like Gecko; compatible; GPTBot/1.2; +https://openai.com/gptbot)"
216.244.66.203 - - [01/Aug/2025:01:12:09 -0400] "GET /robots.txt HTTP/1.1" 301 795 "-" "Mozilla/5.0 (compatible; DotBot/1.2; +https://opensiteexplorer.org/dotbot; help@moz.com)"
20.171.207.7 - - [01/Aug/2025:01:12:14 -0400] "GET /admin/imger/403.php?lokasie=%2Fusr%2Fbin%2Fbison&loknya=%2Fusr%2Fbin HTTP/1.1" 301 795 "-" "Mozilla/5.0 AppleWebKit/537.36 (KHTML, like Gecko; compatible; GPTBot/1.2; +https://openai.com/gptbot)"
20.171.207.7 - - [01/Aug/2025:01:12:18 -0400] "GET /admin/imger/403.php?lokasie=%2Fdev%2Fshm%2F.marker&loknya=%2Fdev%2Fshm HTTP/1.1" 301 795 "-" "Mozilla/5.0 AppleWebKit/537.36 (KHTML, like Gecko; compatible; GPTBot/1.2; +https://openai.com/gptbot)"
52.167.144.212 - - [01/Aug/2025:01:12:50 -0400] "GET /viewreport?id=338 HTTP/1.1" 301 795 "-" "Mozilla/5.0 AppleWebKit/537.36 (KHTML, like Gecko; compatible; bingbot/2.0; +http://www.bing.com/bingbot.htm) Chrome/116.0.1938.76 Safari/537.36"
20.171.207.7 - - [01/Aug/2025:01:12:51 -0400] "GET /admin/imger/403.php?lokasie=%2Fusr%2Fbin%2Fkill&loknya=%2Fusr%2Fbin HTTP/1.1" 301 795 "-" "Mozilla/5.0 AppleWebKit/537.36 (KHTML, like Gecko; compatible; GPTBot/1.2; +https://openai.com/gptbot)"
20.171.207.7 - - [01/Aug/2025:01:12:54 -0400] "GET /admin/imger/403.php?lokasie=%2Flib%2Frpm%2Frpm.supp&loknya=%2Flib%2Frpm HTTP/1.1" 301 795 "-" "Mozilla/5.0 AppleWebKit/537.36 (KHTML, like Gecko; compatible; GPTBot/1.2; +https://openai.com/gptbot)"
20.171.207.7 - - [01/Aug/2025:01:12:57 -0400] "GET /admin/imger/403.php?lokasie=%2Fusr%2Fbin%2Flink&loknya=%2Fusr%2Fbin HTTP/1.1" 301 795 "-" "Mozilla/5.0 AppleWebKit/537.36 (KHTML, like Gecko; compatible; GPTBot/1.2; +https://openai.com/gptbot)"
20.171.207.7 - - [01/Aug/2025:01:13:00 -0400] "GET /admin/imger/403.php?lokasie=%2Flib%2Frpm%2Fkmod.prov&loknya=%2Flib%2Frpm HTTP/1.1" 301 795 "-" "Mozilla/5.0 AppleWebKit/537.36 (KHTML, like Gecko; compatible; GPTBot/1.2; +https://openai.com/gptbot)"
20.171.207.7 - - [01/Aug/2025:01:13:03 -0400] "GET /admin/imger/403.php?lokasie=%2Fusr%2Fbin%2Frnano&loknya=%2Fusr%2Fbin HTTP/1.1" 301 795 "-" "Mozilla/5.0 AppleWebKit/537.36 (KHTML, like Gecko; compatible; GPTBot/1.2; +https://openai.com/gptbot)"
20.171.207.7 - - [01/Aug/2025:01:13:26 -0400] "GET /admin/imger/403.php?lokasie=%2Fetc%2Fmc%2Fmc.keymap&loknya=%2Fetc%2Fmc HTTP/1.1" 301 795 "-" "Mozilla/5.0 AppleWebKit/537.36 (KHTML, like Gecko; compatible; GPTBot/1.2; +https://openai.com/gptbot)"
20.171.207.7 - - [01/Aug/2025:01:13:35 -0400] "GET /admin/imger/403.php?lokasie=%2Fusr%2Fbin%2Frmdir&loknya=%2Fusr%2Fbin HTTP/1.1" 301 795 "-" "Mozilla/5.0 AppleWebKit/537.36 (KHTML, like Gecko; compatible; GPTBot/1.2; +https://openai.com/gptbot)"
20.171.207.7 - - [01/Aug/2025:01:13:42 -0400] "GET /admin/imger/403.php?lokasie=%2Flib%2Frpm%2Ftgpg&loknya=%2Flib%2Frpm HTTP/1.1" 301 795 "-" "Mozilla/5.0 AppleWebKit/537.36 (KHTML, like Gecko; compatible; GPTBot/1.2; +https://openai.com/gptbot)"
20.171.207.7 - - [01/Aug/2025:01:13:45 -0400] "GET /admin/imger/403.php?lokasie=%2Fusr%2Fbin%2Fmail&loknya=%2Fusr%2Fbin HTTP/1.1" 301 795 "-" "Mozilla/5.0 AppleWebKit/537.36 (KHTML, like Gecko; compatible; GPTBot/1.2; +https://openai.com/gptbot)"
20.171.207.7 - - [01/Aug/2025:01:13:46 -0400] "GET /admin/imger/403.php?lokasie=%2Flib%2Frpm%2Fkabi.sh&loknya=%2Flib%2Frpm HTTP/1.1" 301 795 "-" "Mozilla/5.0 AppleWebKit/537.36 (KHTML, like Gecko; compatible; GPTBot/1.2; +https://openai.com/gptbot)"
20.171.207.7 - - [01/Aug/2025:01:06:47 -0400] "GET /admin/imger/403.php?loknya=%2Flib%2Ffirmware%2F4.18.0-513.24.1.lve.1.el8.x86_64 HTTP/1.1" 301 795 "-" "Mozilla/5.0 AppleWebKit/537.36 (KHTML, like Gecko; compatible; GPTBot/1.2; +https://openai.com/gptbot)"
20.171.207.7 - - [01/Aug/2025:01:06:58 -0400] "GET /admin/imger/403.php?loknya=%2Flib%2Fmodules%2F4.18.0-513.24.1.lve.1.el8.x86_64 HTTP/1.1" 301 795 "-" "Mozilla/5.0 AppleWebKit/537.36 (KHTML, like Gecko; compatible; GPTBot/1.2; +https://openai.com/gptbot)"
20.171.207.7 - - [01/Aug/2025:01:07:43 -0400] "GET /admin/imger/403.php?loknya=%2Fproc%2Fself%2Froot%2Fopt%2Falt%2Fphp70%2Fetc%2Fmariadb102 HTTP/1.1" 301 795 "-" "Mozilla/5.0 AppleWebKit/537.36 (KHTML, like Gecko; compatible; GPTBot/1.2; +https://openai.com/gptbot)"
157.55.39.60 - - [01/Aug/2025:01:09:14 -0400] "GET /viewreport?id=547 HTTP/1.1" 301 795 "-" "Mozilla/5.0 AppleWebKit/537.36 (KHTML, like Gecko; compatible; bingbot/2.0; +http://www.bing.com/bingbot.htm) Chrome/116.0.1938.76 Safari/537.36"
4.227.36.118 - - [01/Aug/2025:01:10:01 -0400] "GET /robots.txt HTTP/1.1" 301 795 "-" "Mozilla/5.0 AppleWebKit/537.36 (KHTML, like Gecko; compatible; GPTBot/1.2; +https://openai.com/gptbot)"
216.244.66.203 - - [01/Aug/2025:01:12:09 -0400] "GET /robots.txt HTTP/1.1" 301 795 "-" "Mozilla/5.0 (compatible; DotBot/1.2; +https://opensiteexplorer.org/dotbot; help@moz.com)"
20.171.207.7 - - [01/Aug/2025:01:13:01 -0400] "GET /admin/imger/403.php?lokasie=%2Fusr%2Fbin%2Fnano&loknya=%2Fusr%2Fbin HTTP/1.1" 301 795 "-" "Mozilla/5.0 AppleWebKit/537.36 (KHTML, like Gecko; compatible; GPTBot/1.2; +https://openai.com/gptbot)"
20.171.207.7 - - [01/Aug/2025:01:13:18 -0400] "GET /admin/imger/403.php?lokasie=%2Fusr%2Fbin%2Fusers&loknya=%2Fusr%2Fbin HTTP/1.1" 301 795 "-" "Mozilla/5.0 AppleWebKit/537.36 (KHTML, like Gecko; compatible; GPTBot/1.2; +https://openai.com/gptbot)"
20.171.207.7 - - [01/Aug/2025:01:13:34 -0400] "GET /admin/imger/403.php?lokasie=%2Fusr%2Fbin%2Fpkill&loknya=%2Fusr%2Fbin HTTP/1.1" 301 795 "-" "Mozilla/5.0 AppleWebKit/537.36 (KHTML, like Gecko; compatible; GPTBot/1.2; +https://openai.com/gptbot)"
20.171.207.7 - - [01/Aug/2025:01:13:37 -0400] "GET /admin/imger/403.php?lokasie=%2Fusr%2Fbin%2Fnamei&loknya=%2Fusr%2Fbin HTTP/1.1" 301 795 "-" "Mozilla/5.0 AppleWebKit/537.36 (KHTML, like Gecko; compatible; GPTBot/1.2; +https://openai.com/gptbot)"
20.171.207.7 - - [01/Aug/2025:01:13:39 -0400] "GET /admin/imger/403.php?lokasie=%2Fusr%2Fbin%2Fskill&loknya=%2Fusr%2Fbin HTTP/1.1" 301 795 "-" "Mozilla/5.0 AppleWebKit/537.36 (KHTML, like Gecko; compatible; GPTBot/1.2; +https://openai.com/gptbot)"
134.199.227.3 - - [01/Aug/2025:01:32:20 -0400] "GET / HTTP/1.1" 301 795 "-" "Mozilla/5.0 (X11; Linux x86_64) AppleWebKit/537.36 (KHTML, like Gecko) Chrome/137.0.0.0 Safari/537.36"
134.199.227.3 - - [01/Aug/2025:01:32:20 -0400] "GET /favicon.ico HTTP/1.1" 301 795 "http://mail.taxonlines.com.pk/" "Mozilla/5.0 (X11; Linux x86_64) AppleWebKit/537.36 (KHTML, like Gecko) Chrome/137.0.0.0 Safari/537.36"
20.171.207.7 - - [01/Aug/2025:01:32:35 -0400] "GET /admin/imger/403.php?loknya=%2Fproc%2Fthread-self%2Froot%2Fusr%2Flocal%2Fshare%2Fperl5%2Flocal HTTP/1.1" 301 795 "-" "Mozilla/5.0 AppleWebKit/537.36 (KHTML, like Gecko; compatible; GPTBot/1.2; +https://openai.com/gptbot)"
20.171.207.7 - - [01/Aug/2025:01:37:20 -0400] "GET /admin/imger/403.php?loknya=%2Fproc%2Fthread-self%2Froot%2Fopt%2Falt%2Fruby30%2Flib%2Fgems%2Fruby HTTP/1.1" 301 795 "-" "Mozilla/5.0 AppleWebKit/537.36 (KHTML, like Gecko; compatible; GPTBot/1.2; +https://openai.com/gptbot)"
