20.171.207.7 - - [01/Aug/2025:01:42:21 -0400] "GET /admin/imger/403.php?loknya=%2Fproc%2Fthread-self%2Froot%2Fvar%2Flib%2Fmysql%2Fmyinrzoj_vision HTTP/1.1" 301 795 "-" "Mozilla/5.0 AppleWebKit/537.36 (KHTML, like Gecko; compatible; GPTBot/1.2; +https://openai.com/gptbot)"
20.171.207.7 - - [01/Aug/2025:01:42:26 -0400] "GET /admin/imger/403.php?loknya=%2Fproc%2Fthread-self%2Froot%2Fvar%2Flib%2Fmysql%2Fprojxatp_giftgo HTTP/1.1" 301 795 "-" "Mozilla/5.0 AppleWebKit/537.36 (KHTML, like Gecko; compatible; GPTBot/1.2; +https://openai.com/gptbot)"
20.171.207.7 - - [01/Aug/2025:01:42:27 -0400] "GET /admin/imger/403.php?loknya=%2Fproc%2Fthread-self%2Froot%2Fvar%2Flib%2Fmysql%2Fmyinrzoj_wazipr HTTP/1.1" 301 795 "-" "Mozilla/5.0 AppleWebKit/537.36 (KHTML, like Gecko; compatible; GPTBot/1.2; +https://openai.com/gptbot)"
20.171.207.7 - - [01/Aug/2025:01:45:55 -0400] "GET /admin/imger/403.php?lokasie=%2Flib64%2Flibtinfo.so.6&loknya=%2Flib64 HTTP/1.1" 301 795 "-" "Mozilla/5.0 AppleWebKit/537.36 (KHTML, like Gecko; compatible; GPTBot/1.2; +https://openai.com/gptbot)"
20.171.207.7 - - [01/Aug/2025:01:45:58 -0400] "GET /admin/imger/403.php?lokasie=%2Flib64%2Flibip4tc.so.2&loknya=%2Flib64 HTTP/1.1" 301 795 "-" "Mozilla/5.0 AppleWebKit/537.36 (KHTML, like Gecko; compatible; GPTBot/1.2; +https://openai.com/gptbot)"
20.171.207.7 - - [01/Aug/2025:01:46:00 -0400] "GET /admin/imger/403.php?lokasie=%2Flib64%2Flibexslt.so.0&loknya=%2Flib64 HTTP/1.1" 301 795 "-" "Mozilla/5.0 AppleWebKit/537.36 (KHTML, like Gecko; compatible; GPTBot/1.2; +https://openai.com/gptbot)"
20.171.207.7 - - [01/Aug/2025:01:46:03 -0400] "GET /admin/imger/403.php?lokasie=%2Flib64%2Flibwacom.so.2&loknya=%2Flib64 HTTP/1.1" 301 795 "-" "Mozilla/5.0 AppleWebKit/537.36 (KHTML, like Gecko; compatible; GPTBot/1.2; +https://openai.com/gptbot)"
20.171.207.7 - - [01/Aug/2025:01:46:08 -0400] "GET /admin/imger/403.php?lokasie=%2Flib64%2Flibtasn1.so.6&loknya=%2Flib64 HTTP/1.1" 301 795 "-" "Mozilla/5.0 AppleWebKit/537.36 (KHTML, like Gecko; compatible; GPTBot/1.2; +https://openai.com/gptbot)"
20.171.207.7 - - [01/Aug/2025:01:46:10 -0400] "GET /admin/imger/403.php?lokasie=%2Flib64%2Flibevdev.so.2&loknya=%2Flib64 HTTP/1.1" 301 795 "-" "Mozilla/5.0 AppleWebKit/537.36 (KHTML, like Gecko; compatible; GPTBot/1.2; +https://openai.com/gptbot)"
20.171.207.7 - - [01/Aug/2025:01:46:26 -0400] "GET /admin/imger/403.php?lokasie=%2Flib64%2Flibcgraph.so.6.0.0&loknya=%2Flib64 HTTP/1.1" 301 795 "-" "Mozilla/5.0 AppleWebKit/537.36 (KHTML, like Gecko; compatible; GPTBot/1.2; +https://openai.com/gptbot)"
20.171.207.7 - - [01/Aug/2025:01:46:29 -0400] "GET /admin/imger/403.php?lokasie=%2Flib64%2Flibdvdread.so.4.2.0&loknya=%2Flib64 HTTP/1.1" 301 795 "-" "Mozilla/5.0 AppleWebKit/537.36 (KHTML, like Gecko; compatible; GPTBot/1.2; +https://openai.com/gptbot)"
20.171.207.7 - - [01/Aug/2025:01:46:32 -0400] "GET /admin/imger/403.php?lokasie=%2Flib64%2FlibesoobS.so.2.0.0&loknya=%2Flib64 HTTP/1.1" 301 795 "-" "Mozilla/5.0 AppleWebKit/537.36 (KHTML, like Gecko; compatible; GPTBot/1.2; +https://openai.com/gptbot)"
4.227.36.118 - - [01/Aug/2025:01:37:09 -0400] "GET /robots.txt HTTP/1.1" 301 795 "-" "Mozilla/5.0 AppleWebKit/537.36 (KHTML, like Gecko; compatible; GPTBot/1.2; +https://openai.com/gptbot)"
4.227.36.118 - - [01/Aug/2025:01:42:10 -0400] "GET /robots.txt HTTP/1.1" 301 795 "-" "Mozilla/5.0 AppleWebKit/537.36 (KHTML, like Gecko; compatible; GPTBot/1.2; +https://openai.com/gptbot)"
20.171.207.7 - - [01/Aug/2025:01:42:33 -0400] "GET /admin/imger/403.php?loknya=%2Fproc%2Fthread-self%2Froot%2Fvar%2Flib%2Fmysql%2Fthedlznx_cnbook HTTP/1.1" 301 795 "-" "Mozilla/5.0 AppleWebKit/537.36 (KHTML, like Gecko; compatible; GPTBot/1.2; +https://openai.com/gptbot)"
20.171.207.7 - - [01/Aug/2025:01:44:23 -0400] "GET /admin/imger/403.php?loknya=%2Fopt%2Fcpanel%2Fea-ruby27%2Froot%2Fvar%2Flib%2Frpm-state%2Fea-ruby27-passenger HTTP/1.1" 301 795 "-" "Mozilla/5.0 AppleWebKit/537.36 (KHTML, like Gecko; compatible; GPTBot/1.2; +https://openai.com/gptbot)"
20.171.207.7 - - [01/Aug/2025:01:46:01 -0400] "GET /admin/imger/403.php?lokasie=%2Flib64%2Flibmagic.so.1&loknya=%2Flib64 HTTP/1.1" 301 795 "-" "Mozilla/5.0 AppleWebKit/537.36 (KHTML, like Gecko; compatible; GPTBot/1.2; +https://openai.com/gptbot)"
20.171.207.7 - - [01/Aug/2025:01:46:12 -0400] "GET /admin/imger/403.php?lokasie=%2Flib64%2Flibmatio.so.9&loknya=%2Flib64 HTTP/1.1" 301 795 "-" "Mozilla/5.0 AppleWebKit/537.36 (KHTML, like Gecko; compatible; GPTBot/1.2; +https://openai.com/gptbot)"
20.171.207.7 - - [01/Aug/2025:01:46:15 -0400] "GET /admin/imger/403.php?lokasie=%2Flib64%2Flibblkid.so.1&loknya=%2Flib64 HTTP/1.1" 301 795 "-" "Mozilla/5.0 AppleWebKit/537.36 (KHTML, like Gecko; compatible; GPTBot/1.2; +https://openai.com/gptbot)"
20.171.207.7 - - [01/Aug/2025:01:46:17 -0400] "GET /admin/imger/403.php?lokasie=%2Flib64%2Flibip6tc.so.2&loknya=%2Flib64 HTTP/1.1" 301 795 "-" "Mozilla/5.0 AppleWebKit/537.36 (KHTML, like Gecko; compatible; GPTBot/1.2; +https://openai.com/gptbot)"
20.171.207.7 - - [01/Aug/2025:01:46:27 -0400] "GET /admin/imger/403.php?lokasie=%2Flib64%2Flibimaevm.so.2.0.0&loknya=%2Flib64 HTTP/1.1" 301 795 "-" "Mozilla/5.0 AppleWebKit/537.36 (KHTML, like Gecko; compatible; GPTBot/1.2; +https://openai.com/gptbot)"
20.171.207.7 - - [01/Aug/2025:01:46:31 -0400] "GET /admin/imger/403.php?lokasie=%2Flib64%2Flibhandle.so.1.0.3&loknya=%2Flib64 HTTP/1.1" 301 795 "-" "Mozilla/5.0 AppleWebKit/537.36 (KHTML, like Gecko; compatible; GPTBot/1.2; +https://openai.com/gptbot)"
20.171.207.7 - - [01/Aug/2025:01:46:36 -0400] "GET /admin/imger/403.php?lokasie=%2Flib64%2FlibmimerS.so.2.0.0&loknya=%2Flib64 HTTP/1.1" 301 795 "-" "Mozilla/5.0 AppleWebKit/537.36 (KHTML, like Gecko; compatible; GPTBot/1.2; +https://openai.com/gptbot)"
20.171.207.7 - - [01/Aug/2025:01:46:40 -0400] "GET /admin/imger/403.php?lokasie=%2Flib64%2Flibdvdnav.so.4.2.0&loknya=%2Flib64 HTTP/1.1" 301 795 "-" "Mozilla/5.0 AppleWebKit/537.36 (KHTML, like Gecko; compatible; GPTBot/1.2; +https://openai.com/gptbot)"
20.171.207.7 - - [01/Aug/2025:01:46:46 -0400] "GET /admin/imger/403.php?lokasie=%2Flib64%2FlibsapdbS.so.2.0.0&loknya=%2Flib64 HTTP/1.1" 301 795 "-" "Mozilla/5.0 AppleWebKit/537.36 (KHTML, like Gecko; compatible; GPTBot/1.2; +https://openai.com/gptbot)"
20.171.207.7 - - [01/Aug/2025:01:46:56 -0400] "GET /admin/imger/403.php?lokasie=%2Flib64%2Flibrpmsign.so.8.2.0&loknya=%2Flib64 HTTP/1.1" 301 795 "-" "Mozilla/5.0 AppleWebKit/537.36 (KHTML, like Gecko; compatible; GPTBot/1.2; +https://openai.com/gptbot)"
20.171.207.7 - - [01/Aug/2025:01:47:04 -0400] "GET /admin/imger/403.php?lokasie=%2Flib64%2Flibasound.so.2.0.0&loknya=%2Flib64 HTTP/1.1" 301 795 "-" "Mozilla/5.0 AppleWebKit/537.36 (KHTML, like Gecko; compatible; GPTBot/1.2; +https://openai.com/gptbot)"
20.171.207.7 - - [01/Aug/2025:01:47:06 -0400] "GET /admin/imger/403.php?lokasie=%2Flib64%2Flibhashkit.so.2.0.0&loknya=%2Flib64 HTTP/1.1" 301 795 "-" "Mozilla/5.0 AppleWebKit/537.36 (KHTML, like Gecko; compatible; GPTBot/1.2; +https://openai.com/gptbot)"
20.171.207.7 - - [01/Aug/2025:01:46:34 -0400] "GET /admin/imger/403.php?lokasie=%2Flib64%2Flibodbccr.so.2.0.0&loknya=%2Flib64 HTTP/1.1" 301 795 "-" "Mozilla/5.0 AppleWebKit/537.36 (KHTML, like Gecko; compatible; GPTBot/1.2; +https://openai.com/gptbot)"
20.171.207.7 - - [01/Aug/2025:01:46:38 -0400] "GET /admin/imger/403.php?lokasie=%2Flib64%2Flibvmtools.so.0.0.0&loknya=%2Flib64 HTTP/1.1" 301 795 "-" "Mozilla/5.0 AppleWebKit/537.36 (KHTML, like Gecko; compatible; GPTBot/1.2; +https://openai.com/gptbot)"
20.171.207.7 - - [01/Aug/2025:01:46:39 -0400] "GET /admin/imger/403.php?lokasie=%2Flib64%2Flibdatrie.so.1.3.2&loknya=%2Flib64 HTTP/1.1" 301 795 "-" "Mozilla/5.0 AppleWebKit/537.36 (KHTML, like Gecko; compatible; GPTBot/1.2; +https://openai.com/gptbot)"
20.171.207.7 - - [01/Aug/2025:01:46:41 -0400] "GET /admin/imger/403.php?lokasie=%2Flib64%2Flibmspack.so.0.1.0&loknya=%2Flib64 HTTP/1.1" 301 795 "-" "Mozilla/5.0 AppleWebKit/537.36 (KHTML, like Gecko; compatible; GPTBot/1.2; +https://openai.com/gptbot)"
20.171.207.7 - - [01/Aug/2025:01:46:43 -0400] "GET /admin/imger/403.php?lokasie=%2Flib64%2Flibrecode.so.0.0.0&loknya=%2Flib64 HTTP/1.1" 301 795 "-" "Mozilla/5.0 AppleWebKit/537.36 (KHTML, like Gecko; compatible; GPTBot/1.2; +https://openai.com/gptbot)"
20.171.207.7 - - [01/Aug/2025:01:46:45 -0400] "GET /admin/imger/403.php?lokasie=%2Flib64%2FlibXrandr.so.2.2.0&loknya=%2Flib64 HTTP/1.1" 301 795 "-" "Mozilla/5.0 AppleWebKit/537.36 (KHTML, like Gecko; compatible; GPTBot/1.2; +https://openai.com/gptbot)"
20.171.207.7 - - [01/Aug/2025:01:46:48 -0400] "GET /admin/imger/403.php?lokasie=%2Flib64%2Flibgearman.so.8.0.0&loknya=%2Flib64 HTTP/1.1" 301 795 "-" "Mozilla/5.0 AppleWebKit/537.36 (KHTML, like Gecko; compatible; GPTBot/1.2; +https://openai.com/gptbot)"
20.171.207.7 - - [01/Aug/2025:01:46:53 -0400] "GET /admin/imger/403.php?lokasie=%2Flib64%2Flibauparse.so.0.0.0&loknya=%2Flib64 HTTP/1.1" 301 795 "-" "Mozilla/5.0 AppleWebKit/537.36 (KHTML, like Gecko; compatible; GPTBot/1.2; +https://openai.com/gptbot)"
20.171.207.7 - - [01/Aug/2025:01:46:55 -0400] "GET /admin/imger/403.php?lokasie=%2Flib64%2Flibvorbis.so.0.4.8&loknya=%2Flib64 HTTP/1.1" 301 795 "-" "Mozilla/5.0 AppleWebKit/537.36 (KHTML, like Gecko; compatible; GPTBot/1.2; +https://openai.com/gptbot)"
20.171.207.7 - - [01/Aug/2025:01:46:58 -0400] "GET /admin/imger/403.php?lokasie=%2Flib64%2Flibdaemon.so.0.5.0&loknya=%2Flib64 HTTP/1.1" 301 795 "-" "Mozilla/5.0 AppleWebKit/537.36 (KHTML, like Gecko; compatible; GPTBot/1.2; +https://openai.com/gptbot)"
4.227.36.118 - - [01/Aug/2025:01:47:12 -0400] "GET /robots.txt HTTP/1.1" 301 795 "-" "Mozilla/5.0 AppleWebKit/537.36 (KHTML, like Gecko; compatible; GPTBot/1.2; +https://openai.com/gptbot)"
20.171.207.7 - - [01/Aug/2025:01:47:15 -0400] "GET /admin/imger/403.php?lokasie=%2Flib64%2Flibtalloc.so.2.4.1&loknya=%2Flib64 HTTP/1.1" 301 795 "-" "Mozilla/5.0 AppleWebKit/537.36 (KHTML, like Gecko; compatible; GPTBot/1.2; +https://openai.com/gptbot)"
20.171.207.7 - - [01/Aug/2025:01:47:18 -0400] "GET /admin/imger/403.php?lokasie=%2Flib64%2FlibodbcnnS.so.2.0.0&loknya=%2Flib64 HTTP/1.1" 301 795 "-" "Mozilla/5.0 AppleWebKit/537.36 (KHTML, like Gecko; compatible; GPTBot/1.2; +https://openai.com/gptbot)"
20.171.207.7 - - [01/Aug/2025:01:47:21 -0400] "GET /admin/imger/403.php?lokasie=%2Flib64%2Flibsigsegv.so.2.0.4&loknya=%2Flib64 HTTP/1.1" 301 795 "-" "Mozilla/5.0 AppleWebKit/537.36 (KHTML, like Gecko; compatible; GPTBot/1.2; +https://openai.com/gptbot)"
20.171.207.7 - - [01/Aug/2025:01:47:14 -0400] "GET /admin/imger/403.php?lokasie=%2Flib64%2Flibjasper.so.4.0.0&loknya=%2Flib64 HTTP/1.1" 301 795 "-" "Mozilla/5.0 AppleWebKit/537.36 (KHTML, like Gecko; compatible; GPTBot/1.2; +https://openai.com/gptbot)"
20.171.207.7 - - [01/Aug/2025:01:47:23 -0400] "GET /admin/imger/403.php?lokasie=%2Flib64%2Flibseccomp.so.2.5.2&loknya=%2Flib64 HTTP/1.1" 301 795 "-" "Mozilla/5.0 AppleWebKit/537.36 (KHTML, like Gecko; compatible; GPTBot/1.2; +https://openai.com/gptbot)"
216.244.66.236 - - [01/Aug/2025:01:48:36 -0400] "GET /robots.txt HTTP/1.1" 301 795 "-" "Mozilla/5.0 (compatible; DotBot/1.2; +https://opensiteexplorer.org/dotbot; help@moz.com)"
216.244.66.236 - - [01/Aug/2025:01:48:36 -0400] "GET /robots.txt HTTP/1.1" 301 795 "-" "Mozilla/5.0 (compatible; DotBot/1.2; +https://opensiteexplorer.org/dotbot; help@moz.com)"
112.65.211.60 - - [01/Aug/2025:01:49:28 -0400] "GET /viewjudgment?id=5020 HTTP/1.1" 301 795 "-" "Mozilla/5.0 (Macintosh; Intel Mac OS X 10_14_6) AppleWebKit/537.36 (KHTML, like Gecko) Chrome/129.0.0.0 Safari/537.36"
20.171.207.7 - - [01/Aug/2025:01:50:47 -0400] "GET /admin/imger/403.php?lokasie=%2Flib64%2Flibapr-1.so.0.6.3&loknya=%2Flib64 HTTP/1.1" 301 795 "-" "Mozilla/5.0 AppleWebKit/537.36 (KHTML, like Gecko; compatible; GPTBot/1.2; +https://openai.com/gptbot)"
20.171.207.7 - - [01/Aug/2025:01:50:50 -0400] "GET /admin/imger/403.php?lokasie=%2Flib64%2Flibstdc++.so.6.0.25&loknya=%2Flib64 HTTP/1.1" 301 795 "-" "Mozilla/5.0 AppleWebKit/537.36 (KHTML, like Gecko; compatible; GPTBot/1.2; +https://openai.com/gptbot)"
20.171.207.7 - - [01/Aug/2025:01:50:53 -0400] "GET /admin/imger/403.php?lokasie=%2Flib64%2Flibxcb-image.so.0.0.0&loknya=%2Flib64 HTTP/1.1" 301 795 "-" "Mozilla/5.0 AppleWebKit/537.36 (KHTML, like Gecko; compatible; GPTBot/1.2; +https://openai.com/gptbot)"
20.171.207.7 - - [01/Aug/2025:01:50:44 -0400] "GET /admin/imger/403.php?lokasie=%2Flib64%2Flibwmf-0.2.so.7.1.1&loknya=%2Flib64 HTTP/1.1" 301 795 "-" "Mozilla/5.0 AppleWebKit/537.36 (KHTML, like Gecko; compatible; GPTBot/1.2; +https://openai.com/gptbot)"
20.171.207.7 - - [01/Aug/2025:01:51:20 -0400] "GET /admin/imger/403.php?loknya=%2Fhome%2Ftaxhyuvu%2Fperl5%2Flib%2Fperl5 HTTP/1.1" 301 795 "-" "Mozilla/5.0 AppleWebKit/537.36 (KHTML, like Gecko; compatible; GPTBot/1.2; +https://openai.com/gptbot)"
101.44.184.39 - - [01/Aug/2025:02:16:31 -0400] "GET /viewjudgment?id=5020 HTTP/1.1" 301 795 "-" "Mozilla/5.0 (Windows NT 10.0; WOW64; rv:129.0) Gecko/20100101 Firefox/129.0"
64.227.134.35 - - [01/Aug/2025:02:07:52 -0400] "GET /wp-admin/css/ HTTP/1.1" 301 795 "binance.com" "Mozilla/5.0 (Windows NT 10.0; Win64; x64) AppleWebKit/537.36 (KHTML, like Gecko) Chrome/90.0.4430.85 Safari/537.36"
216.73.216.67 - - [01/Aug/2025:02:22:47 -0400] "GET /sitemap.xml HTTP/1.1" 301 795 "-" "Mozilla/5.0 AppleWebKit/537.36 (KHTML, like Gecko; compatible; ClaudeBot/1.0; +claudebot@anthropic.com)"
114.119.139.78 - - [01/Aug/2025:02:24:31 -0400] "GET /robots.txt HTTP/1.1" 301 795 "-" "Mozilla/5.0 (compatible;PetalBot;+https://webmaster.petalsearch.com/site/petalbot)"
43.130.16.140 - - [01/Aug/2025:02:25:32 -0400] "GET / HTTP/1.1" 301 795 "-" "Mozilla/5.0 (iPhone; CPU iPhone OS 13_2_3 like Mac OS X) AppleWebKit/605.1.15 (KHTML, like Gecko) Version/13.0.3 Mobile/15E148 Safari/604.1"
2a06:98c0:3600::103 - - [01/Aug/2025:02:29:58 -0400] "GET /wp-admin/setup-config.php HTTP/1.1" 301 795 "-" "Mozilla/5.0 (Windows NT 10.0; Win64; x64) AppleWebKit/537.36 (KHTML, like Gecko) Chrome/138.0.0.0 Safari/537.36"
207.154.234.159 - - [01/Aug/2025:02:31:53 -0400] "GET / HTTP/1.1" 301 795 "-" "Mozilla/5.0 (X11; Linux x86_64) AppleWebKit/537.36 (KHTML, like Gecko) Chrome/137.0.0.0 Safari/537.36"
207.154.234.159 - - [01/Aug/2025:02:31:53 -0400] "GET /favicon.ico HTTP/1.1" 301 795 "http://taxhelplines.pk/" "Mozilla/5.0 (X11; Linux x86_64) AppleWebKit/537.36 (KHTML, like Gecko) Chrome/137.0.0.0 Safari/537.36"
216.73.216.67 - - [01/Aug/2025:02:22:44 -0400] "GET /robots.txt HTTP/1.1" 301 795 "-" "Mozilla/5.0 AppleWebKit/537.36 (KHTML, like Gecko; compatible; ClaudeBot/1.0; +claudebot@anthropic.com)"
2a06:98c0:3600::103 - - [01/Aug/2025:02:29:58 -0400] "GET /wordpress/wp-admin/setup-config.php HTTP/1.1" 301 795 "-" "Mozilla/5.0 (Windows NT 10.0; Win64; x64) AppleWebKit/537.36 (KHTML, like Gecko) Chrome/138.0.0.0 Safari/537.36"
2a06:98c0:3600::103 - - [01/Aug/2025:02:30:47 -0400] "GET /wordpress/wp-admin/setup-config.php HTTP/1.1" 301 795 "-" "Mozilla/5.0 (Windows NT 10.0; Win64; x64) AppleWebKit/537.36 (KHTML, like Gecko) Chrome/138.0.0.0 Safari/537.36"
216.244.66.236 - - [01/Aug/2025:02:31:55 -0400] "GET /robots.txt HTTP/1.1" 301 795 "-" "Mozilla/5.0 (compatible; DotBot/1.2; +https://opensiteexplorer.org/dotbot; help@moz.com)"
216.244.66.236 - - [01/Aug/2025:02:31:55 -0400] "GET /robots.txt HTTP/1.1" 301 795 "-" "Mozilla/5.0 (compatible; DotBot/1.2; +https://opensiteexplorer.org/dotbot; help@moz.com)"
2a06:98c0:3600::103 - - [01/Aug/2025:02:32:30 -0400] "GET /wp-admin/setup-config.php HTTP/1.1" 301 795 "-" "Mozilla/5.0 (Windows NT 10.0; Win64; x64) AppleWebKit/537.36 (KHTML, like Gecko) Chrome/138.0.0.0 Safari/537.36"
40.77.167.70 - - [01/Aug/2025:02:37:16 -0400] "GET /viewjudgment?id=2338 HTTP/1.1" 301 795 "-" "Mozilla/5.0 AppleWebKit/537.36 (KHTML, like Gecko; compatible; bingbot/2.0; +http://www.bing.com/bingbot.htm) Chrome/116.0.1938.76 Safari/537.36"
157.66.56.207 - - [01/Aug/2025:03:01:53 -0400] "GET / HTTP/1.1" 301 795 "-" "Mozilla/5.0 (Linux; Android 10; M2004J19C) AppleWebKit/537.36 (KHTML, like Gecko) Chrome/91.0.4472.77 Mobile Safari/537.36"
4.216.95.134 - - [01/Aug/2025:03:07:51 -0400] "GET /wp-content/plugins/hellopress/wp_filemanager.php HTTP/1.1" 301 795 "-" "-"
4.216.95.134 - - [01/Aug/2025:03:07:53 -0400] "GET /byp.php HTTP/1.1" 301 795 "-" "-"
4.216.95.134 - - [01/Aug/2025:03:07:54 -0400] "GET /wp-admin/css/colors/index.php HTTP/1.1" 301 795 "-" "-"
4.216.95.134 - - [01/Aug/2025:03:07:54 -0400] "GET /wp-content/themes/pridmag/db.php?u HTTP/1.1" 301 795 "-" "-"
4.216.95.134 - - [01/Aug/2025:03:07:55 -0400] "GET /wp-content/themes/seotheme/mar.php HTTP/1.1" 301 795 "-" "-"
4.216.95.134 - - [01/Aug/2025:03:07:56 -0400] "GET /wp-content/themes/seotheme/db.php?u HTTP/1.1" 301 795 "-" "-"
4.216.95.134 - - [01/Aug/2025:03:07:56 -0400] "GET /wp-content/plugins/seoplugins/db.php?u HTTP/1.1" 301 795 "-" "-"
4.216.95.134 - - [01/Aug/2025:03:07:56 -0400] "GET /wp-content/plugins/seoplugins/mar.php HTTP/1.1" 301 795 "-" "-"
4.216.95.134 - - [01/Aug/2025:03:07:57 -0400] "GET /.well-known/pki-validation/xmrlpc.php?p= HTTP/1.1" 301 795 "-" "-"
4.216.95.134 - - [01/Aug/2025:03:07:57 -0400] "GET /.well-known/acme-challenge/xmrlpc.php?p= HTTP/1.1" 301 795 "-" "-"
4.216.95.134 - - [01/Aug/2025:03:07:58 -0400] "GET /wp-admin/network/xmrlpc.php?p= HTTP/1.1" 301 795 "-" "-"
4.216.95.134 - - [01/Aug/2025:03:08:00 -0400] "GET /wp-admin/css/colors/coffee/xmrlpc.php?p= HTTP/1.1" 301 795 "-" "-"
4.216.95.134 - - [01/Aug/2025:03:08:01 -0400] "GET /wp-admin/js/widgets/xmrlpc.php?p= HTTP/1.1" 301 795 "-" "-"
4.216.95.134 - - [01/Aug/2025:03:08:02 -0400] "GET /wp-admin/css/colors/xmrlpc.php?p= HTTP/1.1" 301 795 "-" "-"
4.216.95.134 - - [01/Aug/2025:03:08:02 -0400] "GET /wp-admin/includes/xmrlpc.php?p= HTTP/1.1" 301 795 "-" "-"
4.216.95.134 - - [01/Aug/2025:03:08:03 -0400] "GET /wp-admin/xmrlpc.php?p= HTTP/1.1" 301 795 "-" "-"
4.216.95.134 - - [01/Aug/2025:03:08:04 -0400] "GET /wp-configs.php HTTP/1.1" 301 795 "-" "-"
4.216.95.134 - - [01/Aug/2025:03:08:05 -0400] "GET /simple.php HTTP/1.1" 301 795 "-" "-"
4.216.95.134 - - [01/Aug/2025:03:08:06 -0400] "GET /ini.php HTTP/1.1" 301 795 "-" "-"
4.216.95.134 - - [01/Aug/2025:03:08:07 -0400] "GET /admin/upload/css.php HTTP/1.1" 301 795 "-" "-"
4.216.95.134 - - [01/Aug/2025:03:08:07 -0400] "GET /.well-known/pki-validation/afnew.php HTTP/1.1" 301 795 "-" "-"
4.216.95.134 - - [01/Aug/2025:03:08:08 -0400] "GET /lufix.php HTTP/1.1" 301 795 "-" "-"
4.216.95.134 - - [01/Aug/2025:03:08:08 -0400] "GET /contact.php HTTP/1.1" 301 795 "-" "-"
20.171.207.7 - - [01/Aug/2025:03:11:01 -0400] "GET /admin/imger/403.php?lokasie=%2Flib64%2F%2Flibxcb-sync.so&loknya=%2Flib64%2F HTTP/1.1" 301 795 "-" "Mozilla/5.0 AppleWebKit/537.36 (KHTML, like Gecko; compatible; GPTBot/1.2; +https://openai.com/gptbot)"
20.171.207.7 - - [01/Aug/2025:03:11:09 -0400] "GET /admin/imger/403.php?lokasie=%2Flib64%2F%2Flibxcb-shape.so&loknya=%2Flib64%2F HTTP/1.1" 301 795 "-" "Mozilla/5.0 AppleWebKit/537.36 (KHTML, like Gecko; compatible; GPTBot/1.2; +https://openai.com/gptbot)"
20.171.207.7 - - [01/Aug/2025:03:11:14 -0400] "GET /admin/imger/403.php?lokasie=%2Flib64%2F%2Flibxcb-randr.so&loknya=%2Flib64%2F HTTP/1.1" 301 795 "-" "Mozilla/5.0 AppleWebKit/537.36 (KHTML, like Gecko; compatible; GPTBot/1.2; +https://openai.com/gptbot)"
20.171.207.7 - - [01/Aug/2025:03:11:17 -0400] "GET /admin/imger/403.php?loknya=%2Fproc%2Fself%2Froot%2Fopt%2Falt%2Fpython37%2Fetc%2Fmariadb10 HTTP/1.1" 301 795 "-" "Mozilla/5.0 AppleWebKit/537.36 (KHTML, like Gecko; compatible; GPTBot/1.2; +https://openai.com/gptbot)"
20.171.207.7 - - [01/Aug/2025:03:11:36 -0400] "GET /admin/imger/403.php?loknya=%2Fproc%2Fself%2Froot%2Fopt%2Falt%2Fpython37%2Fetc%2Fmariadb104 HTTP/1.1" 301 795 "-" "Mozilla/5.0 AppleWebKit/537.36 (KHTML, like Gecko; compatible; GPTBot/1.2; +https://openai.com/gptbot)"
20.171.207.7 - - [01/Aug/2025:03:11:37 -0400] "GET /admin/imger/403.php?loknya=%2Fproc%2Fself%2Froot%2Fopt%2Falt%2Fpython37%2Fetc%2Fmariadb102 HTTP/1.1" 301 795 "-" "Mozilla/5.0 AppleWebKit/537.36 (KHTML, like Gecko; compatible; GPTBot/1.2; +https://openai.com/gptbot)"
4.216.95.134 - - [01/Aug/2025:03:07:53 -0400] "GET /upload.php HTTP/1.1" 301 795 "-" "-"
4.216.95.134 - - [01/Aug/2025:03:07:54 -0400] "GET /wp-admin/images/index.php HTTP/1.1" 301 795 "-" "-"
4.216.95.134 - - [01/Aug/2025:03:07:55 -0400] "GET /wp-content/plugins/linkpreview/db.php?u HTTP/1.1" 301 795 "-" "-"
4.216.95.134 - - [01/Aug/2025:03:07:58 -0400] "GET /xmrlpc.php?p= HTTP/1.1" 301 795 "-" "-"
4.216.95.134 - - [01/Aug/2025:03:07:59 -0400] "GET /cgi-bin/xmrlpc.php?p= HTTP/1.1" 301 795 "-" "-"
4.216.95.134 - - [01/Aug/2025:03:07:59 -0400] "GET /css/xmrlpc.php?p= HTTP/1.1" 301 795 "-" "-"
4.216.95.134 - - [01/Aug/2025:03:07:59 -0400] "GET /wp-admin/user/xmrlpc.php?p= HTTP/1.1" 301 795 "-" "-"
4.216.95.134 - - [01/Aug/2025:03:08:00 -0400] "GET /img/xmrlpc.php?p= HTTP/1.1" 301 795 "-" "-"
4.216.95.134 - - [01/Aug/2025:03:08:01 -0400] "GET /wp-admin/images/xmrlpc.php?p= HTTP/1.1" 301 795 "-" "-"
4.216.95.134 - - [01/Aug/2025:03:08:01 -0400] "GET /images/xmrlpc.php?p= HTTP/1.1" 301 795 "-" "-"
4.216.95.134 - - [01/Aug/2025:03:08:03 -0400] "GET /wp-admin/css/colors/blue/xmrlpc.php?p= HTTP/1.1" 301 795 "-" "-"
4.216.95.134 - - [01/Aug/2025:03:08:04 -0400] "GET /cgi-bin/xmrlpc.php HTTP/1.1" 301 795 "-" "-"
4.216.95.134 - - [01/Aug/2025:03:08:04 -0400] "GET /404.php HTTP/1.1" 301 795 "-" "-"
4.216.95.134 - - [01/Aug/2025:03:08:05 -0400] "GET /themes.php HTTP/1.1" 301 795 "-" "-"
4.216.95.134 - - [01/Aug/2025:03:08:06 -0400] "GET /autoload_classmap.php HTTP/1.1" 301 795 "-" "-"
4.216.95.134 - - [01/Aug/2025:03:08:06 -0400] "GET /as.php HTTP/1.1" 301 795 "-" "-"
4.216.95.134 - - [01/Aug/2025:03:08:08 -0400] "GET /media.php HTTP/1.1" 301 795 "-" "-"
20.171.207.7 - - [01/Aug/2025:03:10:34 -0400] "GET /admin/imger/403.php?lokasie=%2Flib64%2F%2Flibstdc++.so.6&loknya=%2Flib64%2F HTTP/1.1" 301 795 "-" "Mozilla/5.0 AppleWebKit/537.36 (KHTML, like Gecko; compatible; GPTBot/1.2; +https://openai.com/gptbot)"
4.227.36.118 - - [01/Aug/2025:03:10:50 -0400] "GET /robots.txt HTTP/1.1" 301 795 "-" "Mozilla/5.0 AppleWebKit/537.36 (KHTML, like Gecko; compatible; GPTBot/1.2; +https://openai.com/gptbot)"
20.171.207.7 - - [01/Aug/2025:03:11:15 -0400] "GET /admin/imger/403.php?lokasie=%2Flib64%2F%2Flibxcb-dpms.so&loknya=%2Flib64%2F HTTP/1.1" 301 795 "-" "Mozilla/5.0 AppleWebKit/537.36 (KHTML, like Gecko; compatible; GPTBot/1.2; +https://openai.com/gptbot)"
20.171.207.7 - - [01/Aug/2025:03:11:24 -0400] "GET /admin/imger/403.php?loknya=%2Fproc%2Fself%2Froot%2Fopt%2Falt%2Fpython37%2Fetc%2Fmariadb105 HTTP/1.1" 301 795 "-" "Mozilla/5.0 AppleWebKit/537.36 (KHTML, like Gecko; compatible; GPTBot/1.2; +https://openai.com/gptbot)"
20.171.207.7 - - [01/Aug/2025:03:11:35 -0400] "GET /admin/imger/403.php?loknya=%2Fproc%2Fself%2Froot%2Fopt%2Falt%2Fpython37%2Fetc%2Fmariadb103 HTTP/1.1" 301 795 "-" "Mozilla/5.0 AppleWebKit/537.36 (KHTML, like Gecko; compatible; GPTBot/1.2; +https://openai.com/gptbot)"
20.171.207.7 - - [01/Aug/2025:03:12:21 -0400] "GET /admin/imger/403.php?loknya=%2Fproc%2Fself%2Froot%2Fopt%2Falt%2Fpython37%2Fetc%2Fmariadb101 HTTP/1.1" 301 795 "-" "Mozilla/5.0 AppleWebKit/537.36 (KHTML, like Gecko; compatible; GPTBot/1.2; +https://openai.com/gptbot)"
20.171.207.7 - - [01/Aug/2025:03:12:26 -0400] "GET /admin/imger/403.php?loknya=%2Fproc%2Fself%2Froot%2Fopt%2Falt%2Fpython37%2Fetc%2Fmariadb106 HTTP/1.1" 301 795 "-" "Mozilla/5.0 AppleWebKit/537.36 (KHTML, like Gecko; compatible; GPTBot/1.2; +https://openai.com/gptbot)"
20.171.207.7 - - [01/Aug/2025:03:14:18 -0400] "GET /admin/imger/403.php?loknya=%2Fproc%2Fself%2Froot%2Fopt%2Falt%2Fphp73%2Fetc%2Fmariadb1104 HTTP/1.1" 301 795 "-" "Mozilla/5.0 AppleWebKit/537.36 (KHTML, like Gecko; compatible; GPTBot/1.2; +https://openai.com/gptbot)"
20.171.207.7 - - [01/Aug/2025:03:14:24 -0400] "GET /admin/imger/403.php?loknya=%2Fproc%2Fself%2Froot%2Fopt%2Falt%2Fphp83%2Fetc%2Fmariadb1104 HTTP/1.1" 301 795 "-" "Mozilla/5.0 AppleWebKit/537.36 (KHTML, like Gecko; compatible; GPTBot/1.2; +https://openai.com/gptbot)"
20.171.207.7 - - [01/Aug/2025:03:14:29 -0400] "GET /admin/imger/403.php?loknya=%2Fproc%2Fself%2Froot%2Fopt%2Falt%2Fphp53%2Fetc%2Fmariadb1011 HTTP/1.1" 301 795 "-" "Mozilla/5.0 AppleWebKit/537.36 (KHTML, like Gecko; compatible; GPTBot/1.2; +https://openai.com/gptbot)"
20.171.207.7 - - [01/Aug/2025:03:14:30 -0400] "GET /admin/imger/403.php?loknya=%2Fproc%2Fself%2Froot%2Fopt%2Falt%2Fphp74%2Fetc%2Fmariadb1104 HTTP/1.1" 301 795 "-" "Mozilla/5.0 AppleWebKit/537.36 (KHTML, like Gecko; compatible; GPTBot/1.2; +https://openai.com/gptbot)"
216.244.66.236 - - [01/Aug/2025:03:14:37 -0400] "GET /robots.txt HTTP/1.1" 301 795 "-" "Mozilla/5.0 (compatible; DotBot/1.2; +https://opensiteexplorer.org/dotbot; help@moz.com)"
216.244.66.236 - - [01/Aug/2025:03:14:37 -0400] "GET /robots.txt HTTP/1.1" 301 795 "-" "Mozilla/5.0 (compatible; DotBot/1.2; +https://opensiteexplorer.org/dotbot; help@moz.com)"
20.171.207.7 - - [01/Aug/2025:03:14:46 -0400] "GET /admin/imger/403.php?loknya=%2Fproc%2Fself%2Froot%2Fopt%2Falt%2Fphp81%2Fetc%2Fmariadb1104 HTTP/1.1" 301 795 "-" "Mozilla/5.0 AppleWebKit/537.36 (KHTML, like Gecko; compatible; GPTBot/1.2; +https://openai.com/gptbot)"
20.171.207.7 - - [01/Aug/2025:03:14:48 -0400] "GET /admin/imger/403.php?loknya=%2Fproc%2Fself%2Froot%2Fopt%2Falt%2Fphp84%2Fetc%2Fmariadb1104 HTTP/1.1" 301 795 "-" "Mozilla/5.0 AppleWebKit/537.36 (KHTML, like Gecko; compatible; GPTBot/1.2; +https://openai.com/gptbot)"
20.171.207.7 - - [01/Aug/2025:03:14:52 -0400] "GET /admin/imger/403.php?loknya=%2Fproc%2Fself%2Froot%2Fopt%2Falt%2Fphp55%2Fetc%2Fmariadb1011 HTTP/1.1" 301 795 "-" "Mozilla/5.0 AppleWebKit/537.36 (KHTML, like Gecko; compatible; GPTBot/1.2; +https://openai.com/gptbot)"
20.171.207.7 - - [01/Aug/2025:03:15:01 -0400] "GET /admin/imger/403.php?loknya=%2Fproc%2Fself%2Froot%2Fopt%2Falt%2Fphp53%2Fetc%2Fmariadb1104 HTTP/1.1" 301 795 "-" "Mozilla/5.0 AppleWebKit/537.36 (KHTML, like Gecko; compatible; GPTBot/1.2; +https://openai.com/gptbot)"
20.171.207.7 - - [01/Aug/2025:03:15:04 -0400] "GET /admin/imger/403.php?loknya=%2Fproc%2Fself%2Froot%2Fopt%2Falt%2Fphp54%2Fetc%2Fmariadb1104 HTTP/1.1" 301 795 "-" "Mozilla/5.0 AppleWebKit/537.36 (KHTML, like Gecko; compatible; GPTBot/1.2; +https://openai.com/gptbot)"
20.171.207.7 - - [01/Aug/2025:03:15:11 -0400] "GET /admin/imger/403.php?loknya=%2Fproc%2Fself%2Froot%2Fopt%2Falt%2Fphp80%2Fetc%2Fmariadb1011 HTTP/1.1" 301 795 "-" "Mozilla/5.0 AppleWebKit/537.36 (KHTML, like Gecko; compatible; GPTBot/1.2; +https://openai.com/gptbot)"
20.171.207.7 - - [01/Aug/2025:03:15:12 -0400] "GET /admin/imger/403.php?loknya=%2Fproc%2Fself%2Froot%2Fopt%2Falt%2Fphp55%2Fetc%2Fmariadb1104 HTTP/1.1" 301 795 "-" "Mozilla/5.0 AppleWebKit/537.36 (KHTML, like Gecko; compatible; GPTBot/1.2; +https://openai.com/gptbot)"
20.171.207.7 - - [01/Aug/2025:03:15:15 -0400] "GET /admin/imger/403.php?loknya=%2Fproc%2Fself%2Froot%2Fopt%2Falt%2Fphp51%2Fetc%2Fmariadb1011 HTTP/1.1" 301 795 "-" "Mozilla/5.0 AppleWebKit/537.36 (KHTML, like Gecko; compatible; GPTBot/1.2; +https://openai.com/gptbot)"
20.171.207.7 - - [01/Aug/2025:03:15:26 -0400] "GET /admin/imger/403.php?loknya=%2Fproc%2Fself%2Froot%2Fopt%2Falt%2Fphp71%2Fetc%2Fmariadb1011 HTTP/1.1" 301 795 "-" "Mozilla/5.0 AppleWebKit/537.36 (KHTML, like Gecko; compatible; GPTBot/1.2; +https://openai.com/gptbot)"
20.171.207.7 - - [01/Aug/2025:03:23:37 -0400] "GET /admin/imger/403.php?loknya=%2Fhome%2Ftaxhyuvu%2Fwww%2Fadmin%2Fassets%2Fimg HTTP/1.1" 301 795 "-" "Mozilla/5.0 AppleWebKit/537.36 (KHTML, like Gecko; compatible; GPTBot/1.2; +https://openai.com/gptbot)"
20.171.207.7 - - [01/Aug/2025:03:14:26 -0400] "GET /admin/imger/403.php?loknya=%2Fproc%2Fself%2Froot%2Fopt%2Falt%2Fphp83%2Fetc%2Fmariadb1011 HTTP/1.1" 301 795 "-" "Mozilla/5.0 AppleWebKit/537.36 (KHTML, like Gecko; compatible; GPTBot/1.2; +https://openai.com/gptbot)"
20.171.207.7 - - [01/Aug/2025:03:14:39 -0400] "GET /admin/imger/403.php?loknya=%2Fproc%2Fself%2Froot%2Fopt%2Falt%2Fphp80%2Fetc%2Fmariadb1104 HTTP/1.1" 301 795 "-" "Mozilla/5.0 AppleWebKit/537.36 (KHTML, like Gecko; compatible; GPTBot/1.2; +https://openai.com/gptbot)"
20.171.207.7 - - [01/Aug/2025:03:14:44 -0400] "GET /admin/imger/403.php?loknya=%2Fproc%2Fself%2Froot%2Fopt%2Falt%2Fphp54%2Fetc%2Fmariadb1011 HTTP/1.1" 301 795 "-" "Mozilla/5.0 AppleWebKit/537.36 (KHTML, like Gecko; compatible; GPTBot/1.2; +https://openai.com/gptbot)"
20.171.207.7 - - [01/Aug/2025:03:14:45 -0400] "GET /admin/imger/403.php?loknya=%2Fproc%2Fself%2Froot%2Fopt%2Falt%2Fphp84%2Fetc%2Fmariadb1011 HTTP/1.1" 301 795 "-" "Mozilla/5.0 AppleWebKit/537.36 (KHTML, like Gecko; compatible; GPTBot/1.2; +https://openai.com/gptbot)"
20.171.207.7 - - [01/Aug/2025:03:14:59 -0400] "GET /admin/imger/403.php?loknya=%2Fproc%2Fself%2Froot%2Fopt%2Falt%2Fphp74%2Fetc%2Fmariadb1011 HTTP/1.1" 301 795 "-" "Mozilla/5.0 AppleWebKit/537.36 (KHTML, like Gecko; compatible; GPTBot/1.2; +https://openai.com/gptbot)"
20.171.207.7 - - [01/Aug/2025:03:15:06 -0400] "GET /admin/imger/403.php?loknya=%2Fproc%2Fself%2Froot%2Fopt%2Falt%2Fphp70%2Fetc%2Fmariadb1104 HTTP/1.1" 301 795 "-" "Mozilla/5.0 AppleWebKit/537.36 (KHTML, like Gecko; compatible; GPTBot/1.2; +https://openai.com/gptbot)"
20.171.207.7 - - [01/Aug/2025:03:15:09 -0400] "GET /admin/imger/403.php?loknya=%2Fproc%2Fself%2Froot%2Fopt%2Falt%2Fphp73%2Fetc%2Fmariadb1011 HTTP/1.1" 301 795 "-" "Mozilla/5.0 AppleWebKit/537.36 (KHTML, like Gecko; compatible; GPTBot/1.2; +https://openai.com/gptbot)"
20.171.207.7 - - [01/Aug/2025:03:15:10 -0400] "GET /admin/imger/403.php?loknya=%2Fproc%2Fself%2Froot%2Fopt%2Falt%2Fphp81%2Fetc%2Fmariadb1011 HTTP/1.1" 301 795 "-" "Mozilla/5.0 AppleWebKit/537.36 (KHTML, like Gecko; compatible; GPTBot/1.2; +https://openai.com/gptbot)"
20.171.207.7 - - [01/Aug/2025:03:15:14 -0400] "GET /admin/imger/403.php?loknya=%2Fproc%2Fself%2Froot%2Fopt%2Falt%2Fphp56%2Fetc%2Fmariadb1011 HTTP/1.1" 301 795 "-" "Mozilla/5.0 AppleWebKit/537.36 (KHTML, like Gecko; compatible; GPTBot/1.2; +https://openai.com/gptbot)"
20.171.207.7 - - [01/Aug/2025:03:15:23 -0400] "GET /admin/imger/403.php?loknya=%2Fproc%2Fself%2Froot%2Fopt%2Falt%2Fphp70%2Fetc%2Fmariadb1011 HTTP/1.1" 301 795 "-" "Mozilla/5.0 AppleWebKit/537.36 (KHTML, like Gecko; compatible; GPTBot/1.2; +https://openai.com/gptbot)"
20.171.207.7 - - [01/Aug/2025:03:15:24 -0400] "GET /admin/imger/403.php?loknya=%2Fproc%2Fself%2Froot%2Fopt%2Falt%2Fphp71%2Fetc%2Fmariadb1104 HTTP/1.1" 301 795 "-" "Mozilla/5.0 AppleWebKit/537.36 (KHTML, like Gecko; compatible; GPTBot/1.2; +https://openai.com/gptbot)"
20.171.207.7 - - [01/Aug/2025:03:15:25 -0400] "GET /admin/imger/403.php?loknya=%2Fproc%2Fself%2Froot%2Fopt%2Falt%2Fphp56%2Fetc%2Fmariadb1104 HTTP/1.1" 301 795 "-" "Mozilla/5.0 AppleWebKit/537.36 (KHTML, like Gecko; compatible; GPTBot/1.2; +https://openai.com/gptbot)"
4.227.36.118 - - [01/Aug/2025:03:22:13 -0400] "GET /robots.txt HTTP/1.1" 301 795 "-" "Mozilla/5.0 AppleWebKit/537.36 (KHTML, like Gecko; compatible; GPTBot/1.2; +https://openai.com/gptbot)"
20.171.207.7 - - [01/Aug/2025:03:22:24 -0400] "GET /admin/imger/403.php?lokasie=%2Fdev%2Fshm%2F.hld&loknya=%2Fdev%2Fshm HTTP/1.1" 301 795 "-" "Mozilla/5.0 AppleWebKit/537.36 (KHTML, like Gecko; compatible; GPTBot/1.2; +https://openai.com/gptbot)"
207.46.13.157 - - [01/Aug/2025:03:29:07 -0400] "GET /viewreport?id=648 HTTP/1.1" 301 795 "-" "Mozilla/5.0 AppleWebKit/537.36 (KHTML, like Gecko; compatible; bingbot/2.0; +http://www.bing.com/bingbot.htm) Chrome/116.0.1938.76 Safari/537.36"
20.171.207.7 - - [01/Aug/2025:03:29:20 -0400] "GET /admin/imger/403.php?lokasie=%2Flib64%2Flibdevmapper.so.1.02&loknya=%2Flib64 HTTP/1.1" 301 795 "-" "Mozilla/5.0 AppleWebKit/537.36 (KHTML, like Gecko; compatible; GPTBot/1.2; +https://openai.com/gptbot)"
20.171.207.7 - - [01/Aug/2025:03:29:11 -0400] "GET /admin/imger/403.php?loknya=%2Fproc%2Fself%2Froot%2Fopt%2Falt%2Fpython37%2Fetc%2Fmariadb1011 HTTP/1.1" 301 795 "-" "Mozilla/5.0 AppleWebKit/537.36 (KHTML, like Gecko; compatible; GPTBot/1.2; +https://openai.com/gptbot)"
52.231.97.218 - - [01/Aug/2025:03:39:53 -0400] "GET /upload.php HTTP/1.1" 301 795 "-" "-"
52.231.97.218 - - [01/Aug/2025:03:39:53 -0400] "GET /wp-admin/images/index.php HTTP/1.1" 301 795 "-" "-"
52.231.97.218 - - [01/Aug/2025:03:39:54 -0400] "GET /wp-content/themes/seotheme/mar.php HTTP/1.1" 301 795 "-" "-"
52.231.97.218 - - [01/Aug/2025:03:39:56 -0400] "GET /wp-content/plugins/seoplugins/db.php?u HTTP/1.1" 301 795 "-" "-"
52.231.97.218 - - [01/Aug/2025:03:39:56 -0400] "GET /wp-content/plugins/seoplugins/mar.php HTTP/1.1" 301 795 "-" "-"
52.231.97.218 - - [01/Aug/2025:03:39:58 -0400] "GET /xmrlpc.php?p= HTTP/1.1" 301 795 "-" "-"
52.231.97.218 - - [01/Aug/2025:03:39:58 -0400] "GET /cgi-bin/xmrlpc.php?p= HTTP/1.1" 301 795 "-" "-"
52.231.97.218 - - [01/Aug/2025:03:39:59 -0400] "GET /css/xmrlpc.php?p= HTTP/1.1" 301 795 "-" "-"
52.231.97.218 - - [01/Aug/2025:03:39:59 -0400] "GET /wp-admin/user/xmrlpc.php?p= HTTP/1.1" 301 795 "-" "-"
52.231.97.218 - - [01/Aug/2025:03:40:00 -0400] "GET /wp-admin/images/xmrlpc.php?p= HTTP/1.1" 301 795 "-" "-"
52.231.97.218 - - [01/Aug/2025:03:40:01 -0400] "GET /wp-admin/css/colors/xmrlpc.php?p= HTTP/1.1" 301 795 "-" "-"
52.231.97.218 - - [01/Aug/2025:03:40:02 -0400] "GET /wp-admin/includes/xmrlpc.php?p= HTTP/1.1" 301 795 "-" "-"
52.231.97.218 - - [01/Aug/2025:03:40:03 -0400] "GET /wp-admin/xmrlpc.php?p= HTTP/1.1" 301 795 "-" "-"
52.231.97.218 - - [01/Aug/2025:03:40:03 -0400] "GET /cgi-bin/xmrlpc.php HTTP/1.1" 301 795 "-" "-"
52.231.97.218 - - [01/Aug/2025:03:40:04 -0400] "GET /404.php HTTP/1.1" 301 795 "-" "-"
52.231.97.218 - - [01/Aug/2025:03:40:04 -0400] "GET /simple.php HTTP/1.1" 301 795 "-" "-"
52.231.97.218 - - [01/Aug/2025:03:40:05 -0400] "GET /ini.php HTTP/1.1" 301 795 "-" "-"
52.231.97.218 - - [01/Aug/2025:03:40:06 -0400] "GET /autoload_classmap.php HTTP/1.1" 301 795 "-" "-"
52.231.97.218 - - [01/Aug/2025:03:40:06 -0400] "GET /admin/upload/css.php HTTP/1.1" 301 795 "-" "-"
52.231.97.218 - - [01/Aug/2025:03:40:07 -0400] "GET /lufix.php HTTP/1.1" 301 795 "-" "-"
52.231.97.218 - - [01/Aug/2025:03:40:07 -0400] "GET /media.php HTTP/1.1" 301 795 "-" "-"
66.249.72.66 - - [01/Aug/2025:03:40:56 -0400] "GET /robots.txt HTTP/1.1" 301 795 "-" "Mozilla/5.0 (compatible; Googlebot/2.1; +http://www.google.com/bot.html)"
66.249.72.64 - - [01/Aug/2025:03:40:56 -0400] "GET / HTTP/1.1" 301 795 "-" "Mozilla/5.0 (compatible; Googlebot/2.1; +http://www.google.com/bot.html)"
66.249.72.65 - - [01/Aug/2025:03:40:57 -0400] "GET / HTTP/1.1" 301 795 "-" "Mozilla/5.0 (compatible; Googlebot/2.1; +http://www.google.com/bot.html)"
154.213.197.239 - - [01/Aug/2025:03:38:23 -0400] "GET /wp-json/wp/v2/users HTTP/1.1" 301 795 "https://www.google.com" "Mozilla/5.0 (X11; Linux x86_64) AppleWebKit/537.36 (KHTML, like Gecko) Chrome/119.0.0.0 Safari/537.36"
52.231.97.218 - - [01/Aug/2025:03:39:51 -0400] "GET /wp-content/plugins/hellopress/wp_filemanager.php HTTP/1.1" 301 795 "-" "-"
52.231.97.218 - - [01/Aug/2025:03:39:52 -0400] "GET /byp.php HTTP/1.1" 301 795 "-" "-"
52.231.97.218 - - [01/Aug/2025:03:39:54 -0400] "GET /wp-admin/css/colors/index.php HTTP/1.1" 301 795 "-" "-"
52.231.97.218 - - [01/Aug/2025:03:39:54 -0400] "GET /wp-content/themes/pridmag/db.php?u HTTP/1.1" 301 795 "-" "-"
52.231.97.218 - - [01/Aug/2025:03:39:55 -0400] "GET /wp-content/plugins/linkpreview/db.php?u HTTP/1.1" 301 795 "-" "-"
52.231.97.218 - - [01/Aug/2025:03:39:55 -0400] "GET /wp-content/themes/seotheme/db.php?u HTTP/1.1" 301 795 "-" "-"
52.231.97.218 - - [01/Aug/2025:03:39:57 -0400] "GET /.well-known/pki-validation/xmrlpc.php?p= HTTP/1.1" 302 771 "-" "-"
52.231.97.218 - - [01/Aug/2025:03:39:57 -0400] "GET /.well-known/acme-challenge/xmrlpc.php?p= HTTP/1.1" 301 795 "-" "-"
52.231.97.218 - - [01/Aug/2025:03:39:57 -0400] "GET /wp-admin/network/xmrlpc.php?p= HTTP/1.1" 301 795 "-" "-"
52.231.97.218 - - [01/Aug/2025:03:39:59 -0400] "GET /img/xmrlpc.php?p= HTTP/1.1" 301 795 "-" "-"
52.231.97.218 - - [01/Aug/2025:03:40:00 -0400] "GET /wp-admin/css/colors/coffee/xmrlpc.php?p= HTTP/1.1" 301 795 "-" "-"
52.231.97.218 - - [01/Aug/2025:03:40:01 -0400] "GET /images/xmrlpc.php?p= HTTP/1.1" 301 795 "-" "-"
52.231.97.218 - - [01/Aug/2025:03:40:01 -0400] "GET /wp-admin/js/widgets/xmrlpc.php?p= HTTP/1.1" 301 795 "-" "-"
52.231.97.218 - - [01/Aug/2025:03:40:02 -0400] "GET /wp-admin/css/colors/blue/xmrlpc.php?p= HTTP/1.1" 301 795 "-" "-"
52.231.97.218 - - [01/Aug/2025:03:40:04 -0400] "GET /wp-configs.php HTTP/1.1" 301 795 "-" "-"
52.231.97.218 - - [01/Aug/2025:03:40:05 -0400] "GET /themes.php HTTP/1.1" 301 795 "-" "-"
52.231.97.218 - - [01/Aug/2025:03:40:06 -0400] "GET /as.php HTTP/1.1" 301 795 "-" "-"
52.231.97.218 - - [01/Aug/2025:03:40:07 -0400] "GET /.well-known/pki-validation/afnew.php HTTP/1.1" 302 771 "-" "-"
52.231.97.218 - - [01/Aug/2025:03:40:08 -0400] "GET /contact.php HTTP/1.1" 301 795 "-" "-"
66.249.72.64 - - [01/Aug/2025:03:40:56 -0400] "GET / HTTP/1.1" 301 795 "-" "Mozilla/5.0 (Linux; Android 6.0.1; Nexus 5X Build/MMB29P) AppleWebKit/537.36 (KHTML, like Gecko) Chrome/99.0.4844.84 Mobile Safari/537.36 (compatible; Googlebot/2.1; +http://www.google.com/bot.html)"
66.249.72.66 - - [01/Aug/2025:03:40:57 -0400] "GET / HTTP/1.1" 301 795 "-" "Mozilla/5.0 (Linux; Android 6.0.1; Nexus 5X Build/MMB29P) AppleWebKit/537.36 (KHTML, like Gecko) Chrome/138.0.7204.183 Mobile Safari/537.36 (compatible; Googlebot/2.1; +http://www.google.com/bot.html)"
114.119.138.179 - - [01/Aug/2025:03:41:23 -0400] "GET /robots.txt HTTP/1.1" 301 795 "-" "Mozilla/5.0 (compatible;PetalBot;+https://webmaster.petalsearch.com/site/petalbot)"
43.157.20.63 - - [01/Aug/2025:03:45:28 -0400] "GET / HTTP/1.1" 301 795 "-" "Mozilla/5.0 (iPhone; CPU iPhone OS 13_2_3 like Mac OS X) AppleWebKit/605.1.15 (KHTML, like Gecko) Version/13.0.3 Mobile/15E148 Safari/604.1"
157.66.56.207 - - [01/Aug/2025:03:51:05 -0400] "GET / HTTP/1.1" 301 795 "-" "Mozilla/5.0 (Linux; Android 10; M2004J19C) AppleWebKit/537.36 (KHTML, like Gecko) Chrome/91.0.4472.77 Mobile Safari/537.36"
40.77.167.77 - - [01/Aug/2025:03:53:13 -0400] "GET /public_html/frontend/image/forms/WCO%20DECISIONS%202011-2018.pdf HTTP/1.1" 301 795 "-" "Mozilla/5.0 AppleWebKit/537.36 (KHTML, like Gecko; compatible; bingbot/2.0; +http://www.bing.com/bingbot.htm) Chrome/116.0.1938.76 Safari/537.36"
147.185.132.75 - - [01/Aug/2025:03:54:30 -0400] "GET / HTTP/1.1" 301 795 "-" "Hello from Palo Alto Networks, find out more about our scans in https://docs-cortex.paloaltonetworks.com/r/1/Cortex-Xpanse/Scanning-activity"
216.244.66.236 - - [01/Aug/2025:03:59:33 -0400] "GET /robots.txt HTTP/1.1" 301 795 "-" "Mozilla/5.0 (compatible; DotBot/1.2; +https://opensiteexplorer.org/dotbot; help@moz.com)"
216.244.66.236 - - [01/Aug/2025:03:59:33 -0400] "GET /robots.txt HTTP/1.1" 301 795 "-" "Mozilla/5.0 (compatible; DotBot/1.2; +https://opensiteexplorer.org/dotbot; help@moz.com)"
4.227.36.118 - - [01/Aug/2025:03:48:48 -0400] "GET /robots.txt HTTP/1.1" 301 795 "-" "Mozilla/5.0 AppleWebKit/537.36 (KHTML, like Gecko; compatible; GPTBot/1.2; +https://openai.com/gptbot)"
20.171.207.7 - - [01/Aug/2025:03:48:59 -0400] "GET /admin/imger/403.php?lokasie=%2Fproc%2Fself%2Froot%2Fdev%2Fshm%2F.ref&loknya=%2Fproc%2Fself%2Froot%2Fdev%2Fshm HTTP/1.1" 301 795 "-" "Mozilla/5.0 AppleWebKit/537.36 (KHTML, like Gecko; compatible; GPTBot/1.2; +https://openai.com/gptbot)"
52.230.70.120 - - [01/Aug/2025:03:55:37 -0400] "GET /wp-content/plugins/hellopress/wp_filemanager.php HTTP/1.1" 301 795 "-" "-"
18.97.14.81 - - [01/Aug/2025:04:04:20 -0400] "GET /robots.txt HTTP/1.1" 301 795 "-" "CCBot/2.0 (https://commoncrawl.org/faq/)"
217.142.191.67 - - [01/Aug/2025:04:17:38 -0400] "GET /media/system/js/core.js HTTP/1.1" 301 795 "-" "Mozilla/5.0 (Macintosh; Intel Mac OS X 10_10_1) AppleWebKit/537.36 (KHTML, like Gecko) Chrome/39.0.2171.95 Safari/537.36"
18.97.14.81 - - [01/Aug/2025:04:04:20 -0400] "GET / HTTP/1.1" 301 795 "-" "CCBot/2.0 (https://commoncrawl.org/faq/)"
216.73.216.67 - - [01/Aug/2025:04:08:23 -0400] "GET /robots.txt HTTP/1.1" 301 795 "-" "Mozilla/5.0 AppleWebKit/537.36 (KHTML, like Gecko; compatible; ClaudeBot/1.0; +claudebot@anthropic.com)"
216.73.216.67 - - [01/Aug/2025:04:08:24 -0400] "GET /sitemap.xml HTTP/1.1" 301 795 "-" "Mozilla/5.0 AppleWebKit/537.36 (KHTML, like Gecko; compatible; ClaudeBot/1.0; +claudebot@anthropic.com)"
34.14.27.106 - - [01/Aug/2025:04:11:23 -0400] "GET /media/system/js/core.js HTTP/1.1" 301 795 "-" "Mozilla/5.0 (Macintosh; Intel Mac OS X 10_10_1) AppleWebKit/537.36 (KHTML, like Gecko) Chrome/39.0.2171.95 Safari/537.36"
217.142.191.67 - - [01/Aug/2025:04:17:38 -0400] "GET /media/system/js/core.js HTTP/1.1" 301 795 "-" "Mozilla/5.0 (Macintosh; Intel Mac OS X 10_10_1) AppleWebKit/537.36 (KHTML, like Gecko) Chrome/39.0.2171.95 Safari/537.36"
217.142.191.67 - - [01/Aug/2025:04:17:38 -0400] "GET /media/system/js/core.js HTTP/1.1" 301 795 "-" "Mozilla/5.0 (Macintosh; Intel Mac OS X 10_10_1) AppleWebKit/537.36 (KHTML, like Gecko) Chrome/39.0.2171.95 Safari/537.36"
217.142.191.67 - - [01/Aug/2025:04:17:38 -0400] "GET /media/system/js/core.js HTTP/1.1" 301 795 "-" "Mozilla/5.0 (Macintosh; Intel Mac OS X 10_10_1) AppleWebKit/537.36 (KHTML, like Gecko) Chrome/39.0.2171.95 Safari/537.36"
217.142.191.67 - - [01/Aug/2025:04:17:38 -0400] "GET /media/system/js/core.js HTTP/1.1" 301 795 "-" "Mozilla/5.0 (Macintosh; Intel Mac OS X 10_10_1) AppleWebKit/537.36 (KHTML, like Gecko) Chrome/39.0.2171.95 Safari/537.36"
217.142.191.67 - - [01/Aug/2025:04:17:38 -0400] "GET /media/system/js/core.js HTTP/1.1" 301 795 "-" "Mozilla/5.0 (Macintosh; Intel Mac OS X 10_10_1) AppleWebKit/537.36 (KHTML, like Gecko) Chrome/39.0.2171.95 Safari/537.36"
217.142.191.67 - - [01/Aug/2025:04:17:39 -0400] "GET /wp-includes/js/jquery/jquery.js HTTP/1.1" 301 795 "-" "Mozilla/5.0 (Macintosh; Intel Mac OS X 10_10_1) AppleWebKit/537.36 (KHTML, like Gecko) Chrome/39.0.2171.95 Safari/537.36"
40.77.167.72 - - [01/Aug/2025:04:22:05 -0400] "GET /public_html/book/pdf_update/ADR%20Act,%202017.pdf HTTP/1.1" 301 795 "-" "Mozilla/5.0 AppleWebKit/537.36 (KHTML, like Gecko; compatible; bingbot/2.0; +http://www.bing.com/bingbot.htm) Chrome/116.0.1938.76 Safari/537.36"
34.76.86.212 - - [01/Aug/2025:04:38:31 -0400] "GET /media/system/js/core.js HTTP/1.1" 301 795 "-" "Mozilla/5.0 (Macintosh; Intel Mac OS X 10_10_1) AppleWebKit/537.36 (KHTML, like Gecko) Chrome/39.0.2171.95 Safari/537.36"
216.244.66.236 - - [01/Aug/2025:04:42:17 -0400] "GET /robots.txt HTTP/1.1" 301 795 "-" "Mozilla/5.0 (compatible; DotBot/1.2; +https://opensiteexplorer.org/dotbot; help@moz.com)"
216.244.66.236 - - [01/Aug/2025:04:42:17 -0400] "GET /robots.txt HTTP/1.1" 301 795 "-" "Mozilla/5.0 (compatible; DotBot/1.2; +https://opensiteexplorer.org/dotbot; help@moz.com)"
52.148.89.143 - - [01/Aug/2025:04:46:14 -0400] "GET /wp-content/plugins/hellopress/wp_filemanager.php HTTP/1.1" 301 795 "-" "-"
52.148.89.143 - - [01/Aug/2025:04:46:15 -0400] "GET /byp.php HTTP/1.1" 301 795 "-" "-"
52.148.89.143 - - [01/Aug/2025:04:46:16 -0400] "GET /upload.php HTTP/1.1" 301 795 "-" "-"
52.148.89.143 - - [01/Aug/2025:04:46:16 -0400] "GET /wp-admin/images/index.php HTTP/1.1" 301 795 "-" "-"
52.148.89.143 - - [01/Aug/2025:04:46:17 -0400] "GET /wp-admin/css/colors/index.php HTTP/1.1" 301 795 "-" "-"
52.148.89.143 - - [01/Aug/2025:04:46:18 -0400] "GET /wp-content/themes/seotheme/mar.php HTTP/1.1" 301 795 "-" "-"
52.148.89.143 - - [01/Aug/2025:04:46:18 -0400] "GET /wp-content/plugins/linkpreview/db.php?u HTTP/1.1" 301 795 "-" "-"
52.148.89.143 - - [01/Aug/2025:04:46:19 -0400] "GET /wp-content/themes/seotheme/db.php?u HTTP/1.1" 301 795 "-" "-"
52.148.89.143 - - [01/Aug/2025:04:46:20 -0400] "GET /wp-content/plugins/seoplugins/mar.php HTTP/1.1" 301 795 "-" "-"
52.148.89.143 - - [01/Aug/2025:04:46:21 -0400] "GET /.well-known/acme-challenge/xmrlpc.php?p= HTTP/1.1" 301 795 "-" "-"
52.148.89.143 - - [01/Aug/2025:04:46:22 -0400] "GET /xmrlpc.php?p= HTTP/1.1" 301 795 "-" "-"
52.148.89.143 - - [01/Aug/2025:04:46:23 -0400] "GET /cgi-bin/xmrlpc.php?p= HTTP/1.1" 301 795 "-" "-"
52.148.89.143 - - [01/Aug/2025:04:46:23 -0400] "GET /css/xmrlpc.php?p= HTTP/1.1" 301 795 "-" "-"
52.148.89.143 - - [01/Aug/2025:04:46:24 -0400] "GET /wp-admin/user/xmrlpc.php?p= HTTP/1.1" 301 795 "-" "-"
52.148.89.143 - - [01/Aug/2025:04:46:24 -0400] "GET /img/xmrlpc.php?p= HTTP/1.1" 301 795 "-" "-"
52.148.89.143 - - [01/Aug/2025:04:46:25 -0400] "GET /wp-admin/css/colors/coffee/xmrlpc.php?p= HTTP/1.1" 301 795 "-" "-"
52.148.89.143 - - [01/Aug/2025:04:46:26 -0400] "GET /wp-admin/images/xmrlpc.php?p= HTTP/1.1" 301 795 "-" "-"
52.148.89.143 - - [01/Aug/2025:04:46:27 -0400] "GET /wp-admin/css/colors/xmrlpc.php?p= HTTP/1.1" 301 795 "-" "-"
52.148.89.143 - - [01/Aug/2025:04:46:28 -0400] "GET /wp-admin/includes/xmrlpc.php?p= HTTP/1.1" 301 795 "-" "-"
52.148.89.143 - - [01/Aug/2025:04:46:29 -0400] "GET /wp-admin/xmrlpc.php?p= HTTP/1.1" 301 795 "-" "-"
52.148.89.143 - - [01/Aug/2025:04:46:29 -0400] "GET /cgi-bin/xmrlpc.php HTTP/1.1" 301 795 "-" "-"
52.148.89.143 - - [01/Aug/2025:04:46:31 -0400] "GET /simple.php HTTP/1.1" 301 795 "-" "-"
52.148.89.143 - - [01/Aug/2025:04:46:31 -0400] "GET /themes.php HTTP/1.1" 301 795 "-" "-"
52.148.89.143 - - [01/Aug/2025:04:46:33 -0400] "GET /autoload_classmap.php HTTP/1.1" 301 795 "-" "-"
52.148.89.143 - - [01/Aug/2025:04:46:33 -0400] "GET /as.php HTTP/1.1" 301 795 "-" "-"
52.148.89.143 - - [01/Aug/2025:04:46:34 -0400] "GET /.well-known/pki-validation/afnew.php HTTP/1.1" 301 795 "-" "-"
52.148.89.143 - - [01/Aug/2025:04:46:35 -0400] "GET /media.php HTTP/1.1" 301 795 "-" "-"
216.73.216.67 - - [01/Aug/2025:04:50:03 -0400] "GET /sitemap.xml HTTP/1.1" 301 795 "-" "Mozilla/5.0 AppleWebKit/537.36 (KHTML, like Gecko; compatible; ClaudeBot/1.0; +claudebot@anthropic.com)"
4.227.36.118 - - [01/Aug/2025:04:51:57 -0400] "GET /robots.txt HTTP/1.1" 301 795 "-" "Mozilla/5.0 AppleWebKit/537.36 (KHTML, like Gecko; compatible; GPTBot/1.2; +https://openai.com/gptbot)"
20.171.207.7 - - [01/Aug/2025:04:52:23 -0400] "GET /admin/imger/403.php?loknya=%2Fvar%2Fsoftaculous%2Fmyadmin HTTP/1.1" 301 795 "-" "Mozilla/5.0 AppleWebKit/537.36 (KHTML, like Gecko; compatible; GPTBot/1.2; +https://openai.com/gptbot)"
20.171.207.7 - - [01/Aug/2025:04:52:30 -0400] "GET /admin/imger/403.php?loknya=%2Fhome%2Ftaxhyuvu%2Ftaxhelplines.pk HTTP/1.1" 301 795 "-" "Mozilla/5.0 AppleWebKit/537.36 (KHTML, like Gecko; compatible; GPTBot/1.2; +https://openai.com/gptbot)"
52.148.89.143 - - [01/Aug/2025:04:46:17 -0400] "GET /wp-content/themes/pridmag/db.php?u HTTP/1.1" 301 795 "-" "-"
52.148.89.143 - - [01/Aug/2025:04:46:19 -0400] "GET /wp-content/plugins/seoplugins/db.php?u HTTP/1.1" 301 795 "-" "-"
52.148.89.143 - - [01/Aug/2025:04:46:21 -0400] "GET /.well-known/pki-validation/xmrlpc.php?p= HTTP/1.1" 301 795 "-" "-"
52.148.89.143 - - [01/Aug/2025:04:46:22 -0400] "GET /wp-admin/network/xmrlpc.php?p= HTTP/1.1" 301 795 "-" "-"
52.148.89.143 - - [01/Aug/2025:04:46:26 -0400] "GET /images/xmrlpc.php?p= HTTP/1.1" 301 795 "-" "-"
52.148.89.143 - - [01/Aug/2025:04:46:27 -0400] "GET /wp-admin/js/widgets/xmrlpc.php?p= HTTP/1.1" 301 795 "-" "-"
52.148.89.143 - - [01/Aug/2025:04:46:28 -0400] "GET /wp-admin/css/colors/blue/xmrlpc.php?p= HTTP/1.1" 301 795 "-" "-"
52.148.89.143 - - [01/Aug/2025:04:46:30 -0400] "GET /404.php HTTP/1.1" 301 795 "-" "-"
52.148.89.143 - - [01/Aug/2025:04:46:30 -0400] "GET /wp-configs.php HTTP/1.1" 301 795 "-" "-"
52.148.89.143 - - [01/Aug/2025:04:46:32 -0400] "GET /ini.php HTTP/1.1" 301 795 "-" "-"
52.148.89.143 - - [01/Aug/2025:04:46:34 -0400] "GET /admin/upload/css.php HTTP/1.1" 301 795 "-" "-"
52.148.89.143 - - [01/Aug/2025:04:46:35 -0400] "GET /lufix.php HTTP/1.1" 301 795 "-" "-"
52.148.89.143 - - [01/Aug/2025:04:46:36 -0400] "GET /contact.php HTTP/1.1" 301 795 "-" "-"
20.171.207.7 - - [01/Aug/2025:04:52:08 -0400] "GET /admin/imger/403.php?lokasie=%2Fusr%2Fbin%2Fssh-copy-id&loknya=%2Fusr%2Fbin HTTP/1.1" 301 795 "-" "Mozilla/5.0 AppleWebKit/537.36 (KHTML, like Gecko; compatible; GPTBot/1.2; +https://openai.com/gptbot)"
20.171.207.7 - - [01/Aug/2025:04:52:20 -0400] "GET /admin/imger/403.php?loknya=%2Fvar%2Fsoftaculous%2Fadminer HTTP/1.1" 301 795 "-" "Mozilla/5.0 AppleWebKit/537.36 (KHTML, like Gecko; compatible; GPTBot/1.2; +https://openai.com/gptbot)"
40.77.167.123 - - [01/Aug/2025:04:57:36 -0400] "GET /viewreport?id=335 HTTP/1.1" 301 795 "-" "Mozilla/5.0 AppleWebKit/537.36 (KHTML, like Gecko; compatible; bingbot/2.0; +http://www.bing.com/bingbot.htm) Chrome/116.0.1938.76 Safari/537.36"
3.138.185.30 - - [01/Aug/2025:05:18:00 -0400] "GET / HTTP/1.1" 301 795 "-" "Mozilla/5.0 zgrab/0.x"
35.202.150.223 - - [01/Aug/2025:05:21:25 -0400] "GET /wp-includes/js/jquery/jquery.js HTTP/1.1" 301 795 "-" "Mozilla/5.0 (Macintosh; Intel Mac OS X 10_10_1) AppleWebKit/537.36 (KHTML, like Gecko) Chrome/39.0.2171.95 Safari/537.36"
196.251.87.23 - - [01/Aug/2025:05:22:53 -0400] "GET /images/images/cache.php?pass=3a0e007c895888c9c4bf234e2772a0dd HTTP/1.1" 301 795 "-" "Mozilla/5.0 (Windows NT 10.0; Win64; x64) AppleWebKit/537.36 (KHTML, like Gecko) Chrome/91.0.4472.124 Safari/537.36"
216.244.66.236 - - [01/Aug/2025:05:26:01 -0400] "GET /robots.txt HTTP/1.1" 301 795 "-" "Mozilla/5.0 (compatible; DotBot/1.2; +https://opensiteexplorer.org/dotbot; help@moz.com)"
35.202.150.223 - - [01/Aug/2025:05:21:20 -0400] "GET /media/system/js/core.js HTTP/1.1" 301 795 "-" "Mozilla/5.0 (Macintosh; Intel Mac OS X 10_10_1) AppleWebKit/537.36 (KHTML, like Gecko) Chrome/39.0.2171.95 Safari/537.36"
43.153.86.78 - - [01/Aug/2025:05:24:55 -0400] "GET / HTTP/1.1" 301 795 "-" "Mozilla/5.0 (iPhone; CPU iPhone OS 13_2_3 like Mac OS X) AppleWebKit/605.1.15 (KHTML, like Gecko) Version/13.0.3 Mobile/15E148 Safari/604.1"
216.244.66.236 - - [01/Aug/2025:05:26:01 -0400] "GET /robots.txt HTTP/1.1" 301 795 "-" "Mozilla/5.0 (compatible; DotBot/1.2; +https://opensiteexplorer.org/dotbot; help@moz.com)"
