185.148.1.243 - - [20/Jul/2025:14:59:19 -0400] "GET /.git/config HTTP/1.1" 403 1242 "-" "Mozilla/5.0 (X11; Linux x86_64; rv:128.0) Gecko/20100101 Firefox/128.0"
185.148.1.243 - - [20/Jul/2025:14:59:20 -0400] "GET /.git/config HTTP/1.1" 403 1242 "-" "Mozilla/5.0 (X11; Linux x86_64; rv:128.0) Gecko/20100101 Firefox/128.0"
185.153.199.135 - - [20/Jul/2025:15:09:29 -0400] "GET /elfinder/src/connectors/php/connector.php HTTP/1.1" 301 795 "-" "ALittle Client"
216.244.66.203 - - [20/Jul/2025:15:27:08 -0400] "GET /robots.txt HTTP/1.1" 301 795 "-" "Mozilla/5.0 (compatible; DotBot/1.2; +https://opensiteexplorer.org/dotbot; help@moz.com)"
43.163.104.54 - - [20/Jul/2025:15:13:54 -0400] "GET / HTTP/1.1" 301 795 "-" "Mozilla/5.0 (iPhone; CPU iPhone OS 13_2_3 like Mac OS X) AppleWebKit/605.1.15 (KHTML, like Gecko) Version/13.0.3 Mobile/15E148 Safari/604.1"
35.192.152.224 - - [20/Jul/2025:15:28:41 -0400] "HEAD /wordpress HTTP/1.1" 301 0 "-" "Mozilla/5.0 (Windows NT 10.0; Win64; x64) AppleWebKit/537.36 (KHTML, like Gecko) Chrome/74.0.3729.169 Safari/537.36"
20.171.207.15 - - [20/Jul/2025:15:42:17 -0400] "GET /admin/imger/403.php?lokasie=%2Flib64%2Flibkmod.so.2&loknya=%2Flib64 HTTP/1.1" 301 795 "-" "Mozilla/5.0 AppleWebKit/537.36 (KHTML, like Gecko; compatible; GPTBot/1.2; +https://openai.com/gptbot)"
20.171.207.15 - - [20/Jul/2025:15:42:21 -0400] "GET /admin/imger/403.php?lokasie=%2Flib64%2Fliblzo2.so.2&loknya=%2Flib64 HTTP/1.1" 301 795 "-" "Mozilla/5.0 AppleWebKit/537.36 (KHTML, like Gecko; compatible; GPTBot/1.2; +https://openai.com/gptbot)"
20.171.207.15 - - [20/Jul/2025:15:42:28 -0400] "GET /admin/imger/403.php?lokasie=%2Flib64%2Flibslang.so.2&loknya=%2Flib64 HTTP/1.1" 301 795 "-" "Mozilla/5.0 AppleWebKit/537.36 (KHTML, like Gecko; compatible; GPTBot/1.2; +https://openai.com/gptbot)"
20.171.207.15 - - [20/Jul/2025:15:42:32 -0400] "GET /admin/imger/403.php?lokasie=%2Flib64%2Flibmhash.so.2&loknya=%2Flib64 HTTP/1.1" 301 795 "-" "Mozilla/5.0 AppleWebKit/537.36 (KHTML, like Gecko; compatible; GPTBot/1.2; +https://openai.com/gptbot)"
198.44.138.116 - - [20/Jul/2025:15:40:25 -0400] "GET /user/login.htm HTTP/1.1" 301 795 "-" "Python-urllib/3.11"
4.227.36.93 - - [20/Jul/2025:15:41:54 -0400] "GET /robots.txt HTTP/1.1" 301 795 "-" "Mozilla/5.0 AppleWebKit/537.36 (KHTML, like Gecko; compatible; GPTBot/1.2; +https://openai.com/gptbot)"
20.171.207.15 - - [20/Jul/2025:15:41:59 -0400] "GET /admin/imger/403.php?loknya=%2Fopt%2Fcpanel%2Fea-ruby27%2Froot%2Flib64%2Fruby%2Fruby-2.7.8 HTTP/1.1" 301 795 "-" "Mozilla/5.0 AppleWebKit/537.36 (KHTML, like Gecko; compatible; GPTBot/1.2; +https://openai.com/gptbot)"
20.171.207.15 - - [20/Jul/2025:15:42:06 -0400] "GET /admin/imger/403.php?lokasie=%2Flib64%2Flibpanel.so.6&loknya=%2Flib64 HTTP/1.1" 301 795 "-" "Mozilla/5.0 AppleWebKit/537.36 (KHTML, like Gecko; compatible; GPTBot/1.2; +https://openai.com/gptbot)"
20.171.207.15 - - [20/Jul/2025:15:42:09 -0400] "GET /admin/imger/403.php?lokasie=%2Flib64%2Flibglapi.so.0&loknya=%2Flib64 HTTP/1.1" 301 795 "-" "Mozilla/5.0 AppleWebKit/537.36 (KHTML, like Gecko; compatible; GPTBot/1.2; +https://openai.com/gptbot)"
20.171.207.15 - - [20/Jul/2025:15:42:18 -0400] "GET /admin/imger/403.php?lokasie=%2Flib64%2Flibsasl2.so.3&loknya=%2Flib64 HTTP/1.1" 301 795 "-" "Mozilla/5.0 AppleWebKit/537.36 (KHTML, like Gecko; compatible; GPTBot/1.2; +https://openai.com/gptbot)"
20.171.207.15 - - [20/Jul/2025:15:42:19 -0400] "GET /admin/imger/403.php?lokasie=%2Flib64%2Flibomapi.so.0&loknya=%2Flib64 HTTP/1.1" 301 795 "-" "Mozilla/5.0 AppleWebKit/537.36 (KHTML, like Gecko; compatible; GPTBot/1.2; +https://openai.com/gptbot)"
20.171.207.15 - - [20/Jul/2025:15:42:26 -0400] "GET /admin/imger/403.php?lokasie=%2Flib64%2Flibidn2.so.0&loknya=%2Flib64 HTTP/1.1" 301 795 "-" "Mozilla/5.0 AppleWebKit/537.36 (KHTML, like Gecko; compatible; GPTBot/1.2; +https://openai.com/gptbot)"
20.171.207.15 - - [20/Jul/2025:15:42:34 -0400] "GET /admin/imger/403.php?loknya=%2Fusr%2Flocal%2Flib64%2Fperl5%2Fauto%2FXML%2FNamespaceSupport HTTP/1.1" 301 795 "-" "Mozilla/5.0 AppleWebKit/537.36 (KHTML, like Gecko; compatible; GPTBot/1.2; +https://openai.com/gptbot)"
20.171.207.15 - - [20/Jul/2025:15:43:15 -0400] "GET /admin/imger/403.php?loknya=%2Fproc%2Fself%2Froot%2Fusr%2Flib%2Ffirmware%2Faeonsemi HTTP/1.1" 301 795 "-" "Mozilla/5.0 AppleWebKit/537.36 (KHTML, like Gecko; compatible; GPTBot/1.2; +https://openai.com/gptbot)"
20.171.207.15 - - [20/Jul/2025:15:45:13 -0400] "GET /admin/imger/403.php?loknya=%2Fproc%2Fself%2Froot%2Fproc%2Fnet%2Fdev_snmp6 HTTP/1.1" 301 795 "-" "Mozilla/5.0 AppleWebKit/537.36 (KHTML, like Gecko; compatible; GPTBot/1.2; +https://openai.com/gptbot)"
20.171.207.15 - - [20/Jul/2025:15:45:25 -0400] "GET /admin/imger/403.php?loknya=%2Fproc%2Fthread-self%2Froot%2Flib64%2FNetworkManager HTTP/1.1" 301 795 "-" "Mozilla/5.0 AppleWebKit/537.36 (KHTML, like Gecko; compatible; GPTBot/1.2; +https://openai.com/gptbot)"
216.244.66.236 - - [20/Jul/2025:15:46:45 -0400] "GET /robots.txt HTTP/1.1" 301 795 "-" "Mozilla/5.0 (compatible; DotBot/1.2; +https://opensiteexplorer.org/dotbot; help@moz.com)"
43.159.136.201 - - [20/Jul/2025:15:55:32 -0400] "GET / HTTP/1.1" 301 795 "-" "Mozilla/5.0 (iPhone; CPU iPhone OS 13_2_3 like Mac OS X) AppleWebKit/605.1.15 (KHTML, like Gecko) Version/13.0.3 Mobile/15E148 Safari/604.1"
66.249.74.165 - - [20/Jul/2025:15:59:27 -0400] "GET /ads.txt HTTP/1.1" 301 795 "-" "Google-adstxt"
198.44.138.114 - - [20/Jul/2025:15:48:13 -0400] "GET /user/login.htm HTTP/1.1" 301 795 "-" "Python-urllib/3.11"
20.171.207.175 - - [20/Jul/2025:15:55:31 -0400] "GET /admin/imger/403.php?lokasie=%2Fhome%2Ftaxhyuvu%2Fwww%2Fhammad3.png&loknya=%2Fhome%2Ftaxhyuvu%2Fwww HTTP/1.1" 301 795 "-" "Mozilla/5.0 AppleWebKit/537.36 (KHTML, like Gecko; compatible; GPTBot/1.2; +https://openai.com/gptbot)"
4.227.36.93 - - [20/Jul/2025:15:57:47 -0400] "GET /robots.txt HTTP/1.1" 301 795 "-" "Mozilla/5.0 AppleWebKit/537.36 (KHTML, like Gecko; compatible; GPTBot/1.2; +https://openai.com/gptbot)"
20.171.207.15 - - [20/Jul/2025:15:57:58 -0400] "GET /admin/imger/403.php?lokasie=%2Fproc%2Fself%2Fcwd%2F1412856895492295.jpg&loknya=%2Fproc%2Fself%2Fcwd HTTP/1.1" 301 795 "-" "Mozilla/5.0 AppleWebKit/537.36 (KHTML, like Gecko; compatible; GPTBot/1.2; +https://openai.com/gptbot)"
20.171.207.15 - - [20/Jul/2025:15:58:02 -0400] "GET /admin/imger/403.php?loknya=%2Fopt%2Falt%2Fpcre802%2Fusr%2Flib64%2Fpkgconfig HTTP/1.1" 301 795 "-" "Mozilla/5.0 AppleWebKit/537.36 (KHTML, like Gecko; compatible; GPTBot/1.2; +https://openai.com/gptbot)"
20.171.207.15 - - [20/Jul/2025:16:04:56 -0400] "GET /admin/imger/403.php?lokasie=%2Flib64%2FlibGraphicsMagickWand-Q16.so.2&loknya=%2Flib64 HTTP/1.1" 301 795 "-" "Mozilla/5.0 AppleWebKit/537.36 (KHTML, like Gecko; compatible; GPTBot/1.2; +https://openai.com/gptbot)"
216.244.66.203 - - [20/Jul/2025:16:12:05 -0400] "GET /robots.txt HTTP/1.1" 301 795 "-" "Mozilla/5.0 (compatible; DotBot/1.2; +https://opensiteexplorer.org/dotbot; help@moz.com)"
4.227.36.93 - - [20/Jul/2025:16:04:46 -0400] "GET /robots.txt HTTP/1.1" 301 795 "-" "Mozilla/5.0 AppleWebKit/537.36 (KHTML, like Gecko; compatible; GPTBot/1.2; +https://openai.com/gptbot)"
20.171.207.15 - - [20/Jul/2025:16:08:26 -0400] "GET /admin/imger/403.php?loknya=%2Fproc%2Fthread-self%2Froot%2Fvar%2Flib%2Fmysql%2Fm13smgsl_513services HTTP/1.1" 301 795 "-" "Mozilla/5.0 AppleWebKit/537.36 (KHTML, like Gecko; compatible; GPTBot/1.2; +https://openai.com/gptbot)"
20.171.207.175 - - [20/Jul/2025:16:11:54 -0400] "GET /admin/imger/GDCFSL-Landing-Page.jpg HTTP/1.1" 301 795 "-" "Mozilla/5.0 AppleWebKit/537.36 (KHTML, like Gecko; compatible; GPTBot/1.2; +https://openai.com/gptbot)"
194.145.227.125 - - [20/Jul/2025:16:17:25 -0400] "GET /joobi/inc/openflashchart/php-ofc-library/ofc_upload_image.php HTTP/1.1" 301 795 "-" "ALittle Client"
4.227.36.93 - - [20/Jul/2025:16:27:20 -0400] "GET /robots.txt HTTP/1.1" 301 795 "-" "Mozilla/5.0 AppleWebKit/537.36 (KHTML, like Gecko; compatible; GPTBot/1.2; +https://openai.com/gptbot)"
20.171.207.15 - - [20/Jul/2025:16:27:32 -0400] "GET /admin/imger/403.php?loknya=%2Fproc%2Fthread-self%2Froot%2Fvar%2Flib%2Fmysql%2Fvs2023v1_vstudiobd HTTP/1.1" 301 795 "-" "Mozilla/5.0 AppleWebKit/537.36 (KHTML, like Gecko; compatible; GPTBot/1.2; +https://openai.com/gptbot)"
20.171.207.15 - - [20/Jul/2025:16:30:11 -0400] "GET /admin/imger/403.php?loknya=%2Fproc%2Fthread-self%2Froot%2Fusr%2Fshare%2Fperl5%2Fvendor_perl%2FLWP%2FAuthen HTTP/1.1" 301 795 "-" "Mozilla/5.0 AppleWebKit/537.36 (KHTML, like Gecko; compatible; GPTBot/1.2; +https://openai.com/gptbot)"
20.171.207.15 - - [20/Jul/2025:16:30:12 -0400] "GET /admin/imger/403.php?loknya=%2Fproc%2Fthread-self%2Froot%2Fusr%2Fshare%2Fperl5%2Fvendor_perl%2FIPC%2FSystem HTTP/1.1" 301 795 "-" "Mozilla/5.0 AppleWebKit/537.36 (KHTML, like Gecko; compatible; GPTBot/1.2; +https://openai.com/gptbot)"
4.227.36.125 - - [20/Jul/2025:16:30:33 -0400] "GET /robots.txt HTTP/1.1" 301 795 "-" "Mozilla/5.0 AppleWebKit/537.36 (KHTML, like Gecko; compatible; GPTBot/1.2; +https://openai.com/gptbot)"
20.171.207.175 - - [20/Jul/2025:16:30:33 -0400] "GET /admin/imger/403.php?lokasie=%2Fhome%2Ftaxhyuvu%2Fwww%2Fadmin%2Fcarli%2FC50.pdf&loknya=%2Fhome%2Ftaxhyuvu%2Fwww%2Fadmin%2Fcarli HTTP/1.1" 301 795 "-" "Mozilla/5.0 AppleWebKit/537.36 (KHTML, like Gecko; compatible; GPTBot/1.2; +https://openai.com/gptbot)"
20.171.207.175 - - [20/Jul/2025:16:30:38 -0400] "GET /admin/imger/403.php?lokasie=%2Fhome%2Ftaxhyuvu%2Fwww%2Fadmin%2Fcarli%2FC71.pdf&loknya=%2Fhome%2Ftaxhyuvu%2Fwww%2Fadmin%2Fcarli HTTP/1.1" 301 795 "-" "Mozilla/5.0 AppleWebKit/537.36 (KHTML, like Gecko; compatible; GPTBot/1.2; +https://openai.com/gptbot)"
20.171.207.175 - - [20/Jul/2025:16:30:46 -0400] "GET /admin/imger/403.php?lokasie=%2Fhome%2Ftaxhyuvu%2Fwww%2Fadmin%2Fcarli%2FC60.pdf&loknya=%2Fhome%2Ftaxhyuvu%2Fwww%2Fadmin%2Fcarli HTTP/1.1" 301 795 "-" "Mozilla/5.0 AppleWebKit/537.36 (KHTML, like Gecko; compatible; GPTBot/1.2; +https://openai.com/gptbot)"
20.171.207.175 - - [20/Jul/2025:16:30:51 -0400] "GET /admin/imger/403.php?lokasie=%2Fhome%2Ftaxhyuvu%2Fwww%2Fadmin%2Fcarli%2FC98.pdf&loknya=%2Fhome%2Ftaxhyuvu%2Fwww%2Fadmin%2Fcarli HTTP/1.1" 301 795 "-" "Mozilla/5.0 AppleWebKit/537.36 (KHTML, like Gecko; compatible; GPTBot/1.2; +https://openai.com/gptbot)"
20.171.207.175 - - [20/Jul/2025:16:30:52 -0400] "GET /admin/imger/403.php?lokasie=%2Fhome%2Ftaxhyuvu%2Fwww%2Fadmin%2Fcarli%2FC90.pdf&loknya=%2Fhome%2Ftaxhyuvu%2Fwww%2Fadmin%2Fcarli HTTP/1.1" 301 795 "-" "Mozilla/5.0 AppleWebKit/537.36 (KHTML, like Gecko; compatible; GPTBot/1.2; +https://openai.com/gptbot)"
20.171.207.175 - - [20/Jul/2025:16:30:53 -0400] "GET /admin/imger/403.php?lokasie=%2Fhome%2Ftaxhyuvu%2Fwww%2Fadmin%2Fcarli%2FC96.pdf&loknya=%2Fhome%2Ftaxhyuvu%2Fwww%2Fadmin%2Fcarli HTTP/1.1" 301 795 "-" "Mozilla/5.0 AppleWebKit/537.36 (KHTML, like Gecko; compatible; GPTBot/1.2; +https://openai.com/gptbot)"
20.171.207.175 - - [20/Jul/2025:16:30:54 -0400] "GET /admin/imger/403.php?lokasie=%2Fhome%2Ftaxhyuvu%2Fwww%2Fadmin%2Fcarli%2FC59.pdf&loknya=%2Fhome%2Ftaxhyuvu%2Fwww%2Fadmin%2Fcarli HTTP/1.1" 301 795 "-" "Mozilla/5.0 AppleWebKit/537.36 (KHTML, like Gecko; compatible; GPTBot/1.2; +https://openai.com/gptbot)"
20.171.207.175 - - [20/Jul/2025:16:30:56 -0400] "GET /admin/imger/403.php?lokasie=%2Fhome%2Ftaxhyuvu%2Fwww%2Fadmin%2Fcarli%2FC37.pdf&loknya=%2Fhome%2Ftaxhyuvu%2Fwww%2Fadmin%2Fcarli HTTP/1.1" 301 795 "-" "Mozilla/5.0 AppleWebKit/537.36 (KHTML, like Gecko; compatible; GPTBot/1.2; +https://openai.com/gptbot)"
20.171.207.175 - - [20/Jul/2025:16:31:06 -0400] "GET /admin/imger/403.php?lokasie=%2Fhome%2Ftaxhyuvu%2Fwww%2Fadmin%2Fcarli%2FC64.pdf&loknya=%2Fhome%2Ftaxhyuvu%2Fwww%2Fadmin%2Fcarli HTTP/1.1" 301 795 "-" "Mozilla/5.0 AppleWebKit/537.36 (KHTML, like Gecko; compatible; GPTBot/1.2; +https://openai.com/gptbot)"
20.171.207.15 - - [20/Jul/2025:16:29:21 -0400] "GET /admin/imger/403.php?loknya=%2Fproc%2Fthread-self%2Froot%2Fopt%2Fcpanel%2Fea-ruby27%2Fsrc%2Fpassenger-release-6.0.23%2F.externalToolBuilders HTTP/1.1" 301 795 "-" "Mozilla/5.0 AppleWebKit/537.36 (KHTML, like Gecko; compatible; GPTBot/1.2; +https://openai.com/gptbot)"
20.171.207.175 - - [20/Jul/2025:16:30:37 -0400] "GET /admin/imger/403.php?lokasie=%2Fhome%2Ftaxhyuvu%2Fwww%2Fadmin%2Fcarli%2FC39.pdf&loknya=%2Fhome%2Ftaxhyuvu%2Fwww%2Fadmin%2Fcarli HTTP/1.1" 301 795 "-" "Mozilla/5.0 AppleWebKit/537.36 (KHTML, like Gecko; compatible; GPTBot/1.2; +https://openai.com/gptbot)"
20.171.207.175 - - [20/Jul/2025:16:30:44 -0400] "GET /admin/imger/403.php?lokasie=%2Fhome%2Ftaxhyuvu%2Fwww%2Fadmin%2Fcarli%2FC51.pdf&loknya=%2Fhome%2Ftaxhyuvu%2Fwww%2Fadmin%2Fcarli HTTP/1.1" 301 795 "-" "Mozilla/5.0 AppleWebKit/537.36 (KHTML, like Gecko; compatible; GPTBot/1.2; +https://openai.com/gptbot)"
20.171.207.175 - - [20/Jul/2025:16:30:48 -0400] "GET /admin/imger/403.php?lokasie=%2Fhome%2Ftaxhyuvu%2Fwww%2Fadmin%2Fcarli%2FC80.pdf&loknya=%2Fhome%2Ftaxhyuvu%2Fwww%2Fadmin%2Fcarli HTTP/1.1" 301 795 "-" "Mozilla/5.0 AppleWebKit/537.36 (KHTML, like Gecko; compatible; GPTBot/1.2; +https://openai.com/gptbot)"
20.171.207.175 - - [20/Jul/2025:16:30:49 -0400] "GET /admin/imger/403.php?lokasie=%2Fhome%2Ftaxhyuvu%2Fwww%2Fadmin%2Fcarli%2FC40.pdf&loknya=%2Fhome%2Ftaxhyuvu%2Fwww%2Fadmin%2Fcarli HTTP/1.1" 301 795 "-" "Mozilla/5.0 AppleWebKit/537.36 (KHTML, like Gecko; compatible; GPTBot/1.2; +https://openai.com/gptbot)"
20.171.207.175 - - [20/Jul/2025:16:31:08 -0400] "GET /admin/imger/403.php?lokasie=%2Fhome%2Ftaxhyuvu%2Fwww%2Fadmin%2Fcarli%2FC91.pdf&loknya=%2Fhome%2Ftaxhyuvu%2Fwww%2Fadmin%2Fcarli HTTP/1.1" 301 795 "-" "Mozilla/5.0 AppleWebKit/537.36 (KHTML, like Gecko; compatible; GPTBot/1.2; +https://openai.com/gptbot)"
20.171.207.175 - - [20/Jul/2025:16:31:15 -0400] "GET /admin/imger/403.php?lokasie=%2Fhome%2Ftaxhyuvu%2Fwww%2Fadmin%2Fcarli%2FC81.pdf&loknya=%2Fhome%2Ftaxhyuvu%2Fwww%2Fadmin%2Fcarli HTTP/1.1" 301 795 "-" "Mozilla/5.0 AppleWebKit/537.36 (KHTML, like Gecko; compatible; GPTBot/1.2; +https://openai.com/gptbot)"
20.171.207.175 - - [20/Jul/2025:16:31:16 -0400] "GET /admin/imger/403.php?lokasie=%2Fhome%2Ftaxhyuvu%2Fwww%2Fadmin%2Fcarli%2FC84.pdf&loknya=%2Fhome%2Ftaxhyuvu%2Fwww%2Fadmin%2Fcarli HTTP/1.1" 301 795 "-" "Mozilla/5.0 AppleWebKit/537.36 (KHTML, like Gecko; compatible; GPTBot/1.2; +https://openai.com/gptbot)"
216.244.66.236 - - [20/Jul/2025:16:31:17 -0400] "GET /robots.txt HTTP/1.1" 301 795 "-" "Mozilla/5.0 (compatible; DotBot/1.2; +https://opensiteexplorer.org/dotbot; help@moz.com)"
20.171.207.175 - - [20/Jul/2025:16:31:26 -0400] "GET /admin/imger/403.php?lokasie=%2Fhome%2Ftaxhyuvu%2Fwww%2Fadmin%2Fcarli%2FC85.pdf&loknya=%2Fhome%2Ftaxhyuvu%2Fwww%2Fadmin%2Fcarli HTTP/1.1" 301 795 "-" "Mozilla/5.0 AppleWebKit/537.36 (KHTML, like Gecko; compatible; GPTBot/1.2; +https://openai.com/gptbot)"
20.171.207.175 - - [20/Jul/2025:16:31:27 -0400] "GET /admin/imger/403.php?lokasie=%2Fhome%2Ftaxhyuvu%2Fwww%2Fadmin%2Fsro%2FSRO746.pdf&loknya=%2Fhome%2Ftaxhyuvu%2Fwww%2Fadmin%2Fsro HTTP/1.1" 301 795 "-" "Mozilla/5.0 AppleWebKit/537.36 (KHTML, like Gecko; compatible; GPTBot/1.2; +https://openai.com/gptbot)"
20.171.207.175 - - [20/Jul/2025:16:31:33 -0400] "GET /admin/imger/403.php?lokasie=%2Fhome%2Ftaxhyuvu%2Fwww%2Fadmin%2Fcarli%2FC68.pdf&loknya=%2Fhome%2Ftaxhyuvu%2Fwww%2Fadmin%2Fcarli HTTP/1.1" 301 795 "-" "Mozilla/5.0 AppleWebKit/537.36 (KHTML, like Gecko; compatible; GPTBot/1.2; +https://openai.com/gptbot)"
20.171.207.175 - - [20/Jul/2025:16:31:37 -0400] "GET /admin/imger/403.php?lokasie=%2Fhome%2Ftaxhyuvu%2Fwww%2Fadmin%2Fcarli%2FC86.pdf&loknya=%2Fhome%2Ftaxhyuvu%2Fwww%2Fadmin%2Fcarli HTTP/1.1" 301 795 "-" "Mozilla/5.0 AppleWebKit/537.36 (KHTML, like Gecko; compatible; GPTBot/1.2; +https://openai.com/gptbot)"
216.244.66.236 - - [20/Jul/2025:16:31:17 -0400] "GET /robots.txt HTTP/1.1" 301 795 "-" "Mozilla/5.0 (compatible; DotBot/1.2; +https://opensiteexplorer.org/dotbot; help@moz.com)"
20.171.207.175 - - [20/Jul/2025:16:31:17 -0400] "GET /admin/imger/403.php?lokasie=%2Fhome%2Ftaxhyuvu%2Fwww%2Fadmin%2Fcarli%2FC61.pdf&loknya=%2Fhome%2Ftaxhyuvu%2Fwww%2Fadmin%2Fcarli HTTP/1.1" 301 795 "-" "Mozilla/5.0 AppleWebKit/537.36 (KHTML, like Gecko; compatible; GPTBot/1.2; +https://openai.com/gptbot)"
20.171.207.175 - - [20/Jul/2025:16:31:21 -0400] "GET /admin/imger/403.php?lokasie=%2Fhome%2Ftaxhyuvu%2Fwww%2Fadmin%2Fsro%2FSRO578.pdf&loknya=%2Fhome%2Ftaxhyuvu%2Fwww%2Fadmin%2Fsro HTTP/1.1" 301 795 "-" "Mozilla/5.0 AppleWebKit/537.36 (KHTML, like Gecko; compatible; GPTBot/1.2; +https://openai.com/gptbot)"
20.171.207.175 - - [20/Jul/2025:16:31:22 -0400] "GET /admin/imger/403.php?lokasie=%2Fhome%2Ftaxhyuvu%2Fwww%2Fadmin%2Fsro%2FSRO457.pdf&loknya=%2Fhome%2Ftaxhyuvu%2Fwww%2Fadmin%2Fsro HTTP/1.1" 301 795 "-" "Mozilla/5.0 AppleWebKit/537.36 (KHTML, like Gecko; compatible; GPTBot/1.2; +https://openai.com/gptbot)"
20.171.207.175 - - [20/Jul/2025:16:31:31 -0400] "GET /admin/imger/403.php?lokasie=%2Fhome%2Ftaxhyuvu%2Fwww%2Fadmin%2Fcarli%2FC55.pdf&loknya=%2Fhome%2Ftaxhyuvu%2Fwww%2Fadmin%2Fcarli HTTP/1.1" 301 795 "-" "Mozilla/5.0 AppleWebKit/537.36 (KHTML, like Gecko; compatible; GPTBot/1.2; +https://openai.com/gptbot)"
20.171.207.175 - - [20/Jul/2025:16:31:35 -0400] "GET /admin/imger/403.php?lokasie=%2Fhome%2Ftaxhyuvu%2Fwww%2Fadmin%2Fcarli%2FC75.pdf&loknya=%2Fhome%2Ftaxhyuvu%2Fwww%2Fadmin%2Fcarli HTTP/1.1" 301 795 "-" "Mozilla/5.0 AppleWebKit/537.36 (KHTML, like Gecko; compatible; GPTBot/1.2; +https://openai.com/gptbot)"
20.171.207.175 - - [20/Jul/2025:16:31:44 -0400] "GET /admin/imger/403.php?lokasie=%2Fhome%2Ftaxhyuvu%2Fwww%2Fadmin%2Fcarli%2FC63.pdf&loknya=%2Fhome%2Ftaxhyuvu%2Fwww%2Fadmin%2Fcarli HTTP/1.1" 301 795 "-" "Mozilla/5.0 AppleWebKit/537.36 (KHTML, like Gecko; compatible; GPTBot/1.2; +https://openai.com/gptbot)"
20.171.207.175 - - [20/Jul/2025:16:31:50 -0400] "GET /admin/imger/403.php?lokasie=%2Fhome%2Ftaxhyuvu%2Fwww%2Fadmin%2Fcarli%2FC76.pdf&loknya=%2Fhome%2Ftaxhyuvu%2Fwww%2Fadmin%2Fcarli HTTP/1.1" 301 795 "-" "Mozilla/5.0 AppleWebKit/537.36 (KHTML, like Gecko; compatible; GPTBot/1.2; +https://openai.com/gptbot)"
20.171.207.175 - - [20/Jul/2025:16:31:52 -0400] "GET /admin/imger/403.php?lokasie=%2Fhome%2Ftaxhyuvu%2Fwww%2Fadmin%2Fcarli%2FC36.pdf&loknya=%2Fhome%2Ftaxhyuvu%2Fwww%2Fadmin%2Fcarli HTTP/1.1" 301 795 "-" "Mozilla/5.0 AppleWebKit/537.36 (KHTML, like Gecko; compatible; GPTBot/1.2; +https://openai.com/gptbot)"
20.171.207.175 - - [20/Jul/2025:16:32:04 -0400] "GET /admin/imger/403.php?lokasie=%2Fhome%2Ftaxhyuvu%2Fwww%2Fadmin%2Fcarli%2FC49.pdf&loknya=%2Fhome%2Ftaxhyuvu%2Fwww%2Fadmin%2Fcarli HTTP/1.1" 301 795 "-" "Mozilla/5.0 AppleWebKit/537.36 (KHTML, like Gecko; compatible; GPTBot/1.2; +https://openai.com/gptbot)"
20.171.207.175 - - [20/Jul/2025:16:32:06 -0400] "GET /admin/imger/403.php?lokasie=%2Fhome%2Ftaxhyuvu%2Fwww%2Fadmin%2Fcarli%2FC94.pdf&loknya=%2Fhome%2Ftaxhyuvu%2Fwww%2Fadmin%2Fcarli HTTP/1.1" 301 795 "-" "Mozilla/5.0 AppleWebKit/537.36 (KHTML, like Gecko; compatible; GPTBot/1.2; +https://openai.com/gptbot)"
20.171.207.175 - - [20/Jul/2025:16:32:08 -0400] "GET /admin/imger/403.php?lokasie=%2Fhome%2Ftaxhyuvu%2Fwww%2Fadmin%2Fcarli%2FC38.pdf&loknya=%2Fhome%2Ftaxhyuvu%2Fwww%2Fadmin%2Fcarli HTTP/1.1" 301 795 "-" "Mozilla/5.0 AppleWebKit/537.36 (KHTML, like Gecko; compatible; GPTBot/1.2; +https://openai.com/gptbot)"
20.171.207.175 - - [20/Jul/2025:16:32:14 -0400] "GET /admin/imger/403.php?lokasie=%2Fhome%2Ftaxhyuvu%2Fwww%2Fadmin%2Fcarli%2FC57.pdf&loknya=%2Fhome%2Ftaxhyuvu%2Fwww%2Fadmin%2Fcarli HTTP/1.1" 301 795 "-" "Mozilla/5.0 AppleWebKit/537.36 (KHTML, like Gecko; compatible; GPTBot/1.2; +https://openai.com/gptbot)"
20.171.207.175 - - [20/Jul/2025:16:31:38 -0400] "GET /admin/imger/403.php?lokasie=%2Fhome%2Ftaxhyuvu%2Fwww%2Fadmin%2Fsro%2FSRO581.pdf&loknya=%2Fhome%2Ftaxhyuvu%2Fwww%2Fadmin%2Fsro HTTP/1.1" 301 795 "-" "Mozilla/5.0 AppleWebKit/537.36 (KHTML, like Gecko; compatible; GPTBot/1.2; +https://openai.com/gptbot)"
20.171.207.175 - - [20/Jul/2025:16:31:42 -0400] "GET /admin/imger/403.php?lokasie=%2Fhome%2Ftaxhyuvu%2Fwww%2Fadmin%2Fcarli%2FC5.pdf&loknya=%2Fhome%2Ftaxhyuvu%2Fwww%2Fadmin%2Fcarli HTTP/1.1" 301 795 "-" "Mozilla/5.0 AppleWebKit/537.36 (KHTML, like Gecko; compatible; GPTBot/1.2; +https://openai.com/gptbot)"
20.171.207.175 - - [20/Jul/2025:16:31:45 -0400] "GET /admin/imger/403.php?lokasie=%2Fhome%2Ftaxhyuvu%2Fwww%2Fadmin%2Fcarli%2FC47.pdf&loknya=%2Fhome%2Ftaxhyuvu%2Fwww%2Fadmin%2Fcarli HTTP/1.1" 301 795 "-" "Mozilla/5.0 AppleWebKit/537.36 (KHTML, like Gecko; compatible; GPTBot/1.2; +https://openai.com/gptbot)"
20.171.207.175 - - [20/Jul/2025:16:31:47 -0400] "GET /admin/imger/403.php?lokasie=%2Fhome%2Ftaxhyuvu%2Fwww%2Fadmin%2Fcarli%2FC74.pdf&loknya=%2Fhome%2Ftaxhyuvu%2Fwww%2Fadmin%2Fcarli HTTP/1.1" 301 795 "-" "Mozilla/5.0 AppleWebKit/537.36 (KHTML, like Gecko; compatible; GPTBot/1.2; +https://openai.com/gptbot)"
20.171.207.175 - - [20/Jul/2025:16:31:51 -0400] "GET /admin/imger/403.php?lokasie=%2Fhome%2Ftaxhyuvu%2Fwww%2Fadmin%2Fcarli%2FC34.pdf&loknya=%2Fhome%2Ftaxhyuvu%2Fwww%2Fadmin%2Fcarli HTTP/1.1" 301 795 "-" "Mozilla/5.0 AppleWebKit/537.36 (KHTML, like Gecko; compatible; GPTBot/1.2; +https://openai.com/gptbot)"
20.171.207.175 - - [20/Jul/2025:16:31:55 -0400] "GET /admin/imger/403.php?lokasie=%2Fhome%2Ftaxhyuvu%2Fwww%2Fadmin%2Fcarli%2FC69.pdf&loknya=%2Fhome%2Ftaxhyuvu%2Fwww%2Fadmin%2Fcarli HTTP/1.1" 301 795 "-" "Mozilla/5.0 AppleWebKit/537.36 (KHTML, like Gecko; compatible; GPTBot/1.2; +https://openai.com/gptbot)"
20.171.207.175 - - [20/Jul/2025:16:31:56 -0400] "GET /admin/imger/403.php?lokasie=%2Fhome%2Ftaxhyuvu%2Fwww%2Fadmin%2Fcarli%2FC45.pdf&loknya=%2Fhome%2Ftaxhyuvu%2Fwww%2Fadmin%2Fcarli HTTP/1.1" 301 795 "-" "Mozilla/5.0 AppleWebKit/537.36 (KHTML, like Gecko; compatible; GPTBot/1.2; +https://openai.com/gptbot)"
20.171.207.175 - - [20/Jul/2025:16:31:59 -0400] "GET /admin/imger/403.php?lokasie=%2Fhome%2Ftaxhyuvu%2Fwww%2Fadmin%2Fcarli%2FC53.pdf&loknya=%2Fhome%2Ftaxhyuvu%2Fwww%2Fadmin%2Fcarli HTTP/1.1" 301 795 "-" "Mozilla/5.0 AppleWebKit/537.36 (KHTML, like Gecko; compatible; GPTBot/1.2; +https://openai.com/gptbot)"
20.171.207.175 - - [20/Jul/2025:16:32:02 -0400] "GET /admin/imger/403.php?lokasie=%2Fhome%2Ftaxhyuvu%2Fwww%2Fadmin%2Fcarli%2FC95.pdf&loknya=%2Fhome%2Ftaxhyuvu%2Fwww%2Fadmin%2Fcarli HTTP/1.1" 301 795 "-" "Mozilla/5.0 AppleWebKit/537.36 (KHTML, like Gecko; compatible; GPTBot/1.2; +https://openai.com/gptbot)"
20.171.207.175 - - [20/Jul/2025:16:32:10 -0400] "GET /admin/imger/403.php?lokasie=%2Fhome%2Ftaxhyuvu%2Fwww%2Fadmin%2Fcarli%2FC87.pdf&loknya=%2Fhome%2Ftaxhyuvu%2Fwww%2Fadmin%2Fcarli HTTP/1.1" 301 795 "-" "Mozilla/5.0 AppleWebKit/537.36 (KHTML, like Gecko; compatible; GPTBot/1.2; +https://openai.com/gptbot)"
20.171.207.175 - - [20/Jul/2025:16:32:11 -0400] "GET /admin/imger/403.php?lokasie=%2Fhome%2Ftaxhyuvu%2Fwww%2Fadmin%2Fcarli%2FC35.pdf&loknya=%2Fhome%2Ftaxhyuvu%2Fwww%2Fadmin%2Fcarli HTTP/1.1" 301 795 "-" "Mozilla/5.0 AppleWebKit/537.36 (KHTML, like Gecko; compatible; GPTBot/1.2; +https://openai.com/gptbot)"
20.171.207.175 - - [20/Jul/2025:16:32:27 -0400] "GET /admin/imger/403.php?lokasie=%2Fhome%2Ftaxhyuvu%2Fwww%2Fadmin%2Fcarli%2FC58.pdf&loknya=%2Fhome%2Ftaxhyuvu%2Fwww%2Fadmin%2Fcarli HTTP/1.1" 301 795 "-" "Mozilla/5.0 AppleWebKit/537.36 (KHTML, like Gecko; compatible; GPTBot/1.2; +https://openai.com/gptbot)"
20.171.207.175 - - [20/Jul/2025:16:32:28 -0400] "GET /admin/imger/403.php?lokasie=%2Fhome%2Ftaxhyuvu%2Fwww%2Fadmin%2Fcarli%2FC46.pdf&loknya=%2Fhome%2Ftaxhyuvu%2Fwww%2Fadmin%2Fcarli HTTP/1.1" 301 795 "-" "Mozilla/5.0 AppleWebKit/537.36 (KHTML, like Gecko; compatible; GPTBot/1.2; +https://openai.com/gptbot)"
20.171.207.175 - - [20/Jul/2025:16:32:15 -0400] "GET /admin/imger/403.php?lokasie=%2Fhome%2Ftaxhyuvu%2Fwww%2Fadmin%2Fcarli%2FC97.pdf&loknya=%2Fhome%2Ftaxhyuvu%2Fwww%2Fadmin%2Fcarli HTTP/1.1" 301 795 "-" "Mozilla/5.0 AppleWebKit/537.36 (KHTML, like Gecko; compatible; GPTBot/1.2; +https://openai.com/gptbot)"
20.171.207.175 - - [20/Jul/2025:16:32:18 -0400] "GET /admin/imger/403.php?lokasie=%2Fhome%2Ftaxhyuvu%2Fwww%2Fadmin%2Fcarli%2FC65.pdf&loknya=%2Fhome%2Ftaxhyuvu%2Fwww%2Fadmin%2Fcarli HTTP/1.1" 301 795 "-" "Mozilla/5.0 AppleWebKit/537.36 (KHTML, like Gecko; compatible; GPTBot/1.2; +https://openai.com/gptbot)"
20.171.207.175 - - [20/Jul/2025:16:32:20 -0400] "GET /admin/imger/403.php?lokasie=%2Fhome%2Ftaxhyuvu%2Fwww%2Fadmin%2Fcarli%2FC73.pdf&loknya=%2Fhome%2Ftaxhyuvu%2Fwww%2Fadmin%2Fcarli HTTP/1.1" 301 795 "-" "Mozilla/5.0 AppleWebKit/537.36 (KHTML, like Gecko; compatible; GPTBot/1.2; +https://openai.com/gptbot)"
20.171.207.175 - - [20/Jul/2025:16:32:21 -0400] "GET /admin/imger/403.php?lokasie=%2Fhome%2Ftaxhyuvu%2Fwww%2Fadmin%2Fcarli%2FC99.pdf&loknya=%2Fhome%2Ftaxhyuvu%2Fwww%2Fadmin%2Fcarli HTTP/1.1" 301 795 "-" "Mozilla/5.0 AppleWebKit/537.36 (KHTML, like Gecko; compatible; GPTBot/1.2; +https://openai.com/gptbot)"
20.171.207.175 - - [20/Jul/2025:16:32:22 -0400] "GET /admin/imger/403.php?lokasie=%2Fhome%2Ftaxhyuvu%2Fwww%2Fadmin%2Fcarli%2FC41.pdf&loknya=%2Fhome%2Ftaxhyuvu%2Fwww%2Fadmin%2Fcarli HTTP/1.1" 301 795 "-" "Mozilla/5.0 AppleWebKit/537.36 (KHTML, like Gecko; compatible; GPTBot/1.2; +https://openai.com/gptbot)"
20.171.207.175 - - [20/Jul/2025:16:32:23 -0400] "GET /admin/imger/403.php?lokasie=%2Fhome%2Ftaxhyuvu%2Fwww%2Fadmin%2Fcarli%2FC77.pdf&loknya=%2Fhome%2Ftaxhyuvu%2Fwww%2Fadmin%2Fcarli HTTP/1.1" 301 795 "-" "Mozilla/5.0 AppleWebKit/537.36 (KHTML, like Gecko; compatible; GPTBot/1.2; +https://openai.com/gptbot)"
20.171.207.175 - - [20/Jul/2025:16:32:26 -0400] "GET /admin/imger/403.php?lokasie=%2Fhome%2Ftaxhyuvu%2Fwww%2Fadmin%2Fcarli%2FC93.pdf&loknya=%2Fhome%2Ftaxhyuvu%2Fwww%2Fadmin%2Fcarli HTTP/1.1" 301 795 "-" "Mozilla/5.0 AppleWebKit/537.36 (KHTML, like Gecko; compatible; GPTBot/1.2; +https://openai.com/gptbot)"
4.227.36.93 - - [20/Jul/2025:16:32:27 -0400] "GET /robots.txt HTTP/1.1" 301 795 "-" "Mozilla/5.0 AppleWebKit/537.36 (KHTML, like Gecko; compatible; GPTBot/1.2; +https://openai.com/gptbot)"
20.171.207.15 - - [20/Jul/2025:16:32:30 -0400] "GET /admin/imger/403.php?loknya=%2Fvar%2Flib%2Fmysql%2Fvs2023v1_vstudio%40002eagency HTTP/1.1" 301 795 "-" "Mozilla/5.0 AppleWebKit/537.36 (KHTML, like Gecko; compatible; GPTBot/1.2; +https://openai.com/gptbot)"
20.171.207.15 - - [20/Jul/2025:16:32:35 -0400] "GET /admin/imger/403.php?loknya=%2Fopt%2Fcpanel%2Flibmcrypt%2Fman%2Fman3 HTTP/1.1" 301 795 "-" "Mozilla/5.0 AppleWebKit/537.36 (KHTML, like Gecko; compatible; GPTBot/1.2; +https://openai.com/gptbot)"
20.171.207.175 - - [20/Jul/2025:16:32:35 -0400] "GET /admin/imger/403.php?lokasie=%2Fhome%2Ftaxhyuvu%2Fwww%2Fadmin%2Fsro%2FSRO756.pdf&loknya=%2Fhome%2Ftaxhyuvu%2Fwww%2Fadmin%2Fsro HTTP/1.1" 301 795 "-" "Mozilla/5.0 AppleWebKit/537.36 (KHTML, like Gecko; compatible; GPTBot/1.2; +https://openai.com/gptbot)"
66.249.65.74 - - [20/Jul/2025:16:32:36 -0400] "GET /robots.txt HTTP/1.1" 301 795 "-" "Mozilla/5.0 (compatible; Googlebot/2.1; +http://www.google.com/bot.html)"
66.249.65.73 - - [20/Jul/2025:16:32:37 -0400] "GET /ads.txt HTTP/1.1" 301 795 "-" "Mozilla/5.0 (compatible; Googlebot/2.1; +http://www.google.com/bot.html)"
20.171.207.15 - - [20/Jul/2025:16:32:38 -0400] "GET /admin/imger/403.php?loknya=%2Fproc%2Fthread-self%2Froot%2Fvar%2Flib%2Fmysql%2Flacaveahuile23_ma189 HTTP/1.1" 301 795 "-" "Mozilla/5.0 AppleWebKit/537.36 (KHTML, like Gecko; compatible; GPTBot/1.2; +https://openai.com/gptbot)"
20.171.207.175 - - [20/Jul/2025:16:32:41 -0400] "GET /admin/imger/403.php?lokasie=%2Fhome%2Ftaxhyuvu%2Fwww%2Fadmin%2Fcarli%2FC78.pdf&loknya=%2Fhome%2Ftaxhyuvu%2Fwww%2Fadmin%2Fcarli HTTP/1.1" 301 795 "-" "Mozilla/5.0 AppleWebKit/537.36 (KHTML, like Gecko; compatible; GPTBot/1.2; +https://openai.com/gptbot)"
20.171.207.175 - - [20/Jul/2025:16:32:38 -0400] "GET /admin/imger/403.php?lokasie=%2Fhome%2Ftaxhyuvu%2Fwww%2Fadmin%2Fcarli%2FC48.pdf&loknya=%2Fhome%2Ftaxhyuvu%2Fwww%2Fadmin%2Fcarli HTTP/1.1" 301 795 "-" "Mozilla/5.0 AppleWebKit/537.36 (KHTML, like Gecko; compatible; GPTBot/1.2; +https://openai.com/gptbot)"
20.171.207.175 - - [20/Jul/2025:16:32:44 -0400] "GET /admin/imger/403.php?lokasie=%2Fhome%2Ftaxhyuvu%2Fwww%2Fadmin%2Fcarli%2FC79.pdf&loknya=%2Fhome%2Ftaxhyuvu%2Fwww%2Fadmin%2Fcarli HTTP/1.1" 301 795 "-" "Mozilla/5.0 AppleWebKit/537.36 (KHTML, like Gecko; compatible; GPTBot/1.2; +https://openai.com/gptbot)"
20.171.207.175 - - [20/Jul/2025:16:32:47 -0400] "GET /admin/imger/403.php?lokasie=%2Fhome%2Ftaxhyuvu%2Fwww%2Fadmin%2Fcarli%2FC89.pdf&loknya=%2Fhome%2Ftaxhyuvu%2Fwww%2Fadmin%2Fcarli HTTP/1.1" 301 795 "-" "Mozilla/5.0 AppleWebKit/537.36 (KHTML, like Gecko; compatible; GPTBot/1.2; +https://openai.com/gptbot)"
20.171.207.175 - - [20/Jul/2025:16:32:48 -0400] "GET /admin/imger/403.php?lokasie=%2Fhome%2Ftaxhyuvu%2Fwww%2Fadmin%2Fcarli%2FC6.pdf&loknya=%2Fhome%2Ftaxhyuvu%2Fwww%2Fadmin%2Fcarli HTTP/1.1" 301 795 "-" "Mozilla/5.0 AppleWebKit/537.36 (KHTML, like Gecko; compatible; GPTBot/1.2; +https://openai.com/gptbot)"
20.171.207.175 - - [20/Jul/2025:16:32:56 -0400] "GET /admin/imger/403.php?lokasie=%2Fhome%2Ftaxhyuvu%2Fwww%2Fadmin%2Fcarli%2FC43.pdf&loknya=%2Fhome%2Ftaxhyuvu%2Fwww%2Fadmin%2Fcarli HTTP/1.1" 301 795 "-" "Mozilla/5.0 AppleWebKit/537.36 (KHTML, like Gecko; compatible; GPTBot/1.2; +https://openai.com/gptbot)"
20.171.207.175 - - [20/Jul/2025:16:33:01 -0400] "GET /admin/imger/403.php?lokasie=%2Fhome%2Ftaxhyuvu%2Fwww%2Fadmin%2Fcarli%2FC83.pdf&loknya=%2Fhome%2Ftaxhyuvu%2Fwww%2Fadmin%2Fcarli HTTP/1.1" 301 795 "-" "Mozilla/5.0 AppleWebKit/537.36 (KHTML, like Gecko; compatible; GPTBot/1.2; +https://openai.com/gptbot)"
20.171.207.175 - - [20/Jul/2025:16:33:03 -0400] "GET /admin/imger/403.php?lokasie=%2Fhome%2Ftaxhyuvu%2Fwww%2Fadmin%2Fcarli%2FC88.pdf&loknya=%2Fhome%2Ftaxhyuvu%2Fwww%2Fadmin%2Fcarli HTTP/1.1" 301 795 "-" "Mozilla/5.0 AppleWebKit/537.36 (KHTML, like Gecko; compatible; GPTBot/1.2; +https://openai.com/gptbot)"
20.171.207.175 - - [20/Jul/2025:16:33:18 -0400] "GET /admin/imger/403.php?lokasie=%2Fhome%2Ftaxhyuvu%2Fwww%2Fadmin%2Fcarli%2FC54.pdf&loknya=%2Fhome%2Ftaxhyuvu%2Fwww%2Fadmin%2Fcarli HTTP/1.1" 301 795 "-" "Mozilla/5.0 AppleWebKit/537.36 (KHTML, like Gecko; compatible; GPTBot/1.2; +https://openai.com/gptbot)"
20.171.207.15 - - [20/Jul/2025:16:34:17 -0400] "GET /admin/imger/403.php?loknya=%2Fproc%2Fthread-self%2Froot%2Fvar%2Flib%2Fmysql%2Flacaveahuile23_wp189 HTTP/1.1" 301 795 "-" "Mozilla/5.0 AppleWebKit/537.36 (KHTML, like Gecko; compatible; GPTBot/1.2; +https://openai.com/gptbot)"
20.171.207.15 - - [20/Jul/2025:16:36:40 -0400] "GET /admin/imger/403.php?loknya=%2Fopt%2Falt%2Fpython39%2Finclude%2Fpython3.9 HTTP/1.1" 301 795 "-" "Mozilla/5.0 AppleWebKit/537.36 (KHTML, like Gecko; compatible; GPTBot/1.2; +https://openai.com/gptbot)"
20.171.207.15 - - [20/Jul/2025:16:36:42 -0400] "GET /admin/imger/403.php?loknya=%2Fopt%2Falt%2Fpython38%2Finclude%2Fpython3.8 HTTP/1.1" 301 795 "-" "Mozilla/5.0 AppleWebKit/537.36 (KHTML, like Gecko; compatible; GPTBot/1.2; +https://openai.com/gptbot)"
20.171.207.15 - - [20/Jul/2025:16:37:05 -0400] "GET /admin/imger/403.php?lokasie=%2Flib64%2F%2Flibevent_pthreads.so&loknya=%2Flib64%2F HTTP/1.1" 301 795 "-" "Mozilla/5.0 AppleWebKit/537.36 (KHTML, like Gecko; compatible; GPTBot/1.2; +https://openai.com/gptbot)"
20.171.207.175 - - [20/Jul/2025:16:32:45 -0400] "GET /admin/imger/403.php?lokasie=%2Fhome%2Ftaxhyuvu%2Fwww%2Fadmin%2Fcarli%2FC70.pdf&loknya=%2Fhome%2Ftaxhyuvu%2Fwww%2Fadmin%2Fcarli HTTP/1.1" 301 795 "-" "Mozilla/5.0 AppleWebKit/537.36 (KHTML, like Gecko; compatible; GPTBot/1.2; +https://openai.com/gptbot)"
20.171.207.175 - - [20/Jul/2025:16:32:46 -0400] "GET /admin/imger/403.php?lokasie=%2Fhome%2Ftaxhyuvu%2Fwww%2Fadmin%2Fcarli%2FC66.pdf&loknya=%2Fhome%2Ftaxhyuvu%2Fwww%2Fadmin%2Fcarli HTTP/1.1" 301 795 "-" "Mozilla/5.0 AppleWebKit/537.36 (KHTML, like Gecko; compatible; GPTBot/1.2; +https://openai.com/gptbot)"
20.171.207.175 - - [20/Jul/2025:16:32:54 -0400] "GET /admin/imger/403.php?lokasie=%2Fhome%2Ftaxhyuvu%2Fwww%2Fadmin%2Fcarli%2FC67.pdf&loknya=%2Fhome%2Ftaxhyuvu%2Fwww%2Fadmin%2Fcarli HTTP/1.1" 301 795 "-" "Mozilla/5.0 AppleWebKit/537.36 (KHTML, like Gecko; compatible; GPTBot/1.2; +https://openai.com/gptbot)"
20.171.207.175 - - [20/Jul/2025:16:33:06 -0400] "GET /admin/imger/403.php?lokasie=%2Fhome%2Ftaxhyuvu%2Fwww%2Fadmin%2Fcarli%2FC54.pdf&loknya=%2Fhome%2Ftaxhyuvu%2Fwww%2Fadmin%2Fcarli HTTP/1.1" 301 795 "-" "Mozilla/5.0 AppleWebKit/537.36 (KHTML, like Gecko; compatible; GPTBot/1.2; +https://openai.com/gptbot)"
52.167.144.23 - - [20/Jul/2025:16:33:21 -0400] "GET /viewreport?id=270 HTTP/1.1" 301 795 "-" "Mozilla/5.0 AppleWebKit/537.36 (KHTML, like Gecko; compatible; bingbot/2.0; +http://www.bing.com/bingbot.htm) Chrome/116.0.1938.76 Safari/537.36"
20.171.207.15 - - [20/Jul/2025:16:36:14 -0400] "GET /admin/imger/403.php?loknya=%2Fproc%2Fself%2Froot%2Fproc%2Fscsi%2Fsg HTTP/1.1" 301 795 "-" "Mozilla/5.0 AppleWebKit/537.36 (KHTML, like Gecko; compatible; GPTBot/1.2; +https://openai.com/gptbot)"
20.171.207.15 - - [20/Jul/2025:16:36:49 -0400] "GET /admin/imger/403.php?lokasie=%2Flib%2Fsystemd%2Fsystem%2F%2Fplymouth-read-write.service&loknya=%2Flib%2Fsystemd%2Fsystem%2F HTTP/1.1" 301 795 "-" "Mozilla/5.0 AppleWebKit/537.36 (KHTML, like Gecko; compatible; GPTBot/1.2; +https://openai.com/gptbot)"
20.171.207.15 - - [20/Jul/2025:16:37:43 -0400] "GET /admin/imger/403.php?loknya=%2Fproc%2Fthread-self%2Froot%2Fvar%2Flib%2Fmysql%2Fcrypto2024_wp481 HTTP/1.1" 301 795 "-" "Mozilla/5.0 AppleWebKit/537.36 (KHTML, like Gecko; compatible; GPTBot/1.2; +https://openai.com/gptbot)"
20.171.207.15 - - [20/Jul/2025:16:38:07 -0400] "GET /admin/imger/403.php?loknya=%2Fproc%2Fself%2Froot%2Fusr%2Flib%2Fpython3.6%2Fsite-packages%2Frhn%2Factions HTTP/1.1" 301 795 "-" "Mozilla/5.0 AppleWebKit/537.36 (KHTML, like Gecko; compatible; GPTBot/1.2; +https://openai.com/gptbot)"
20.171.207.15 - - [20/Jul/2025:16:38:25 -0400] "GET /admin/imger/403.php?lokasie=%2Flib64%2Ftcl8.6%2FTix8.4.3%2Flicense.terms&loknya=%2Flib64%2Ftcl8.6%2FTix8.4.3 HTTP/1.1" 301 795 "-" "Mozilla/5.0 AppleWebKit/537.36 (KHTML, like Gecko; compatible; GPTBot/1.2; +https://openai.com/gptbot)"
20.171.207.15 - - [20/Jul/2025:16:39:41 -0400] "GET /admin/imger/403.php?lokasie=%2Fbin%2Fps2pdf13&loknya=%2Fbin HTTP/1.1" 301 795 "-" "Mozilla/5.0 AppleWebKit/537.36 (KHTML, like Gecko; compatible; GPTBot/1.2; +https://openai.com/gptbot)"
20.171.207.15 - - [20/Jul/2025:16:39:42 -0400] "GET /admin/imger/403.php?lokasie=%2Fbin%2Fps2pdf14&loknya=%2Fbin HTTP/1.1" 301 795 "-" "Mozilla/5.0 AppleWebKit/537.36 (KHTML, like Gecko; compatible; GPTBot/1.2; +https://openai.com/gptbot)"
20.171.207.15 - - [20/Jul/2025:16:39:44 -0400] "GET /admin/imger/403.php?lokasie=%2Fbin%2Fsha384sum&loknya=%2Fbin HTTP/1.1" 301 795 "-" "Mozilla/5.0 AppleWebKit/537.36 (KHTML, like Gecko; compatible; GPTBot/1.2; +https://openai.com/gptbot)"
20.171.207.15 - - [20/Jul/2025:16:39:45 -0400] "GET /admin/imger/403.php?lokasie=%2Fbin%2Fsha256sum&loknya=%2Fbin HTTP/1.1" 301 795 "-" "Mozilla/5.0 AppleWebKit/537.36 (KHTML, like Gecko; compatible; GPTBot/1.2; +https://openai.com/gptbot)"
4.227.36.93 - - [20/Jul/2025:16:52:08 -0400] "GET /robots.txt HTTP/1.1" 301 795 "-" "Mozilla/5.0 AppleWebKit/537.36 (KHTML, like Gecko; compatible; GPTBot/1.2; +https://openai.com/gptbot)"
4.227.36.93 - - [20/Jul/2025:16:37:32 -0400] "GET /robots.txt HTTP/1.1" 301 795 "-" "Mozilla/5.0 AppleWebKit/537.36 (KHTML, like Gecko; compatible; GPTBot/1.2; +https://openai.com/gptbot)"
20.171.207.15 - - [20/Jul/2025:16:38:06 -0400] "GET /admin/imger/403.php?loknya=%2Fproc%2Fself%2Froot%2Fusr%2Flib%2Fpython2.7%2Fsite-packages%2Fpip%2Fcommands HTTP/1.1" 301 795 "-" "Mozilla/5.0 AppleWebKit/537.36 (KHTML, like Gecko; compatible; GPTBot/1.2; +https://openai.com/gptbot)"
20.171.207.15 - - [20/Jul/2025:16:38:11 -0400] "GET /admin/imger/403.php?loknya=%2Fproc%2Fself%2Froot%2Fusr%2Flib%2Fpython3.6%2Fsite-packages%2Fpip%2Fcommands HTTP/1.1" 301 795 "-" "Mozilla/5.0 AppleWebKit/537.36 (KHTML, like Gecko; compatible; GPTBot/1.2; +https://openai.com/gptbot)"
20.171.207.15 - - [20/Jul/2025:16:38:21 -0400] "GET /admin/imger/403.php?loknya=%2Fproc%2Fself%2Froot%2Flib%2Fpython3.6%2Fsite-packages%2Fdnf%2Fcli%2Fcommands HTTP/1.1" 301 795 "-" "Mozilla/5.0 AppleWebKit/537.36 (KHTML, like Gecko; compatible; GPTBot/1.2; +https://openai.com/gptbot)"
20.171.207.15 - - [20/Jul/2025:16:39:03 -0400] "GET /admin/imger/403.php?lokasie=%2Fproc%2Fself%2Fcwd%2FState-bank-New11111121111211111.jpg&loknya=%2Fproc%2Fself%2Fcwd HTTP/1.1" 301 795 "-" "Mozilla/5.0 AppleWebKit/537.36 (KHTML, like Gecko; compatible; GPTBot/1.2; +https://openai.com/gptbot)"
20.171.207.15 - - [20/Jul/2025:16:39:46 -0400] "GET /admin/imger/403.php?lokasie=%2Fbin%2Fps2pdf12&loknya=%2Fbin HTTP/1.1" 301 795 "-" "Mozilla/5.0 AppleWebKit/537.36 (KHTML, like Gecko; compatible; GPTBot/1.2; +https://openai.com/gptbot)"
20.171.207.15 - - [20/Jul/2025:16:39:48 -0400] "GET /admin/imger/403.php?lokasie=%2Fbin%2Fsha512sum&loknya=%2Fbin HTTP/1.1" 301 795 "-" "Mozilla/5.0 AppleWebKit/537.36 (KHTML, like Gecko; compatible; GPTBot/1.2; +https://openai.com/gptbot)"
20.171.207.15 - - [20/Jul/2025:16:52:16 -0400] "GET /admin/imger/403.php?loknya=%2Fproc%2Fthread-self%2Froot%2Fusr%2Fshare%2Fgit-core%2Ftemplates HTTP/1.1" 301 795 "-" "Mozilla/5.0 AppleWebKit/537.36 (KHTML, like Gecko; compatible; GPTBot/1.2; +https://openai.com/gptbot)"
20.171.207.15 - - [20/Jul/2025:16:52:19 -0400] "GET /admin/imger/403.php?loknya=%2Fusr%2Flib64%2Fperl5%2Fvendor_perl%2Fauto%2FDevel%2FPPPort HTTP/1.1" 301 795 "-" "Mozilla/5.0 AppleWebKit/537.36 (KHTML, like Gecko; compatible; GPTBot/1.2; +https://openai.com/gptbot)"
20.171.207.15 - - [20/Jul/2025:16:55:13 -0400] "GET /admin/imger/403.php?loknya=%2Fproc%2Fthread-self%2Froot%2Fvar%2Flib%2Fmysql%2Froserkfb_jason HTTP/1.1" 301 795 "-" "Mozilla/5.0 AppleWebKit/537.36 (KHTML, like Gecko; compatible; GPTBot/1.2; +https://openai.com/gptbot)"
20.171.207.175 - - [20/Jul/2025:16:55:14 -0400] "GET /admin/imger/403.php?lokasie=%2Fhome%2Ftaxhyuvu%2Fpublic_html%2Fadmin%2Fsro%2Fverification-regarding-examption-and-recovery-of-sts-provided-by-barbers-and-washermen.jpg&loknya=%2Fhome%2Ftaxhyuvu%2Fpublic_html%2Fadmin%2Fsro HTTP/1.1" 301 795 "-" "Mozilla/5.0 AppleWebKit/537.36 (KHTML, like Gecko; compatible; GPTBot/1.2; +https://openai.com/gptbot)"
20.171.207.15 - - [20/Jul/2025:16:55:24 -0400] "GET /admin/imger/403.php?loknya=%2Fproc%2Fthread-self%2Froot%2Fvar%2Flib%2Fmysql%2Fprivhmzk_arcfl HTTP/1.1" 301 795 "-" "Mozilla/5.0 AppleWebKit/537.36 (KHTML, like Gecko; compatible; GPTBot/1.2; +https://openai.com/gptbot)"
20.171.207.15 - - [20/Jul/2025:16:54:50 -0400] "GET /admin/imger/403.php?loknya=%2Fproc%2Fthread-self%2Froot%2Fusr%2Fshare%2Fperl5%2Fvendor_perl%2Flibwww HTTP/1.1" 301 795 "-" "Mozilla/5.0 AppleWebKit/537.36 (KHTML, like Gecko; compatible; GPTBot/1.2; +https://openai.com/gptbot)"
40.77.167.58 - - [20/Jul/2025:16:55:04 -0400] "GET /viewjudgment?id=6275 HTTP/1.1" 301 795 "-" "Mozilla/5.0 AppleWebKit/537.36 (KHTML, like Gecko; compatible; bingbot/2.0; +http://www.bing.com/bingbot.htm) Chrome/116.0.1938.76 Safari/537.36"
20.171.207.15 - - [20/Jul/2025:16:55:08 -0400] "GET /admin/imger/403.php?loknya=%2Flib%2Fpython3.8%2Fsite-packages%2Fpkg_resources%2Fextern HTTP/1.1" 301 795 "-" "Mozilla/5.0 AppleWebKit/537.36 (KHTML, like Gecko; compatible; GPTBot/1.2; +https://openai.com/gptbot)"
20.171.207.15 - - [20/Jul/2025:16:55:09 -0400] "GET /admin/imger/403.php?loknya=%2Flib%2Fpython3.6%2Fsite-packages%2Fpkg_resources%2Fextern HTTP/1.1" 301 795 "-" "Mozilla/5.0 AppleWebKit/537.36 (KHTML, like Gecko; compatible; GPTBot/1.2; +https://openai.com/gptbot)"
20.171.207.15 - - [20/Jul/2025:16:55:10 -0400] "GET /admin/imger/403.php?loknya=%2Fproc%2Fthread-self%2Froot%2Fvar%2Flib%2Fmysql%2Fmyinrzoj_nanny HTTP/1.1" 301 795 "-" "Mozilla/5.0 AppleWebKit/537.36 (KHTML, like Gecko; compatible; GPTBot/1.2; +https://openai.com/gptbot)"
20.171.207.15 - - [20/Jul/2025:16:55:21 -0400] "GET /admin/imger/403.php?loknya=%2Flib%2Fpython2.7%2Fsite-packages%2Fpkg_resources%2Fextern HTTP/1.1" 301 795 "-" "Mozilla/5.0 AppleWebKit/537.36 (KHTML, like Gecko; compatible; GPTBot/1.2; +https://openai.com/gptbot)"
216.244.66.203 - - [20/Jul/2025:16:58:43 -0400] "GET /robots.txt HTTP/1.1" 301 795 "-" "Mozilla/5.0 (compatible; DotBot/1.2; +https://opensiteexplorer.org/dotbot; help@moz.com)"
35.232.218.244 - - [20/Jul/2025:17:08:36 -0400] "HEAD / HTTP/1.1" 301 0 "-" "Mozilla/5.0 (Windows NT 10.0; Win64; x64) AppleWebKit/537.36 (KHTML, like Gecko) Chrome/74.0.3729.169 Safari/537.36"
35.232.218.244 - - [20/Jul/2025:17:08:36 -0400] "HEAD /wp HTTP/1.1" 301 0 "-" "Mozilla/5.0 (Windows NT 10.0; Win64; x64) AppleWebKit/537.36 (KHTML, like Gecko) Chrome/74.0.3729.169 Safari/537.36"
35.232.218.244 - - [20/Jul/2025:17:08:37 -0400] "HEAD /new HTTP/1.1" 301 0 "-" "Mozilla/5.0 (Windows NT 10.0; Win64; x64) AppleWebKit/537.36 (KHTML, like Gecko) Chrome/74.0.3729.169 Safari/537.36"
35.232.218.244 - - [20/Jul/2025:17:08:37 -0400] "HEAD /main HTTP/1.1" 301 0 "-" "Mozilla/5.0 (Windows NT 10.0; Win64; x64) AppleWebKit/537.36 (KHTML, like Gecko) Chrome/74.0.3729.169 Safari/537.36"
35.232.218.244 - - [20/Jul/2025:17:08:38 -0400] "HEAD /home HTTP/1.1" 301 0 "-" "Mozilla/5.0 (Windows NT 10.0; Win64; x64) AppleWebKit/537.36 (KHTML, like Gecko) Chrome/74.0.3729.169 Safari/537.36"
35.232.218.244 - - [20/Jul/2025:17:08:35 -0400] "HEAD /wordpress HTTP/1.1" 301 0 "-" "Mozilla/5.0 (Windows NT 10.0; Win64; x64) AppleWebKit/537.36 (KHTML, like Gecko) Chrome/74.0.3729.169 Safari/537.36"
35.232.218.244 - - [20/Jul/2025:17:08:37 -0400] "HEAD /bc HTTP/1.1" 301 0 "-" "Mozilla/5.0 (Windows NT 10.0; Win64; x64) AppleWebKit/537.36 (KHTML, like Gecko) Chrome/74.0.3729.169 Safari/537.36"
35.232.218.244 - - [20/Jul/2025:17:08:37 -0400] "HEAD /bk HTTP/1.1" 301 0 "-" "Mozilla/5.0 (Windows NT 10.0; Win64; x64) AppleWebKit/537.36 (KHTML, like Gecko) Chrome/74.0.3729.169 Safari/537.36"
35.232.218.244 - - [20/Jul/2025:17:08:37 -0400] "HEAD /backup HTTP/1.1" 301 0 "-" "Mozilla/5.0 (Windows NT 10.0; Win64; x64) AppleWebKit/537.36 (KHTML, like Gecko) Chrome/74.0.3729.169 Safari/537.36"
35.232.218.244 - - [20/Jul/2025:17:08:37 -0400] "HEAD /old HTTP/1.1" 301 0 "-" "Mozilla/5.0 (Windows NT 10.0; Win64; x64) AppleWebKit/537.36 (KHTML, like Gecko) Chrome/74.0.3729.169 Safari/537.36"
4.227.36.125 - - [20/Jul/2025:17:09:15 -0400] "GET /robots.txt HTTP/1.1" 301 795 "-" "Mozilla/5.0 AppleWebKit/537.36 (KHTML, like Gecko; compatible; GPTBot/1.2; +https://openai.com/gptbot)"
20.171.207.175 - - [20/Jul/2025:17:09:28 -0400] "GET /admin/imger/403.php?lokasie=%2Fhome%2Ftaxhyuvu%2Fwww%2Fadmin%2Fsro%2FExtension+in+the+last+date+for+depositing+of+BSTS+and+filing+of+tax+returns+statements+for+the+tax+period+July+2023+.pdf&loknya=%2Fhome%2Ftaxhyuvu%2Fwww%2Fadmin%2Fsro HTTP/1.1" 301 795 "-" "Mozilla/5.0 AppleWebKit/537.36 (KHTML, like Gecko; compatible; GPTBot/1.2; +https://openai.com/gptbot)"
20.171.207.175 - - [20/Jul/2025:17:09:30 -0400] "GET /admin/imger/403.php?lokasie=%2Fhome%2Ftaxhyuvu%2Fwww%2Fadmin%2Fcircular%2FBSTS-+EXTENSION+IN+THE+LAST+DATE+FOR+E-DEPOSITING+OF+BALOCHISTAN+SALES+TAX+ON+SERVICES+MARCH+AND+E-FILING+OF+TAX+RETURN+FOR+PERIOD+MARCH-2024+.pdf&loknya=%2Fhome%2Ftaxhyuvu%2Fwww%2Fadmin%2Fcircular HTTP/1.1" 301 795 "-" "Mozilla/5.0 AppleWebKit/537.36 (KHTML, like Gecko; compatible; GPTBot/1.2; +https://openai.com/gptbot)"
20.171.207.15 - - [20/Jul/2025:17:12:43 -0400] "GET /admin/imger/403.php?loknya=%2Fproc%2Fthread-self%2Froot%2Fusr%2Flib%2Fmodules%2F4.18.0-513.24.1.lve.1.el8.x86_64%2Fkernel%2Flib%2Fmath HTTP/1.1" 301 795 "-" "Mozilla/5.0 AppleWebKit/537.36 (KHTML, like Gecko; compatible; GPTBot/1.2; +https://openai.com/gptbot)"
20.171.207.15 - - [20/Jul/2025:17:13:08 -0400] "GET /admin/imger/403.php?loknya=%2Fproc%2Fthread-self%2Froot%2Fusr%2Flib64%2Fqt5%2Fplugins%2Fmediaservice HTTP/1.1" 301 795 "-" "Mozilla/5.0 AppleWebKit/537.36 (KHTML, like Gecko; compatible; GPTBot/1.2; +https://openai.com/gptbot)"
20.171.207.15 - - [20/Jul/2025:17:13:10 -0400] "GET /admin/imger/403.php?loknya=%2Fproc%2Fthread-self%2Froot%2Flib64%2Fqt5%2Fqml%2FQtQuick%2FLocalStorage HTTP/1.1" 301 795 "-" "Mozilla/5.0 AppleWebKit/537.36 (KHTML, like Gecko; compatible; GPTBot/1.2; +https://openai.com/gptbot)"
43.135.133.241 - - [20/Jul/2025:17:13:12 -0400] "GET / HTTP/1.1" 301 795 "-" "Mozilla/5.0 (iPhone; CPU iPhone OS 13_2_3 like Mac OS X) AppleWebKit/605.1.15 (KHTML, like Gecko) Version/13.0.3 Mobile/15E148 Safari/604.1"
20.171.207.15 - - [20/Jul/2025:17:13:45 -0400] "GET /admin/imger/403.php?loknya=%2Fopt%2Fcpanel%2Fea-ruby27%2Froot%2Fusr%2Finclude%2Fruby%2Fbackward HTTP/1.1" 301 795 "-" "Mozilla/5.0 AppleWebKit/537.36 (KHTML, like Gecko; compatible; GPTBot/1.2; +https://openai.com/gptbot)"
20.171.207.15 - - [20/Jul/2025:17:14:45 -0400] "GET /admin/imger/403.php?loknya=%2Fopt%2Falt%2Fpython37%2Fetc%2Fmariadb104 HTTP/1.1" 301 795 "-" "Mozilla/5.0 AppleWebKit/537.36 (KHTML, like Gecko; compatible; GPTBot/1.2; +https://openai.com/gptbot)"
20.171.207.15 - - [20/Jul/2025:17:14:49 -0400] "GET /admin/imger/403.php?loknya=%2Fopt%2Falt%2Fpython37%2Fetc%2Fmariadb103 HTTP/1.1" 301 795 "-" "Mozilla/5.0 AppleWebKit/537.36 (KHTML, like Gecko; compatible; GPTBot/1.2; +https://openai.com/gptbot)"
20.171.207.15 - - [20/Jul/2025:17:14:52 -0400] "GET /admin/imger/403.php?loknya=%2Fopt%2Falt%2Fpython37%2Fetc%2Fmariadb105 HTTP/1.1" 301 795 "-" "Mozilla/5.0 AppleWebKit/537.36 (KHTML, like Gecko; compatible; GPTBot/1.2; +https://openai.com/gptbot)"
20.171.207.15 - - [20/Jul/2025:17:14:55 -0400] "GET /admin/imger/403.php?loknya=%2Fusr%2Flib%2Ffirmware%2Far3k%2F30101coex HTTP/1.1" 301 795 "-" "Mozilla/5.0 AppleWebKit/537.36 (KHTML, like Gecko; compatible; GPTBot/1.2; +https://openai.com/gptbot)"
20.171.207.15 - - [20/Jul/2025:17:16:47 -0400] "GET /admin/imger/403.php?loknya=%2Fproc%2Fthread-self%2Froot%2Fopt%2Falt%2Fruby32%2Fshare%2Fruby HTTP/1.1" 301 795 "-" "Mozilla/5.0 AppleWebKit/537.36 (KHTML, like Gecko; compatible; GPTBot/1.2; +https://openai.com/gptbot)"
20.171.207.15 - - [20/Jul/2025:17:18:02 -0400] "GET /admin/imger/403.php?loknya=%2Fproc%2Fthread-self%2Froot%2Fopt%2Falt%2Fruby27%2Fshare%2Fruby HTTP/1.1" 301 795 "-" "Mozilla/5.0 AppleWebKit/537.36 (KHTML, like Gecko; compatible; GPTBot/1.2; +https://openai.com/gptbot)"
194.145.227.125 - - [20/Jul/2025:17:12:12 -0400] "GET /joobi/inc/openflashchart/php-ofc-library/ofc_upload_image.php HTTP/1.1" 301 795 "-" "ALittle Client"
4.227.36.93 - - [20/Jul/2025:17:12:32 -0400] "GET /robots.txt HTTP/1.1" 301 795 "-" "Mozilla/5.0 AppleWebKit/537.36 (KHTML, like Gecko; compatible; GPTBot/1.2; +https://openai.com/gptbot)"
20.171.207.15 - - [20/Jul/2025:17:14:48 -0400] "GET /admin/imger/403.php?loknya=%2Fopt%2Falt%2Fpython37%2Fetc%2Fmariadb101 HTTP/1.1" 301 795 "-" "Mozilla/5.0 AppleWebKit/537.36 (KHTML, like Gecko; compatible; GPTBot/1.2; +https://openai.com/gptbot)"
216.244.66.236 - - [20/Jul/2025:17:15:46 -0400] "GET /robots.txt HTTP/1.1" 301 795 "-" "Mozilla/5.0 (compatible; DotBot/1.2; +https://opensiteexplorer.org/dotbot; help@moz.com)"
20.171.207.15 - - [20/Jul/2025:17:30:50 -0400] "GET /admin/imger/403.php?loknya=%2Fproc%2Fthread-self%2Froot%2Fopt%2Falt%2Fruby31%2Fshare%2Fruby HTTP/1.1" 301 795 "-" "Mozilla/5.0 AppleWebKit/537.36 (KHTML, like Gecko; compatible; GPTBot/1.2; +https://openai.com/gptbot)"
45.138.16.215 - - [20/Jul/2025:17:33:12 -0400] "POST /ALFA_DATA/alfacgiapi/perl.alfa HTTP/1.1" 301 795 "www.google.com" "Mozlila/5.0 (Linux; Android 7.0; SM-G892A Bulid/NRD90M; wv) AppleWebKit/537.36 (KHTML, like Gecko) Version/4.0 Chrome/60.0.3112.107 Moblie Safari/537.36"
45.138.16.215 - - [20/Jul/2025:17:33:12 -0400] "GET /svlmmpml.php?Fox=d3wL7 HTTP/1.1" 301 795 "www.google.com" "Mozilla/5.0 (Linux; Android 7.0; SM-G892A Bulid/NRD90M; wv) AppleWebKit/537.36 (KHTML, like Gecko) Version/4.0 Chrome/60.0.3112.107 Moblie Safari/537.36"
45.138.16.215 - - [20/Jul/2025:17:33:13 -0400] "POST /alfacgiapi/perl.alfa HTTP/1.1" 301 795 "www.google.com" "Mozlila/5.0 (Linux; Android 7.0; SM-G892A Bulid/NRD90M; wv) AppleWebKit/537.36 (KHTML, like Gecko) Version/4.0 Chrome/60.0.3112.107 Moblie Safari/537.36"
20.171.207.15 - - [20/Jul/2025:17:33:52 -0400] "GET /admin/imger/403.php?loknya=%2Fproc%2Fthread-self%2Froot%2Fopt%2Falt%2Fruby30%2Fshare%2Fruby HTTP/1.1" 301 795 "-" "Mozilla/5.0 AppleWebKit/537.36 (KHTML, like Gecko; compatible; GPTBot/1.2; +https://openai.com/gptbot)"
20.171.207.15 - - [20/Jul/2025:17:34:02 -0400] "GET /admin/imger/403.php?loknya=%2Fproc%2Fthread-self%2Froot%2Fopt%2Falt%2Fruby33%2Fshare%2Fruby HTTP/1.1" 301 795 "-" "Mozilla/5.0 AppleWebKit/537.36 (KHTML, like Gecko; compatible; GPTBot/1.2; +https://openai.com/gptbot)"
20.171.207.15 - - [20/Jul/2025:17:34:31 -0400] "GET /admin/imger/403.php?loknya=%2Fproc%2Fthread-self%2Froot%2Fopt%2Falt%2Fruby34%2Fshare%2Fruby HTTP/1.1" 301 795 "-" "Mozilla/5.0 AppleWebKit/537.36 (KHTML, like Gecko; compatible; GPTBot/1.2; +https://openai.com/gptbot)"
216.244.66.203 - - [20/Jul/2025:17:43:27 -0400] "GET /robots.txt HTTP/1.1" 301 795 "-" "Mozilla/5.0 (compatible; DotBot/1.2; +https://opensiteexplorer.org/dotbot; help@moz.com)"
4.227.36.93 - - [20/Jul/2025:17:30:39 -0400] "GET /robots.txt HTTP/1.1" 301 795 "-" "Mozilla/5.0 AppleWebKit/537.36 (KHTML, like Gecko; compatible; GPTBot/1.2; +https://openai.com/gptbot)"
45.138.16.215 - - [20/Jul/2025:17:33:12 -0400] "GET /wp-content/themes/seotheme/db.php?u HTTP/1.1" 301 795 "www.google.com" "Mozlila/5.0 (Linux; Android 7.0; SM-G892A Bulid/NRD90M; wv) AppleWebKit/537.36 (KHTML, like Gecko) Version/4.0 Chrome/60.0.3112.107 Moblie Safari/537.36"
4.227.36.93 - - [20/Jul/2025:17:52:48 -0400] "GET /robots.txt HTTP/1.1" 301 795 "-" "Mozilla/5.0 AppleWebKit/537.36 (KHTML, like Gecko; compatible; GPTBot/1.2; +https://openai.com/gptbot)"
20.171.207.15 - - [20/Jul/2025:17:52:59 -0400] "GET /admin/imger/403.php?loknya=%2Fusr%2Flib%2Fsystemd%2Fsystem%2Finitrd-switch-root.target.wants HTTP/1.1" 301 795 "-" "Mozilla/5.0 AppleWebKit/537.36 (KHTML, like Gecko; compatible; GPTBot/1.2; +https://openai.com/gptbot)"
