20.171.207.50 - - [20/Jul/2025:11:00:19 -0400] "GET /admin/imger/403.php?loknya=%2Fproc%2Fself%2Froot%2Fusr%2Flib64%2Fsecurity HTTP/1.1" 301 795 "-" "Mozilla/5.0 AppleWebKit/537.36 (KHTML, like Gecko; compatible; GPTBot/1.2; +https://openai.com/gptbot)"
216.244.66.203 - - [20/Jul/2025:11:00:20 -0400] "GET /robots.txt HTTP/1.1" 301 795 "-" "Mozilla/5.0 (compatible; DotBot/1.2; +https://opensiteexplorer.org/dotbot; help@moz.com)"
4.227.36.0 - - [20/Jul/2025:10:49:12 -0400] "GET /robots.txt HTTP/1.1" 301 795 "-" "Mozilla/5.0 AppleWebKit/537.36 (KHTML, like Gecko; compatible; GPTBot/1.2; +https://openai.com/gptbot)"
20.171.207.50 - - [20/Jul/2025:10:49:18 -0400] "GET /admin/imger/403.php?loknya=%2Fproc%2Fself%2Froot%2Flib%2Ftuned%2Faccelerator-performance HTTP/1.1" 301 795 "-" "Mozilla/5.0 AppleWebKit/537.36 (KHTML, like Gecko; compatible; GPTBot/1.2; +https://openai.com/gptbot)"
20.171.207.50 - - [20/Jul/2025:10:49:21 -0400] "GET /admin/imger/403.php?loknya=%2Fproc%2Fself%2Froot%2Flib64%2Fpython3.8%2Fconcurrent HTTP/1.1" 301 795 "-" "Mozilla/5.0 AppleWebKit/537.36 (KHTML, like Gecko; compatible; GPTBot/1.2; +https://openai.com/gptbot)"
20.171.207.50 - - [20/Jul/2025:10:49:35 -0400] "GET /admin/imger/403.php?loknya=%2Fproc%2Fself%2Froot%2Flib%2Frpm%2Fplatform%2Fmips64r6-linux HTTP/1.1" 301 795 "-" "Mozilla/5.0 AppleWebKit/537.36 (KHTML, like Gecko; compatible; GPTBot/1.2; +https://openai.com/gptbot)"
20.171.207.50 - - [20/Jul/2025:10:49:37 -0400] "GET /admin/imger/403.php?loknya=%2Fproc%2Fself%2Froot%2Flib64%2Fpython2.7%2Fctypes%2Fmacholib HTTP/1.1" 301 795 "-" "Mozilla/5.0 AppleWebKit/537.36 (KHTML, like Gecko; compatible; GPTBot/1.2; +https://openai.com/gptbot)"
20.171.207.50 - - [20/Jul/2025:10:49:38 -0400] "GET /admin/imger/403.php?loknya=%2Fopt%2Fcpanel%2Fea-ruby27%2Froot%2Flib64%2Fpkgconfig HTTP/1.1" 301 795 "-" "Mozilla/5.0 AppleWebKit/537.36 (KHTML, like Gecko; compatible; GPTBot/1.2; +https://openai.com/gptbot)"
20.171.207.50 - - [20/Jul/2025:10:49:51 -0400] "GET /admin/imger/403.php?loknya=%2Fusr%2Flib64%2Fguile%2F2.0%2Fccache%2Flanguage%2Fecmascript HTTP/1.1" 301 795 "-" "Mozilla/5.0 AppleWebKit/537.36 (KHTML, like Gecko; compatible; GPTBot/1.2; +https://openai.com/gptbot)"
20.171.207.50 - - [20/Jul/2025:10:50:48 -0400] "GET /admin/imger/403.php?loknya=%2Fproc%2Fself%2Froot%2Flib64%2Fperl5%2Fvendor_perl%2Fthreads HTTP/1.1" 301 795 "-" "Mozilla/5.0 AppleWebKit/537.36 (KHTML, like Gecko; compatible; GPTBot/1.2; +https://openai.com/gptbot)"
20.171.207.50 - - [20/Jul/2025:10:51:02 -0400] "GET /admin/imger/403.php?loknya=%2Fproc%2Fself%2Froot%2Flib64%2Fpython3.8%2Fturtledemo HTTP/1.1" 301 795 "-" "Mozilla/5.0 AppleWebKit/537.36 (KHTML, like Gecko; compatible; GPTBot/1.2; +https://openai.com/gptbot)"
20.171.207.50 - - [20/Jul/2025:10:51:11 -0400] "GET /admin/imger/403.php?loknya=%2Flib%2Fsystemd%2Fsystem%2Finitrd.target.wants HTTP/1.1" 301 795 "-" "Mozilla/5.0 AppleWebKit/537.36 (KHTML, like Gecko; compatible; GPTBot/1.2; +https://openai.com/gptbot)"
4.227.36.0 - - [20/Jul/2025:11:00:11 -0400] "GET /robots.txt HTTP/1.1" 301 795 "-" "Mozilla/5.0 AppleWebKit/537.36 (KHTML, like Gecko; compatible; GPTBot/1.2; +https://openai.com/gptbot)"
216.244.66.203 - - [20/Jul/2025:11:00:20 -0400] "GET /robots.txt HTTP/1.1" 301 795 "-" "Mozilla/5.0 (compatible; DotBot/1.2; +https://opensiteexplorer.org/dotbot; help@moz.com)"
20.171.207.50 - - [20/Jul/2025:11:03:33 -0400] "GET /admin/imger/403.php?loknya=%2Fopt%2Fcloudlinux%2Falt-php84%2Froot%2Fetc%2Fmariadb102 HTTP/1.1" 301 795 "-" "Mozilla/5.0 AppleWebKit/537.36 (KHTML, like Gecko; compatible; GPTBot/1.2; +https://openai.com/gptbot)"
20.171.207.50 - - [20/Jul/2025:11:03:53 -0400] "GET /admin/imger/403.php?loknya=%2Fopt%2Fcloudlinux%2Falt-php80%2Froot%2Fetc%2Fmariadb103 HTTP/1.1" 301 795 "-" "Mozilla/5.0 AppleWebKit/537.36 (KHTML, like Gecko; compatible; GPTBot/1.2; +https://openai.com/gptbot)"
20.171.207.50 - - [20/Jul/2025:11:03:54 -0400] "GET /admin/imger/403.php?loknya=%2Fopt%2Fcloudlinux%2Falt-php73%2Froot%2Fetc%2Fmariadb10 HTTP/1.1" 301 795 "-" "Mozilla/5.0 AppleWebKit/537.36 (KHTML, like Gecko; compatible; GPTBot/1.2; +https://openai.com/gptbot)"
20.171.207.50 - - [20/Jul/2025:11:03:56 -0400] "GET /admin/imger/403.php?loknya=%2Fopt%2Fcloudlinux%2Falt-php81%2Froot%2Fetc%2Fmariadb104 HTTP/1.1" 301 795 "-" "Mozilla/5.0 AppleWebKit/537.36 (KHTML, like Gecko; compatible; GPTBot/1.2; +https://openai.com/gptbot)"
20.171.207.50 - - [20/Jul/2025:11:04:09 -0400] "GET /admin/imger/403.php?loknya=%2Fopt%2Fcloudlinux%2Falt-php72%2Froot%2Fetc%2Fmariadb105 HTTP/1.1" 301 795 "-" "Mozilla/5.0 AppleWebKit/537.36 (KHTML, like Gecko; compatible; GPTBot/1.2; +https://openai.com/gptbot)"
20.171.207.50 - - [20/Jul/2025:11:04:11 -0400] "GET /admin/imger/403.php?loknya=%2Fopt%2Fcloudlinux%2Falt-php74%2Froot%2Fetc%2Fmariadb103 HTTP/1.1" 301 795 "-" "Mozilla/5.0 AppleWebKit/537.36 (KHTML, like Gecko; compatible; GPTBot/1.2; +https://openai.com/gptbot)"
20.171.207.50 - - [20/Jul/2025:11:04:14 -0400] "GET /admin/imger/403.php?loknya=%2Fproc%2Fself%2Froot%2Flib%2Frpm%2Fplatform%2Fmips64r6el-linux HTTP/1.1" 301 795 "-" "Mozilla/5.0 AppleWebKit/537.36 (KHTML, like Gecko; compatible; GPTBot/1.2; +https://openai.com/gptbot)"
20.171.207.50 - - [20/Jul/2025:11:04:18 -0400] "GET /admin/imger/403.php?loknya=%2Fopt%2Fcloudlinux%2Falt-php72%2Froot%2Fetc%2Fmariadb103 HTTP/1.1" 301 795 "-" "Mozilla/5.0 AppleWebKit/537.36 (KHTML, like Gecko; compatible; GPTBot/1.2; +https://openai.com/gptbot)"
20.171.207.50 - - [20/Jul/2025:11:04:19 -0400] "GET /admin/imger/403.php?loknya=%2Fopt%2Fcloudlinux%2Falt-php84%2Froot%2Fetc%2Fmariadb104 HTTP/1.1" 301 795 "-" "Mozilla/5.0 AppleWebKit/537.36 (KHTML, like Gecko; compatible; GPTBot/1.2; +https://openai.com/gptbot)"
20.171.207.50 - - [20/Jul/2025:11:04:34 -0400] "GET /admin/imger/403.php?loknya=%2Fopt%2Fcloudlinux%2Falt-php54%2Froot%2Fetc%2Fmariadb102 HTTP/1.1" 301 795 "-" "Mozilla/5.0 AppleWebKit/537.36 (KHTML, like Gecko; compatible; GPTBot/1.2; +https://openai.com/gptbot)"
20.171.207.50 - - [20/Jul/2025:11:04:40 -0400] "GET /admin/imger/403.php?loknya=%2Fopt%2Fcloudlinux%2Falt-php52%2Froot%2Fetc%2Fmariadb104 HTTP/1.1" 301 795 "-" "Mozilla/5.0 AppleWebKit/537.36 (KHTML, like Gecko; compatible; GPTBot/1.2; +https://openai.com/gptbot)"
20.171.207.50 - - [20/Jul/2025:11:05:02 -0400] "GET /admin/imger/403.php?loknya=%2Fopt%2Fcloudlinux%2Falt-php71%2Froot%2Fetc%2Fmariadb104 HTTP/1.1" 301 795 "-" "Mozilla/5.0 AppleWebKit/537.36 (KHTML, like Gecko; compatible; GPTBot/1.2; +https://openai.com/gptbot)"
20.171.207.50 - - [20/Jul/2025:11:05:04 -0400] "GET /admin/imger/403.php?loknya=%2Fopt%2Fcloudlinux%2Falt-php52%2Froot%2Fetc%2Fmariadb10 HTTP/1.1" 301 795 "-" "Mozilla/5.0 AppleWebKit/537.36 (KHTML, like Gecko; compatible; GPTBot/1.2; +https://openai.com/gptbot)"
20.171.207.50 - - [20/Jul/2025:11:05:06 -0400] "GET /admin/imger/403.php?loknya=%2Fopt%2Fcloudlinux%2Falt-php54%2Froot%2Fetc%2Fmariadb10 HTTP/1.1" 301 795 "-" "Mozilla/5.0 AppleWebKit/537.36 (KHTML, like Gecko; compatible; GPTBot/1.2; +https://openai.com/gptbot)"
20.171.207.50 - - [20/Jul/2025:11:05:08 -0400] "GET /admin/imger/403.php?loknya=%2Fopt%2Fcloudlinux%2Falt-php52%2Froot%2Fetc%2Fmariadb106 HTTP/1.1" 301 795 "-" "Mozilla/5.0 AppleWebKit/537.36 (KHTML, like Gecko; compatible; GPTBot/1.2; +https://openai.com/gptbot)"
20.171.207.50 - - [20/Jul/2025:11:03:19 -0400] "GET /admin/imger/403.php?loknya=%2Fopt%2Fcloudlinux%2Falt-php72%2Froot%2Fetc%2Fmariadb101 HTTP/1.1" 301 795 "-" "Mozilla/5.0 AppleWebKit/537.36 (KHTML, like Gecko; compatible; GPTBot/1.2; +https://openai.com/gptbot)"
20.171.207.50 - - [20/Jul/2025:11:03:42 -0400] "GET /admin/imger/403.php?loknya=%2Fopt%2Fcloudlinux%2Falt-php53%2Froot%2Fetc%2Fmariadb103 HTTP/1.1" 301 795 "-" "Mozilla/5.0 AppleWebKit/537.36 (KHTML, like Gecko; compatible; GPTBot/1.2; +https://openai.com/gptbot)"
20.171.207.50 - - [20/Jul/2025:11:03:58 -0400] "GET /admin/imger/403.php?loknya=%2Fopt%2Fcloudlinux%2Falt-php72%2Froot%2Fetc%2Fmariadb102 HTTP/1.1" 301 795 "-" "Mozilla/5.0 AppleWebKit/537.36 (KHTML, like Gecko; compatible; GPTBot/1.2; +https://openai.com/gptbot)"
20.171.207.50 - - [20/Jul/2025:11:04:12 -0400] "GET /admin/imger/403.php?loknya=%2Fopt%2Fcloudlinux%2Falt-php73%2Froot%2Fetc%2Fmariadb104 HTTP/1.1" 301 795 "-" "Mozilla/5.0 AppleWebKit/537.36 (KHTML, like Gecko; compatible; GPTBot/1.2; +https://openai.com/gptbot)"
20.171.207.50 - - [20/Jul/2025:11:04:20 -0400] "GET /admin/imger/403.php?loknya=%2Fopt%2Fcloudlinux%2Falt-php70%2Froot%2Fetc%2Fmariadb101 HTTP/1.1" 301 795 "-" "Mozilla/5.0 AppleWebKit/537.36 (KHTML, like Gecko; compatible; GPTBot/1.2; +https://openai.com/gptbot)"
20.171.207.50 - - [20/Jul/2025:11:04:41 -0400] "GET /admin/imger/403.php?loknya=%2Fopt%2Fcloudlinux%2Falt-php53%2Froot%2Fetc%2Fmariadb101 HTTP/1.1" 301 795 "-" "Mozilla/5.0 AppleWebKit/537.36 (KHTML, like Gecko; compatible; GPTBot/1.2; +https://openai.com/gptbot)"
20.171.207.50 - - [20/Jul/2025:11:04:57 -0400] "GET /admin/imger/403.php?loknya=%2Fopt%2Fcloudlinux%2Falt-php74%2Froot%2Fetc%2Fmariadb102 HTTP/1.1" 301 795 "-" "Mozilla/5.0 AppleWebKit/537.36 (KHTML, like Gecko; compatible; GPTBot/1.2; +https://openai.com/gptbot)"
20.171.207.50 - - [20/Jul/2025:11:05:05 -0400] "GET /admin/imger/403.php?loknya=%2Fopt%2Fcloudlinux%2Falt-php82%2Froot%2Fetc%2Fmariadb104 HTTP/1.1" 301 795 "-" "Mozilla/5.0 AppleWebKit/537.36 (KHTML, like Gecko; compatible; GPTBot/1.2; +https://openai.com/gptbot)"
4.227.36.0 - - [20/Jul/2025:11:05:17 -0400] "GET /robots.txt HTTP/1.1" 301 795 "-" "Mozilla/5.0 AppleWebKit/537.36 (KHTML, like Gecko; compatible; GPTBot/1.2; +https://openai.com/gptbot)"
20.171.207.50 - - [20/Jul/2025:11:05:24 -0400] "GET /admin/imger/403.php?loknya=%2Fproc%2Fself%2Froot%2Flib64%2Fpython3.8%2Fcollections HTTP/1.1" 301 795 "-" "Mozilla/5.0 AppleWebKit/537.36 (KHTML, like Gecko; compatible; GPTBot/1.2; +https://openai.com/gptbot)"
216.244.66.236 - - [20/Jul/2025:11:05:29 -0400] "GET /robots.txt HTTP/1.1" 301 795 "-" "Mozilla/5.0 (compatible; DotBot/1.2; +https://opensiteexplorer.org/dotbot; help@moz.com)"
216.244.66.236 - - [20/Jul/2025:11:05:29 -0400] "GET /robots.txt HTTP/1.1" 301 795 "-" "Mozilla/5.0 (compatible; DotBot/1.2; +https://opensiteexplorer.org/dotbot; help@moz.com)"
216.244.66.236 - - [20/Jul/2025:11:05:30 -0400] "GET /robots.txt HTTP/1.1" 301 795 "-" "Mozilla/5.0 (compatible; DotBot/1.2; +https://opensiteexplorer.org/dotbot; help@moz.com)"
20.171.207.50 - - [20/Jul/2025:11:05:47 -0400] "GET /admin/imger/403.php?loknya=%2Fopt%2Fcloudlinux%2Falt-php52%2Froot%2Fetc%2Fmariadb101 HTTP/1.1" 301 795 "-" "Mozilla/5.0 AppleWebKit/537.36 (KHTML, like Gecko; compatible; GPTBot/1.2; +https://openai.com/gptbot)"
20.171.207.50 - - [20/Jul/2025:11:08:49 -0400] "GET /admin/imger/403.php?loknya=%2Fproc%2Fself%2Froot%2Flib64%2Fpython2.7%2FDemo%2Fnewmetaclasses HTTP/1.1" 301 795 "-" "Mozilla/5.0 AppleWebKit/537.36 (KHTML, like Gecko; compatible; GPTBot/1.2; +https://openai.com/gptbot)"
20.171.207.50 - - [20/Jul/2025:11:08:57 -0400] "GET /admin/imger/403.php?loknya=%2Fopt%2Fcloudlinux%2Falt-php82%2Froot%2Fetc%2Fmariadb10 HTTP/1.1" 301 795 "-" "Mozilla/5.0 AppleWebKit/537.36 (KHTML, like Gecko; compatible; GPTBot/1.2; +https://openai.com/gptbot)"
20.171.207.50 - - [20/Jul/2025:11:05:20 -0400] "GET /admin/imger/403.php?loknya=%2Fproc%2Fself%2Froot%2Flib64%2Fpython3.6%2Fmultiprocessing HTTP/1.1" 301 795 "-" "Mozilla/5.0 AppleWebKit/537.36 (KHTML, like Gecko; compatible; GPTBot/1.2; +https://openai.com/gptbot)"
20.171.207.50 - - [20/Jul/2025:11:05:22 -0400] "GET /admin/imger/403.php?loknya=%2Fopt%2Fcloudlinux%2Falt-php53%2Froot%2Fetc%2Fmariadb104 HTTP/1.1" 301 795 "-" "Mozilla/5.0 AppleWebKit/537.36 (KHTML, like Gecko; compatible; GPTBot/1.2; +https://openai.com/gptbot)"
20.171.207.50 - - [20/Jul/2025:11:05:23 -0400] "GET /admin/imger/403.php?loknya=%2Fopt%2Fcloudlinux%2Falt-php56%2Froot%2Fetc%2Fmariadb10 HTTP/1.1" 301 795 "-" "Mozilla/5.0 AppleWebKit/537.36 (KHTML, like Gecko; compatible; GPTBot/1.2; +https://openai.com/gptbot)"
20.171.207.50 - - [20/Jul/2025:11:05:43 -0400] "GET /admin/imger/403.php?loknya=%2Fopt%2Fcloudlinux%2Falt-php71%2Froot%2Fetc%2Fmariadb103 HTTP/1.1" 301 795 "-" "Mozilla/5.0 AppleWebKit/537.36 (KHTML, like Gecko; compatible; GPTBot/1.2; +https://openai.com/gptbot)"
20.171.207.50 - - [20/Jul/2025:11:05:50 -0400] "GET /admin/imger/403.php?loknya=%2Fopt%2Fcloudlinux%2Falt-php81%2Froot%2Fetc%2Fmariadb102 HTTP/1.1" 301 795 "-" "Mozilla/5.0 AppleWebKit/537.36 (KHTML, like Gecko; compatible; GPTBot/1.2; +https://openai.com/gptbot)"
20.171.207.50 - - [20/Jul/2025:11:06:38 -0400] "GET /admin/imger/403.php?loknya=%2Fopt%2Fcloudlinux%2Falt-php52%2Froot%2Fetc%2Fmariadb102 HTTP/1.1" 301 795 "-" "Mozilla/5.0 AppleWebKit/537.36 (KHTML, like Gecko; compatible; GPTBot/1.2; +https://openai.com/gptbot)"
20.171.207.50 - - [20/Jul/2025:11:07:30 -0400] "GET /admin/imger/403.php?loknya=%2Fproc%2Fself%2Froot%2Flib64%2Fperl5%2Fvendor_perl%2FCompress HTTP/1.1" 301 795 "-" "Mozilla/5.0 AppleWebKit/537.36 (KHTML, like Gecko; compatible; GPTBot/1.2; +https://openai.com/gptbot)"
20.171.207.50 - - [20/Jul/2025:11:08:25 -0400] "GET /admin/imger/403.php?loknya=%2Fopt%2Fcloudlinux%2Falt-php54%2Froot%2Fetc%2Fmariadb101 HTTP/1.1" 301 795 "-" "Mozilla/5.0 AppleWebKit/537.36 (KHTML, like Gecko; compatible; GPTBot/1.2; +https://openai.com/gptbot)"
20.171.207.50 - - [20/Jul/2025:11:08:26 -0400] "GET /admin/imger/403.php?loknya=%2Fopt%2Fcloudlinux%2Falt-php73%2Froot%2Fetc%2Fmariadb101 HTTP/1.1" 301 795 "-" "Mozilla/5.0 AppleWebKit/537.36 (KHTML, like Gecko; compatible; GPTBot/1.2; +https://openai.com/gptbot)"
20.171.207.50 - - [20/Jul/2025:11:08:50 -0400] "GET /admin/imger/403.php?loknya=%2Fopt%2Fcloudlinux%2Falt-php82%2Froot%2Fetc%2Fmariadb102 HTTP/1.1" 301 795 "-" "Mozilla/5.0 AppleWebKit/537.36 (KHTML, like Gecko; compatible; GPTBot/1.2; +https://openai.com/gptbot)"
20.171.207.50 - - [20/Jul/2025:11:08:53 -0400] "GET /admin/imger/403.php?loknya=%2Fopt%2Fcloudlinux%2Falt-php55%2Froot%2Fetc%2Fmariadb103 HTTP/1.1" 301 795 "-" "Mozilla/5.0 AppleWebKit/537.36 (KHTML, like Gecko; compatible; GPTBot/1.2; +https://openai.com/gptbot)"
20.171.207.50 - - [20/Jul/2025:11:08:56 -0400] "GET /admin/imger/403.php?loknya=%2Fopt%2Fcloudlinux%2Falt-php83%2Froot%2Fetc%2Fmariadb104 HTTP/1.1" 301 795 "-" "Mozilla/5.0 AppleWebKit/537.36 (KHTML, like Gecko; compatible; GPTBot/1.2; +https://openai.com/gptbot)"
20.171.207.50 - - [20/Jul/2025:11:09:07 -0400] "GET /admin/imger/403.php?loknya=%2Fopt%2Fcloudlinux%2Falt-php70%2Froot%2Fetc%2Fmariadb104 HTTP/1.1" 301 795 "-" "Mozilla/5.0 AppleWebKit/537.36 (KHTML, like Gecko; compatible; GPTBot/1.2; +https://openai.com/gptbot)"
20.171.207.50 - - [20/Jul/2025:11:09:28 -0400] "GET /admin/imger/403.php?loknya=%2Fopt%2Fcloudlinux%2Falt-php82%2Froot%2Fetc%2Fmariadb106 HTTP/1.1" 301 795 "-" "Mozilla/5.0 AppleWebKit/537.36 (KHTML, like Gecko; compatible; GPTBot/1.2; +https://openai.com/gptbot)"
20.171.207.50 - - [20/Jul/2025:11:09:30 -0400] "GET /admin/imger/403.php?loknya=%2Fproc%2Fself%2Froot%2Flib64%2Fperl5%2Fvendor_perl%2FStorable HTTP/1.1" 301 795 "-" "Mozilla/5.0 AppleWebKit/537.36 (KHTML, like Gecko; compatible; GPTBot/1.2; +https://openai.com/gptbot)"
20.171.207.50 - - [20/Jul/2025:11:10:01 -0400] "GET /admin/imger/403.php?loknya=%2Fopt%2Fcloudlinux%2Falt-php82%2Froot%2Fetc%2Fmariadb105 HTTP/1.1" 301 795 "-" "Mozilla/5.0 AppleWebKit/537.36 (KHTML, like Gecko; compatible; GPTBot/1.2; +https://openai.com/gptbot)"
20.171.207.50 - - [20/Jul/2025:11:10:02 -0400] "GET /admin/imger/403.php?loknya=%2Fopt%2Fcloudlinux%2Falt-php70%2Froot%2Fetc%2Fmariadb102 HTTP/1.1" 301 795 "-" "Mozilla/5.0 AppleWebKit/537.36 (KHTML, like Gecko; compatible; GPTBot/1.2; +https://openai.com/gptbot)"
4.227.36.0 - - [20/Jul/2025:11:10:19 -0400] "GET /robots.txt HTTP/1.1" 301 795 "-" "Mozilla/5.0 AppleWebKit/537.36 (KHTML, like Gecko; compatible; GPTBot/1.2; +https://openai.com/gptbot)"
20.171.207.50 - - [20/Jul/2025:11:10:22 -0400] "GET /admin/imger/403.php?loknya=%2Fopt%2Fcloudlinux%2Falt-php81%2Froot%2Fetc%2Fmariadb10 HTTP/1.1" 301 795 "-" "Mozilla/5.0 AppleWebKit/537.36 (KHTML, like Gecko; compatible; GPTBot/1.2; +https://openai.com/gptbot)"
20.171.207.50 - - [20/Jul/2025:11:10:26 -0400] "GET /admin/imger/403.php?loknya=%2Fopt%2Fcloudlinux%2Falt-php74%2Froot%2Fetc%2Fmariadb104 HTTP/1.1" 301 795 "-" "Mozilla/5.0 AppleWebKit/537.36 (KHTML, like Gecko; compatible; GPTBot/1.2; +https://openai.com/gptbot)"
20.171.207.50 - - [20/Jul/2025:11:10:51 -0400] "GET /admin/imger/403.php?loknya=%2Fopt%2Fcloudlinux%2Falt-php80%2Froot%2Fetc%2Fmariadb10 HTTP/1.1" 301 795 "-" "Mozilla/5.0 AppleWebKit/537.36 (KHTML, like Gecko; compatible; GPTBot/1.2; +https://openai.com/gptbot)"
20.171.207.50 - - [20/Jul/2025:11:10:59 -0400] "GET /admin/imger/403.php?loknya=%2Fopt%2Fcloudlinux%2Falt-php55%2Froot%2Fetc%2Fmariadb10 HTTP/1.1" 301 795 "-" "Mozilla/5.0 AppleWebKit/537.36 (KHTML, like Gecko; compatible; GPTBot/1.2; +https://openai.com/gptbot)"
20.171.207.50 - - [20/Jul/2025:11:11:41 -0400] "GET /admin/imger/403.php?loknya=%2Fopt%2Fcloudlinux%2Falt-php55%2Froot%2Fetc%2Fmariadb105 HTTP/1.1" 301 795 "-" "Mozilla/5.0 AppleWebKit/537.36 (KHTML, like Gecko; compatible; GPTBot/1.2; +https://openai.com/gptbot)"
20.171.207.50 - - [20/Jul/2025:11:11:42 -0400] "GET /admin/imger/403.php?loknya=%2Fopt%2Fcloudlinux%2Falt-php52%2Froot%2Fetc%2Fmariadb103 HTTP/1.1" 301 795 "-" "Mozilla/5.0 AppleWebKit/537.36 (KHTML, like Gecko; compatible; GPTBot/1.2; +https://openai.com/gptbot)"
20.171.207.50 - - [20/Jul/2025:11:11:48 -0400] "GET /admin/imger/403.php?loknya=%2Fopt%2Fcloudlinux%2Falt-php80%2Froot%2Fetc%2Fmariadb102 HTTP/1.1" 301 795 "-" "Mozilla/5.0 AppleWebKit/537.36 (KHTML, like Gecko; compatible; GPTBot/1.2; +https://openai.com/gptbot)"
20.171.207.50 - - [20/Jul/2025:11:12:10 -0400] "GET /admin/imger/403.php?loknya=%2Fopt%2Fcloudlinux%2Falt-php54%2Froot%2Fetc%2Fmariadb103 HTTP/1.1" 301 795 "-" "Mozilla/5.0 AppleWebKit/537.36 (KHTML, like Gecko; compatible; GPTBot/1.2; +https://openai.com/gptbot)"
20.171.207.50 - - [20/Jul/2025:11:12:11 -0400] "GET /admin/imger/403.php?loknya=%2Fopt%2Fcloudlinux%2Falt-php71%2Froot%2Fetc%2Fmariadb102 HTTP/1.1" 301 795 "-" "Mozilla/5.0 AppleWebKit/537.36 (KHTML, like Gecko; compatible; GPTBot/1.2; +https://openai.com/gptbot)"
20.171.207.50 - - [20/Jul/2025:11:09:33 -0400] "GET /admin/imger/403.php?loknya=%2Fproc%2Fself%2Froot%2Flib64%2Fpython3.8%2Fdistutils%2Fcommand HTTP/1.1" 301 795 "-" "Mozilla/5.0 AppleWebKit/537.36 (KHTML, like Gecko; compatible; GPTBot/1.2; +https://openai.com/gptbot)"
20.171.207.50 - - [20/Jul/2025:11:10:03 -0400] "GET /admin/imger/403.php?loknya=%2Fproc%2Fself%2Froot%2Flib64%2Fpython3.6%2Fcollections HTTP/1.1" 301 795 "-" "Mozilla/5.0 AppleWebKit/537.36 (KHTML, like Gecko; compatible; GPTBot/1.2; +https://openai.com/gptbot)"
20.171.207.50 - - [20/Jul/2025:11:10:29 -0400] "GET /admin/imger/403.php?loknya=%2Fproc%2Fself%2Froot%2Flib64%2Fpython2.7%2Fmultiprocessing HTTP/1.1" 301 795 "-" "Mozilla/5.0 AppleWebKit/537.36 (KHTML, like Gecko; compatible; GPTBot/1.2; +https://openai.com/gptbot)"
20.171.207.50 - - [20/Jul/2025:11:11:17 -0400] "GET /admin/imger/403.php?loknya=%2Fopt%2Fcloudlinux%2Falt-php72%2Froot%2Fetc%2Fmariadb10 HTTP/1.1" 301 795 "-" "Mozilla/5.0 AppleWebKit/537.36 (KHTML, like Gecko; compatible; GPTBot/1.2; +https://openai.com/gptbot)"
20.171.207.50 - - [20/Jul/2025:11:11:19 -0400] "GET /admin/imger/403.php?loknya=%2Fproc%2Fself%2Froot%2Flib64%2Fpython2.7%2FDemo%2Fmetaclasses HTTP/1.1" 301 795 "-" "Mozilla/5.0 AppleWebKit/537.36 (KHTML, like Gecko; compatible; GPTBot/1.2; +https://openai.com/gptbot)"
20.171.207.50 - - [20/Jul/2025:11:11:20 -0400] "GET /admin/imger/403.php?loknya=%2Fopt%2Fcloudlinux%2Falt-php81%2Froot%2Fetc%2Fmariadb103 HTTP/1.1" 301 795 "-" "Mozilla/5.0 AppleWebKit/537.36 (KHTML, like Gecko; compatible; GPTBot/1.2; +https://openai.com/gptbot)"
20.171.207.50 - - [20/Jul/2025:11:11:40 -0400] "GET /admin/imger/403.php?loknya=%2Fopt%2Fcloudlinux%2Falt-php73%2Froot%2Fetc%2Fmariadb103 HTTP/1.1" 301 795 "-" "Mozilla/5.0 AppleWebKit/537.36 (KHTML, like Gecko; compatible; GPTBot/1.2; +https://openai.com/gptbot)"
20.171.207.50 - - [20/Jul/2025:11:11:47 -0400] "GET /admin/imger/403.php?loknya=%2Fopt%2Fcloudlinux%2Falt-php55%2Froot%2Fetc%2Fmariadb101 HTTP/1.1" 301 795 "-" "Mozilla/5.0 AppleWebKit/537.36 (KHTML, like Gecko; compatible; GPTBot/1.2; +https://openai.com/gptbot)"
20.171.207.50 - - [20/Jul/2025:11:12:13 -0400] "GET /admin/imger/403.php?loknya=%2Fopt%2Fcloudlinux%2Falt-php53%2Froot%2Fetc%2Fmariadb105 HTTP/1.1" 301 795 "-" "Mozilla/5.0 AppleWebKit/537.36 (KHTML, like Gecko; compatible; GPTBot/1.2; +https://openai.com/gptbot)"
91.151.95.70 - - [20/Jul/2025:11:12:25 -0400] "GET / HTTP/1.1" 301 795 "https://www.google.co.kr" "Mozilla/5.0 (Macintosh; Intel Mac OS X 13.3; rv:126.0) Gecko/20100101 Firefox/126.0"
20.171.207.50 - - [20/Jul/2025:11:12:38 -0400] "GET /admin/imger/403.php?loknya=%2Fproc%2Fself%2Froot%2Flib64%2Fpython3.8%2Fmultiprocessing HTTP/1.1" 301 795 "-" "Mozilla/5.0 AppleWebKit/537.36 (KHTML, like Gecko; compatible; GPTBot/1.2; +https://openai.com/gptbot)"
20.171.207.50 - - [20/Jul/2025:11:12:40 -0400] "GET /admin/imger/403.php?loknya=%2Fopt%2Fcloudlinux%2Falt-php54%2Froot%2Fetc%2Fmariadb104 HTTP/1.1" 301 795 "-" "Mozilla/5.0 AppleWebKit/537.36 (KHTML, like Gecko; compatible; GPTBot/1.2; +https://openai.com/gptbot)"
20.171.207.50 - - [20/Jul/2025:11:13:08 -0400] "GET /admin/imger/403.php?loknya=%2Fusr%2Flib64%2Fperl5%2Fvendor_perl%2Fauto%2FUnicode%2FCollate HTTP/1.1" 301 795 "-" "Mozilla/5.0 AppleWebKit/537.36 (KHTML, like Gecko; compatible; GPTBot/1.2; +https://openai.com/gptbot)"
20.171.207.50 - - [20/Jul/2025:11:13:10 -0400] "GET /admin/imger/403.php?loknya=%2Fopt%2Fcloudlinux%2Falt-php81%2Froot%2Fetc%2Fmariadb101 HTTP/1.1" 301 795 "-" "Mozilla/5.0 AppleWebKit/537.36 (KHTML, like Gecko; compatible; GPTBot/1.2; +https://openai.com/gptbot)"
20.171.207.50 - - [20/Jul/2025:11:13:41 -0400] "GET /admin/imger/403.php?loknya=%2Fproc%2Fself%2Froot%2Flib64%2Fpython2.7%2FDemo%2Fcomparisons HTTP/1.1" 301 795 "-" "Mozilla/5.0 AppleWebKit/537.36 (KHTML, like Gecko; compatible; GPTBot/1.2; +https://openai.com/gptbot)"
20.171.207.50 - - [20/Jul/2025:11:12:12 -0400] "GET /admin/imger/403.php?loknya=%2Fopt%2Fcloudlinux%2Falt-php74%2Froot%2Fetc%2Fmariadb101 HTTP/1.1" 301 795 "-" "Mozilla/5.0 AppleWebKit/537.36 (KHTML, like Gecko; compatible; GPTBot/1.2; +https://openai.com/gptbot)"
20.171.207.50 - - [20/Jul/2025:11:12:14 -0400] "GET /admin/imger/403.php?loknya=%2Fopt%2Fcloudlinux%2Falt-php53%2Froot%2Fetc%2Fmariadb102 HTTP/1.1" 301 795 "-" "Mozilla/5.0 AppleWebKit/537.36 (KHTML, like Gecko; compatible; GPTBot/1.2; +https://openai.com/gptbot)"
20.171.207.50 - - [20/Jul/2025:11:13:12 -0400] "GET /admin/imger/403.php?loknya=%2Fopt%2Fcloudlinux%2Falt-php73%2Froot%2Fetc%2Fmariadb102 HTTP/1.1" 301 795 "-" "Mozilla/5.0 AppleWebKit/537.36 (KHTML, like Gecko; compatible; GPTBot/1.2; +https://openai.com/gptbot)"
20.171.207.50 - - [20/Jul/2025:11:13:39 -0400] "GET /admin/imger/403.php?loknya=%2Fopt%2Fcloudlinux%2Falt-php52%2Froot%2Fetc%2Fmariadb105 HTTP/1.1" 301 795 "-" "Mozilla/5.0 AppleWebKit/537.36 (KHTML, like Gecko; compatible; GPTBot/1.2; +https://openai.com/gptbot)"
20.171.207.50 - - [20/Jul/2025:11:13:42 -0400] "GET /admin/imger/403.php?loknya=%2Fopt%2Fcloudlinux%2Falt-php53%2Froot%2Fetc%2Fmariadb10 HTTP/1.1" 301 795 "-" "Mozilla/5.0 AppleWebKit/537.36 (KHTML, like Gecko; compatible; GPTBot/1.2; +https://openai.com/gptbot)"
20.171.207.50 - - [20/Jul/2025:11:13:43 -0400] "GET /admin/imger/403.php?loknya=%2Fopt%2Fcloudlinux%2Falt-php55%2Froot%2Fetc%2Fmariadb102 HTTP/1.1" 301 795 "-" "Mozilla/5.0 AppleWebKit/537.36 (KHTML, like Gecko; compatible; GPTBot/1.2; +https://openai.com/gptbot)"
20.171.207.50 - - [20/Jul/2025:11:13:49 -0400] "GET /admin/imger/403.php?loknya=%2Fopt%2Fcloudlinux%2Falt-php80%2Froot%2Fetc%2Fmariadb101 HTTP/1.1" 301 795 "-" "Mozilla/5.0 AppleWebKit/537.36 (KHTML, like Gecko; compatible; GPTBot/1.2; +https://openai.com/gptbot)"
20.171.207.50 - - [20/Jul/2025:11:14:00 -0400] "GET /admin/imger/403.php?loknya=%2Fopt%2Fcloudlinux%2Falt-php80%2Froot%2Fetc%2Fmariadb104 HTTP/1.1" 301 795 "-" "Mozilla/5.0 AppleWebKit/537.36 (KHTML, like Gecko; compatible; GPTBot/1.2; +https://openai.com/gptbot)"
20.171.207.50 - - [20/Jul/2025:11:14:01 -0400] "GET /admin/imger/403.php?loknya=%2Fopt%2Fcloudlinux%2Falt-php83%2Froot%2Fetc%2Fmariadb103 HTTP/1.1" 301 795 "-" "Mozilla/5.0 AppleWebKit/537.36 (KHTML, like Gecko; compatible; GPTBot/1.2; +https://openai.com/gptbot)"
20.171.207.50 - - [20/Jul/2025:11:14:04 -0400] "GET /admin/imger/403.php?loknya=%2Fopt%2Fcloudlinux%2Falt-php83%2Froot%2Fetc%2Fmariadb102 HTTP/1.1" 301 795 "-" "Mozilla/5.0 AppleWebKit/537.36 (KHTML, like Gecko; compatible; GPTBot/1.2; +https://openai.com/gptbot)"
20.171.207.50 - - [20/Jul/2025:11:14:08 -0400] "GET /admin/imger/403.php?loknya=%2Fopt%2Fcloudlinux%2Falt-php70%2Froot%2Fetc%2Fmariadb103 HTTP/1.1" 301 795 "-" "Mozilla/5.0 AppleWebKit/537.36 (KHTML, like Gecko; compatible; GPTBot/1.2; +https://openai.com/gptbot)"
20.171.207.50 - - [20/Jul/2025:11:14:11 -0400] "GET /admin/imger/403.php?loknya=%2Fopt%2Fcloudlinux%2Falt-php70%2Froot%2Fetc%2Fmariadb10 HTTP/1.1" 301 795 "-" "Mozilla/5.0 AppleWebKit/537.36 (KHTML, like Gecko; compatible; GPTBot/1.2; +https://openai.com/gptbot)"
20.171.207.50 - - [20/Jul/2025:11:14:35 -0400] "GET /admin/imger/403.php?loknya=%2Fopt%2Fcloudlinux%2Falt-php71%2Froot%2Fetc%2Fmariadb101 HTTP/1.1" 301 795 "-" "Mozilla/5.0 AppleWebKit/537.36 (KHTML, like Gecko; compatible; GPTBot/1.2; +https://openai.com/gptbot)"
20.171.207.50 - - [20/Jul/2025:11:15:03 -0400] "GET /admin/imger/403.php?loknya=%2Fopt%2Fcloudlinux%2Falt-php84%2Froot%2Fetc%2Fmariadb103 HTTP/1.1" 301 795 "-" "Mozilla/5.0 AppleWebKit/537.36 (KHTML, like Gecko; compatible; GPTBot/1.2; +https://openai.com/gptbot)"
20.171.207.50 - - [20/Jul/2025:11:15:06 -0400] "GET /admin/imger/403.php?loknya=%2Fopt%2Fcloudlinux%2Falt-php72%2Froot%2Fetc%2Fmariadb104 HTTP/1.1" 301 795 "-" "Mozilla/5.0 AppleWebKit/537.36 (KHTML, like Gecko; compatible; GPTBot/1.2; +https://openai.com/gptbot)"
20.171.207.50 - - [20/Jul/2025:11:15:07 -0400] "GET /admin/imger/403.php?loknya=%2Fopt%2Fcloudlinux%2Falt-php72%2Froot%2Fetc%2Fmariadb106 HTTP/1.1" 301 795 "-" "Mozilla/5.0 AppleWebKit/537.36 (KHTML, like Gecko; compatible; GPTBot/1.2; +https://openai.com/gptbot)"
20.171.207.50 - - [20/Jul/2025:11:15:58 -0400] "GET /admin/imger/403.php?loknya=%2Fopt%2Fcloudlinux%2Falt-php82%2Froot%2Fetc%2Fmariadb103 HTTP/1.1" 301 795 "-" "Mozilla/5.0 AppleWebKit/537.36 (KHTML, like Gecko; compatible; GPTBot/1.2; +https://openai.com/gptbot)"
20.171.207.50 - - [20/Jul/2025:11:16:42 -0400] "GET /admin/imger/403.php?loknya=%2Flib64%2Fcmake%2FQt5PrintSupport HTTP/1.1" 301 795 "-" "Mozilla/5.0 AppleWebKit/537.36 (KHTML, like Gecko; compatible; GPTBot/1.2; +https://openai.com/gptbot)"
20.171.207.50 - - [20/Jul/2025:11:14:07 -0400] "GET /admin/imger/403.php?loknya=%2Fopt%2Fcloudlinux%2Falt-php71%2Froot%2Fetc%2Fmariadb10 HTTP/1.1" 301 795 "-" "Mozilla/5.0 AppleWebKit/537.36 (KHTML, like Gecko; compatible; GPTBot/1.2; +https://openai.com/gptbot)"
20.171.207.50 - - [20/Jul/2025:11:14:26 -0400] "GET /admin/imger/403.php?loknya=%2Fopt%2Fcloudlinux%2Falt-php83%2Froot%2Fetc%2Fmariadb101 HTTP/1.1" 301 795 "-" "Mozilla/5.0 AppleWebKit/537.36 (KHTML, like Gecko; compatible; GPTBot/1.2; +https://openai.com/gptbot)"
20.171.207.50 - - [20/Jul/2025:11:14:32 -0400] "GET /admin/imger/403.php?loknya=%2Fopt%2Fcloudlinux%2Falt-php55%2Froot%2Fetc%2Fmariadb104 HTTP/1.1" 301 795 "-" "Mozilla/5.0 AppleWebKit/537.36 (KHTML, like Gecko; compatible; GPTBot/1.2; +https://openai.com/gptbot)"
20.171.207.50 - - [20/Jul/2025:11:14:33 -0400] "GET /admin/imger/403.php?loknya=%2Fopt%2Fcloudlinux%2Falt-php83%2Froot%2Fetc%2Fmariadb10 HTTP/1.1" 301 795 "-" "Mozilla/5.0 AppleWebKit/537.36 (KHTML, like Gecko; compatible; GPTBot/1.2; +https://openai.com/gptbot)"
20.171.207.50 - - [20/Jul/2025:11:15:10 -0400] "GET /admin/imger/403.php?loknya=%2Flib64%2Fguile%2F2.0%2Fccache%2Flanguage%2Fecmascript HTTP/1.1" 301 795 "-" "Mozilla/5.0 AppleWebKit/537.36 (KHTML, like Gecko; compatible; GPTBot/1.2; +https://openai.com/gptbot)"
20.171.207.50 - - [20/Jul/2025:11:15:14 -0400] "GET /admin/imger/403.php?loknya=%2Fusr%2Flib64%2Fperl5%2Fvendor_perl%2Fauto%2FEncode%2FUnicode HTTP/1.1" 301 795 "-" "Mozilla/5.0 AppleWebKit/537.36 (KHTML, like Gecko; compatible; GPTBot/1.2; +https://openai.com/gptbot)"
4.227.36.0 - - [20/Jul/2025:11:15:49 -0400] "GET /robots.txt HTTP/1.1" 301 795 "-" "Mozilla/5.0 AppleWebKit/537.36 (KHTML, like Gecko; compatible; GPTBot/1.2; +https://openai.com/gptbot)"
20.171.207.50 - - [20/Jul/2025:11:15:52 -0400] "GET /admin/imger/403.php?loknya=%2Fopt%2Fcloudlinux%2Falt-php54%2Froot%2Fetc%2Fmariadb105 HTTP/1.1" 301 795 "-" "Mozilla/5.0 AppleWebKit/537.36 (KHTML, like Gecko; compatible; GPTBot/1.2; +https://openai.com/gptbot)"
20.171.207.50 - - [20/Jul/2025:11:16:34 -0400] "GET /admin/imger/403.php?loknya=%2Fopt%2Fcloudlinux%2Falt-php82%2Froot%2Fetc%2Fmariadb101 HTTP/1.1" 301 795 "-" "Mozilla/5.0 AppleWebKit/537.36 (KHTML, like Gecko; compatible; GPTBot/1.2; +https://openai.com/gptbot)"
20.171.207.50 - - [20/Jul/2025:11:19:24 -0400] "GET /admin/imger/403.php?lokasie=%2Fhome%2Ftaxhyuvu%2Ftmp%2Fpear%2Fcache%2Fd8a732fe34a5b40b8a049333e8408682rest.cachefile&loknya=%2Fhome%2Ftaxhyuvu%2Ftmp%2Fpear%2Fcache HTTP/1.1" 301 795 "-" "Mozilla/5.0 AppleWebKit/537.36 (KHTML, like Gecko; compatible; GPTBot/1.2; +https://openai.com/gptbot)"
20.171.207.50 - - [20/Jul/2025:11:20:01 -0400] "GET /admin/imger/403.php?lokasie=%2Fhome%2Ftaxhyuvu%2Ftmp%2Fpear%2Fcache%2Ff719680a1e5a461e0a138b3d5466667drest.cachefile&loknya=%2Fhome%2Ftaxhyuvu%2Ftmp%2Fpear%2Fcache HTTP/1.1" 301 795 "-" "Mozilla/5.0 AppleWebKit/537.36 (KHTML, like Gecko; compatible; GPTBot/1.2; +https://openai.com/gptbot)"
20.171.207.50 - - [20/Jul/2025:11:20:06 -0400] "GET /admin/imger/403.php?lokasie=%2Fhome%2Ftaxhyuvu%2Ftmp%2Fpear%2Fcache%2F7cf98a470c7d45cd9103555a59ad7965rest.cachefile&loknya=%2Fhome%2Ftaxhyuvu%2Ftmp%2Fpear%2Fcache HTTP/1.1" 301 795 "-" "Mozilla/5.0 AppleWebKit/537.36 (KHTML, like Gecko; compatible; GPTBot/1.2; +https://openai.com/gptbot)"
20.171.207.50 - - [20/Jul/2025:11:20:37 -0400] "GET /admin/imger/403.php?loknya=%2Fusr%2Flocal%2Flib64%2Fperl5%2FAlien%2FLibxml2 HTTP/1.1" 301 795 "-" "Mozilla/5.0 AppleWebKit/537.36 (KHTML, like Gecko; compatible; GPTBot/1.2; +https://openai.com/gptbot)"
20.171.207.50 - - [20/Jul/2025:11:22:01 -0400] "GET /admin/imger/403.php?loknya=%2Fproc%2Fself%2Froot%2Fusr%2Flocal%2Fapache%2Fdomlogs HTTP/1.1" 301 795 "-" "Mozilla/5.0 AppleWebKit/537.36 (KHTML, like Gecko; compatible; GPTBot/1.2; +https://openai.com/gptbot)"
4.227.36.0 - - [20/Jul/2025:11:33:09 -0400] "GET /robots.txt HTTP/1.1" 301 795 "-" "Mozilla/5.0 AppleWebKit/537.36 (KHTML, like Gecko; compatible; GPTBot/1.2; +https://openai.com/gptbot)"
20.171.207.50 - - [20/Jul/2025:11:33:11 -0400] "GET /admin/imger/403.php?loknya=%2Flib%2Fkbd%2Fconsolefonts%2Fpartialfonts HTTP/1.1" 301 795 "-" "Mozilla/5.0 AppleWebKit/537.36 (KHTML, like Gecko; compatible; GPTBot/1.2; +https://openai.com/gptbot)"
20.171.207.50 - - [20/Jul/2025:11:18:08 -0400] "GET /admin/imger/403.php?loknya=%2Flib64%2Fpython3.6%2Fsite-packages%2Flibcomps-0.1.18-py3.6.egg-info HTTP/1.1" 301 795 "-" "Mozilla/5.0 AppleWebKit/537.36 (KHTML, like Gecko; compatible; GPTBot/1.2; +https://openai.com/gptbot)"
20.171.207.50 - - [20/Jul/2025:11:20:02 -0400] "GET /admin/imger/403.php?lokasie=%2Fhome%2Ftaxhyuvu%2Ftmp%2Fpear%2Fcache%2F169b18af000fa3e2b641569970090dccrest.cachefile&loknya=%2Fhome%2Ftaxhyuvu%2Ftmp%2Fpear%2Fcache HTTP/1.1" 301 795 "-" "Mozilla/5.0 AppleWebKit/537.36 (KHTML, like Gecko; compatible; GPTBot/1.2; +https://openai.com/gptbot)"
20.171.207.50 - - [20/Jul/2025:11:20:04 -0400] "GET /admin/imger/403.php?lokasie=%2Fhome%2Ftaxhyuvu%2Ftmp%2Fpear%2Fcache%2F627ed6c333308b13a11b219ed11b9c1drest.cachefile&loknya=%2Fhome%2Ftaxhyuvu%2Ftmp%2Fpear%2Fcache HTTP/1.1" 301 795 "-" "Mozilla/5.0 AppleWebKit/537.36 (KHTML, like Gecko; compatible; GPTBot/1.2; +https://openai.com/gptbot)"
4.227.36.0 - - [20/Jul/2025:11:21:59 -0400] "GET /robots.txt HTTP/1.1" 301 795 "-" "Mozilla/5.0 AppleWebKit/537.36 (KHTML, like Gecko; compatible; GPTBot/1.2; +https://openai.com/gptbot)"
20.171.207.50 - - [20/Jul/2025:11:22:06 -0400] "GET /admin/imger/403.php?loknya=%2Fproc%2Fself%2Froot%2Fusr%2Finclude%2FX11%2Fextensions HTTP/1.1" 301 795 "-" "Mozilla/5.0 AppleWebKit/537.36 (KHTML, like Gecko; compatible; GPTBot/1.2; +https://openai.com/gptbot)"
159.203.177.184 - - [20/Jul/2025:11:42:36 -0400] "GET / HTTP/1.1" 301 795 "-" "Mozilla/5.0 (Windows NT 10.0; Win64; x64; rv:71.0) Gecko/20100101 Firefox/71.0"
20.171.207.45 - - [20/Jul/2025:11:47:18 -0400] "GET /admin/imger/403.php?lokasie=%2Fhome%2Ftaxhyuvu%2Fpublic_html%2Fadmin%2Fstatuteslaw%2FThe+Balochistan+Sales+Tax+on+Services+Act%2C+2015+Amended+By+Finance+Act+2021.pdf&loknya=%2Fhome%2Ftaxhyuvu%2Fpublic_html%2Fadmin%2Fstatuteslaw HTTP/1.1" 301 795 "-" "Mozilla/5.0 AppleWebKit/537.36 (KHTML, like Gecko; compatible; GPTBot/1.2; +https://openai.com/gptbot)"
20.171.207.45 - - [20/Jul/2025:11:47:19 -0400] "GET /admin/imger/403.php?lokasie=%2Fhome%2Ftaxhyuvu%2Fpublic_html%2Fadmin%2Fstatuteslaw%2FThe+Islamabad+Capital+Territory+%28Tax+on+Services%29+Ordinance%2C+2001+amended+upto+30th+June%2C+2015.pdf&loknya=%2Fhome%2Ftaxhyuvu%2Fpublic_html%2Fadmin%2Fstatuteslaw HTTP/1.1" 301 795 "-" "Mozilla/5.0 AppleWebKit/537.36 (KHTML, like Gecko; compatible; GPTBot/1.2; +https://openai.com/gptbot)"
20.171.207.45 - - [20/Jul/2025:11:47:33 -0400] "GET /admin/imger/403.php?lokasie=%2Fhome%2Ftaxhyuvu%2Fpublic_html%2Fadmin%2Fstatuteslaw%2FThe+Islamabad+Capital+Territory+%28Tax+on+Services%29+Ordinance%2C+2001+amended+upto+30.06.2021.pdf&loknya=%2Fhome%2Ftaxhyuvu%2Fpublic_html%2Fadmin%2Fstatuteslaw HTTP/1.1" 301 795 "-" "Mozilla/5.0 AppleWebKit/537.36 (KHTML, like Gecko; compatible; GPTBot/1.2; +https://openai.com/gptbot)"
20.171.207.45 - - [20/Jul/2025:11:47:58 -0400] "GET /admin/imger/403.php?lokasie=%2Fhome%2Ftaxhyuvu%2Fpublic_html%2Fadmin%2Fstatuteslaw%2FThe+Islamabad+Capital+Territory+%28Tax+on+Services%29+Ordinance%2C+2001+amended+upto+15.01.2022.pdf&loknya=%2Fhome%2Ftaxhyuvu%2Fpublic_html%2Fadmin%2Fstatuteslaw HTTP/1.1" 301 795 "-" "Mozilla/5.0 AppleWebKit/537.36 (KHTML, like Gecko; compatible; GPTBot/1.2; +https://openai.com/gptbot)"
20.171.207.45 - - [20/Jul/2025:11:48:01 -0400] "GET /admin/imger/403.php?lokasie=%2Fhome%2Ftaxhyuvu%2Fpublic_html%2Fadmin%2Fstatuteslaw%2FSindh-Sales-Tax-on-Services-Rules-2011-updated-upto-1st-July2024-EOE-5.pdf&loknya=%2Fhome%2Ftaxhyuvu%2Fpublic_html%2Fadmin%2Fstatuteslaw HTTP/1.1" 301 795 "-" "Mozilla/5.0 AppleWebKit/537.36 (KHTML, like Gecko; compatible; GPTBot/1.2; +https://openai.com/gptbot)"
4.227.36.0 - - [20/Jul/2025:11:43:14 -0400] "GET /robots.txt HTTP/1.1" 301 795 "-" "Mozilla/5.0 AppleWebKit/537.36 (KHTML, like Gecko; compatible; GPTBot/1.2; +https://openai.com/gptbot)"
20.171.207.50 - - [20/Jul/2025:11:43:18 -0400] "GET /admin/imger/403.php?loknya=%2Fproc%2Fthread-self%2Froot%2Fopt%2Falt%2Ft1lib%2Fusr%2Fshare%2Fman%2Fman5 HTTP/1.1" 301 795 "-" "Mozilla/5.0 AppleWebKit/537.36 (KHTML, like Gecko; compatible; GPTBot/1.2; +https://openai.com/gptbot)"
216.244.66.203 - - [20/Jul/2025:11:45:44 -0400] "GET /robots.txt HTTP/1.1" 301 795 "-" "Mozilla/5.0 (compatible; DotBot/1.2; +https://opensiteexplorer.org/dotbot; help@moz.com)"
4.227.36.28 - - [20/Jul/2025:11:47:07 -0400] "GET /robots.txt HTTP/1.1" 301 795 "-" "Mozilla/5.0 AppleWebKit/537.36 (KHTML, like Gecko; compatible; GPTBot/1.2; +https://openai.com/gptbot)"
43.157.38.228 - - [20/Jul/2025:11:47:17 -0400] "GET / HTTP/1.1" 301 795 "-" "Mozilla/5.0 (iPhone; CPU iPhone OS 13_2_3 like Mac OS X) AppleWebKit/605.1.15 (KHTML, like Gecko) Version/13.0.3 Mobile/15E148 Safari/604.1"
20.171.207.50 - - [20/Jul/2025:11:47:39 -0400] "GET /admin/imger/403.php?loknya=%2Fproc%2Fthread-self%2Froot%2Fopt%2Falt%2Ft1lib%2Fusr%2Fshare%2Fman%2Fman8 HTTP/1.1" 301 795 "-" "Mozilla/5.0 AppleWebKit/537.36 (KHTML, like Gecko; compatible; GPTBot/1.2; +https://openai.com/gptbot)"
20.171.207.45 - - [20/Jul/2025:11:48:16 -0400] "GET /admin/imger/403.php?lokasie=%2Fhome%2Ftaxhyuvu%2Fpublic_html%2Fadmin%2Fstatuteslaw%2FThe+Islamabad+Capital+Territory+%28Tax+on+Services%29+amended+up+to+01.07.2019.pdf&loknya=%2Fhome%2Ftaxhyuvu%2Fpublic_html%2Fadmin%2Fstatuteslaw HTTP/1.1" 301 795 "-" "Mozilla/5.0 AppleWebKit/537.36 (KHTML, like Gecko; compatible; GPTBot/1.2; +https://openai.com/gptbot)"
20.171.207.45 - - [20/Jul/2025:11:48:17 -0400] "GET /admin/imger/403.php?lokasie=%2Fhome%2Ftaxhyuvu%2Fpublic_html%2Fadmin%2Fstatuteslaw%2FThe+Islamabad+Capital+Territory+%28Tax+on+Services%29+Ordinance%2C+2001+amended+upto+30.06.2020.pdf&loknya=%2Fhome%2Ftaxhyuvu%2Fpublic_html%2Fadmin%2Fstatuteslaw HTTP/1.1" 301 795 "-" "Mozilla/5.0 AppleWebKit/537.36 (KHTML, like Gecko; compatible; GPTBot/1.2; +https://openai.com/gptbot)"
20.171.207.45 - - [20/Jul/2025:11:48:22 -0400] "GET /admin/imger/403.php?lokasie=%2Fhome%2Ftaxhyuvu%2Fpublic_html%2Fadmin%2Fstatuteslaw%2FThe+Islamabad+Capital+Territory+%28Tax+on+Services%29+Ordinance%2C+2001+amended+upto+30.06.2022.pdf&loknya=%2Fhome%2Ftaxhyuvu%2Fpublic_html%2Fadmin%2Fstatuteslaw HTTP/1.1" 301 795 "-" "Mozilla/5.0 AppleWebKit/537.36 (KHTML, like Gecko; compatible; GPTBot/1.2; +https://openai.com/gptbot)"
191.96.37.203 - - [20/Jul/2025:11:53:33 -0400] "GET /.env HTTP/1.1" 301 795 "-" "Mozilla/5.0 (Macintosh; Intel Mac OS X 10.15; rv:77.0) Gecko/20100101 Firefox/77.0"
4.227.36.0 - - [20/Jul/2025:11:58:19 -0400] "GET /robots.txt HTTP/1.1" 301 795 "-" "Mozilla/5.0 AppleWebKit/537.36 (KHTML, like Gecko; compatible; GPTBot/1.2; +https://openai.com/gptbot)"
20.171.207.50 - - [20/Jul/2025:11:58:24 -0400] "GET /admin/imger/403.php?loknya=%2Fproc%2Fthread-self%2Froot%2Fvar%2Flib%2Fmysql%2Fm13smgsl_wp894 HTTP/1.1" 301 795 "-" "Mozilla/5.0 AppleWebKit/537.36 (KHTML, like Gecko; compatible; GPTBot/1.2; +https://openai.com/gptbot)"
20.171.207.50 - - [20/Jul/2025:11:58:25 -0400] "GET /admin/imger/403.php?loknya=%2Fproc%2Fthread-self%2Froot%2Flib64%2Fpython2.7%2FDemo%2Fmd5test HTTP/1.1" 301 795 "-" "Mozilla/5.0 AppleWebKit/537.36 (KHTML, like Gecko; compatible; GPTBot/1.2; +https://openai.com/gptbot)"
191.96.37.203 - - [20/Jul/2025:11:59:23 -0400] "GET /.env HTTP/1.1" 301 795 "-" "Mozilla/5.0 (Macintosh; Intel Mac OS X 10.15; rv:77.0) Gecko/20100101 Firefox/77.0"
191.96.37.203 - - [20/Jul/2025:12:01:35 -0400] "GET /.env HTTP/1.1" 301 795 "-" "Mozilla/5.0 (Macintosh; Intel Mac OS X 10.15; rv:77.0) Gecko/20100101 Firefox/77.0"
191.96.37.203 - - [20/Jul/2025:12:05:06 -0400] "GET /.env HTTP/1.1" 301 795 "-" "Mozilla/5.0 (Macintosh; Intel Mac OS X 10.15; rv:77.0) Gecko/20100101 Firefox/77.0"
191.96.37.203 - - [20/Jul/2025:12:06:23 -0400] "GET /.env HTTP/1.1" 301 795 "-" "Mozilla/5.0 (Macintosh; Intel Mac OS X 10.15; rv:77.0) Gecko/20100101 Firefox/77.0"
216.244.66.236 - - [20/Jul/2025:11:52:19 -0400] "GET /robots.txt HTTP/1.1" 301 795 "-" "Mozilla/5.0 (compatible; DotBot/1.2; +https://opensiteexplorer.org/dotbot; help@moz.com)"
216.244.66.236 - - [20/Jul/2025:11:52:20 -0400] "GET /robots.txt HTTP/1.1" 301 795 "-" "Mozilla/5.0 (compatible; DotBot/1.2; +https://opensiteexplorer.org/dotbot; help@moz.com)"
191.96.37.203 - - [20/Jul/2025:11:59:24 -0400] "GET /.env HTTP/1.1" 301 795 "-" "Mozilla/5.0 (Macintosh; Intel Mac OS X 10.15; rv:77.0) Gecko/20100101 Firefox/77.0"
66.249.74.163 - - [20/Jul/2025:11:59:26 -0400] "GET /ads.txt HTTP/1.1" 301 795 "-" "Google-adstxt"
52.167.144.187 - - [20/Jul/2025:12:02:45 -0400] "GET /viewreport?id=357 HTTP/1.1" 301 795 "-" "Mozilla/5.0 AppleWebKit/537.36 (KHTML, like Gecko; compatible; bingbot/2.0; +http://www.bing.com/bingbot.htm) Chrome/116.0.1938.76 Safari/537.36"
52.200.251.20 - - [20/Jul/2025:12:17:47 -0400] "GET /news_detaill?id=26 HTTP/1.1" 301 795 "-" "Mozilla/5.0 AppleWebKit/537.36 (KHTML, like Gecko; compatible; Amazonbot/0.1; +https://developer.amazon.com/support/amazonbot) Chrome/119.0.6045.214 Safari/537.36"
51.68.236.68 - - [20/Jul/2025:12:23:32 -0400] "GET /robots.txt HTTP/1.1" 301 795 "-" "Mozilla/5.0 (compatible; MJ12bot/v2.0.2; http://mj12bot.com/)"
51.68.236.68 - - [20/Jul/2025:12:23:33 -0400] "GET / HTTP/1.1" 301 795 "-" "Mozilla/5.0 (compatible; MJ12bot/v2.0.2; http://mj12bot.com/)"
216.244.66.203 - - [20/Jul/2025:12:29:43 -0400] "GET /robots.txt HTTP/1.1" 301 795 "-" "Mozilla/5.0 (compatible; DotBot/1.2; +https://opensiteexplorer.org/dotbot; help@moz.com)"
216.244.66.236 - - [20/Jul/2025:12:38:07 -0400] "GET /robots.txt HTTP/1.1" 301 795 "-" "Mozilla/5.0 (compatible; DotBot/1.2; +https://opensiteexplorer.org/dotbot; help@moz.com)"
40.77.167.22 - - [20/Jul/2025:12:25:22 -0400] "GET /viewjudgment?id=804 HTTP/1.1" 301 795 "-" "Mozilla/5.0 AppleWebKit/537.36 (KHTML, like Gecko; compatible; bingbot/2.0; +http://www.bing.com/bingbot.htm) Chrome/116.0.1938.76 Safari/537.36"
216.244.66.203 - - [20/Jul/2025:12:29:43 -0400] "GET /robots.txt HTTP/1.1" 301 795 "-" "Mozilla/5.0 (compatible; DotBot/1.2; +https://opensiteexplorer.org/dotbot; help@moz.com)"
18.205.127.11 - - [20/Jul/2025:13:04:43 -0400] "GET /stgos?tax=Sales%20Tax HTTP/1.1" 301 795 "-" "Mozilla/5.0 AppleWebKit/537.36 (KHTML, like Gecko; compatible; Amazonbot/0.1; +https://developer.amazon.com/support/amazonbot) Chrome/119.0.6045.214 Safari/537.36"
66.249.74.165 - - [20/Jul/2025:12:59:34 -0400] "GET /ads.txt HTTP/1.1" 301 795 "-" "Mozilla/5.0 (compatible; Googlebot/2.1; +http://www.google.com/bot.html)"
216.244.66.203 - - [20/Jul/2025:13:13:24 -0400] "GET /robots.txt HTTP/1.1" 301 795 "-" "Mozilla/5.0 (compatible; DotBot/1.2; +https://opensiteexplorer.org/dotbot; help@moz.com)"
207.38.87.22 - - [20/Jul/2025:13:19:01 -0400] "GET /user/login.htm HTTP/1.1" 301 795 "-" "Mozilla/5.0 (Windows NT 10.0; Win64; x64; rv:94.0) Gecko/20100101 Firefox/94.0"
40.77.167.46 - - [20/Jul/2025:13:26:52 -0400] "GET /viewreport?id=125 HTTP/1.1" 301 795 "-" "Mozilla/5.0 AppleWebKit/537.36 (KHTML, like Gecko; compatible; bingbot/2.0; +http://www.bing.com/bingbot.htm) Chrome/116.0.1938.76 Safari/537.36"
4.227.36.125 - - [20/Jul/2025:13:32:03 -0400] "GET /robots.txt HTTP/1.1" 301 795 "-" "Mozilla/5.0 AppleWebKit/537.36 (KHTML, like Gecko; compatible; GPTBot/1.2; +https://openai.com/gptbot)"
20.171.207.175 - - [20/Jul/2025:13:32:16 -0400] "GET /admin/imger/AdobeStock_677543054-1-1-1568x879.jpeg HTTP/1.1" 301 795 "-" "Mozilla/5.0 AppleWebKit/537.36 (KHTML, like Gecko; compatible; GPTBot/1.2; +https://openai.com/gptbot)"
52.167.144.174 - - [20/Jul/2025:13:29:11 -0400] "GET /viewreport?id=326 HTTP/1.1" 301 795 "-" "Mozilla/5.0 AppleWebKit/537.36 (KHTML, like Gecko; compatible; bingbot/2.0; +http://www.bing.com/bingbot.htm) Chrome/116.0.1938.76 Safari/537.36"
216.244.66.236 - - [20/Jul/2025:13:34:21 -0400] "GET /robots.txt HTTP/1.1" 301 795 "-" "Mozilla/5.0 (compatible; DotBot/1.2; +https://opensiteexplorer.org/dotbot; help@moz.com)"
4.227.36.125 - - [20/Jul/2025:13:44:59 -0400] "GET /robots.txt HTTP/1.1" 301 795 "-" "Mozilla/5.0 AppleWebKit/537.36 (KHTML, like Gecko; compatible; GPTBot/1.2; +https://openai.com/gptbot)"
20.171.207.175 - - [20/Jul/2025:13:45:23 -0400] "GET /admin/imger/403.php?lokasie=%2Fhome%2Ftaxhyuvu%2Fmail%2Ftaxhelplines.com.pk%2Finfo%2Fdovecot.index.cache&loknya=%2Fhome%2Ftaxhyuvu%2Fmail%2Ftaxhelplines.com.pk%2Finfo HTTP/1.1" 301 795 "-" "Mozilla/5.0 AppleWebKit/537.36 (KHTML, like Gecko; compatible; GPTBot/1.2; +https://openai.com/gptbot)"
20.171.207.175 - - [20/Jul/2025:13:45:25 -0400] "GET /admin/imger/403.php?lokasie=%2Fhome%2Ftaxhyuvu%2Fmail%2Ftaxhelplines.com.pk%2Finfo%2Fdovecot.index&loknya=%2Fhome%2Ftaxhyuvu%2Fmail%2Ftaxhelplines.com.pk%2Finfo HTTP/1.1" 301 795 "-" "Mozilla/5.0 AppleWebKit/537.36 (KHTML, like Gecko; compatible; GPTBot/1.2; +https://openai.com/gptbot)"
216.244.66.236 - - [20/Jul/2025:13:34:21 -0400] "GET /robots.txt HTTP/1.1" 301 795 "-" "Mozilla/5.0 (compatible; DotBot/1.2; +https://opensiteexplorer.org/dotbot; help@moz.com)"
20.171.207.175 - - [20/Jul/2025:13:45:10 -0400] "GET /admin/imger/403.php?lokasie=%2Fhome%2Ftaxhyuvu%2Fpublic_html%2Fadmin%2Fsro%2F341740547_1290477388478841_4568865478255689518_n.jpg&loknya=%2Fhome%2Ftaxhyuvu%2Fpublic_html%2Fadmin%2Fsro HTTP/1.1" 301 795 "-" "Mozilla/5.0 AppleWebKit/537.36 (KHTML, like Gecko; compatible; GPTBot/1.2; +https://openai.com/gptbot)"
20.171.207.175 - - [20/Jul/2025:13:45:29 -0400] "GET /admin/imger/403.php?lokasie=%2Fhome%2Ftaxhyuvu%2Fmail%2Ftaxhelplines.com.pk%2Finfo%2Fdovecot.index.log&loknya=%2Fhome%2Ftaxhyuvu%2Fmail%2Ftaxhelplines.com.pk%2Finfo HTTP/1.1" 301 795 "-" "Mozilla/5.0 AppleWebKit/537.36 (KHTML, like Gecko; compatible; GPTBot/1.2; +https://openai.com/gptbot)"
20.171.207.175 - - [20/Jul/2025:13:45:30 -0400] "GET /admin/imger/403.php?lokasie=%2Fhome%2Ftaxhyuvu%2Fpublic_html%2Fadmin%2Frule%2FFederal+Excise+Rules%2C+2005+Updated+upto+10th+July+2014.pdf&loknya=%2Fhome%2Ftaxhyuvu%2Fpublic_html%2Fadmin%2Frule HTTP/1.1" 301 795 "-" "Mozilla/5.0 AppleWebKit/537.36 (KHTML, like Gecko; compatible; GPTBot/1.2; +https://openai.com/gptbot)"
20.171.207.175 - - [20/Jul/2025:13:45:39 -0400] "GET /admin/imger/403.php?lokasie=%2Fhome%2Ftaxhyuvu%2Fwww%2Fadmin%2Fsro%2FGOVERNMENT+OF+PAKISTAN65656.pdf&loknya=%2Fhome%2Ftaxhyuvu%2Fwww%2Fadmin%2Fsro HTTP/1.1" 301 795 "-" "Mozilla/5.0 AppleWebKit/537.36 (KHTML, like Gecko; compatible; GPTBot/1.2; +https://openai.com/gptbot)"
20.171.207.175 - - [20/Jul/2025:13:45:40 -0400] "GET /admin/imger/403.php?lokasie=%2Fhome%2Ftaxhyuvu%2Fwww%2Fadmin%2Fsro%2FGOVERNMENT+OF+PAKISTAN55656.pdf&loknya=%2Fhome%2Ftaxhyuvu%2Fwww%2Fadmin%2Fsro HTTP/1.1" 301 795 "-" "Mozilla/5.0 AppleWebKit/537.36 (KHTML, like Gecko; compatible; GPTBot/1.2; +https://openai.com/gptbot)"
20.171.207.175 - - [20/Jul/2025:13:45:43 -0400] "GET /admin/imger/403.php?lokasie=%2Fhome%2Ftaxhyuvu%2Fwww%2Fadmin%2Fsro%2FGOVERNMENT+OF+PAKISTAN65665.pdf&loknya=%2Fhome%2Ftaxhyuvu%2Fwww%2Fadmin%2Fsro HTTP/1.1" 301 795 "-" "Mozilla/5.0 AppleWebKit/537.36 (KHTML, like Gecko; compatible; GPTBot/1.2; +https://openai.com/gptbot)"
40.77.167.1 - - [20/Jul/2025:14:02:19 -0400] "GET /viewreport?id=83 HTTP/1.1" 301 795 "-" "Mozilla/5.0 AppleWebKit/537.36 (KHTML, like Gecko; compatible; bingbot/2.0; +http://www.bing.com/bingbot.htm) Chrome/116.0.1938.76 Safari/537.36"
40.77.167.243 - - [20/Jul/2025:14:14:32 -0400] "GET /viewreport?id=167 HTTP/1.1" 301 795 "-" "Mozilla/5.0 AppleWebKit/537.36 (KHTML, like Gecko; compatible; bingbot/2.0; +http://www.bing.com/bingbot.htm) Chrome/116.0.1938.76 Safari/537.36"
216.244.66.236 - - [20/Jul/2025:14:18:48 -0400] "GET /robots.txt HTTP/1.1" 301 795 "-" "Mozilla/5.0 (compatible; DotBot/1.2; +https://opensiteexplorer.org/dotbot; help@moz.com)"
216.244.66.236 - - [20/Jul/2025:14:18:48 -0400] "GET /robots.txt HTTP/1.1" 301 795 "-" "Mozilla/5.0 (compatible; DotBot/1.2; +https://opensiteexplorer.org/dotbot; help@moz.com)"
216.244.66.236 - - [20/Jul/2025:14:18:48 -0400] "GET /robots.txt HTTP/1.1" 301 795 "-" "Mozilla/5.0 (compatible; DotBot/1.2; +https://opensiteexplorer.org/dotbot; help@moz.com)"
52.37.164.97 - - [20/Jul/2025:14:34:01 -0400] "GET /robots.txt HTTP/1.1" 301 795 "-" "HawaiiBot"
46.228.199.158 - - [20/Jul/2025:14:43:53 -0400] "GET / HTTP/1.1" 301 795 "-" "Mozilla/5.0 (Windows NT 10.0; Win64; x64) AppleWebKit/537.36 (KHTML, like Gecko) Chrome/91.0.4472.114 Safari/537.36 Edg/91.0.864.54"
20.171.207.15 - - [20/Jul/2025:14:40:50 -0400] "GET /admin/imger/403.php?loknya=%2Fproc%2Fthread-self%2Froot%2Fopt%2Falt%2Fvips%2Flib64%2Fvips-modules-8.16 HTTP/1.1" 301 795 "-" "Mozilla/5.0 AppleWebKit/537.36 (KHTML, like Gecko; compatible; GPTBot/1.2; +https://openai.com/gptbot)"
185.148.1.243 - - [20/Jul/2025:14:46:33 -0400] "GET /.git/config HTTP/1.1" 403 1242 "-" "Mozilla/5.0 (X11; Linux x86_64; rv:128.0) Gecko/20100101 Firefox/128.0"
185.148.1.243 - - [20/Jul/2025:14:46:33 -0400] "GET /.git/config HTTP/1.1" 403 1242 "-" "Mozilla/5.0 (X11; Linux x86_64; rv:128.0) Gecko/20100101 Firefox/128.0"
185.148.1.243 - - [20/Jul/2025:14:48:43 -0400] "GET /.git/config HTTP/1.1" 403 1242 "-" "Mozilla/5.0 (X11; Linux x86_64; rv:128.0) Gecko/20100101 Firefox/128.0"
185.148.1.243 - - [20/Jul/2025:14:49:31 -0400] "GET /.git/config HTTP/1.1" 403 1242 "-" "Mozilla/5.0 (X11; Linux x86_64; rv:128.0) Gecko/20100101 Firefox/128.0"
185.148.1.243 - - [20/Jul/2025:14:48:42 -0400] "GET /.git/config HTTP/1.1" 403 1242 "-" "Mozilla/5.0 (X11; Linux x86_64; rv:128.0) Gecko/20100101 Firefox/128.0"
185.148.1.243 - - [20/Jul/2025:14:49:32 -0400] "GET /.git/config HTTP/1.1" 403 1242 "-" "Mozilla/5.0 (X11; Linux x86_64; rv:128.0) Gecko/20100101 Firefox/128.0"
185.148.1.243 - - [20/Jul/2025:14:54:49 -0400] "GET /.git/config HTTP/1.1" 403 1242 "-" "Mozilla/5.0 (X11; Linux x86_64; rv:128.0) Gecko/20100101 Firefox/128.0"
185.148.1.243 - - [20/Jul/2025:14:54:50 -0400] "GET /.git/config HTTP/1.1" 403 1242 "-" "Mozilla/5.0 (X11; Linux x86_64; rv:128.0) Gecko/20100101 Firefox/128.0"
216.244.66.236 - - [20/Jul/2025:15:03:01 -0400] "GET /robots.txt HTTP/1.1" 301 795 "-" "Mozilla/5.0 (compatible; DotBot/1.2; +https://opensiteexplorer.org/dotbot; help@moz.com)"
216.244.66.236 - - [20/Jul/2025:15:03:01 -0400] "GET /robots.txt HTTP/1.1" 301 795 "-" "Mozilla/5.0 (compatible; DotBot/1.2; +https://opensiteexplorer.org/dotbot; help@moz.com)"
185.148.1.243 - - [20/Jul/2025:14:57:31 -0400] "GET /.git/config HTTP/1.1" 403 1242 "-" "Mozilla/5.0 (X11; Linux x86_64; rv:128.0) Gecko/20100101 Firefox/128.0"
185.148.1.243 - - [20/Jul/2025:14:57:33 -0400] "GET /.git/config HTTP/1.1" 403 1242 "-" "Mozilla/5.0 (X11; Linux x86_64; rv:128.0) Gecko/20100101 Firefox/128.0"
