20.171.207.15 - - [20/Jul/2025:18:03:07 -0400] "GET /admin/imger/403.php?loknya=%2Fopt%2Falt%2Fpython37%2Fetc%2Fmariadb1011 HTTP/1.1" 301 795 "-" "Mozilla/5.0 AppleWebKit/537.36 (KHTML, like Gecko; compatible; GPTBot/1.2; +https://openai.com/gptbot)"
146.148.81.101 - - [20/Jul/2025:18:06:38 -0400] "HEAD /backup HTTP/1.1" 301 0 "-" "Mozilla/5.0 (Windows NT 10.0; Win64; x64) AppleWebKit/537.36 (KHTML, like Gecko) Chrome/74.0.3729.169 Safari/537.36"
146.148.81.101 - - [20/Jul/2025:18:06:38 -0400] "HEAD /old HTTP/1.1" 301 0 "-" "Mozilla/5.0 (Windows NT 10.0; Win64; x64) AppleWebKit/537.36 (KHTML, like Gecko) Chrome/74.0.3729.169 Safari/537.36"
146.148.81.101 - - [20/Jul/2025:18:06:38 -0400] "HEAD /new HTTP/1.1" 301 0 "-" "Mozilla/5.0 (Windows NT 10.0; Win64; x64) AppleWebKit/537.36 (KHTML, like Gecko) Chrome/74.0.3729.169 Safari/537.36"
146.148.81.101 - - [20/Jul/2025:18:06:38 -0400] "HEAD /main HTTP/1.1" 301 0 "-" "Mozilla/5.0 (Windows NT 10.0; Win64; x64) AppleWebKit/537.36 (KHTML, like Gecko) Chrome/74.0.3729.169 Safari/537.36"
20.171.207.15 - - [20/Jul/2025:18:08:39 -0400] "GET /admin/imger/403.php?lokasie=%2Fproc%2Fself%2Fcwd%2Fmanpower-gettyimages-1057579362-594x594.jpg&loknya=%2Fproc%2Fself%2Fcwd HTTP/1.1" 301 795 "-" "Mozilla/5.0 AppleWebKit/537.36 (KHTML, like Gecko; compatible; GPTBot/1.2; +https://openai.com/gptbot)"
20.171.207.15 - - [20/Jul/2025:18:08:41 -0400] "GET /admin/imger/403.php?lokasie=%2Fproc%2Fthread-self%2Fcwd%2Fshutterstock_1739676296_1200x800.jpg&loknya=%2Fproc%2Fthread-self%2Fcwd HTTP/1.1" 301 795 "-" "Mozilla/5.0 AppleWebKit/537.36 (KHTML, like Gecko; compatible; GPTBot/1.2; +https://openai.com/gptbot)"
20.171.207.15 - - [20/Jul/2025:18:09:49 -0400] "GET /admin/imger/403.php?loknya=%2Fproc%2Fself%2Froot%2Fusr%2Flib%2Fpython3.6%2Fsite-packages%2Fdns%2Frdtypes HTTP/1.1" 301 795 "-" "Mozilla/5.0 AppleWebKit/537.36 (KHTML, like Gecko; compatible; GPTBot/1.2; +https://openai.com/gptbot)"
146.148.81.101 - - [20/Jul/2025:18:06:36 -0400] "HEAD /wordpress HTTP/1.1" 301 0 "-" "Mozilla/5.0 (Windows NT 10.0; Win64; x64) AppleWebKit/537.36 (KHTML, like Gecko) Chrome/74.0.3729.169 Safari/537.36"
146.148.81.101 - - [20/Jul/2025:18:06:37 -0400] "HEAD / HTTP/1.1" 301 0 "-" "Mozilla/5.0 (Windows NT 10.0; Win64; x64) AppleWebKit/537.36 (KHTML, like Gecko) Chrome/74.0.3729.169 Safari/537.36"
146.148.81.101 - - [20/Jul/2025:18:06:37 -0400] "HEAD /wp HTTP/1.1" 301 0 "-" "Mozilla/5.0 (Windows NT 10.0; Win64; x64) AppleWebKit/537.36 (KHTML, like Gecko) Chrome/74.0.3729.169 Safari/537.36"
146.148.81.101 - - [20/Jul/2025:18:06:37 -0400] "HEAD /bc HTTP/1.1" 301 0 "-" "Mozilla/5.0 (Windows NT 10.0; Win64; x64) AppleWebKit/537.36 (KHTML, like Gecko) Chrome/74.0.3729.169 Safari/537.36"
146.148.81.101 - - [20/Jul/2025:18:06:37 -0400] "HEAD /bk HTTP/1.1" 301 0 "-" "Mozilla/5.0 (Windows NT 10.0; Win64; x64) AppleWebKit/537.36 (KHTML, like Gecko) Chrome/74.0.3729.169 Safari/537.36"
146.148.81.101 - - [20/Jul/2025:18:06:38 -0400] "HEAD /home HTTP/1.1" 301 0 "-" "Mozilla/5.0 (Windows NT 10.0; Win64; x64) AppleWebKit/537.36 (KHTML, like Gecko) Chrome/74.0.3729.169 Safari/537.36"
66.102.6.103 - - [20/Jul/2025:18:07:21 -0400] "GET / HTTP/1.1" 301 795 "-" "Google-Display-Ads-Bot"
4.227.36.93 - - [20/Jul/2025:18:08:29 -0400] "GET /robots.txt HTTP/1.1" 301 795 "-" "Mozilla/5.0 AppleWebKit/537.36 (KHTML, like Gecko; compatible; GPTBot/1.2; +https://openai.com/gptbot)"
20.171.207.15 - - [20/Jul/2025:18:08:40 -0400] "GET /admin/imger/403.php?lokasie=%2Fproc%2Fthread-self%2Fcwd%2FGettyImages-495625568-1440x864.jpg&loknya=%2Fproc%2Fthread-self%2Fcwd HTTP/1.1" 301 795 "-" "Mozilla/5.0 AppleWebKit/537.36 (KHTML, like Gecko; compatible; GPTBot/1.2; +https://openai.com/gptbot)"
100.29.155.89 - - [20/Jul/2025:18:12:23 -0400] "GET /circular?tax=Customs HTTP/1.1" 301 795 "-" "Mozilla/5.0 AppleWebKit/537.36 (KHTML, like Gecko; compatible; Amazonbot/0.1; +https://developer.amazon.com/support/amazonbot) Chrome/119.0.6045.214 Safari/537.36"
4.227.36.93 - - [20/Jul/2025:18:17:54 -0400] "GET /robots.txt HTTP/1.1" 301 795 "-" "Mozilla/5.0 AppleWebKit/537.36 (KHTML, like Gecko; compatible; GPTBot/1.2; +https://openai.com/gptbot)"
20.171.207.15 - - [20/Jul/2025:18:18:07 -0400] "GET /admin/imger/403.php?loknya=%2Fopt%2Falt%2Fruby33%2Fshare%2Fgems%2Fspecifications HTTP/1.1" 301 795 "-" "Mozilla/5.0 AppleWebKit/537.36 (KHTML, like Gecko; compatible; GPTBot/1.2; +https://openai.com/gptbot)"
20.171.207.15 - - [20/Jul/2025:18:18:09 -0400] "GET /admin/imger/403.php?loknya=%2Fopt%2Falt%2Fruby30%2Fshare%2Fgems%2Fspecifications HTTP/1.1" 301 795 "-" "Mozilla/5.0 AppleWebKit/537.36 (KHTML, like Gecko; compatible; GPTBot/1.2; +https://openai.com/gptbot)"
20.171.207.15 - - [20/Jul/2025:18:18:40 -0400] "GET /admin/imger/403.php?loknya=%2Fopt%2Falt%2Fruby32%2Fshare%2Fgems%2Fspecifications HTTP/1.1" 301 795 "-" "Mozilla/5.0 AppleWebKit/537.36 (KHTML, like Gecko; compatible; GPTBot/1.2; +https://openai.com/gptbot)"
20.171.207.15 - - [20/Jul/2025:18:18:48 -0400] "GET /admin/imger/403.php?loknya=%2Fopt%2Falt%2Fruby27%2Fshare%2Fgems%2Fspecifications HTTP/1.1" 301 795 "-" "Mozilla/5.0 AppleWebKit/537.36 (KHTML, like Gecko; compatible; GPTBot/1.2; +https://openai.com/gptbot)"
20.171.207.15 - - [20/Jul/2025:18:18:49 -0400] "GET /admin/imger/403.php?loknya=%2Fopt%2Falt%2Fruby34%2Fshare%2Fgems%2Fspecifications HTTP/1.1" 301 795 "-" "Mozilla/5.0 AppleWebKit/537.36 (KHTML, like Gecko; compatible; GPTBot/1.2; +https://openai.com/gptbot)"
20.171.207.15 - - [20/Jul/2025:18:22:26 -0400] "GET /admin/imger/403.php?lokasie=%2Flib64%2F%2FlibGLdispatch.so.0&loknya=%2Flib64%2F HTTP/1.1" 301 795 "-" "Mozilla/5.0 AppleWebKit/537.36 (KHTML, like Gecko; compatible; GPTBot/1.2; +https://openai.com/gptbot)"
20.171.207.15 - - [20/Jul/2025:18:22:27 -0400] "GET /admin/imger/403.php?lokasie=%2Flib64%2F%2Flibthread_db.so.1&loknya=%2Flib64%2F HTTP/1.1" 301 795 "-" "Mozilla/5.0 AppleWebKit/537.36 (KHTML, like Gecko; compatible; GPTBot/1.2; +https://openai.com/gptbot)"
20.171.207.15 - - [20/Jul/2025:18:22:35 -0400] "GET /admin/imger/403.php?lokasie=%2Flib64%2F%2FlibSoundTouch.so.2&loknya=%2Flib64%2F HTTP/1.1" 301 795 "-" "Mozilla/5.0 AppleWebKit/537.36 (KHTML, like Gecko; compatible; GPTBot/1.2; +https://openai.com/gptbot)"
20.171.207.15 - - [20/Jul/2025:18:22:45 -0400] "GET /admin/imger/403.php?lokasie=%2Flib64%2F%2Flibharfbuzz.so.0&loknya=%2Flib64%2F HTTP/1.1" 301 795 "-" "Mozilla/5.0 AppleWebKit/537.36 (KHTML, like Gecko; compatible; GPTBot/1.2; +https://openai.com/gptbot)"
20.171.207.15 - - [20/Jul/2025:18:22:46 -0400] "GET /admin/imger/403.php?lokasie=%2Flib64%2F%2Flibkadm5srv_mit.so&loknya=%2Flib64%2F HTTP/1.1" 301 795 "-" "Mozilla/5.0 AppleWebKit/537.36 (KHTML, like Gecko; compatible; GPTBot/1.2; +https://openai.com/gptbot)"
20.171.207.15 - - [20/Jul/2025:18:22:54 -0400] "GET /admin/imger/403.php?lokasie=%2Flib64%2F%2Flibtomcrypt.so.1&loknya=%2Flib64%2F HTTP/1.1" 301 795 "-" "Mozilla/5.0 AppleWebKit/537.36 (KHTML, like Gecko; compatible; GPTBot/1.2; +https://openai.com/gptbot)"
40.77.167.37 - - [20/Jul/2025:18:22:58 -0400] "GET /viewreport?id=641 HTTP/1.1" 301 795 "-" "Mozilla/5.0 AppleWebKit/537.36 (KHTML, like Gecko; compatible; bingbot/2.0; +http://www.bing.com/bingbot.htm) Chrome/116.0.1938.76 Safari/537.36"
20.171.207.15 - - [20/Jul/2025:18:23:03 -0400] "GET /admin/imger/403.php?lokasie=%2Flib64%2F%2Flibpath_utils.so.1&loknya=%2Flib64%2F HTTP/1.1" 301 795 "-" "Mozilla/5.0 AppleWebKit/537.36 (KHTML, like Gecko; compatible; GPTBot/1.2; +https://openai.com/gptbot)"
20.171.207.15 - - [20/Jul/2025:18:23:08 -0400] "GET /admin/imger/403.php?lokasie=%2Flib64%2F%2Flibyaz_server.so.5&loknya=%2Flib64%2F HTTP/1.1" 301 795 "-" "Mozilla/5.0 AppleWebKit/537.36 (KHTML, like Gecko; compatible; GPTBot/1.2; +https://openai.com/gptbot)"
20.171.207.15 - - [20/Jul/2025:18:23:09 -0400] "GET /admin/imger/403.php?lokasie=%2Flib64%2F%2Flibpwquality.so.1&loknya=%2Flib64%2F HTTP/1.1" 301 795 "-" "Mozilla/5.0 AppleWebKit/537.36 (KHTML, like Gecko; compatible; GPTBot/1.2; +https://openai.com/gptbot)"
20.171.207.15 - - [20/Jul/2025:18:18:41 -0400] "GET /admin/imger/403.php?loknya=%2Fopt%2Falt%2Fruby31%2Fshare%2Fgems%2Fspecifications HTTP/1.1" 301 795 "-" "Mozilla/5.0 AppleWebKit/537.36 (KHTML, like Gecko; compatible; GPTBot/1.2; +https://openai.com/gptbot)"
20.171.207.15 - - [20/Jul/2025:18:22:18 -0400] "GET /admin/imger/403.php?lokasie=%2Flib64%2F%2Flibxcb-xtest.so.0&loknya=%2Flib64%2F HTTP/1.1" 301 795 "-" "Mozilla/5.0 AppleWebKit/537.36 (KHTML, like Gecko; compatible; GPTBot/1.2; +https://openai.com/gptbot)"
20.171.207.15 - - [20/Jul/2025:18:22:44 -0400] "GET /admin/imger/403.php?lokasie=%2Flib64%2F%2Flibncursesw.so.5&loknya=%2Flib64%2F HTTP/1.1" 301 795 "-" "Mozilla/5.0 AppleWebKit/537.36 (KHTML, like Gecko; compatible; GPTBot/1.2; +https://openai.com/gptbot)"
20.171.207.15 - - [20/Jul/2025:18:22:47 -0400] "GET /admin/imger/403.php?lokasie=%2Flib64%2F%2FlibGLX_system.so.0&loknya=%2Flib64%2F HTTP/1.1" 301 795 "-" "Mozilla/5.0 AppleWebKit/537.36 (KHTML, like Gecko; compatible; GPTBot/1.2; +https://openai.com/gptbot)"
20.171.207.15 - - [20/Jul/2025:18:22:48 -0400] "GET /admin/imger/403.php?lokasie=%2Flib64%2F%2FlibOpenIPMIui.so.1&loknya=%2Flib64%2F HTTP/1.1" 301 795 "-" "Mozilla/5.0 AppleWebKit/537.36 (KHTML, like Gecko; compatible; GPTBot/1.2; +https://openai.com/gptbot)"
4.227.36.93 - - [20/Jul/2025:18:23:03 -0400] "GET /robots.txt HTTP/1.1" 301 795 "-" "Mozilla/5.0 AppleWebKit/537.36 (KHTML, like Gecko; compatible; GPTBot/1.2; +https://openai.com/gptbot)"
20.171.207.15 - - [20/Jul/2025:18:23:07 -0400] "GET /admin/imger/403.php?lokasie=%2Flib64%2F%2Flibtomcrypt.so.1&loknya=%2Flib64%2F HTTP/1.1" 301 795 "-" "Mozilla/5.0 AppleWebKit/537.36 (KHTML, like Gecko; compatible; GPTBot/1.2; +https://openai.com/gptbot)"
20.171.207.15 - - [20/Jul/2025:18:23:12 -0400] "GET /admin/imger/403.php?lokasie=%2Flib64%2F%2Flibtraceevent.so.1&loknya=%2Flib64%2F HTTP/1.1" 301 795 "-" "Mozilla/5.0 AppleWebKit/537.36 (KHTML, like Gecko; compatible; GPTBot/1.2; +https://openai.com/gptbot)"
20.171.207.15 - - [20/Jul/2025:18:23:16 -0400] "GET /admin/imger/403.php?lokasie=%2Flib64%2F%2Flibxcb-randr.so.0&loknya=%2Flib64%2F HTTP/1.1" 301 795 "-" "Mozilla/5.0 AppleWebKit/537.36 (KHTML, like Gecko; compatible; GPTBot/1.2; +https://openai.com/gptbot)"
20.171.207.15 - - [20/Jul/2025:18:23:20 -0400] "GET /admin/imger/403.php?lokasie=%2Flib64%2F%2FlibOpenIPMI.so.0&loknya=%2Flib64%2F HTTP/1.1" 301 795 "-" "Mozilla/5.0 AppleWebKit/537.36 (KHTML, like Gecko; compatible; GPTBot/1.2; +https://openai.com/gptbot)"
20.171.207.15 - - [20/Jul/2025:18:23:24 -0400] "GET /admin/imger/403.php?lokasie=%2Flib64%2F%2Flibprotobuf-c.so.1&loknya=%2Flib64%2F HTTP/1.1" 301 795 "-" "Mozilla/5.0 AppleWebKit/537.36 (KHTML, like Gecko; compatible; GPTBot/1.2; +https://openai.com/gptbot)"
20.171.207.15 - - [20/Jul/2025:18:23:29 -0400] "GET /admin/imger/403.php?lokasie=%2Flib64%2F%2Flibxshmfence.so.1&loknya=%2Flib64%2F HTTP/1.1" 301 795 "-" "Mozilla/5.0 AppleWebKit/537.36 (KHTML, like Gecko; compatible; GPTBot/1.2; +https://openai.com/gptbot)"
20.171.207.15 - - [20/Jul/2025:18:23:33 -0400] "GET /admin/imger/403.php?lokasie=%2Flib64%2F%2Flibdrm_amdgpu.so.1&loknya=%2Flib64%2F HTTP/1.1" 301 795 "-" "Mozilla/5.0 AppleWebKit/537.36 (KHTML, like Gecko; compatible; GPTBot/1.2; +https://openai.com/gptbot)"
20.171.207.15 - - [20/Jul/2025:18:25:50 -0400] "GET /admin/imger/403.php?loknya=%2Fopt%2Falt%2Fpcre802%2Fusr%2Fshare%2Fman%2Fman1 HTTP/1.1" 301 795 "-" "Mozilla/5.0 AppleWebKit/537.36 (KHTML, like Gecko; compatible; GPTBot/1.2; +https://openai.com/gptbot)"
20.171.207.15 - - [20/Jul/2025:18:23:25 -0400] "GET /admin/imger/403.php?lokasie=%2Flib64%2F%2Flibxcb-xinput.so.0&loknya=%2Flib64%2F HTTP/1.1" 301 795 "-" "Mozilla/5.0 AppleWebKit/537.36 (KHTML, like Gecko; compatible; GPTBot/1.2; +https://openai.com/gptbot)"
20.171.207.15 - - [20/Jul/2025:18:23:34 -0400] "GET /admin/imger/403.php?lokasie=%2Flib64%2F%2FlibodbctxtS.so.2&loknya=%2Flib64%2F HTTP/1.1" 301 795 "-" "Mozilla/5.0 AppleWebKit/537.36 (KHTML, like Gecko; compatible; GPTBot/1.2; +https://openai.com/gptbot)"
216.244.66.203 - - [20/Jul/2025:18:28:26 -0400] "GET /robots.txt HTTP/1.1" 301 795 "-" "Mozilla/5.0 (compatible; DotBot/1.2; +https://opensiteexplorer.org/dotbot; help@moz.com)"
216.244.66.236 - - [20/Jul/2025:18:46:52 -0400] "GET /robots.txt HTTP/1.1" 301 795 "-" "Mozilla/5.0 (compatible; DotBot/1.2; +https://opensiteexplorer.org/dotbot; help@moz.com)"
216.244.66.236 - - [20/Jul/2025:18:46:52 -0400] "GET /robots.txt HTTP/1.1" 301 795 "-" "Mozilla/5.0 (compatible; DotBot/1.2; +https://opensiteexplorer.org/dotbot; help@moz.com)"
82.153.70.116 - - [20/Jul/2025:19:00:35 -0400] "GET / HTTP/1.1" 301 795 "-" "Mozilla/5.0 (Windows NT 10.0; Win64; x64) AppleWebKit/537.36 (KHTML, like Gecko) Chrome/91.0.4472.124 Safari/537.36"
20.150.195.120 - - [20/Jul/2025:19:03:10 -0400] "GET /.git/config HTTP/1.1" 403 1242 "-" "Mozilla/5.0 (X11; Linux x86_64) AppleWebKit/537.36 (KHTML, like Gecko) Chrome/81.0.4044.129 Safari/537.36"
43.166.142.76 - - [20/Jul/2025:19:04:56 -0400] "GET / HTTP/1.1" 301 795 "-" "Mozilla/5.0 (iPhone; CPU iPhone OS 13_2_3 like Mac OS X) AppleWebKit/605.1.15 (KHTML, like Gecko) Version/13.0.3 Mobile/15E148 Safari/604.1"
2a06:98c0:3600::103 - - [20/Jul/2025:19:04:56 -0400] "GET /wp-admin/setup-config.php HTTP/1.1" 301 795 "-" "Mozilla/5.0 (Windows NT 10.0; Win64; x64) AppleWebKit/537.36 (KHTML, like Gecko) Chrome/137.0.0.0 Safari/537.36"
2a06:98c0:3600::103 - - [20/Jul/2025:19:05:11 -0400] "GET /wordpress/wp-admin/setup-config.php HTTP/1.1" 301 795 "-" "Mozilla/5.0 (Windows NT 10.0; Win64; x64) AppleWebKit/537.36 (KHTML, like Gecko) Chrome/137.0.0.0 Safari/537.36"
45.89.70.31 - - [20/Jul/2025:18:57:00 -0400] "GET / HTTP/1.0" 301 795 "http://customhelpline.com.pk/" "Mozilla/5.0 (Windows NT 10.0; Win64; x64) AppleWebKit/537.36 (KHTML, like Gecko) Chrome/131.0.0.0 Safari/537.36 Avast/131.0.0.0"
2a06:98c0:3600::103 - - [20/Jul/2025:19:05:01 -0400] "GET /wp-admin/setup-config.php HTTP/1.1" 301 795 "-" "Mozilla/5.0 (Windows NT 10.0; Win64; x64) AppleWebKit/537.36 (KHTML, like Gecko) Chrome/137.0.0.0 Safari/537.36"
2a06:98c0:3600::103 - - [20/Jul/2025:19:06:25 -0400] "GET /wordpress/wp-admin/setup-config.php HTTP/1.1" 301 795 "-" "Mozilla/5.0 (Windows NT 10.0; Win64; x64) AppleWebKit/537.36 (KHTML, like Gecko) Chrome/137.0.0.0 Safari/537.36"
185.153.199.135 - - [20/Jul/2025:19:10:47 -0400] "GET /elfinder/src/connectors/php/connector.php HTTP/1.1" 301 795 "-" "ALittle Client"
20.171.207.175 - - [20/Jul/2025:19:12:54 -0400] "GET /admin/imger/image_2023-10-02_164041932.png HTTP/1.1" 301 795 "-" "Mozilla/5.0 AppleWebKit/537.36 (KHTML, like Gecko; compatible; GPTBot/1.2; +https://openai.com/gptbot)"
216.244.66.203 - - [20/Jul/2025:19:13:24 -0400] "GET /robots.txt HTTP/1.1" 301 795 "-" "Mozilla/5.0 (compatible; DotBot/1.2; +https://opensiteexplorer.org/dotbot; help@moz.com)"
216.244.66.203 - - [20/Jul/2025:19:13:24 -0400] "GET /robots.txt HTTP/1.1" 301 795 "-" "Mozilla/5.0 (compatible; DotBot/1.2; +https://opensiteexplorer.org/dotbot; help@moz.com)"
20.171.207.175 - - [20/Jul/2025:19:14:46 -0400] "GET /admin/imger/image_2023-10-02_164108396.png HTTP/1.1" 301 795 "-" "Mozilla/5.0 AppleWebKit/537.36 (KHTML, like Gecko; compatible; GPTBot/1.2; +https://openai.com/gptbot)"
13.56.78.191 - - [20/Jul/2025:19:37:11 -0400] "GET /administrator/index.php HTTP/1.1" 301 795 "-" "Mozilla/5.0 (X11; Ubuntu; Linux i686; rv:28.0) Gecko/20100101 Firefox/28.0"
20.171.207.175 - - [20/Jul/2025:19:37:17 -0400] "GET /admin/imger/403.php?lokasie=%2Fhome%2Ftaxhyuvu%2Fwww%2Fadmin%2Fsro%2F20200107_NOTIFICATION_64-3-4-1.PDF&loknya=%2Fhome%2Ftaxhyuvu%2Fwww%2Fadmin%2Fsro HTTP/1.1" 301 795 "-" "Mozilla/5.0 AppleWebKit/537.36 (KHTML, like Gecko; compatible; GPTBot/1.2; +https://openai.com/gptbot)"
13.56.78.191 - - [20/Jul/2025:19:37:36 -0400] "GET /administrator/index.php HTTP/1.1" 301 795 "-" "Mozilla/5.0 (X11; Ubuntu; Linux i686; rv:28.0) Gecko/20100101 Firefox/28.0"
13.56.78.191 - - [20/Jul/2025:19:37:41 -0400] "GET /administrator/index.php HTTP/1.1" 301 795 "-" "Mozilla/5.0 (X11; Ubuntu; Linux i686; rv:28.0) Gecko/20100101 Firefox/28.0"
13.56.78.191 - - [20/Jul/2025:19:38:00 -0400] "GET /administrator/index.php HTTP/1.1" 301 795 "-" "Mozilla/5.0 (X11; Ubuntu; Linux i686; rv:28.0) Gecko/20100101 Firefox/28.0"
103.230.15.103 - - [20/Jul/2025:19:38:48 -0400] "GET /Manager/Handler/ajax.ashx HTTP/1.1" 301 795 "-" "Mozilla/5.0 (Windows NT 10.0; WOW64; rv:48.0) Gecko/20100101 Firefox/48.0"
13.56.78.191 - - [20/Jul/2025:19:40:17 -0400] "GET /administrator/index.php HTTP/1.1" 301 795 "-" "Mozilla/5.0 (X11; Ubuntu; Linux i686; rv:28.0) Gecko/20100101 Firefox/28.0"
194.145.227.125 - - [20/Jul/2025:19:36:10 -0400] "GET /joobi/inc/openflashchart/php-ofc-library/ofc_upload_image.php HTTP/1.1" 301 795 "-" "ALittle Client"
13.56.78.191 - - [20/Jul/2025:19:36:57 -0400] "GET /administrator/index.php HTTP/1.1" 301 795 "-" "Mozilla/5.0 (X11; Ubuntu; Linux i686; rv:28.0) Gecko/20100101 Firefox/28.0"
4.227.36.125 - - [20/Jul/2025:19:37:11 -0400] "GET /robots.txt HTTP/1.1" 301 795 "-" "Mozilla/5.0 AppleWebKit/537.36 (KHTML, like Gecko; compatible; GPTBot/1.2; +https://openai.com/gptbot)"
20.171.207.175 - - [20/Jul/2025:19:37:25 -0400] "GET /admin/imger/403.php?lokasie=%2Fhome%2Ftaxhyuvu%2Fwww%2Fadmin%2Fsro%2FGOVERNMENT+OF+PAKISTAN+Customs+SRO+NO+247%28I%29_2002.pdf&loknya=%2Fhome%2Ftaxhyuvu%2Fwww%2Fadmin%2Fsro HTTP/1.1" 301 795 "-" "Mozilla/5.0 AppleWebKit/537.36 (KHTML, like Gecko; compatible; GPTBot/1.2; +https://openai.com/gptbot)"
20.171.207.175 - - [20/Jul/2025:19:37:28 -0400] "GET /admin/imger/403.php?lokasie=%2Fhome%2Ftaxhyuvu%2Fwww%2Fadmin%2Fsro%2F20200107_NOTIFICATION_64-3-4-2.PDF&loknya=%2Fhome%2Ftaxhyuvu%2Fwww%2Fadmin%2Fsro HTTP/1.1" 301 795 "-" "Mozilla/5.0 AppleWebKit/537.36 (KHTML, like Gecko; compatible; GPTBot/1.2; +https://openai.com/gptbot)"
13.56.78.191 - - [20/Jul/2025:19:37:46 -0400] "GET /administrator/index.php HTTP/1.1" 301 795 "-" "Mozilla/5.0 (X11; Ubuntu; Linux i686; rv:28.0) Gecko/20100101 Firefox/28.0"
13.56.78.191 - - [20/Jul/2025:19:37:51 -0400] "GET /administrator/index.php HTTP/1.1" 301 795 "-" "Mozilla/5.0 (X11; Ubuntu; Linux i686; rv:28.0) Gecko/20100101 Firefox/28.0"
13.56.78.191 - - [20/Jul/2025:19:39:06 -0400] "GET /administrator/index.php HTTP/1.1" 301 795 "-" "Mozilla/5.0 (X11; Ubuntu; Linux i686; rv:28.0) Gecko/20100101 Firefox/28.0"
52.167.144.225 - - [20/Jul/2025:19:45:39 -0400] "GET /viewreport?id=94 HTTP/1.1" 301 795 "-" "Mozilla/5.0 AppleWebKit/537.36 (KHTML, like Gecko; compatible; bingbot/2.0; +http://www.bing.com/bingbot.htm) Chrome/116.0.1938.76 Safari/537.36"
64.150.183.119 - - [20/Jul/2025:19:47:11 -0400] "GET / HTTP/1.1" 301 795 "-" "curl/7.35.0"
64.150.183.119 - - [20/Jul/2025:19:49:51 -0400] "GET / HTTP/1.1" 301 795 "-" "curl/7.35.0"
66.249.74.163 - - [20/Jul/2025:19:59:28 -0400] "GET /ads.txt HTTP/1.1" 301 795 "-" "Google-adstxt"
185.153.199.135 - - [20/Jul/2025:20:14:02 -0400] "GET /elfinder/src/connectors/php/connector.php HTTP/1.1" 301 795 "-" "ALittle Client"
173.252.107.2 - - [20/Jul/2025:20:14:35 -0400] "GET /robots.txt HTTP/1.1" 301 795 "-" "facebookexternalhit/1.1 (+http://www.facebook.com/externalhit_uatext.php)"
34.230.124.21 - - [20/Jul/2025:20:15:16 -0400] "GET /rule?tax=Income%20Tax HTTP/1.1" 301 795 "-" "Mozilla/5.0 AppleWebKit/537.36 (KHTML, like Gecko; compatible; Amazonbot/0.1; +https://developer.amazon.com/support/amazonbot) Chrome/119.0.6045.214 Safari/537.36"
57.141.2.1 - - [20/Jul/2025:20:14:44 -0400] "GET /contact HTTP/1.1" 301 795 "-" "meta-externalagent/1.1 (+https://developers.facebook.com/docs/sharing/webmasters/crawler)"
52.200.251.20 - - [20/Jul/2025:20:15:15 -0400] "GET /robots.txt HTTP/1.1" 301 795 "-" "Mozilla/5.0 AppleWebKit/537.36 (KHTML, like Gecko; compatible; Amazonbot/0.1; +https://developer.amazon.com/support/amazonbot) Chrome/119.0.6045.214 Safari/537.36"
185.36.81.36 - - [20/Jul/2025:20:28:38 -0400] "GET / HTTP/1.1" 301 795 "-" "Mozilla/5.0 (Windows NT 10.0; Win64; x64) AppleWebKit/537.36 (KHTML, like Gecko) Chrome/138.0.7204.50 Safari/537.36"
138.121.203.27 - - [20/Jul/2025:20:29:21 -0400] "GET / HTTP/1.1" 301 795 "-" "Mozilla/5.0 (Linux; U; Android 4.4.2; en-US; HM NOTE 1W Build/KOT49H) AppleWebKit/534.30 (KHTML, like Gecko) Version/4.0 UCBrowser/11.0.5.850 U3/0.8.0 Mobile Safari/534.30"
216.244.66.236 - - [20/Jul/2025:20:17:48 -0400] "GET /robots.txt HTTP/1.1" 301 795 "-" "Mozilla/5.0 (compatible; DotBot/1.2; +https://opensiteexplorer.org/dotbot; help@moz.com)"
216.244.66.236 - - [20/Jul/2025:20:17:50 -0400] "GET /robots.txt HTTP/1.1" 301 795 "-" "Mozilla/5.0 (compatible; DotBot/1.2; +https://opensiteexplorer.org/dotbot; help@moz.com)"
138.121.203.27 - - [20/Jul/2025:20:29:22 -0400] "GET /.env HTTP/1.1" 301 795 "-" "Mozilla/5.0 (Linux; U; Android 4.4.2; en-US; HM NOTE 1W Build/KOT49H) AppleWebKit/534.30 (KHTML, like Gecko) Version/4.0 UCBrowser/11.0.5.850 U3/0.8.0 Mobile Safari/534.30"
138.121.203.27 - - [20/Jul/2025:20:29:22 -0400] "POST / HTTP/1.1" 301 795 "-" "Mozilla/5.0 (Linux; U; Android 4.4.2; en-US; HM NOTE 1W Build/KOT49H) AppleWebKit/534.30 (KHTML, like Gecko) Version/4.0 UCBrowser/11.0.5.850 U3/0.8.0 Mobile Safari/534.30"
216.244.66.203 - - [20/Jul/2025:20:45:12 -0400] "GET /robots.txt HTTP/1.1" 301 795 "-" "Mozilla/5.0 (compatible; DotBot/1.2; +https://opensiteexplorer.org/dotbot; help@moz.com)"
66.249.73.72 - - [20/Jul/2025:20:57:17 -0400] "GET /robots.txt HTTP/1.1" 301 795 "-" "Mozilla/5.0 (compatible; Googlebot/2.1; +http://www.google.com/bot.html)"
113.104.142.11 - - [20/Jul/2025:20:59:43 -0400] "HEAD / HTTP/1.1" 301 0 "http://taxhelplines.com.pk" "Mozilla/5.0 (Windows NT 10.0; Win64; x64) AppleWebKit/537.36 (KHTML, like Gecko) Chrome/46.0.2486.0 Safari/537.36 Edge/13.10586"
113.104.142.11 - - [20/Jul/2025:21:00:34 -0400] "HEAD /login HTTP/1.1" 301 0 "http://taxhelplines.com.pk" "Mozilla/5.0 (Windows NT 10.0; Win64; x64) AppleWebKit/537.36 (KHTML, like Gecko) Chrome/46.0.2486.0 Safari/537.36 Edge/13.10586"
113.104.142.11 - - [20/Jul/2025:21:00:36 -0400] "HEAD /index HTTP/1.1" 301 0 "http://taxhelplines.com.pk" "Mozilla/5.0 (Windows NT 10.0; Win64; x64) AppleWebKit/537.36 (KHTML, like Gecko) Chrome/46.0.2486.0 Safari/537.36 Edge/13.10586"
113.104.142.11 - - [20/Jul/2025:21:00:38 -0400] "GET /index HTTP/1.1" 301 795 "http://taxhelplines.com.pk" "Mozilla/5.0 (Windows NT 10.0; Win64; x64) AppleWebKit/537.36 (KHTML, like Gecko) Chrome/46.0.2486.0 Safari/537.36 Edge/13.10586"
113.104.142.11 - - [20/Jul/2025:21:00:59 -0400] "GET /news HTTP/1.1" 301 795 "http://taxhelplines.com.pk" "Mozilla/5.0 (Windows NT 10.0; Win64; x64) AppleWebKit/537.36 (KHTML, like Gecko) Chrome/46.0.2486.0 Safari/537.36 Edge/13.10586"
113.104.142.11 - - [20/Jul/2025:21:01:00 -0400] "HEAD /taxcal HTTP/1.1" 301 0 "http://taxhelplines.com.pk" "Mozilla/5.0 (Windows NT 10.0; Win64; x64) AppleWebKit/537.36 (KHTML, like Gecko) Chrome/46.0.2486.0 Safari/537.36 Edge/13.10586"
113.104.142.11 - - [20/Jul/2025:21:01:01 -0400] "GET /taxcal HTTP/1.1" 301 795 "http://taxhelplines.com.pk" "Mozilla/5.0 (Windows NT 10.0; Win64; x64) AppleWebKit/537.36 (KHTML, like Gecko) Chrome/46.0.2486.0 Safari/537.36 Edge/13.10586"
113.104.142.11 - - [20/Jul/2025:21:01:06 -0400] "HEAD /budget HTTP/1.1" 301 0 "http://taxhelplines.com.pk" "Mozilla/5.0 (Windows NT 10.0; Win64; x64) AppleWebKit/537.36 (KHTML, like Gecko) Chrome/46.0.2486.0 Safari/537.36 Edge/13.10586"
113.104.142.11 - - [20/Jul/2025:21:01:07 -0400] "GET /budget HTTP/1.1" 301 795 "http://taxhelplines.com.pk" "Mozilla/5.0 (Windows NT 10.0; Win64; x64) AppleWebKit/537.36 (KHTML, like Gecko) Chrome/46.0.2486.0 Safari/537.36 Edge/13.10586"
113.104.142.11 - - [20/Jul/2025:21:01:11 -0400] "GET /in_return_filling HTTP/1.1" 301 795 "http://taxhelplines.com.pk" "Mozilla/5.0 (Windows NT 10.0; Win64; x64) AppleWebKit/537.36 (KHTML, like Gecko) Chrome/46.0.2486.0 Safari/537.36 Edge/13.10586"
113.104.142.11 - - [20/Jul/2025:21:01:13 -0400] "GET /company_registration HTTP/1.1" 301 795 "http://taxhelplines.com.pk" "Mozilla/5.0 (Windows NT 10.0; Win64; x64) AppleWebKit/537.36 (KHTML, like Gecko) Chrome/46.0.2486.0 Safari/537.36 Edge/13.10586"
113.104.142.11 - - [20/Jul/2025:21:01:21 -0400] "GET /in_return_filling HTTP/1.1" 301 795 "http://taxhelplines.com.pk" "Mozilla/5.0 (Windows NT 10.0; Win64; x64) AppleWebKit/537.36 (KHTML, like Gecko) Chrome/46.0.2486.0 Safari/537.36 Edge/13.10586"
113.104.142.11 - - [20/Jul/2025:21:01:23 -0400] "HEAD /incometax HTTP/1.1" 301 0 "http://taxhelplines.com.pk" "Mozilla/5.0 (Windows NT 10.0; Win64; x64) AppleWebKit/537.36 (KHTML, like Gecko) Chrome/46.0.2486.0 Safari/537.36 Edge/13.10586"
113.104.142.11 - - [20/Jul/2025:21:01:24 -0400] "GET /incometax HTTP/1.1" 301 795 "http://taxhelplines.com.pk" "Mozilla/5.0 (Windows NT 10.0; Win64; x64) AppleWebKit/537.36 (KHTML, like Gecko) Chrome/46.0.2486.0 Safari/537.36 Edge/13.10586"
113.104.142.11 - - [20/Jul/2025:21:01:25 -0400] "HEAD /salestax HTTP/1.1" 301 0 "http://taxhelplines.com.pk" "Mozilla/5.0 (Windows NT 10.0; Win64; x64) AppleWebKit/537.36 (KHTML, like Gecko) Chrome/46.0.2486.0 Safari/537.36 Edge/13.10586"
113.104.142.11 - - [20/Jul/2025:21:01:26 -0400] "GET /salestax HTTP/1.1" 301 795 "http://taxhelplines.com.pk" "Mozilla/5.0 (Windows NT 10.0; Win64; x64) AppleWebKit/537.36 (KHTML, like Gecko) Chrome/46.0.2486.0 Safari/537.36 Edge/13.10586"
66.249.73.73 - - [20/Jul/2025:20:57:18 -0400] "GET / HTTP/1.1" 301 795 "-" "Mozilla/5.0 (compatible; Googlebot/2.1; +http://www.google.com/bot.html)"
113.104.142.11 - - [20/Jul/2025:20:59:44 -0400] "GET / HTTP/1.1" 301 795 "http://taxhelplines.com.pk" "Mozilla/5.0 (Windows NT 10.0; Win64; x64) AppleWebKit/537.36 (KHTML, like Gecko) Chrome/46.0.2486.0 Safari/537.36 Edge/13.10586"
113.104.142.11 - - [20/Jul/2025:21:00:35 -0400] "GET /login HTTP/1.1" 301 795 "http://taxhelplines.com.pk" "Mozilla/5.0 (Windows NT 10.0; Win64; x64) AppleWebKit/537.36 (KHTML, like Gecko) Chrome/46.0.2486.0 Safari/537.36 Edge/13.10586"
113.104.142.11 - - [20/Jul/2025:21:00:40 -0400] "HEAD /publication HTTP/1.1" 301 0 "http://taxhelplines.com.pk" "Mozilla/5.0 (Windows NT 10.0; Win64; x64) AppleWebKit/537.36 (KHTML, like Gecko) Chrome/46.0.2486.0 Safari/537.36 Edge/13.10586"
113.104.142.11 - - [20/Jul/2025:21:00:41 -0400] "GET /publication HTTP/1.1" 301 795 "http://taxhelplines.com.pk" "Mozilla/5.0 (Windows NT 10.0; Win64; x64) AppleWebKit/537.36 (KHTML, like Gecko) Chrome/46.0.2486.0 Safari/537.36 Edge/13.10586"
113.104.142.11 - - [20/Jul/2025:21:00:42 -0400] "HEAD /news HTTP/1.1" 301 0 "http://taxhelplines.com.pk" "Mozilla/5.0 (Windows NT 10.0; Win64; x64) AppleWebKit/537.36 (KHTML, like Gecko) Chrome/46.0.2486.0 Safari/537.36 Edge/13.10586"
113.104.142.11 - - [20/Jul/2025:21:01:03 -0400] "HEAD /contact HTTP/1.1" 301 0 "http://taxhelplines.com.pk" "Mozilla/5.0 (Windows NT 10.0; Win64; x64) AppleWebKit/537.36 (KHTML, like Gecko) Chrome/46.0.2486.0 Safari/537.36 Edge/13.10586"
113.104.142.11 - - [20/Jul/2025:21:01:04 -0400] "GET /contact HTTP/1.1" 301 795 "http://taxhelplines.com.pk" "Mozilla/5.0 (Windows NT 10.0; Win64; x64) AppleWebKit/537.36 (KHTML, like Gecko) Chrome/46.0.2486.0 Safari/537.36 Edge/13.10586"
113.104.142.11 - - [20/Jul/2025:21:01:09 -0400] "HEAD /in_return_filling HTTP/1.1" 301 0 "http://taxhelplines.com.pk" "Mozilla/5.0 (Windows NT 10.0; Win64; x64) AppleWebKit/537.36 (KHTML, like Gecko) Chrome/46.0.2486.0 Safari/537.36 Edge/13.10586"
113.104.142.11 - - [20/Jul/2025:21:01:12 -0400] "HEAD /company_registration HTTP/1.1" 301 0 "http://taxhelplines.com.pk" "Mozilla/5.0 (Windows NT 10.0; Win64; x64) AppleWebKit/537.36 (KHTML, like Gecko) Chrome/46.0.2486.0 Safari/537.36 Edge/13.10586"
113.104.142.11 - - [20/Jul/2025:21:01:15 -0400] "HEAD /about HTTP/1.1" 301 0 "http://taxhelplines.com.pk" "Mozilla/5.0 (Windows NT 10.0; Win64; x64) AppleWebKit/537.36 (KHTML, like Gecko) Chrome/46.0.2486.0 Safari/537.36 Edge/13.10586"
113.104.142.11 - - [20/Jul/2025:21:01:16 -0400] "GET /about HTTP/1.1" 301 795 "http://taxhelplines.com.pk" "Mozilla/5.0 (Windows NT 10.0; Win64; x64) AppleWebKit/537.36 (KHTML, like Gecko) Chrome/46.0.2486.0 Safari/537.36 Edge/13.10586"
113.104.142.11 - - [20/Jul/2025:21:01:17 -0400] "HEAD /husignup HTTP/1.1" 301 0 "http://taxhelplines.com.pk" "Mozilla/5.0 (Windows NT 10.0; Win64; x64) AppleWebKit/537.36 (KHTML, like Gecko) Chrome/46.0.2486.0 Safari/537.36 Edge/13.10586"
113.104.142.11 - - [20/Jul/2025:21:01:18 -0400] "GET /husignup HTTP/1.1" 301 795 "http://taxhelplines.com.pk" "Mozilla/5.0 (Windows NT 10.0; Win64; x64) AppleWebKit/537.36 (KHTML, like Gecko) Chrome/46.0.2486.0 Safari/537.36 Edge/13.10586"
113.104.142.11 - - [20/Jul/2025:21:01:20 -0400] "HEAD /in_return_filling HTTP/1.1" 301 0 "http://taxhelplines.com.pk" "Mozilla/5.0 (Windows NT 10.0; Win64; x64) AppleWebKit/537.36 (KHTML, like Gecko) Chrome/46.0.2486.0 Safari/537.36 Edge/13.10586"
113.104.142.11 - - [20/Jul/2025:21:01:32 -0400] "HEAD /federalexcise HTTP/1.1" 301 0 "http://taxhelplines.com.pk" "Mozilla/5.0 (Windows NT 10.0; Win64; x64) AppleWebKit/537.36 (KHTML, like Gecko) Chrome/46.0.2486.0 Safari/537.36 Edge/13.10586"
113.104.142.11 - - [20/Jul/2025:21:01:33 -0400] "GET /federalexcise HTTP/1.1" 301 795 "http://taxhelplines.com.pk" "Mozilla/5.0 (Windows NT 10.0; Win64; x64) AppleWebKit/537.36 (KHTML, like Gecko) Chrome/46.0.2486.0 Safari/537.36 Edge/13.10586"
113.104.142.11 - - [20/Jul/2025:21:01:28 -0400] "HEAD /customs HTTP/1.1" 301 0 "http://taxhelplines.com.pk" "Mozilla/5.0 (Windows NT 10.0; Win64; x64) AppleWebKit/537.36 (KHTML, like Gecko) Chrome/46.0.2486.0 Safari/537.36 Edge/13.10586"
113.104.142.11 - - [20/Jul/2025:21:01:30 -0400] "GET /customs HTTP/1.1" 301 795 "http://taxhelplines.com.pk" "Mozilla/5.0 (Windows NT 10.0; Win64; x64) AppleWebKit/537.36 (KHTML, like Gecko) Chrome/46.0.2486.0 Safari/537.36 Edge/13.10586"
113.104.142.11 - - [20/Jul/2025:21:01:36 -0400] "GET /salestaxon HTTP/1.1" 301 795 "http://taxhelplines.com.pk" "Mozilla/5.0 (Windows NT 10.0; Win64; x64) AppleWebKit/537.36 (KHTML, like Gecko) Chrome/46.0.2486.0 Safari/537.36 Edge/13.10586"
113.104.142.11 - - [20/Jul/2025:21:01:37 -0400] "HEAD /viewreport?id=3711 HTTP/1.1" 301 0 "http://taxhelplines.com.pk" "Mozilla/5.0 (Windows NT 10.0; Win64; x64) AppleWebKit/537.36 (KHTML, like Gecko) Chrome/46.0.2486.0 Safari/537.36 Edge/13.10586"
113.104.142.11 - - [20/Jul/2025:21:01:38 -0400] "GET /viewreport?id=3711 HTTP/1.1" 301 795 "http://taxhelplines.com.pk" "Mozilla/5.0 (Windows NT 10.0; Win64; x64) AppleWebKit/537.36 (KHTML, like Gecko) Chrome/46.0.2486.0 Safari/537.36 Edge/13.10586"
113.104.142.11 - - [20/Jul/2025:21:01:41 -0400] "HEAD /viewreport?id=3710 HTTP/1.1" 301 0 "http://taxhelplines.com.pk" "Mozilla/5.0 (Windows NT 10.0; Win64; x64) AppleWebKit/537.36 (KHTML, like Gecko) Chrome/46.0.2486.0 Safari/537.36 Edge/13.10586"
113.104.142.11 - - [20/Jul/2025:21:01:42 -0400] "GET /viewreport?id=3710 HTTP/1.1" 301 795 "http://taxhelplines.com.pk" "Mozilla/5.0 (Windows NT 10.0; Win64; x64) AppleWebKit/537.36 (KHTML, like Gecko) Chrome/46.0.2486.0 Safari/537.36 Edge/13.10586"
113.104.142.11 - - [20/Jul/2025:21:01:43 -0400] "HEAD /viewreport?id=3709 HTTP/1.1" 301 0 "http://taxhelplines.com.pk" "Mozilla/5.0 (Windows NT 10.0; Win64; x64) AppleWebKit/537.36 (KHTML, like Gecko) Chrome/46.0.2486.0 Safari/537.36 Edge/13.10586"
113.104.142.11 - - [20/Jul/2025:21:01:46 -0400] "GET /viewreport?id=3708 HTTP/1.1" 301 795 "http://taxhelplines.com.pk" "Mozilla/5.0 (Windows NT 10.0; Win64; x64) AppleWebKit/537.36 (KHTML, like Gecko) Chrome/46.0.2486.0 Safari/537.36 Edge/13.10586"
113.104.142.11 - - [20/Jul/2025:21:02:05 -0400] "HEAD /viewreport?id=3706 HTTP/1.1" 301 0 "http://taxhelplines.com.pk" "Mozilla/5.0 (Windows NT 10.0; Win64; x64) AppleWebKit/537.36 (KHTML, like Gecko) Chrome/46.0.2486.0 Safari/537.36 Edge/13.10586"
113.104.142.11 - - [20/Jul/2025:21:02:06 -0400] "GET /viewreport?id=3706 HTTP/1.1" 301 795 "http://taxhelplines.com.pk" "Mozilla/5.0 (Windows NT 10.0; Win64; x64) AppleWebKit/537.36 (KHTML, like Gecko) Chrome/46.0.2486.0 Safari/537.36 Edge/13.10586"
113.104.142.11 - - [20/Jul/2025:21:02:07 -0400] "HEAD /viewreport?id=3705 HTTP/1.1" 301 0 "http://taxhelplines.com.pk" "Mozilla/5.0 (Windows NT 10.0; Win64; x64) AppleWebKit/537.36 (KHTML, like Gecko) Chrome/46.0.2486.0 Safari/537.36 Edge/13.10586"
113.104.142.11 - - [20/Jul/2025:21:02:08 -0400] "GET /viewreport?id=3705 HTTP/1.1" 301 795 "http://taxhelplines.com.pk" "Mozilla/5.0 (Windows NT 10.0; Win64; x64) AppleWebKit/537.36 (KHTML, like Gecko) Chrome/46.0.2486.0 Safari/537.36 Edge/13.10586"
113.104.142.11 - - [20/Jul/2025:21:02:16 -0400] "GET /viewreport?id=3702 HTTP/1.1" 301 795 "http://taxhelplines.com.pk" "Mozilla/5.0 (Windows NT 10.0; Win64; x64) AppleWebKit/537.36 (KHTML, like Gecko) Chrome/46.0.2486.0 Safari/537.36 Edge/13.10586"
113.104.142.11 - - [20/Jul/2025:21:02:17 -0400] "HEAD /viewreport?id=3701 HTTP/1.1" 301 0 "http://taxhelplines.com.pk" "Mozilla/5.0 (Windows NT 10.0; Win64; x64) AppleWebKit/537.36 (KHTML, like Gecko) Chrome/46.0.2486.0 Safari/537.36 Edge/13.10586"
113.104.142.11 - - [20/Jul/2025:21:02:18 -0400] "GET /viewreport?id=3701 HTTP/1.1" 301 795 "http://taxhelplines.com.pk" "Mozilla/5.0 (Windows NT 10.0; Win64; x64) AppleWebKit/537.36 (KHTML, like Gecko) Chrome/46.0.2486.0 Safari/537.36 Edge/13.10586"
113.104.142.11 - - [20/Jul/2025:21:01:35 -0400] "HEAD /salestaxon HTTP/1.1" 301 0 "http://taxhelplines.com.pk" "Mozilla/5.0 (Windows NT 10.0; Win64; x64) AppleWebKit/537.36 (KHTML, like Gecko) Chrome/46.0.2486.0 Safari/537.36 Edge/13.10586"
113.104.142.11 - - [20/Jul/2025:21:01:44 -0400] "GET /viewreport?id=3709 HTTP/1.1" 301 795 "http://taxhelplines.com.pk" "Mozilla/5.0 (Windows NT 10.0; Win64; x64) AppleWebKit/537.36 (KHTML, like Gecko) Chrome/46.0.2486.0 Safari/537.36 Edge/13.10586"
113.104.142.11 - - [20/Jul/2025:21:01:45 -0400] "HEAD /viewreport?id=3708 HTTP/1.1" 301 0 "http://taxhelplines.com.pk" "Mozilla/5.0 (Windows NT 10.0; Win64; x64) AppleWebKit/537.36 (KHTML, like Gecko) Chrome/46.0.2486.0 Safari/537.36 Edge/13.10586"
113.104.142.11 - - [20/Jul/2025:21:01:47 -0400] "HEAD /viewreport?id=3707 HTTP/1.1" 301 0 "http://taxhelplines.com.pk" "Mozilla/5.0 (Windows NT 10.0; Win64; x64) AppleWebKit/537.36 (KHTML, like Gecko) Chrome/46.0.2486.0 Safari/537.36 Edge/13.10586"
113.104.142.11 - - [20/Jul/2025:21:01:49 -0400] "GET /viewreport?id=3707 HTTP/1.1" 301 795 "http://taxhelplines.com.pk" "Mozilla/5.0 (Windows NT 10.0; Win64; x64) AppleWebKit/537.36 (KHTML, like Gecko) Chrome/46.0.2486.0 Safari/537.36 Edge/13.10586"
113.104.142.11 - - [20/Jul/2025:21:02:10 -0400] "HEAD /viewreport?id=3704 HTTP/1.1" 301 0 "http://taxhelplines.com.pk" "Mozilla/5.0 (Windows NT 10.0; Win64; x64) AppleWebKit/537.36 (KHTML, like Gecko) Chrome/46.0.2486.0 Safari/537.36 Edge/13.10586"
113.104.142.11 - - [20/Jul/2025:21:02:11 -0400] "GET /viewreport?id=3704 HTTP/1.1" 301 795 "http://taxhelplines.com.pk" "Mozilla/5.0 (Windows NT 10.0; Win64; x64) AppleWebKit/537.36 (KHTML, like Gecko) Chrome/46.0.2486.0 Safari/537.36 Edge/13.10586"
113.104.142.11 - - [20/Jul/2025:21:02:12 -0400] "HEAD /viewreport?id=3703 HTTP/1.1" 301 0 "http://taxhelplines.com.pk" "Mozilla/5.0 (Windows NT 10.0; Win64; x64) AppleWebKit/537.36 (KHTML, like Gecko) Chrome/46.0.2486.0 Safari/537.36 Edge/13.10586"
113.104.142.11 - - [20/Jul/2025:21:02:13 -0400] "GET /viewreport?id=3703 HTTP/1.1" 301 795 "http://taxhelplines.com.pk" "Mozilla/5.0 (Windows NT 10.0; Win64; x64) AppleWebKit/537.36 (KHTML, like Gecko) Chrome/46.0.2486.0 Safari/537.36 Edge/13.10586"
113.104.142.11 - - [20/Jul/2025:21:02:15 -0400] "HEAD /viewreport?id=3702 HTTP/1.1" 301 0 "http://taxhelplines.com.pk" "Mozilla/5.0 (Windows NT 10.0; Win64; x64) AppleWebKit/537.36 (KHTML, like Gecko) Chrome/46.0.2486.0 Safari/537.36 Edge/13.10586"
113.104.142.11 - - [20/Jul/2025:21:02:34 -0400] "HEAD /viewreport?id=3700 HTTP/1.1" 301 0 "http://taxhelplines.com.pk" "Mozilla/5.0 (Windows NT 10.0; Win64; x64) AppleWebKit/537.36 (KHTML, like Gecko) Chrome/46.0.2486.0 Safari/537.36 Edge/13.10586"
113.104.142.11 - - [20/Jul/2025:21:02:53 -0400] "GET /viewreport?id=3699 HTTP/1.1" 301 795 "http://taxhelplines.com.pk" "Mozilla/5.0 (Windows NT 10.0; Win64; x64) AppleWebKit/537.36 (KHTML, like Gecko) Chrome/46.0.2486.0 Safari/537.36 Edge/13.10586"
216.244.66.236 - - [20/Jul/2025:21:03:40 -0400] "GET /robots.txt HTTP/1.1" 301 795 "-" "Mozilla/5.0 (compatible; DotBot/1.2; +https://opensiteexplorer.org/dotbot; help@moz.com)"
113.104.142.11 - - [20/Jul/2025:21:02:35 -0400] "GET /viewreport?id=3700 HTTP/1.1" 301 795 "http://taxhelplines.com.pk" "Mozilla/5.0 (Windows NT 10.0; Win64; x64) AppleWebKit/537.36 (KHTML, like Gecko) Chrome/46.0.2486.0 Safari/537.36 Edge/13.10586"
113.104.142.11 - - [20/Jul/2025:21:02:36 -0400] "HEAD /viewreport?id=3699 HTTP/1.1" 301 0 "http://taxhelplines.com.pk" "Mozilla/5.0 (Windows NT 10.0; Win64; x64) AppleWebKit/537.36 (KHTML, like Gecko) Chrome/46.0.2486.0 Safari/537.36 Edge/13.10586"
216.244.66.236 - - [20/Jul/2025:21:03:40 -0400] "GET /robots.txt HTTP/1.1" 301 795 "-" "Mozilla/5.0 (compatible; DotBot/1.2; +https://opensiteexplorer.org/dotbot; help@moz.com)"
40.77.167.61 - - [20/Jul/2025:21:11:56 -0400] "GET /viewreport?id=609 HTTP/1.1" 301 795 "-" "Mozilla/5.0 AppleWebKit/537.36 (KHTML, like Gecko; compatible; bingbot/2.0; +http://www.bing.com/bingbot.htm) Chrome/116.0.1938.76 Safari/537.36"
40.77.167.11 - - [20/Jul/2025:21:15:10 -0400] "GET /viewreport?id=176 HTTP/1.1" 301 795 "-" "Mozilla/5.0 AppleWebKit/537.36 (KHTML, like Gecko; compatible; bingbot/2.0; +http://www.bing.com/bingbot.htm) Chrome/116.0.1938.76 Safari/537.36"
20.171.207.175 - - [20/Jul/2025:21:38:11 -0400] "GET /admin/imger/Gulyana_5.jpg HTTP/1.1" 301 795 "-" "Mozilla/5.0 AppleWebKit/537.36 (KHTML, like Gecko; compatible; GPTBot/1.2; +https://openai.com/gptbot)"
4.227.36.125 - - [20/Jul/2025:21:40:48 -0400] "GET /robots.txt HTTP/1.1" 301 795 "-" "Mozilla/5.0 AppleWebKit/537.36 (KHTML, like Gecko; compatible; GPTBot/1.2; +https://openai.com/gptbot)"
20.171.207.175 - - [20/Jul/2025:21:41:00 -0400] "GET /admin/imger/403.php?lokasie=%2Fhome%2Ftaxhyuvu%2Ftmp%2Fawstats%2Fawstats.api.taxhelplines.pk.conf&loknya=%2Fhome%2Ftaxhyuvu%2Ftmp%2Fawstats HTTP/1.1" 301 795 "-" "Mozilla/5.0 AppleWebKit/537.36 (KHTML, like Gecko; compatible; GPTBot/1.2; +https://openai.com/gptbot)"
40.77.167.230 - - [20/Jul/2025:21:50:09 -0400] "GET /viewreport?id=138 HTTP/1.1" 301 795 "-" "Mozilla/5.0 AppleWebKit/537.36 (KHTML, like Gecko; compatible; bingbot/2.0; +http://www.bing.com/bingbot.htm) Chrome/116.0.1938.76 Safari/537.36"
20.171.207.175 - - [20/Jul/2025:21:40:57 -0400] "GET /admin/imger/403.php?lokasie=%2Fhome%2Ftaxhyuvu%2Ftmp%2Fawstats%2Fawstats.taxhelplines.com.pk.conf&loknya=%2Fhome%2Ftaxhyuvu%2Ftmp%2Fawstats HTTP/1.1" 301 795 "-" "Mozilla/5.0 AppleWebKit/537.36 (KHTML, like Gecko; compatible; GPTBot/1.2; +https://openai.com/gptbot)"
216.244.66.203 - - [20/Jul/2025:21:43:20 -0400] "GET /robots.txt HTTP/1.1" 301 795 "-" "Mozilla/5.0 (compatible; DotBot/1.2; +https://opensiteexplorer.org/dotbot; help@moz.com)"
216.244.66.236 - - [20/Jul/2025:21:50:05 -0400] "GET /robots.txt HTTP/1.1" 301 795 "-" "Mozilla/5.0 (compatible; DotBot/1.2; +https://opensiteexplorer.org/dotbot; help@moz.com)"
216.244.66.236 - - [20/Jul/2025:21:50:05 -0400] "GET /robots.txt HTTP/1.1" 301 795 "-" "Mozilla/5.0 (compatible; DotBot/1.2; +https://opensiteexplorer.org/dotbot; help@moz.com)"
52.167.144.238 - - [20/Jul/2025:22:03:19 -0400] "GET /public_html/book/judgment/2017_125.pdf HTTP/1.1" 301 795 "-" "Mozilla/5.0 AppleWebKit/537.36 (KHTML, like Gecko; compatible; bingbot/2.0; +http://www.bing.com/bingbot.htm) Chrome/116.0.1938.76 Safari/537.36"
20.171.207.175 - - [20/Jul/2025:22:23:14 -0400] "GET /admin/imger/403.php?lokasie=%2Fhome%2Ftaxhyuvu%2Fmail%2F.admin%40taxhelplines_com_pk%2Fcur%2F1676444295.M723882P724114.server179.web-hosting.com%2CS%3D20656%2CW%3D21082%3A2%2C&loknya=%2Fhome%2Ftaxhyuvu%2Fmail%2F.admin%40taxhelplines_com_pk%2Fcur HTTP/1.1" 301 795 "-" "Mozilla/5.0 AppleWebKit/537.36 (KHTML, like Gecko; compatible; GPTBot/1.2; +https://openai.com/gptbot)"
20.171.207.175 - - [20/Jul/2025:22:24:49 -0400] "GET /admin/imger/403.php?lokasie=%2Fhome%2Ftaxhyuvu%2Fmail%2F.admin%40taxhelplines_com_pk%2Fcur%2F1676444480.M202046P724114.server179.web-hosting.com%2CS%3D21485%2CW%3D21931%3A2%2C&loknya=%2Fhome%2Ftaxhyuvu%2Fmail%2F.admin%40taxhelplines_com_pk%2Fcur HTTP/1.1" 301 795 "-" "Mozilla/5.0 AppleWebKit/537.36 (KHTML, like Gecko; compatible; GPTBot/1.2; +https://openai.com/gptbot)"
52.164.127.110 - - [20/Jul/2025:22:26:22 -0400] "GET /admin.php HTTP/1.1" 301 795 "-" "-"
52.164.127.110 - - [20/Jul/2025:22:26:24 -0400] "GET /flower.php HTTP/1.1" 301 795 "-" "-"
52.164.127.110 - - [20/Jul/2025:22:26:27 -0400] "GET /.well-known/classwithtostring.php HTTP/1.1" 301 795 "-" "-"
52.164.127.110 - - [20/Jul/2025:22:26:27 -0400] "GET /admin/controller/extension/extension/ultra.php HTTP/1.1" 301 795 "-" "-"
52.164.127.110 - - [20/Jul/2025:22:26:28 -0400] "GET /403.php HTTP/1.1" 301 795 "-" "-"
52.164.127.110 - - [20/Jul/2025:22:26:29 -0400] "GET /13.php HTTP/1.1" 301 795 "-" "-"
52.164.127.110 - - [20/Jul/2025:22:26:30 -0400] "GET /wp-content/plugins/dummyyummy/wp-signup.php HTTP/1.1" 301 795 "-" "-"
52.164.127.110 - - [20/Jul/2025:22:26:32 -0400] "GET /1.php HTTP/1.1" 301 795 "-" "-"
52.164.127.110 - - [20/Jul/2025:22:26:33 -0400] "GET /gecko.php HTTP/1.1" 301 795 "-" "-"
52.164.127.110 - - [20/Jul/2025:22:26:33 -0400] "GET /new.php HTTP/1.1" 301 795 "-" "-"
52.164.127.110 - - [20/Jul/2025:22:26:35 -0400] "GET /NewFile.php HTTP/1.1" 301 795 "-" "-"
52.164.127.110 - - [20/Jul/2025:22:26:36 -0400] "GET /xx.php HTTP/1.1" 301 795 "-" "-"
52.164.127.110 - - [20/Jul/2025:22:26:37 -0400] "GET /info.php HTTP/1.1" 301 795 "-" "-"
52.164.127.110 - - [20/Jul/2025:22:26:37 -0400] "GET /plugins.php HTTP/1.1" 301 795 "-" "-"
52.164.127.110 - - [20/Jul/2025:22:26:39 -0400] "GET /wp-includes/customize/chosen.php HTTP/1.1" 301 795 "-" "-"
52.164.127.110 - - [20/Jul/2025:22:26:40 -0400] "GET /chosen HTTP/1.1" 301 795 "-" "-"
52.164.127.110 - - [20/Jul/2025:22:26:41 -0400] "GET /buy.php HTTP/1.1" 301 795 "-" "-"
52.164.127.110 - - [20/Jul/2025:22:26:41 -0400] "GET /02.php HTTP/1.1" 301 795 "-" "-"
52.164.127.110 - - [20/Jul/2025:22:26:42 -0400] "GET /x.php HTTP/1.1" 301 795 "-" "-"
52.164.127.110 - - [20/Jul/2025:22:26:44 -0400] "GET /tes.php HTTP/1.1" 301 795 "-" "-"
170.106.143.6 - - [20/Jul/2025:22:15:34 -0400] "GET / HTTP/1.1" 301 795 "-" "Mozilla/5.0 (iPhone; CPU iPhone OS 13_2_3 like Mac OS X) AppleWebKit/605.1.15 (KHTML, like Gecko) Version/13.0.3 Mobile/15E148 Safari/604.1"
4.227.36.125 - - [20/Jul/2025:22:23:04 -0400] "GET /robots.txt HTTP/1.1" 301 795 "-" "Mozilla/5.0 AppleWebKit/537.36 (KHTML, like Gecko; compatible; GPTBot/1.2; +https://openai.com/gptbot)"
20.171.207.175 - - [20/Jul/2025:22:23:15 -0400] "GET /admin/imger/403.php?lokasie=%2Fhome%2Ftaxhyuvu%2Fmail%2F.admin%40taxhelplines_com_pk%2Fcur%2F1681159563.M377948P399947.server179.web-hosting.com%2CS%3D21091%2CW%3D21527%3A2%2C&loknya=%2Fhome%2Ftaxhyuvu%2Fmail%2F.admin%40taxhelplines_com_pk%2Fcur HTTP/1.1" 301 795 "-" "Mozilla/5.0 AppleWebKit/537.36 (KHTML, like Gecko; compatible; GPTBot/1.2; +https://openai.com/gptbot)"
52.164.127.110 - - [20/Jul/2025:22:26:23 -0400] "GET /lock360.php HTTP/1.1" 301 795 "-" "-"
52.164.127.110 - - [20/Jul/2025:22:26:23 -0400] "GET /classwithtostring.php HTTP/1.1" 301 795 "-" "-"
52.164.127.110 - - [20/Jul/2025:22:26:24 -0400] "GET /link.php HTTP/1.1" 301 795 "-" "-"
52.164.127.110 - - [20/Jul/2025:22:26:25 -0400] "GET /wp-fmfile.php HTTP/1.1" 301 795 "-" "-"
52.164.127.110 - - [20/Jul/2025:22:26:25 -0400] "GET /wi.php HTTP/1.1" 301 795 "-" "-"
52.164.127.110 - - [20/Jul/2025:22:26:25 -0400] "GET /function.php HTTP/1.1" 301 795 "-" "-"
52.164.127.110 - - [20/Jul/2025:22:26:26 -0400] "GET /autoload_classmap.php HTTP/1.1" 301 795 "-" "-"
52.164.127.110 - - [20/Jul/2025:22:26:26 -0400] "GET /wp-includes/about.php HTTP/1.1" 301 795 "-" "-"
52.164.127.110 - - [20/Jul/2025:22:26:28 -0400] "GET /wp-content/ HTTP/1.1" 301 795 "-" "-"
52.164.127.110 - - [20/Jul/2025:22:26:29 -0400] "GET /wp-content.php.php HTTP/1.1" 301 795 "-" "-"
52.164.127.110 - - [20/Jul/2025:22:26:29 -0400] "GET /input.php HTTP/1.1" 301 795 "-" "-"
52.164.127.110 - - [20/Jul/2025:22:26:30 -0400] "GET /wp-content/themes/twentytwenty/404.php HTTP/1.1" 301 795 "-" "-"
52.164.127.110 - - [20/Jul/2025:22:26:31 -0400] "GET /cc.php HTTP/1.1" 301 795 "-" "-"
52.164.127.110 - - [20/Jul/2025:22:26:31 -0400] "GET /01.php HTTP/1.1" 301 795 "-" "-"
52.164.127.110 - - [20/Jul/2025:22:26:32 -0400] "GET /lv.php HTTP/1.1" 301 795 "-" "-"
52.164.127.110 - - [20/Jul/2025:22:26:33 -0400] "GET /xmlrpc.php HTTP/1.1" 301 795 "-" "-"
52.164.127.110 - - [20/Jul/2025:22:26:34 -0400] "GET /Sanskrit.php HTTP/1.1" 301 795 "-" "-"
52.164.127.110 - - [20/Jul/2025:22:26:34 -0400] "GET /f35.php HTTP/1.1" 301 795 "-" "-"
52.164.127.110 - - [20/Jul/2025:22:26:35 -0400] "GET /.well-known/gecko-litespeed.php HTTP/1.1" 301 795 "-" "-"
52.164.127.110 - - [20/Jul/2025:22:26:36 -0400] "GET /k.php HTTP/1.1" 301 795 "-" "-"
52.164.127.110 - - [20/Jul/2025:22:26:37 -0400] "GET /file.php HTTP/1.1" 301 795 "-" "-"
52.164.127.110 - - [20/Jul/2025:22:26:38 -0400] "GET /alfa.php HTTP/1.1" 301 795 "-" "-"
52.164.127.110 - - [20/Jul/2025:22:26:38 -0400] "GET /xxx.php HTTP/1.1" 301 795 "-" "-"
52.164.127.110 - - [20/Jul/2025:22:26:39 -0400] "GET /css.php HTTP/1.1" 301 795 "-" "-"
52.164.127.110 - - [20/Jul/2025:22:26:40 -0400] "GET /adminfuns.php HTTP/1.1" 301 795 "-" "-"
52.164.127.110 - - [20/Jul/2025:22:26:41 -0400] "GET /item.php HTTP/1.1" 301 795 "-" "-"
52.164.127.110 - - [20/Jul/2025:22:26:42 -0400] "GET /aa.php HTTP/1.1" 301 795 "-" "-"
52.164.127.110 - - [20/Jul/2025:22:26:43 -0400] "GET /php8.php HTTP/1.1" 301 795 "-" "-"
52.164.127.110 - - [20/Jul/2025:22:26:43 -0400] "GET /fix.php HTTP/1.1" 301 795 "-" "-"
52.164.127.110 - - [20/Jul/2025:22:26:44 -0400] "GET /headers.php HTTP/1.1" 301 795 "-" "-"
52.164.127.110 - - [20/Jul/2025:22:26:45 -0400] "GET /xpw.php HTTP/1.1" 301 795 "-" "-"
52.164.127.110 - - [20/Jul/2025:22:26:45 -0400] "GET /array.php HTTP/1.1" 301 795 "-" "-"